000
CDUS43 KMQT 040510
CLIMQT


CLIMATE REPORT
NATIONAL WEATHER SERVICE MARQUETTE MI
109 AM EDT SAT JUL 4 2015


...................................

...THE MARQUETTE MI CLIMATE SUMMARY FOR JULY 3 2015...

CLIMATE NORMAL PERIOD 1981 TO 2010
CLIMATE RECORD PERIOD 1961 TO 2015


WEATHER ITEM   OBSERVED RECORD YEAR NORMAL DEPARTURE LAST
                VALUE   VALUE       VALUE  FROM      YEAR
                                           NORMAL
...........................................................
TEMPERATURE (F)
 YESTERDAY
  MAXIMUM         73     91    2012  76     -3       68
  MINIMUM         55     36    1986  54      1       47
  AVERAGE         64                 65     -1       58

PRECIPITATION (IN)
  YESTERDAY        T      0.90 1983   0.09  -0.09     0.00
  MONTH TO DATE    T                  0.26  -0.26     0.04
  SINCE JUN 1      2.49               3.10  -0.61     5.67
  SINCE JAN 1     13.81              16.74  -2.93    18.13

SNOWFALL (IN)
  YESTERDAY        0.0   MM      MM   0.0    0.0      0.0
  MONTH TO DATE    0.0                0.0    0.0      0.0
  SINCE JUN 1      0.0                0.0    0.0      0.0
  SINCE JUL 1      0.0                0.0    0.0      0.0
  SNOW DEPTH       0

DEGREE DAYS
 HEATING
  YESTERDAY        1                  3     -2        7
  MONTH TO DATE   17                  9      8       13
  SINCE JUN 1    219                191     28      176
  SINCE JUL 1     17                  9      8       13

 COOLING
  YESTERDAY        0                  3     -3        0
  MONTH TO DATE    0                  9     -9        0
  SINCE JUN 1      0                 57    -57       54
  SINCE JAN 1      2                 69    -67       74
...........................................................


WIND (MPH)
  HIGHEST WIND SPEED    MM   HIGHEST WIND DIRECTION    MM
  HIGHEST GUST SPEED    26   HIGHEST GUST DIRECTION     W (270)
  AVERAGE WIND SPEED    MM


SKY COVER
  POSSIBLE SUNSHINE  MM
  AVERAGE SKY COVER  MM


WEATHER CONDITIONS
 THE FOLLOWING WEATHER WAS RECORDED YESTERDAY.
  LIGHT RAIN


RELATIVE HUMIDITY (PERCENT)
 HIGHEST    MM
 LOWEST     MM
 AVERAGE    MM

..........................................................


THE MARQUETTE MI CLIMATE NORMALS FOR TODAY
                         NORMAL    RECORD    YEAR
 MAXIMUM TEMPERATURE (F)   76        91      1988
 MINIMUM TEMPERATURE (F)   54        36      1972


SUNRISE AND SUNSET
JULY  4 2015..........SUNRISE   603 AM EDT   SUNSET   946 PM EDT
JULY  5 2015..........SUNRISE   604 AM EDT   SUNSET   946 PM EDT


-  INDICATES NEGATIVE NUMBERS.
R  INDICATES RECORD WAS SET OR TIED.
MM INDICATES DATA IS MISSING.
T  INDICATES TRACE AMOUNT.




$$
