000
CDUS43 KMQT 020503
CLIMQT


CLIMATE REPORT
NATIONAL WEATHER SERVICE MARQUETTE MI
102 AM EDT SAT AUG 2 2014


...................................

...THE MARQUETTE MI CLIMATE SUMMARY FOR AUGUST 1 2014...

CLIMATE NORMAL PERIOD 1981 TO 2010
CLIMATE RECORD PERIOD 1961 TO 2014


WEATHER ITEM   OBSERVED RECORD YEAR NORMAL DEPARTURE LAST
                VALUE   VALUE       VALUE  FROM      YEAR
                                           NORMAL
...........................................................
TEMPERATURE (F)
 YESTERDAY
  MAXIMUM         69     92    2007  76     -7       72
  MINIMUM         48     42    1962  54     -6       51
  AVERAGE         59                 65     -6       62

PRECIPITATION (IN)
  YESTERDAY        0.00   2.30 1987   0.10  -0.10      T
  MONTH TO DATE    0.00               0.10  -0.10      T
  SINCE JUN 1      9.81               5.78   4.03     8.09
  SINCE JAN 1     22.27              19.42   2.85    25.43

SNOWFALL (IN)
  YESTERDAY        0.0   MM      MM   0.0    0.0      0.0
  MONTH TO DATE    0.0                0.0    0.0      0.0
  SINCE JUN 1      T                  0.0    0.0      0.0
  SINCE JUL 1      T                  0.0    0.0      0.0
  SNOW DEPTH       0

DEGREE DAYS
 HEATING
  YESTERDAY        6                  3      3        3
  MONTH TO DATE    6                  3      3        3
  SINCE JUN 1    290                264     26      313
  SINCE JUL 1    127                 82     45      115

 COOLING
  YESTERDAY        0                  3     -3        0
  MONTH TO DATE    0                  3     -3        0
  SINCE JUN 1     96                145    -49      167
  SINCE JAN 1    116                157    -41      180
...........................................................


WIND (MPH)
  RESULTANT WIND SPEED  MM   RESULTANT WIND DIRECTION  MM
  HIGHEST WIND SPEED    MM   HIGHEST WIND DIRECTION    MM
  HIGHEST GUST SPEED    14   HIGHEST GUST DIRECTION     E (90)
  AVERAGE WIND SPEED    MM


SKY COVER
  POSSIBLE SUNSHINE  MM
  AVERAGE SKY COVER  MM


WEATHER CONDITIONS
 THE FOLLOWING WEATHER WAS RECORDED YESTERDAY.
  NO SIGNIFICANT WEATHER WAS OBSERVED.


RELATIVE HUMIDITY (PERCENT)
 HIGHEST    MM
 LOWEST     MM
 AVERAGE    MM

..........................................................


THE MARQUETTE MI CLIMATE NORMALS FOR TODAY
                         NORMAL    RECORD    YEAR
 MAXIMUM TEMPERATURE (F)   76        95      1988
 MINIMUM TEMPERATURE (F)   54        40      1976


SUNRISE AND SUNSET
AUGUST  2 2014........SUNRISE   632 AM EDT   SUNSET   920 PM EDT
AUGUST  3 2014........SUNRISE   633 AM EDT   SUNSET   918 PM EDT


-  INDICATES NEGATIVE NUMBERS.
R  INDICATES RECORD WAS SET OR TIED.
MM INDICATES DATA IS MISSING.
T  INDICATES TRACE AMOUNT.

$$
