000
CDUS41 KLWX 170525
CLIMRB


CLIMATE REPORT
NATIONAL WEATHER SERVICE BALTIMORE MD/WASHINGTON DC
125 AM EDT TUE OCT 17 2017


...................................

...THE MARTINSBURG WV CLIMATE SUMMARY FOR OCTOBER 16 2017...

CLIMATE NORMAL PERIOD 1981 TO 2010
CLIMATE RECORD PERIOD 1926 TO 2017


WEATHER ITEM   OBSERVED TIME   RECORD YEAR NORMAL DEPARTURE LAST
                VALUE   (LST)  VALUE       VALUE  FROM      YEAR
                                                  NORMAL
..................................................................
TEMPERATURE (F)
 YESTERDAY
  MAXIMUM         65    101 AM  86    1962  65      0       77
  MINIMUM         47   1157 PM  29    1939  42      5       45
  AVERAGE         56                        54      2       61

PRECIPITATION (IN)
  YESTERDAY        T             2.75 1942   0.09  -0.09     0.00
  MONTH TO DATE    2.52                      1.60   0.92     0.52
  SINCE SEP 1      3.98                      5.17  -1.19     4.81
  SINCE JAN 1     30.92                     31.41  -0.49    21.66

DEGREE DAYS
 HEATING
  YESTERDAY        9                        12     -3        4
  MONTH TO DATE   50                       147    -97      119
  SINCE SEP 1    110                       231   -121      139
  SINCE JUL 1    112                       238   -126      139

 COOLING
  YESTERDAY        0                         0      0        0
  MONTH TO DATE   53                         8     45        0
  SINCE SEP 1    178                       101     77      199
  SINCE JAN 1   1074                       893    181     1271
..................................................................


WIND (MPH)
  HIGHEST WIND SPEED    23   HIGHEST WIND DIRECTION    NW (310)
  HIGHEST GUST SPEED    33   HIGHEST GUST DIRECTION    NW (310)
  AVERAGE WIND SPEED    10.7


SKY COVER
  POSSIBLE SUNSHINE  MM
  AVERAGE SKY COVER 0.2


WEATHER CONDITIONS
 THE FOLLOWING WEATHER WAS RECORDED YESTERDAY.
  NO SIGNIFICANT WEATHER WAS OBSERVED.


RELATIVE HUMIDITY (PERCENT)
 HIGHEST    73          1200 AM
 LOWEST     31           200 PM
 AVERAGE    52

..........................................................


THE MARTINSBURG WV CLIMATE NORMALS FOR TODAY
                         NORMAL    RECORD    YEAR
 MAXIMUM TEMPERATURE (F)   65        90      1932
 MINIMUM TEMPERATURE (F)   42        29      1937


SUNRISE AND SUNSET
OCTOBER 17 2017.......SUNRISE   724 AM EDT   SUNSET   630 PM EDT
OCTOBER 18 2017.......SUNRISE   725 AM EDT   SUNSET   628 PM EDT


-  INDICATES NEGATIVE NUMBERS.
R  INDICATES RECORD WAS SET OR TIED.
MM INDICATES DATA IS MISSING.
T  INDICATES TRACE AMOUNT.




$$
