000
CDUS41 KLWX 210521
CLIMRB


CLIMATE REPORT
NATIONAL WEATHER SERVICE BALTIMORE MD/WASHINGTON DC
120 AM EDT THU AUG 21 2014


...................................

...THE MARTINSBURG WV CLIMATE SUMMARY FOR AUGUST 20 2014...

CLIMATE NORMAL PERIOD 1981 TO 2010
CLIMATE RECORD PERIOD 1926 TO 2014


WEATHER ITEM   OBSERVED TIME   RECORD YEAR NORMAL DEPARTURE LAST
                VALUE   (LST)  VALUE       VALUE  FROM      YEAR
                                                  NORMAL
..................................................................
TEMPERATURE (F)
 YESTERDAY
  MAXIMUM         85   1140 AM 103    1983  84      1       85
  MINIMUM         66    528 AM  49    1998  62      4       60
  AVERAGE         76                        73      3       73

PRECIPITATION (IN)
  YESTERDAY        0.46          2.15 1990   0.09   0.37     0.00
  MONTH TO DATE    1.94                      2.02  -0.08     2.75
  SINCE JUN 1      9.31                      9.45  -0.14     9.89
  SINCE JAN 1     24.18                     25.18  -1.00    21.15

DEGREE DAYS
 HEATING
  YESTERDAY        0                         0      0        0
  MONTH TO DATE    0                         0      0        4
  SINCE JUN 1      5                        25    -20        6
  SINCE JUL 1      3                         1      2        4

 COOLING
  YESTERDAY       11                         8      3        8
  MONTH TO DATE  134                       173    -39      122
  SINCE JUN 1    671                       659     12      709
  SINCE JAN 1    752                       716     36      820
..................................................................


WIND (MPH)
  HIGHEST WIND SPEED    25   HIGHEST WIND DIRECTION     W (250)
  HIGHEST GUST SPEED    34   HIGHEST GUST DIRECTION     W (260)
  AVERAGE WIND SPEED     4.4


SKY COVER
  POSSIBLE SUNSHINE  MM
  AVERAGE SKY COVER 0.5


WEATHER CONDITIONS
 THE FOLLOWING WEATHER WAS RECORDED YESTERDAY.
  HEAVY RAIN
  LIGHT RAIN
  FOG
  FOG W/VISIBILITY <= 1/4 MILE
  HAZE


RELATIVE HUMIDITY (PERCENT)
 HIGHEST    93           500 AM
 LOWEST     55          1200 PM
 AVERAGE    74

..........................................................


THE MARTINSBURG WV CLIMATE NORMALS FOR TODAY
                         NORMAL    RECORD    YEAR
 MAXIMUM TEMPERATURE (F)   84        99      1937
 MINIMUM TEMPERATURE (F)   61        45      1929


SUNRISE AND SUNSET
AUGUST 21 2014........SUNRISE   630 AM EDT   SUNSET   759 PM EDT
AUGUST 22 2014........SUNRISE   631 AM EDT   SUNSET   758 PM EDT


-  INDICATES NEGATIVE NUMBERS.
R  INDICATES RECORD WAS SET OR TIED.
MM INDICATES DATA IS MISSING.
T  INDICATES TRACE AMOUNT.




$$
