000
CDUS41 KLWX 230540
CLIMRB


CLIMATE REPORT
NATIONAL WEATHER SERVICE BALTIMORE MD/WASHINGTON DC
140 AM EDT TUE MAY 23 2017


...................................

...THE MARTINSBURG WV CLIMATE SUMMARY FOR MAY 22 2017...

CLIMATE NORMAL PERIOD 1981 TO 2010
CLIMATE RECORD PERIOD 1926 TO 2017


WEATHER ITEM   OBSERVED TIME   RECORD YEAR NORMAL DEPARTURE LAST
                VALUE   (LST)  VALUE       VALUE  FROM      YEAR
                                                  NORMAL
..................................................................
TEMPERATURE (F)
 YESTERDAY
  MAXIMUM         74    119 PM  98    1934  74      0       55
  MINIMUM         52   1159 PM  30    2002  51      1       51
  AVERAGE         63                        63      0       53

PRECIPITATION (IN)
  YESTERDAY        0.01          2.80 1942   0.14  -0.13     0.72
  MONTH TO DATE    4.59                      2.91   1.68     4.39
  SINCE MAR 1     10.09                      9.77   0.32     7.23
  SINCE JAN 1     14.47                     14.55  -0.08    11.32

DEGREE DAYS
 HEATING
  YESTERDAY        2                         4     -2       12
  MONTH TO DATE  145                       139      6      181
  SINCE MAR 1   1029                      1240   -211     1057
  SINCE JUL 1   4107                      5196  -1089     4472

 COOLING
  YESTERDAY        0                         2     -2        0
  MONTH TO DATE   38                        28     10        4
  SINCE MAR 1     93                        37     56       16
  SINCE JAN 1     93                        37     56       16
..................................................................


WIND (MPH)
  HIGHEST WIND SPEED     9   HIGHEST WIND DIRECTION     N (340)
  HIGHEST GUST SPEED    14   HIGHEST GUST DIRECTION    SE (140)
  AVERAGE WIND SPEED     3.1


SKY COVER
  POSSIBLE SUNSHINE  MM
  AVERAGE SKY COVER 0.6


WEATHER CONDITIONS
 THE FOLLOWING WEATHER WAS RECORDED YESTERDAY.
  LIGHT RAIN
  FOG


RELATIVE HUMIDITY (PERCENT)
 HIGHEST    93           700 AM
 LOWEST     52           900 PM
 AVERAGE    73

..........................................................


THE MARTINSBURG WV CLIMATE NORMALS FOR TODAY
                         NORMAL    RECORD    YEAR
 MAXIMUM TEMPERATURE (F)   75        98      1941
 MINIMUM TEMPERATURE (F)   52        35      2002


SUNRISE AND SUNSET
MAY 23 2017...........SUNRISE   552 AM EDT   SUNSET   826 PM EDT
MAY 24 2017...........SUNRISE   551 AM EDT   SUNSET   827 PM EDT


-  INDICATES NEGATIVE NUMBERS.
R  INDICATES RECORD WAS SET OR TIED.
MM INDICATES DATA IS MISSING.
T  INDICATES TRACE AMOUNT.




$$
