000
CDUS41 KLWX 242127
CLIMRB


CLIMATE REPORT
NATIONAL WEATHER SERVICE BALTIMORE MD/WASHINGTON DC
426 PM EST SAT FEB 24 2018


...................................

...THE MARTINSBURG WV CLIMATE SUMMARY FOR FEBRUARY 24 2018...
VALID TODAY AS OF 0400 PM LOCAL TIME.

CLIMATE NORMAL PERIOD 1981 TO 2010
CLIMATE RECORD PERIOD 1926 TO 2018


WEATHER ITEM   OBSERVED TIME   NORMAL DEPARTURE LAST
                VALUE   (LST)  VALUE  FROM      YEAR
                                      NORMAL
......................................................
TEMPERATURE (F)
 TODAY
  MAXIMUM         48    359 PM  46      2       77
  MINIMUM         42    422 AM  26     16       48
  AVERAGE         45            36      9       63

PRECIPITATION (IN)
  TODAY            0.24          0.08   0.16     0.00
  MONTH TO DATE    2.87          1.98   0.89     0.66
  SINCE DEC 1      6.59          7.13  -0.54     5.92
  SINCE JAN 1      5.63          4.42   1.21     4.13

DEGREE DAYS
 HEATING
  TODAY           20            29     -9        2
  MONTH TO DATE  606           759   -153      503
  SINCE DEC 1   2601          2772   -171     2194
  SINCE JUL 1   3487          3842   -355     2998

 COOLING
  TODAY            0             0      0        0
  MONTH TO DATE    5             0      5        0
  SINCE DEC 1      5             0      5        0
  SINCE JAN 1      5             0      5        0
......................................................


WIND (MPH)
  HIGHEST WIND SPEED    13   HIGHEST WIND DIRECTION    NE (30)
  HIGHEST GUST SPEED    15   HIGHEST GUST DIRECTION    NE (30)
  AVERAGE WIND SPEED     2.6


SKY COVER
  POSSIBLE SUNSHINE  MM
  AVERAGE SKY COVER 1.0


WEATHER CONDITIONS
 THE FOLLOWING WEATHER WAS RECORDED TODAY.
  RAIN
  LIGHT RAIN
  FOG
  FOG W/VISIBILITY <= 1/4 MILE


RELATIVE HUMIDITY (PERCENT)
 HIGHEST   100          1200 AM
 LOWEST     92           800 AM
 AVERAGE    96

..........................................................


THE MARTINSBURG WV CLIMATE NORMALS FOR TOMORROW
                         NORMAL    RECORD    YEAR
 MAXIMUM TEMPERATURE (F)   46        70      1976
 MINIMUM TEMPERATURE (F)   26         4      1964


SUNRISE AND SUNSET
FEBRUARY 24 2018......SUNRISE   652 AM EST   SUNSET   559 PM EST
FEBRUARY 25 2018......SUNRISE   650 AM EST   SUNSET   600 PM EST


-  INDICATES NEGATIVE NUMBERS.
R  INDICATES RECORD WAS SET OR TIED.
MM INDICATES DATA IS MISSING.
T  INDICATES TRACE AMOUNT.




$$
