000
CDUS41 KLWX 300528
CLIMRB


CLIMATE REPORT
NATIONAL WEATHER SERVICE BALTIMORE MD/WASHINGTON DC
128 AM EDT MON MAR 30 2015


...................................

...THE MARTINSBURG WV CLIMATE SUMMARY FOR MARCH 29 2015...

CLIMATE NORMAL PERIOD 1981 TO 2010
CLIMATE RECORD PERIOD 1926 TO 2015


WEATHER ITEM   OBSERVED TIME   RECORD YEAR NORMAL DEPARTURE LAST
                VALUE   (LST)  VALUE       VALUE  FROM      YEAR
                                                  NORMAL
..................................................................
TEMPERATURE (F)
 YESTERDAY
  MAXIMUM         49    436 PM  87    1945  58     -9       52
  MINIMUM         22    618 AM  17    1959  36    -14       46
  AVERAGE         36                        47    -11       49

PRECIPITATION (IN)
  YESTERDAY        0.00          1.59 1984   0.12  -0.12     0.64
  MONTH TO DATE    2.28                      3.27  -0.99     1.51
  SINCE MAR 1      2.28                      3.27  -0.99     1.51
  SINCE JAN 1      4.57                      8.05  -3.48     5.26

DEGREE DAYS
 HEATING
  YESTERDAY       29                        19     10       16
  MONTH TO DATE  718                       679     39      800
  SINCE MAR 1    718                       679     39      800
  SINCE JUL 1   4641                      4635      6     4893

 COOLING
  YESTERDAY        0                         0      0        0
  MONTH TO DATE    0                         0      0        0
  SINCE MAR 1      0                         0      0        0
  SINCE JAN 1      0                         0      0        0
..................................................................


WIND (MPH)
  HIGHEST WIND SPEED    15   HIGHEST WIND DIRECTION     S (200)
  HIGHEST GUST SPEED    23   HIGHEST GUST DIRECTION     S (200)
  AVERAGE WIND SPEED     6.7


SKY COVER
  POSSIBLE SUNSHINE  MM
  AVERAGE SKY COVER 0.1


WEATHER CONDITIONS
 THE FOLLOWING WEATHER WAS RECORDED YESTERDAY.
  NO SIGNIFICANT WEATHER WAS OBSERVED.


RELATIVE HUMIDITY (PERCENT)
 HIGHEST    52           600 AM
 LOWEST     15           400 PM
 AVERAGE    34

..........................................................


THE MARTINSBURG WV CLIMATE NORMALS FOR TODAY
                         NORMAL    RECORD    YEAR
 MAXIMUM TEMPERATURE (F)   58        86      1986
 MINIMUM TEMPERATURE (F)   36        15      1970


SUNRISE AND SUNSET
MARCH 30 2015.........SUNRISE   700 AM EDT   SUNSET   734 PM EDT
MARCH 31 2015.........SUNRISE   658 AM EDT   SUNSET   735 PM EDT


-  INDICATES NEGATIVE NUMBERS.
R  INDICATES RECORD WAS SET OR TIED.
MM INDICATES DATA IS MISSING.
T  INDICATES TRACE AMOUNT.




$$
