000
CDUS41 KLWX 302122
CLIMRB


CLIMATE REPORT
NATIONAL WEATHER SERVICE BALTIMORE MD/WASHINGTON DC
522 PM EDT THU MAR 30 2017


...................................

...THE MARTINSBURG WV CLIMATE SUMMARY FOR MARCH 30 2017...
VALID TODAY AS OF 0500 PM LOCAL TIME.

CLIMATE NORMAL PERIOD 1981 TO 2010
CLIMATE RECORD PERIOD 1926 TO 2017


WEATHER ITEM   OBSERVED TIME   RECORD YEAR NORMAL DEPARTURE LAST
                VALUE   (LST)  VALUE       VALUE  FROM      YEAR
                                                  NORMAL
..................................................................
TEMPERATURE (F)
 TODAY
  MAXIMUM         52    357 PM  86    1986  58     -6       64
  MINIMUM         39    345 AM  15    1970  36      3       25
  AVERAGE         46                        47     -1       45

PRECIPITATION (IN)
  TODAY            0.00          1.59 1974   0.13  -0.13     0.00
  MONTH TO DATE    1.98                      3.40  -1.42     1.75
  SINCE MAR 1      1.98                      3.40  -1.42     1.75
  SINCE JAN 1      6.36                      8.18  -1.82     5.84

DEGREE DAYS
 HEATING
  TODAY           19                        18      1       20
  MONTH TO DATE  662                       697    -35      488
  SINCE MAR 1    662                       697    -35      488
  SINCE JUL 1   3740                      4653   -913     3903

 COOLING
  TODAY            0                         0      0        0
  MONTH TO DATE    3                         0      3        2
  SINCE MAR 1      3                         0      3        2
  SINCE JAN 1      3                         0      3        2
..................................................................


WIND (MPH)
  HIGHEST WIND SPEED    16   HIGHEST WIND DIRECTION    SE (150)
  HIGHEST GUST SPEED    22   HIGHEST GUST DIRECTION    SE (140)
  AVERAGE WIND SPEED     6.4


SKY COVER
  POSSIBLE SUNSHINE  MM
  AVERAGE SKY COVER 0.8


WEATHER CONDITIONS
 THE FOLLOWING WEATHER WAS RECORDED TODAY.
  NO SIGNIFICANT WEATHER WAS OBSERVED.


RELATIVE HUMIDITY (PERCENT)
 HIGHEST    79           100 AM
 LOWEST     44           200 PM
 AVERAGE    62

..........................................................


THE MARTINSBURG WV CLIMATE NORMALS FOR TOMORROW
                         NORMAL    RECORD    YEAR
 MAXIMUM TEMPERATURE (F)   58        86      1998
 MINIMUM TEMPERATURE (F)   36        19      1947


SUNRISE AND SUNSET
MARCH 30 2017.........SUNRISE   659 AM EDT   SUNSET   734 PM EDT
MARCH 31 2017.........SUNRISE   657 AM EDT   SUNSET   735 PM EDT


-  INDICATES NEGATIVE NUMBERS.
R  INDICATES RECORD WAS SET OR TIED.
MM INDICATES DATA IS MISSING.
T  INDICATES TRACE AMOUNT.




$$
