000
CDUS41 KLWX 300523
CLIMRB


CLIMATE REPORT
NATIONAL WEATHER SERVICE BALTIMORE MD/WASHINGTON DC
121 AM EDT TUE SEP 30 2014


...................................

...THE MARTINSBURG WV CLIMATE SUMMARY FOR SEPTEMBER 29 2014...

CLIMATE NORMAL PERIOD 1981 TO 2010
CLIMATE RECORD PERIOD 1926 TO 2014


WEATHER ITEM   OBSERVED TIME   RECORD YEAR NORMAL DEPARTURE LAST
                VALUE   (LST)  VALUE       VALUE  FROM      YEAR
                                                  NORMAL
..................................................................
TEMPERATURE (F)
 YESTERDAY
  MAXIMUM         77    200 PM  93    1953  71      6       73
  MINIMUM         59    503 AM  32    1947  48     11       44
  AVERAGE         68                        60      8       59

PRECIPITATION (IN)
  YESTERDAY        0.00          1.32 1963   0.12  -0.12     0.00
  MONTH TO DATE    2.24                      3.44  -1.20     1.24
  SINCE SEP 1      2.24                      3.44  -1.20     1.24
  SINCE JAN 1     26.71                     29.68  -2.97    23.62

DEGREE DAYS
 HEATING
  YESTERDAY        0                         6     -6        6
  MONTH TO DATE   51                        79    -28       92
  SINCE SEP 1     51                        79    -28       92
  SINCE JUL 1     54                        86    -32       96

 COOLING
  YESTERDAY        3                         1      2        0
  MONTH TO DATE  126                        92     34       99
  SINCE SEP 1    126                        92     34       99
  SINCE JAN 1    954                       884     70     1017
..................................................................


WIND (MPH)
  HIGHEST WIND SPEED     7   HIGHEST WIND DIRECTION     S (170)
  HIGHEST GUST SPEED     9   HIGHEST GUST DIRECTION    SW (210)
  AVERAGE WIND SPEED     1.6


SKY COVER
  POSSIBLE SUNSHINE  MM
  AVERAGE SKY COVER 0.2


WEATHER CONDITIONS
 THE FOLLOWING WEATHER WAS RECORDED YESTERDAY.
  FOG


RELATIVE HUMIDITY (PERCENT)
 HIGHEST    90           600 AM
 LOWEST     50           200 PM
 AVERAGE    70

..........................................................


THE MARTINSBURG WV CLIMATE NORMALS FOR TODAY
                         NORMAL    RECORD    YEAR
 MAXIMUM TEMPERATURE (F)   71        94      1953
 MINIMUM TEMPERATURE (F)   48        32      1951


SUNRISE AND SUNSET
SEPTEMBER 30 2014.....SUNRISE   707 AM EDT   SUNSET   656 PM EDT
OCTOBER  1 2014.......SUNRISE   708 AM EDT   SUNSET   654 PM EDT


-  INDICATES NEGATIVE NUMBERS.
R  INDICATES RECORD WAS SET OR TIED.
MM INDICATES DATA IS MISSING.
T  INDICATES TRACE AMOUNT.




$$
