000
CDUS41 KLWX 230522
CLIMRB


CLIMATE REPORT
NATIONAL WEATHER SERVICE BALTIMORE MD/WASHINGTON DC
120 AM EDT THU OCT 23 2014


...................................

...THE MARTINSBURG WV CLIMATE SUMMARY FOR OCTOBER 22 2014...

CLIMATE NORMAL PERIOD 1981 TO 2010
CLIMATE RECORD PERIOD 1926 TO 2014


WEATHER ITEM   OBSERVED TIME   RECORD YEAR NORMAL DEPARTURE LAST
                VALUE   (LST)  VALUE       VALUE  FROM      YEAR
                                                  NORMAL
..................................................................
TEMPERATURE (F)
 YESTERDAY
  MAXIMUM         57    409 PM  87    1979  63     -6       61
  MINIMUM         51   1159 PM  26    1974  40     11       38
  AVERAGE         54                        52      2       50

PRECIPITATION (IN)
  YESTERDAY        0.03          3.39 1956   0.10  -0.07     0.00
  MONTH TO DATE    3.18                      2.17   1.01     5.38
  SINCE SEP 1      5.63                      5.74  -0.11     6.62
  SINCE JAN 1     30.10                     31.98  -1.88    29.00

DEGREE DAYS
 HEATING
  YESTERDAY       11                        13     -2       15
  MONTH TO DATE  151                       222    -71      133
  SINCE SEP 1    202                       306   -104      229
  SINCE JUL 1    205                       313   -108      233

 COOLING
  YESTERDAY        0                         0      0        0
  MONTH TO DATE    3                         8     -5       40
  SINCE SEP 1    130                       101     29      139
  SINCE JAN 1    958                       893     65     1057
..................................................................


WIND (MPH)
  HIGHEST WIND SPEED    22   HIGHEST WIND DIRECTION    NW (310)
  HIGHEST GUST SPEED    35   HIGHEST GUST DIRECTION    NW (300)
  AVERAGE WIND SPEED    13.1


SKY COVER
  POSSIBLE SUNSHINE  MM
  AVERAGE SKY COVER 0.9


WEATHER CONDITIONS
 THE FOLLOWING WEATHER WAS RECORDED YESTERDAY.
  LIGHT RAIN


RELATIVE HUMIDITY (PERCENT)
 HIGHEST    83           300 AM
 LOWEST     59           700 PM
 AVERAGE    71

..........................................................


THE MARTINSBURG WV CLIMATE NORMALS FOR TODAY
                         NORMAL    RECORD    YEAR
 MAXIMUM TEMPERATURE (F)   63        88      1947
 MINIMUM TEMPERATURE (F)   40        23      1969


SUNRISE AND SUNSET
OCTOBER 23 2014.......SUNRISE   730 AM EDT   SUNSET   622 PM EDT
OCTOBER 24 2014.......SUNRISE   731 AM EDT   SUNSET   620 PM EDT


-  INDICATES NEGATIVE NUMBERS.
R  INDICATES RECORD WAS SET OR TIED.
MM INDICATES DATA IS MISSING.
T  INDICATES TRACE AMOUNT.




$$
