000
CDUS41 KLWX 042127
CLIMRB


CLIMATE REPORT
NATIONAL WEATHER SERVICE BALTIMORE MD/WASHINGTON DC
526 PM EDT SAT JUL 4 2015


...................................

...THE MARTINSBURG WV CLIMATE SUMMARY FOR JULY 4 2015...
VALID TODAY AS OF 0500 PM LOCAL TIME.

CLIMATE NORMAL PERIOD 1981 TO 2010
CLIMATE RECORD PERIOD 1926 TO 2015


WEATHER ITEM   OBSERVED TIME   RECORD YEAR NORMAL DEPARTURE LAST
                VALUE   (LST)  VALUE       VALUE  FROM      YEAR
                                                  NORMAL
..................................................................
TEMPERATURE (F)
 TODAY
  MAXIMUM         80    211 PM 101    1999  86     -6       79
  MINIMUM         66    343 AM  47    1971  63      3       66
  AVERAGE         73                        74     -1       73

PRECIPITATION (IN)
  TODAY            0.34          2.00 1981   0.11   0.23     0.00
  MONTH TO DATE    0.40                      0.45  -0.05     0.85
  SINCE JUN 1      4.66                      4.21   0.45     3.53
  SINCE JAN 1     15.60                     19.94  -4.34    18.40

DEGREE DAYS
 HEATING
  TODAY            0                         0      0        0
  MONTH TO DATE    0                         0      0        0
  SINCE JUN 1     15                        24     -9        2
  SINCE JUL 1      0                         0      0        0

 COOLING
  TODAY            8                         9     -1        8
  MONTH TO DATE   27                        36     -9       56
  SINCE JUN 1    276                       219     57      292
  SINCE JAN 1    424                       276    148      373
..................................................................


WIND (MPH)
  HIGHEST WIND SPEED    13   HIGHEST WIND DIRECTION     N (350)
  HIGHEST GUST SPEED    17   HIGHEST GUST DIRECTION     N (350)
  AVERAGE WIND SPEED     2.9


SKY COVER
  POSSIBLE SUNSHINE  MM
  AVERAGE SKY COVER 0.9


WEATHER CONDITIONS
 THE FOLLOWING WEATHER WAS RECORDED TODAY.
  HEAVY RAIN
  RAIN
  LIGHT RAIN
  FOG
  HAZE


RELATIVE HUMIDITY (PERCENT)
 HIGHEST    93           200 AM
 LOWEST     74          1200 PM
 AVERAGE    84

..........................................................


THE MARTINSBURG WV CLIMATE NORMALS FOR TOMORROW
                         NORMAL    RECORD    YEAR
 MAXIMUM TEMPERATURE (F)   86       103      1999
 MINIMUM TEMPERATURE (F)   63        48      1971


SUNRISE AND SUNSET
JULY  4 2015..........SUNRISE   550 AM EDT   SUNSET   842 PM EDT
JULY  5 2015..........SUNRISE   551 AM EDT   SUNSET   842 PM EDT


-  INDICATES NEGATIVE NUMBERS.
R  INDICATES RECORD WAS SET OR TIED.
MM INDICATES DATA IS MISSING.
T  INDICATES TRACE AMOUNT.




$$
