000
CDUS44 KHUN 020734
CLIMSL


CLIMATE REPORT
NATIONAL WEATHER SERVICE HUNTSVILLE AL
233 AM CDT TUE JUN 2 2015


...................................

...THE MUSCLE SHOALS CLIMATE SUMMARY FOR JUNE 1 2015...

CLIMATE NORMAL PERIOD 1981 TO 2010
CLIMATE RECORD PERIOD 1893 TO 2015


WEATHER ITEM   OBSERVED TIME   RECORD YEAR NORMAL DEPARTURE LAST
                VALUE   (LST)  VALUE       VALUE  FROM      YEAR
                                                  NORMAL
..................................................................
TEMPERATURE (F)
 YESTERDAY
  MAXIMUM         81   1129 AM  99    1925  85     -4       87
  MINIMUM         65    539 AM  42    1894  63      2       70
  AVERAGE         73                        74     -1       79

PRECIPITATION (IN)
  YESTERDAY       MM             1.81 2005   0.17  MM        0.01
                                      1906
  MONTH TO DATE   MM                         0.17  MM        0.01
  SINCE JUN 1     MM                         0.17  MM        0.01
  SINCE JAN 1     23.09                     23.67  -0.58    16.80

SNOWFALL (IN)
  YESTERDAY        0.0
  MONTH TO DATE    0.0
  SINCE JUN 1      0.0
  SINCE JUL 1      4.2
  SNOW DEPTH       0

DEGREE DAYS
 HEATING
  YESTERDAY        0                         0      0        0
  MONTH TO DATE    0                         0      0        0
  SINCE JUN 1      0                         0      0        0
  SINCE JUL 1   3233                      3103    130     3395

 COOLING
  YESTERDAY        8                         9     -1       14
  MONTH TO DATE    8                         9     -1       14
  SINCE JUN 1      8                         9     -1       14
  SINCE JAN 1    262                       253      9      271
..................................................................


WIND (MPH)
  HIGHEST WIND SPEED    18   HIGHEST WIND DIRECTION     W (280)
  HIGHEST GUST SPEED    22   HIGHEST GUST DIRECTION     W (280)
  AVERAGE WIND SPEED     5.8


SKY COVER
  POSSIBLE SUNSHINE  MM
  AVERAGE SKY COVER 1.0


WEATHER CONDITIONS
 THE FOLLOWING WEATHER WAS RECORDED YESTERDAY.
  NO SIGNIFICANT WEATHER WAS OBSERVED.


RELATIVE HUMIDITY (PERCENT)
 HIGHEST    93          1200 AM
 LOWEST     62          1100 AM
 AVERAGE    78

..........................................................


THE MUSCLE SHOALS CLIMATE NORMALS FOR TODAY
                         NORMAL    RECORD    YEAR
 MAXIMUM TEMPERATURE (F)   85        98      1925
 MINIMUM TEMPERATURE (F)   63        47      1966


SUNRISE AND SUNSET
JUNE  2 2015..........SUNRISE   538 AM CDT   SUNSET   759 PM CDT
JUNE  3 2015..........SUNRISE   538 AM CDT   SUNSET   800 PM CDT


-  INDICATES NEGATIVE NUMBERS.
R  INDICATES RECORD WAS SET OR TIED.
MM INDICATES DATA IS MISSING.
T  INDICATES TRACE AMOUNT.




$$
