000
CDUS44 KHUN 090803
CLIMSL


CLIMATE REPORT
NATIONAL WEATHER SERVICE HUNTSVILLE AL
203 AM CST FRI DEC 9 2016


...................................

...THE MUSCLE SHOALS CLIMATE SUMMARY FOR DECEMBER 8 2016...

CLIMATE NORMAL PERIOD 1981 TO 2010
CLIMATE RECORD PERIOD 1893 TO 2016


WEATHER ITEM   OBSERVED TIME   RECORD YEAR NORMAL DEPARTURE LAST
                VALUE   (LST)  VALUE       VALUE  FROM      YEAR
                                                  NORMAL
..................................................................
TEMPERATURE (F)
 YESTERDAY
  MAXIMUM         44    208 PM  76    1978  55    -11       66
  MINIMUM         28   1154 PM  15    2006  35     -7       29
  AVERAGE         36                        45     -9       48

PRECIPITATION (IN)
  YESTERDAY        0.00          2.23 1986   0.21  -0.21     0.00
  MONTH TO DATE    3.22                      1.61   1.61     1.04
  SINCE DEC 1      3.22                      1.61   1.61     1.04
  SINCE JAN 1     38.68                     49.13 -10.45    45.29

SNOWFALL (IN)
  YESTERDAY        0.0
  MONTH TO DATE    0.0
  SINCE DEC 1      0.0
  SINCE JUL 1      0.0
  SNOW DEPTH       0

DEGREE DAYS
 HEATING
  YESTERDAY       29                        20      9       17
  MONTH TO DATE  158                       154      4      136
  SINCE DEC 1    158                       154      4      136
  SINCE JUL 1    486                       716   -230      501

 COOLING
  YESTERDAY        0                         0      0        0
  MONTH TO DATE    0                         0      0        0
  SINCE DEC 1      0                         0      0        0
  SINCE JAN 1   2366                      1871    495     2008
..................................................................


WIND (MPH)
  HIGHEST WIND SPEED    15   HIGHEST WIND DIRECTION    NW (300)
  HIGHEST GUST SPEED    19   HIGHEST GUST DIRECTION    NW (330)
  AVERAGE WIND SPEED     7.7


SKY COVER
  POSSIBLE SUNSHINE  MM
  AVERAGE SKY COVER 0.3


WEATHER CONDITIONS
 THE FOLLOWING WEATHER WAS RECORDED YESTERDAY.
  NO SIGNIFICANT WEATHER WAS OBSERVED.


RELATIVE HUMIDITY (PERCENT)
 HIGHEST    70          1200 AM
 LOWEST     39           200 PM
 AVERAGE    55

..........................................................


THE MUSCLE SHOALS CLIMATE NORMALS FOR TODAY
                         NORMAL    RECORD    YEAR
 MAXIMUM TEMPERATURE (F)   54        76      2007
                                             1922
 MINIMUM TEMPERATURE (F)   35         5      1937


SUNRISE AND SUNSET
DECEMBER  9 2016......SUNRISE   646 AM CST   SUNSET   440 PM CST
DECEMBER 10 2016......SUNRISE   647 AM CST   SUNSET   440 PM CST


-  INDICATES NEGATIVE NUMBERS.
R  INDICATES RECORD WAS SET OR TIED.
MM INDICATES DATA IS MISSING.
T  INDICATES TRACE AMOUNT.




$$
