000
CDUS44 KHUN 220722
CLIMSL


CLIMATE REPORT
NATIONAL WEATHER SERVICE HUNTSVILLE AL
221 AM CDT MON SEP 22 2014


...................................

...THE MUSCLE SHOALS CLIMATE SUMMARY FOR SEPTEMBER 21 2014...

CLIMATE NORMAL PERIOD 1981 TO 2010
CLIMATE RECORD PERIOD 1893 TO 2014


WEATHER ITEM   OBSERVED TIME   RECORD YEAR NORMAL DEPARTURE LAST
                VALUE   (LST)  VALUE       VALUE  FROM      YEAR
                                                  NORMAL
..................................................................
TEMPERATURE (F)
 YESTERDAY
  MAXIMUM         88    136 PM 100    2010  83      5       80
  MINIMUM         62    604 AM  40    1918  60      2       61
                                      1916
  AVERAGE         75                        71      4       71

PRECIPITATION (IN)
  YESTERDAY        0.00          2.29 2003   0.13  -0.13     1.09
  MONTH TO DATE    2.72                      2.58   0.14     2.15
  SINCE SEP 1      2.72                      2.58   0.14     2.15
  SINCE JAN 1     35.92                     38.29  -2.37    45.04

SNOWFALL (IN)
  YESTERDAY        0.0
  MONTH TO DATE    0.0
  SINCE SEP 1      0.0
  SINCE JUL 1      0.0
  SNOW DEPTH       0

DEGREE DAYS
 HEATING
  YESTERDAY        0                         1     -1        0
  MONTH TO DATE    0                         3     -3        0
  SINCE SEP 1      0                         3     -3        0
  SINCE JUL 1      0                         3     -3        0

 COOLING
  YESTERDAY       10                         7      3        6
  MONTH TO DATE  257                       211     46      259
  SINCE SEP 1    257                       211     46      259
  SINCE JAN 1   1710                      1754    -44     1740
..................................................................


WIND (MPH)
  HIGHEST WIND SPEED    17   HIGHEST WIND DIRECTION     W (280)
  HIGHEST GUST SPEED    23   HIGHEST GUST DIRECTION     W (250)
  AVERAGE WIND SPEED     6.6


SKY COVER
  POSSIBLE SUNSHINE  MM
  AVERAGE SKY COVER 0.2


WEATHER CONDITIONS
 THE FOLLOWING WEATHER WAS RECORDED YESTERDAY.
  FOG


RELATIVE HUMIDITY (PERCENT)
 HIGHEST    93           100 AM
 LOWEST     49          1000 PM
 AVERAGE    71

..........................................................


THE MUSCLE SHOALS CLIMATE NORMALS FOR TODAY
                         NORMAL    RECORD    YEAR
 MAXIMUM TEMPERATURE (F)   83        98      2010
 MINIMUM TEMPERATURE (F)   59        37      1913


SUNRISE AND SUNSET
SEPTEMBER 22 2014.....SUNRISE   638 AM CDT   SUNSET   647 PM CDT
SEPTEMBER 23 2014.....SUNRISE   639 AM CDT   SUNSET   646 PM CDT


-  INDICATES NEGATIVE NUMBERS.
R  INDICATES RECORD WAS SET OR TIED.
MM INDICATES DATA IS MISSING.
T  INDICATES TRACE AMOUNT.




$$
