000
CDUS44 KHUN 030705
CLIMSL


CLIMATE REPORT
NATIONAL WEATHER SERVICE HUNTSVILLE AL
204 AM CDT FRI JUL 3 2015


...................................

...THE MUSCLE SHOALS CLIMATE SUMMARY FOR JULY 2 2015...

CLIMATE NORMAL PERIOD 1981 TO 2010
CLIMATE RECORD PERIOD 1893 TO 2015


WEATHER ITEM   OBSERVED TIME   RECORD YEAR NORMAL DEPARTURE LAST
                VALUE   (LST)  VALUE       VALUE  FROM      YEAR
                                                  NORMAL
..................................................................
TEMPERATURE (F)
 YESTERDAY
  MAXIMUM         88   1233 PM 103    1897  90     -2       93
  MINIMUM         72    125 AM  53    1937  69      3       68
  AVERAGE         80                        80      0       81

PRECIPITATION (IN)
  YESTERDAY        0.07          1.64 1989   0.15  -0.08     0.00
  MONTH TO DATE    0.66                      0.31   0.35     0.00
  SINCE JUN 1      3.02                      5.07  -2.05     7.47
  SINCE JAN 1     26.91                     28.57  -1.66    24.26

SNOWFALL (IN)
  YESTERDAY        0.0
  MONTH TO DATE    0.0
  SINCE JUN 1      0.0
  SINCE JUL 1      0.0
  SNOW DEPTH       0

DEGREE DAYS
 HEATING
  YESTERDAY        0                         0      0        0
  MONTH TO DATE    0                         0      0        0
  SINCE JUN 1      0                         1     -1        0
  SINCE JUL 1      0                         0      0        0

 COOLING
  YESTERDAY       15                        15      0       16
  MONTH TO DATE   27                        30     -3       35
  SINCE JUN 1    485                       392     93      436
  SINCE JAN 1    739                       636    103      693
..................................................................


WIND (MPH)
  HIGHEST WIND SPEED    22   HIGHEST WIND DIRECTION     W (250)
  HIGHEST GUST SPEED    28   HIGHEST GUST DIRECTION     W (260)
  AVERAGE WIND SPEED    11.3


SKY COVER
  POSSIBLE SUNSHINE  MM
  AVERAGE SKY COVER 0.3


WEATHER CONDITIONS
 THE FOLLOWING WEATHER WAS RECORDED YESTERDAY.
  THUNDERSTORM
  LIGHT RAIN


RELATIVE HUMIDITY (PERCENT)
 HIGHEST    90          1200 AM
 LOWEST     55           200 PM
 AVERAGE    73

..........................................................


THE MUSCLE SHOALS CLIMATE NORMALS FOR TODAY
                         NORMAL    RECORD    YEAR
 MAXIMUM TEMPERATURE (F)   90       104      1925
 MINIMUM TEMPERATURE (F)   69        52      1924


SUNRISE AND SUNSET
JULY  3 2015..........SUNRISE   542 AM CDT   SUNSET   808 PM CDT
JULY  4 2015..........SUNRISE   542 AM CDT   SUNSET   807 PM CDT


-  INDICATES NEGATIVE NUMBERS.
R  INDICATES RECORD WAS SET OR TIED.
MM INDICATES DATA IS MISSING.
T  INDICATES TRACE AMOUNT.




$$
