000
CDUS44 KHUN 302124
CLIMSL


CLIMATE REPORT
NATIONAL WEATHER SERVICE HUNTSVILLE AL
424 PM CDT THU MAR 30 2017


...................................

...THE MUSCLE SHOALS CLIMATE SUMMARY FOR MARCH 30 2017...
VALID TODAY AS OF 0400 PM LOCAL TIME.

CLIMATE NORMAL PERIOD 1981 TO 2010
CLIMATE RECORD PERIOD 1893 TO 2017


WEATHER ITEM   OBSERVED TIME   RECORD YEAR NORMAL DEPARTURE LAST
                VALUE   (LST)  VALUE       VALUE  FROM      YEAR
                                                  NORMAL
..................................................................
TEMPERATURE (F)
 TODAY
  MAXIMUM         78    108 PM  85    1998  69      9       78
                                      1977
                                      1963
  MINIMUM         67   1201 AM  24    1964  45     22       43
  AVERAGE         73                        57     16       61

PRECIPITATION (IN)
  TODAY            0.00          2.49 1939   0.15  -0.15     0.00
  MONTH TO DATE    4.84                      4.60   0.24     2.67
  SINCE MAR 1      4.84                      4.60   0.24     2.67
  SINCE JAN 1     12.08                     13.87  -1.79     9.80

SNOWFALL (IN)
  TODAY            0.0
  MONTH TO DATE    T
  SINCE MAR 1      T
  SINCE JUL 1      T
  SNOW DEPTH       0

DEGREE DAYS
 HEATING
  TODAY            0                         9     -9        4
  MONTH TO DATE  315                       369    -54      236
  SINCE MAR 1    315                       369    -54      236
  SINCE JUL 1   1995                      2904   -909     2237

 COOLING
  TODAY            8                         1      7        0
  MONTH TO DATE   31                         7     24       21
  SINCE MAR 1     31                         7     24       21
  SINCE JAN 1     39                         8     31       21
..................................................................


WIND (MPH)
  HIGHEST WIND SPEED    26   HIGHEST WIND DIRECTION    SW (230)
  HIGHEST GUST SPEED    34   HIGHEST GUST DIRECTION     S (200)
  AVERAGE WIND SPEED    14.0


SKY COVER
  POSSIBLE SUNSHINE  MM
  AVERAGE SKY COVER 0.2


WEATHER CONDITIONS
 THE FOLLOWING WEATHER WAS RECORDED TODAY.
  NO SIGNIFICANT WEATHER WAS OBSERVED.


RELATIVE HUMIDITY (PERCENT)
 HIGHEST    76           600 AM
 LOWEST     43           100 PM
 AVERAGE    60

..........................................................


THE MUSCLE SHOALS CLIMATE NORMALS FOR TOMORROW
                         NORMAL    RECORD    YEAR
 MAXIMUM TEMPERATURE (F)   69        86      1963
 MINIMUM TEMPERATURE (F)   45        26      1923


SUNRISE AND SUNSET
MARCH 30 2017.........SUNRISE   640 AM CDT   SUNSET   710 PM CDT
MARCH 31 2017.........SUNRISE   638 AM CDT   SUNSET   711 PM CDT


-  INDICATES NEGATIVE NUMBERS.
R  INDICATES RECORD WAS SET OR TIED.
MM INDICATES DATA IS MISSING.
T  INDICATES TRACE AMOUNT.




$$
