000
CDUS43 KMKX 260645
CLIMSN


CLIMATE REPORT
NATIONAL WEATHER SERVICE IN MILWAUKEE
145 AM CDT MON JUN 26 2017


...................................

...THE MADISON WI CLIMATE SUMMARY FOR JUNE 25 2017...

CLIMATE NORMAL PERIOD 1981 TO 2010
CLIMATE RECORD PERIOD 1871 TO 2017


WEATHER ITEM   OBSERVED TIME   RECORD YEAR NORMAL DEPARTURE LAST
                VALUE   (LST)  VALUE       VALUE  FROM      YEAR
                                                  NORMAL
..................................................................
TEMPERATURE (F)
 YESTERDAY
  MAXIMUM         66    436 PM  97    1988  81    -15       90
  MINIMUM         51    500 AM  36    1979  59     -8       67
  AVERAGE         59                        70    -11       79

PRECIPITATION (IN)
  YESTERDAY        0.10          2.17 1969   0.15  -0.05     0.24
  MONTH TO DATE    5.18                      3.79   1.39     3.57
  SINCE JUN 1      5.18                      3.79   1.39     3.57
  SINCE JAN 1     20.84                     15.62   5.22    13.36

SNOWFALL (IN)
  YESTERDAY        0.0           0.0    MM   0.0    0.0      0.0
  MONTH TO DATE    0.0                       0.0    0.0      0.0
  SINCE JUN 1      0.0                       0.0    0.0      0.0
  SINCE JUL 1     44.0                      50.9   -6.9     32.7
  SNOW DEPTH       0

DEGREE DAYS
 HEATING
  YESTERDAY        6                         1      5        0
  MONTH TO DATE   19                        58    -39       13
  SINCE JUN 1     19                        58    -39       13
  SINCE JUL 1   6207                      7331  -1124     6197

 COOLING
  YESTERDAY        0                         6     -6       14
  MONTH TO DATE  142                        90     52      128
  SINCE JUN 1    142                        90     52      128
  SINCE JAN 1    157                       120     37      180
..................................................................


WIND (MPH)
  HIGHEST WIND SPEED    18   HIGHEST WIND DIRECTION     W (290)
  HIGHEST GUST SPEED    30   HIGHEST GUST DIRECTION     W (290)
  AVERAGE WIND SPEED     6.6


SKY COVER
  POSSIBLE SUNSHINE  MM
  AVERAGE SKY COVER 0.5


WEATHER CONDITIONS
 THE FOLLOWING WEATHER WAS RECORDED YESTERDAY.
  FOG


RELATIVE HUMIDITY (PERCENT)
 HIGHEST    93           800 PM
 LOWEST     56          1200 PM
 AVERAGE    75

..........................................................


THE MADISON WI CLIMATE NORMALS FOR TODAY
                         NORMAL    RECORD    YEAR
 MAXIMUM TEMPERATURE (F)   81        96      1980
                                             1931
 MINIMUM TEMPERATURE (F)   59        45      1974


SUNRISE AND SUNSET
JUNE 26 2017..........SUNRISE   519 AM CDT   SUNSET   841 PM CDT
JUNE 27 2017..........SUNRISE   520 AM CDT   SUNSET   841 PM CDT


-  INDICATES NEGATIVE NUMBERS.
R  INDICATES RECORD WAS SET OR TIED.
MM INDICATES DATA IS MISSING.
T  INDICATES TRACE AMOUNT.




$$
