000
CDUS43 KMKX 300657
CLIMSN


CLIMATE REPORT
NATIONAL WEATHER SERVICE IN MILWAUKEE
157 AM CDT SAT MAY 30 2015


...................................

...THE MADISON WI CLIMATE SUMMARY FOR MAY 29 2015...

CLIMATE NORMAL PERIOD 1981 TO 2010
CLIMATE RECORD PERIOD 1871 TO 2015


WEATHER ITEM   OBSERVED TIME   RECORD YEAR NORMAL DEPARTURE LAST
                VALUE   (LST)  VALUE       VALUE  FROM      YEAR
                                                  NORMAL
..................................................................
TEMPERATURE (F)
 YESTERDAY
  MAXIMUM         79    153 PM  91    1991  73      6       81
  MINIMUM         63    611 AM  30    1965  50     13       52
  AVERAGE         71                        61     10       67

PRECIPITATION (IN)
  YESTERDAY        0.25          0.92 1885   0.13   0.12     0.00
  MONTH TO DATE    4.03                      3.29   0.74     3.47
  SINCE MAR 1      9.17                      8.89   0.28     9.86
  SINCE JAN 1     10.37                     11.57  -1.20    11.75

SNOWFALL (IN)
  YESTERDAY        0.0           T    1947   0.0    0.0      0.0
  MONTH TO DATE    0.0                       0.2   -0.2      0.0
  SINCE MAR 1      4.2                       9.8   -5.6      9.2
  SINCE JUL 1     33.7                      50.9  -17.2     59.2
  SNOW DEPTH       0

DEGREE DAYS
 HEATING
  YESTERDAY        0                         5     -5        0
  MONTH TO DATE  167                       256    -89      208
  SINCE MAR 1   1596                      1777   -181     1936
  SINCE JUL 1   7307                      7263     44     8048

 COOLING
  YESTERDAY        6                         2      4        2
  MONTH TO DATE   50                        20     30       43
  SINCE MAR 1     50                        24     26       43
  SINCE JAN 1     50                        24     26       43
..................................................................


WIND (MPH)
  HIGHEST WIND SPEED    18   HIGHEST WIND DIRECTION     S (180)
  HIGHEST GUST SPEED    22   HIGHEST GUST DIRECTION     S (200)
  AVERAGE WIND SPEED     6.8


SKY COVER
  POSSIBLE SUNSHINE  MM
  AVERAGE SKY COVER 0.8


WEATHER CONDITIONS
 THE FOLLOWING WEATHER WAS RECORDED YESTERDAY.
  THUNDERSTORM
  LIGHT RAIN
  FOG


RELATIVE HUMIDITY (PERCENT)
 HIGHEST    79           900 PM
 LOWEST     57           100 AM
 AVERAGE    68

..........................................................


THE MADISON WI CLIMATE NORMALS FOR TODAY
                         NORMAL    RECORD    YEAR
 MAXIMUM TEMPERATURE (F)   73        92      1953
 MINIMUM TEMPERATURE (F)   51        30      1965


SUNRISE AND SUNSET
MAY 30 2015...........SUNRISE   522 AM CDT   SUNSET   828 PM CDT
MAY 31 2015...........SUNRISE   521 AM CDT   SUNSET   829 PM CDT


-  INDICATES NEGATIVE NUMBERS.
R  INDICATES RECORD WAS SET OR TIED.
MM INDICATES DATA IS MISSING.
T  INDICATES TRACE AMOUNT.




$$
