000
CDUS43 KMKX 310044
CLIMSN


CLIMATE REPORT
NATIONAL WEATHER SERVICE IN MILWAUKEE
743 PM CDT SAT JUL 30 2016


...................................

...THE MADISON WI CLIMATE SUMMARY FOR JULY 30 2016...
VALID TODAY AS OF 0700 PM LOCAL TIME.

CLIMATE NORMAL PERIOD 1981 TO 2010
CLIMATE RECORD PERIOD 1871 TO 2016


WEATHER ITEM   OBSERVED TIME   RECORD YEAR NORMAL DEPARTURE LAST
                VALUE   (LST)  VALUE       VALUE  FROM      YEAR
                                                  NORMAL
..................................................................
TEMPERATURE (F)
 TODAY
  MAXIMUM         80    331 PM  97    1999  81     -1       86
                                      1955
                                      1916
  MINIMUM         62    427 AM  45    1971  61      1       65
  AVERAGE         71                        71      0       76

PRECIPITATION (IN)
  TODAY            0.00          2.24 2004   0.12  -0.12     0.00
  MONTH TO DATE    5.23                      4.05   1.18     5.02
  SINCE JUN 1     10.58                      8.59   1.99     8.17
  SINCE JAN 1     20.37                     20.42  -0.05    18.69

SNOWFALL (IN)
  TODAY            0.0           0.0    MM   0.0    0.0      0.0
  MONTH TO DATE    0.0                       0.0    0.0      0.0
  SINCE JUN 1      0.0                       0.0    0.0      0.0
  SINCE JUL 1      0.0                       0.0    0.0      0.0
  SNOW DEPTH       0

DEGREE DAYS
 HEATING
  TODAY            0                         0      0        0
  MONTH TO DATE    4                         0      4       16
  SINCE JUN 1     18                        60    -42       53
  SINCE JUL 1      4                         0      4       16

 COOLING
  TODAY            6                         6      0       11
  MONTH TO DATE  252                       202     50      191
  SINCE JUN 1    401                       322     79      302
  SINCE JAN 1    453                       352    101      352
..................................................................


WIND (MPH)
  HIGHEST WIND SPEED    15   HIGHEST WIND DIRECTION     E (70)
  HIGHEST GUST SPEED    18   HIGHEST GUST DIRECTION     E (80)
  AVERAGE WIND SPEED     7.1


SKY COVER
  POSSIBLE SUNSHINE  MM
  AVERAGE SKY COVER 0.7


WEATHER CONDITIONS
 THE FOLLOWING WEATHER WAS RECORDED TODAY.
  NO SIGNIFICANT WEATHER WAS OBSERVED.


RELATIVE HUMIDITY (PERCENT)
 HIGHEST    90           400 AM
 LOWEST     52           500 PM
 AVERAGE    71

..........................................................


THE MADISON WI CLIMATE NORMALS FOR TOMORROW
                         NORMAL    RECORD    YEAR
 MAXIMUM TEMPERATURE (F)   81        95      2006
                                             2001
                                             1988
 MINIMUM TEMPERATURE (F)   61        43      1971


SUNRISE AND SUNSET
JULY 30 2016..........SUNRISE   546 AM CDT   SUNSET   821 PM CDT
JULY 31 2016..........SUNRISE   547 AM CDT   SUNSET   819 PM CDT


-  INDICATES NEGATIVE NUMBERS.
R  INDICATES RECORD WAS SET OR TIED.
MM INDICATES DATA IS MISSING.
T  INDICATES TRACE AMOUNT.




$$
