000
CDUS43 KMKX 190659
CLIMSN


CLIMATE REPORT
NATIONAL WEATHER SERVICE IN MILWAUKEE
154 AM CDT THU OCT 19 2017


...................................

...THE MADISON WI CLIMATE SUMMARY FOR OCTOBER 18 2017...

CLIMATE NORMAL PERIOD 1981 TO 2010
CLIMATE RECORD PERIOD 1871 TO 2017


WEATHER ITEM   OBSERVED TIME   RECORD YEAR NORMAL DEPARTURE LAST
                VALUE   (LST)  VALUE       VALUE  FROM      YEAR
                                                  NORMAL
..................................................................
TEMPERATURE (F)
 YESTERDAY
  MAXIMUM         71    314 PM  82    1953  58     13       75
                                      1950
  MINIMUM         48    629 AM  18    1976  38     10       48
                                      1948
  AVERAGE         60                        48     12       62

PRECIPITATION (IN)
  YESTERDAY        0.00          2.78 1984   0.08  -0.08     0.00
  MONTH TO DATE    2.77                      1.38   1.39     2.54
  SINCE SEP 1      3.32                      4.51  -1.19    11.00
  SINCE JAN 1     36.08                     29.33   6.75    39.24

SNOWFALL (IN)
  YESTERDAY        0.0           0.5  1991   0.1   -0.1      0.0
  MONTH TO DATE    0.0                       0.2   -0.2      0.0
  SINCE SEP 1      0.0                       0.2   -0.2      0.0
  SINCE JUL 1      0.0                       0.2   -0.2      0.0
  SNOW DEPTH       0

DEGREE DAYS
 HEATING
  YESTERDAY        5                        17    -12        3
  MONTH TO DATE  114                       254   -140      136
  SINCE SEP 1    227                       425   -198      178
  SINCE JUL 1    252                       462   -210      185

 COOLING
  YESTERDAY        0                         0      0        0
  MONTH TO DATE    8                         0      8        9
  SINCE SEP 1    118                        51     67       85
  SINCE JAN 1    578                       564     14      780
..................................................................


WIND (MPH)
  HIGHEST WIND SPEED    22   HIGHEST WIND DIRECTION     S (190)
  HIGHEST GUST SPEED    29   HIGHEST GUST DIRECTION     S (190)
  AVERAGE WIND SPEED    10.8


SKY COVER
  POSSIBLE SUNSHINE  MM
  AVERAGE SKY COVER 0.1


WEATHER CONDITIONS
 THE FOLLOWING WEATHER WAS RECORDED YESTERDAY.
  NO SIGNIFICANT WEATHER WAS OBSERVED.


RELATIVE HUMIDITY (PERCENT)
 HIGHEST    80           600 AM
 LOWEST     37           400 PM
 AVERAGE    59

..........................................................


THE MADISON WI CLIMATE NORMALS FOR TODAY
                         NORMAL    RECORD    YEAR
 MAXIMUM TEMPERATURE (F)   58        80      1953
 MINIMUM TEMPERATURE (F)   38        15      1972


SUNRISE AND SUNSET
OCTOBER 19 2017.......SUNRISE   716 AM CDT   SUNSET   608 PM CDT
OCTOBER 20 2017.......SUNRISE   717 AM CDT   SUNSET   606 PM CDT


-  INDICATES NEGATIVE NUMBERS.
R  INDICATES RECORD WAS SET OR TIED.
MM INDICATES DATA IS MISSING.
T  INDICATES TRACE AMOUNT.




$$
