000
CDUS43 KMKX 270701
CLIMSN


CLIMATE REPORT
NATIONAL WEATHER SERVICE IN MILWAUKEE
100 AM CST SAT DEC 27 2014


...................................

...THE MADISON WI CLIMATE SUMMARY FOR DECEMBER 26 2014...

CLIMATE NORMAL PERIOD 1981 TO 2010
CLIMATE RECORD PERIOD 1871 TO 2014


WEATHER ITEM   OBSERVED TIME   RECORD YEAR NORMAL DEPARTURE LAST
                VALUE   (LST)  VALUE       VALUE  FROM      YEAR
                                                  NORMAL
..................................................................
TEMPERATURE (F)
 YESTERDAY
  MAXIMUM         46    109 PM  50    1936  27     19       26
  MINIMUM         32    909 PM -22    1962  13     19       12
  AVERAGE         39                        20     19       19

PRECIPITATION (IN)
  YESTERDAY        0.00          1.07 1888   0.05  -0.05      T
  MONTH TO DATE    0.97                      1.53  -0.56     1.48
  SINCE DEC 1      0.97                      1.53  -0.56     1.48
  SINCE JAN 1     35.25                     34.27   0.98    45.24

SNOWFALL (IN)
  YESTERDAY        0.0           7.4  1941   0.4   -0.4      0.2
  MONTH TO DATE    0.1                      11.4  -11.3     19.9
  SINCE DEC 1      0.1                      11.4  -11.3     19.9
  SINCE JUL 1      8.6                      15.5   -6.9     23.4
  SNOW DEPTH       0

DEGREE DAYS
 HEATING
  YESTERDAY       26                        45    -19       46
  MONTH TO DATE  897                      1075   -178     1209
  SINCE DEC 1    897                      1075   -178     1209
  SINCE JUL 1   2581                      2654    -73     2728

 COOLING
  YESTERDAY        0                         0      0        0
  MONTH TO DATE    0                         0      0        0
  SINCE DEC 1      0                         0      0        0
  SINCE JAN 1    620                       568     52      709
..................................................................


WIND (MPH)
  HIGHEST WIND SPEED    13   HIGHEST WIND DIRECTION     S (180)
  HIGHEST GUST SPEED    15   HIGHEST GUST DIRECTION     S (180)
  AVERAGE WIND SPEED     4.9


SKY COVER
  POSSIBLE SUNSHINE  MM
  AVERAGE SKY COVER 0.6


WEATHER CONDITIONS
 THE FOLLOWING WEATHER WAS RECORDED YESTERDAY.
  NO SIGNIFICANT WEATHER WAS OBSERVED.


RELATIVE HUMIDITY (PERCENT)
 HIGHEST    96          1100 PM
 LOWEST     65           100 PM
 AVERAGE    81

..........................................................


THE MADISON WI CLIMATE NORMALS FOR TODAY
                         NORMAL    RECORD    YEAR
 MAXIMUM TEMPERATURE (F)   27        50      2003
                                             1946
                                             1936
 MINIMUM TEMPERATURE (F)   13       -26      1886


SUNRISE AND SUNSET
DECEMBER 27 2014......SUNRISE   728 AM CST   SUNSET   429 PM CST
DECEMBER 28 2014......SUNRISE   728 AM CST   SUNSET   430 PM CST


-  INDICATES NEGATIVE NUMBERS.
R  INDICATES RECORD WAS SET OR TIED.
MM INDICATES DATA IS MISSING.
T  INDICATES TRACE AMOUNT.




$$
