000
CDUS45 KMSO 250738
CLIMSO


CLIMATE REPORT
NATIONAL WEATHER SERVICE MISSOULA, MT
1238 AM MST SUN FEB 25 2018


...................................

...THE MISSOULA MT CLIMATE SUMMARY FOR FEBRUARY 24 2018...

CLIMATE NORMAL PERIOD 1981 TO 2010
CLIMATE RECORD PERIOD 1893 TO 2018


WEATHER ITEM   OBSERVED TIME   RECORD YEAR NORMAL DEPARTURE LAST
                VALUE   (LST)  VALUE       VALUE  FROM      YEAR
                                                  NORMAL
..................................................................
TEMPERATURE (F)
 YESTERDAY
  MAXIMUM         25    457 PM  66    1995  42    -17       34
  MINIMUM         13    752 AM  -8    1894  23    -10       21
  AVERAGE         19                        32    -13       28

PRECIPITATION (IN)
  YESTERDAY        0.03          0.38 1939   0.02   0.01      T
  MONTH TO DATE    1.50                      0.59   0.91     2.19
  SINCE OCT 1      6.06                      4.37   1.69     7.83
  SINCE JAN 1      2.24                      1.44   0.80     3.17

SNOWFALL (IN)
  YESTERDAY        0.3
  MONTH TO DATE   14.4
  SINCE JAN 1     19.8
  SINCE JUL 1     47.1
  SNOW DEPTH       5

DEGREE DAYS
 HEATING
  YESTERDAY       46                        33     13       37
  MONTH TO DATE  964                       851    113      874
  SINCE DEC 1   3352                      3344      8     3871
  SINCE JUL 1   5242                      5240      2     5625

 COOLING
  YESTERDAY        0                         0      0        0
  MONTH TO DATE    0                         0      0        0
  SINCE DEC 1      0                         0      0        0
  SINCE JAN 1      0                         0      0        0
..................................................................


WIND (MPH)
  HIGHEST WIND SPEED     8   HIGHEST WIND DIRECTION     W (290)
  HIGHEST GUST SPEED     9   HIGHEST GUST DIRECTION     W (290)
  AVERAGE WIND SPEED     2.8


SKY COVER
  POSSIBLE SUNSHINE  MM
  AVERAGE SKY COVER 0.9


WEATHER CONDITIONS
 THE FOLLOWING WEATHER WAS RECORDED YESTERDAY.
  LIGHT SNOW
  FOG


RELATIVE HUMIDITY (PERCENT)
 HIGHEST    88           800 AM
 LOWEST     68          1200 PM
 AVERAGE    78

..........................................................


THE MISSOULA MT CLIMATE NORMALS FOR TODAY
                         NORMAL    RECORD    YEAR
 MAXIMUM TEMPERATURE (F)   42        63      1905
 MINIMUM TEMPERATURE (F)   23       -11      1993


SUNRISE AND SUNSET
FEBRUARY 25 2018......SUNRISE   723 AM MST   SUNSET   616 PM MST
FEBRUARY 26 2018......SUNRISE   721 AM MST   SUNSET   618 PM MST


-  INDICATES NEGATIVE NUMBERS.
R  INDICATES RECORD WAS SET OR TIED.
MM INDICATES DATA IS MISSING.
T  INDICATES TRACE AMOUNT.




$$
