000
CDUS45 KMSO 280738
CLIMSO


CLIMATE REPORT
NATIONAL WEATHER SERVICE MISSOULA, MT
1238 AM MST FRI NOV 28 2014


...................................

...THE MISSOULA MT CLIMATE SUMMARY FOR NOVEMBER 27 2014...

CLIMATE NORMAL PERIOD 1981 TO 2010
CLIMATE RECORD PERIOD 1893 TO 2014


WEATHER ITEM   OBSERVED TIME   RECORD YEAR NORMAL DEPARTURE LAST
                VALUE   (LST)  VALUE       VALUE  FROM      YEAR
                                                  NORMAL
..................................................................
TEMPERATURE (F)
 YESTERDAY
  MAXIMUM         57R   253 PM  56    1949  36     21       37
  MINIMUM         29    736 AM  -8    1967  21      8       17
  AVERAGE         43                        28     15       27

PRECIPITATION (IN)
  YESTERDAY        T             0.44 1991   0.03  -0.03     0.00
  MONTH TO DATE    2.63                      0.90   1.73     0.51
  SINCE OCT 1      3.79                      1.78   2.01     0.57
  SINCE JAN 1     14.09                     12.98   1.11     8.30

SNOWFALL (IN)
  YESTERDAY       MM
  MONTH TO DATE    5.3
  SINCE JAN 1     57.2
  SINCE JUL 1      5.3
  SNOW DEPTH       2

DEGREE DAYS
 HEATING
  YESTERDAY       22                        37    -15       38
  MONTH TO DATE  957                       842    115      831
  SINCE SEP 1   1609                      1700    -91     1734
  SINCE JUL 1   1651                      1784   -133     1742

 COOLING
  YESTERDAY        0                         0      0        0
  MONTH TO DATE    0                         0      0        0
  SINCE SEP 1     12                        15     -3       87
  SINCE JAN 1    390                       332     58      579
..................................................................


WIND (MPH)
  HIGHEST WIND SPEED    17   HIGHEST WIND DIRECTION     S (200)
  HIGHEST GUST SPEED    21   HIGHEST GUST DIRECTION     W (290)
  AVERAGE WIND SPEED     3.6


SKY COVER
  POSSIBLE SUNSHINE  MM
  AVERAGE SKY COVER 1.0


WEATHER CONDITIONS
 THE FOLLOWING WEATHER WAS RECORDED YESTERDAY.
  FOG
  FOG W/VISIBILITY <= 1/4 MILE


RELATIVE HUMIDITY (PERCENT)
 HIGHEST   100          1200 AM
 LOWEST     47           300 PM
 AVERAGE    74

..........................................................


THE MISSOULA MT CLIMATE NORMALS FOR TODAY
                         NORMAL    RECORD    YEAR
 MAXIMUM TEMPERATURE (F)   35        52      1973
                                             1929
 MINIMUM TEMPERATURE (F)   21       -10      1896


SUNRISE AND SUNSET
NOVEMBER 28 2014......SUNRISE   757 AM MST   SUNSET   451 PM MST
NOVEMBER 29 2014......SUNRISE   759 AM MST   SUNSET   450 PM MST


-  INDICATES NEGATIVE NUMBERS.
R  INDICATES RECORD WAS SET OR TIED.
MM INDICATES DATA IS MISSING.
T  INDICATES TRACE AMOUNT.




$$
