000
CDUS45 KMSO 252231
CLIMSO


CLIMATE REPORT
NATIONAL WEATHER SERVICE MISSOULA, MT
431 PM MDT TUE JUL 25 2017


...................................

...THE MISSOULA MT CLIMATE SUMMARY FOR JULY 25 2017...
VALID TODAY AS OF 0400 PM LOCAL TIME.

CLIMATE NORMAL PERIOD 1981 TO 2010
CLIMATE RECORD PERIOD 1893 TO 2017


WEATHER ITEM   OBSERVED TIME   RECORD YEAR NORMAL DEPARTURE LAST
                VALUE   (LST)  VALUE       VALUE  FROM      YEAR
                                                  NORMAL
..................................................................
TEMPERATURE (F)
 TODAY
  MAXIMUM         91    248 PM 101    1933  88      3       93
  MINIMUM         50    556 AM  40    1960  52     -2       52
                                      1893
  AVERAGE         71                        70      1       73

PRECIPITATION (IN)
  TODAY            0.00          0.48 1955   0.03  -0.03     0.00
  MONTH TO DATE    T                         0.82  -0.82     2.06
  SINCE OCT 1     14.71                     11.60   3.11    11.31
  SINCE JAN 1     10.05                      8.67   1.38     7.92

SNOWFALL (IN)
  TODAY            0.0
  MONTH TO DATE    0.0
  SINCE JAN 1     38.2
  SINCE JUL 1      0.0
  SNOW DEPTH       0

DEGREE DAYS
 HEATING
  TODAY            0                         1     -1        0
  MONTH TO DATE    0                        36    -36       57
  SINCE JUN 1    115                       196    -81      176
  SINCE JUL 1      0                        36    -36       57

 COOLING
  TODAY            6                         6      0        8
  MONTH TO DATE  216                       116    100       65
  SINCE JUN 1    256                       153    103      136
  SINCE JAN 1    265                       159    106      136
..................................................................


WIND (MPH)
  HIGHEST WIND SPEED    12   HIGHEST WIND DIRECTION    NW (310)
  HIGHEST GUST SPEED    16   HIGHEST GUST DIRECTION    NW (320)
  AVERAGE WIND SPEED     3.4


SKY COVER
  POSSIBLE SUNSHINE  MM
  AVERAGE SKY COVER 0.0


WEATHER CONDITIONS
 THE FOLLOWING WEATHER WAS RECORDED TODAY.
  NO SIGNIFICANT WEATHER WAS OBSERVED.


RELATIVE HUMIDITY (PERCENT)
 HIGHEST    56           600 AM
 LOWEST     12           300 PM
 AVERAGE    34

..........................................................


THE MISSOULA MT CLIMATE NORMALS FOR TOMORROW
                         NORMAL    RECORD    YEAR
 MAXIMUM TEMPERATURE (F)   88       101      1994
                                             1933
 MINIMUM TEMPERATURE (F)   53        38      1963


SUNRISE AND SUNSET
JULY 25 2017..........SUNRISE   608 AM MDT   SUNSET   917 PM MDT
JULY 26 2017..........SUNRISE   609 AM MDT   SUNSET   916 PM MDT


-  INDICATES NEGATIVE NUMBERS.
R  INDICATES RECORD WAS SET OR TIED.
MM INDICATES DATA IS MISSING.
T  INDICATES TRACE AMOUNT.




$$
