000
CDUS45 KMSO 010740
CLIMSO


CLIMATE REPORT
NATIONAL WEATHER SERVICE MISSOULA, MT
1239 AM MST SUN FEB 1 2015


...................................

...THE MISSOULA MT CLIMATE SUMMARY FOR JANUARY 31 2015...

CLIMATE NORMAL PERIOD 1981 TO 2010
CLIMATE RECORD PERIOD 1893 TO 2015


WEATHER ITEM   OBSERVED TIME   RECORD YEAR NORMAL DEPARTURE LAST
                VALUE   (LST)  VALUE       VALUE  FROM      YEAR
                                                  NORMAL
..................................................................
TEMPERATURE (F)
 YESTERDAY
  MAXIMUM         41    235 PM  56    1953  35      6       25
  MINIMUM         20    349 AM -24    1996  20      0       16
                                      1950
  AVERAGE         31                        28      3       21

PRECIPITATION (IN)
  YESTERDAY        0.00          1.10 1907   0.03  -0.03     0.05
  MONTH TO DATE    1.22                      0.85   0.37     0.88
  SINCE OCT 1      6.53                      3.78   2.75     2.59
  SINCE JAN 1      1.22                      0.85   0.37     0.88

SNOWFALL (IN)
  YESTERDAY        0.0
  MONTH TO DATE    9.4
  SINCE JAN 1      9.4
  SINCE JUL 1     30.0
  SNOW DEPTH       T

DEGREE DAYS
 HEATING
  YESTERDAY       34                        37     -3       44
  MONTH TO DATE 1201                      1217    -16     1102
  SINCE DEC 1   2390                      2493   -103     2404
  SINCE JUL 1   4146                      4389   -243     4259

 COOLING
  YESTERDAY        0                         0      0        0
  MONTH TO DATE    0                         0      0        0
  SINCE DEC 1      0                         0      0        0
  SINCE JAN 1      0                         0      0        0
..................................................................


WIND (MPH)
  HIGHEST WIND SPEED    20   HIGHEST WIND DIRECTION     N (20)
  HIGHEST GUST SPEED    25   HIGHEST GUST DIRECTION    NE (30)
  AVERAGE WIND SPEED     6.0


SKY COVER
  POSSIBLE SUNSHINE  MM
  AVERAGE SKY COVER 0.5


WEATHER CONDITIONS
 THE FOLLOWING WEATHER WAS RECORDED YESTERDAY.
  FOG


RELATIVE HUMIDITY (PERCENT)
 HIGHEST    96           500 AM
 LOWEST     54           300 PM
 AVERAGE    75

..........................................................


THE MISSOULA MT CLIMATE NORMALS FOR TODAY
                         NORMAL    RECORD    YEAR
 MAXIMUM TEMPERATURE (F)   35        50      2000
 MINIMUM TEMPERATURE (F)   20       -23      1996


SUNRISE AND SUNSET
FEBRUARY  1 2015......SUNRISE   801 AM MST   SUNSET   539 PM MST
FEBRUARY  2 2015......SUNRISE   800 AM MST   SUNSET   541 PM MST


-  INDICATES NEGATIVE NUMBERS.
R  INDICATES RECORD WAS SET OR TIED.
MM INDICATES DATA IS MISSING.
T  INDICATES TRACE AMOUNT.




$$
