000
CDUS45 KMSO 272230
CLIMSO


CLIMATE REPORT
NATIONAL WEATHER SERVICE MISSOULA, MT
430 PM MDT WED AUG 27 2014


...................................

...THE MISSOULA MT CLIMATE SUMMARY FOR AUGUST 27 2014...
VALID TODAY AS OF 0400 PM LOCAL TIME.

CLIMATE NORMAL PERIOD 1981 TO 2010
CLIMATE RECORD PERIOD 1893 TO 2014


WEATHER ITEM   OBSERVED TIME   RECORD YEAR NORMAL DEPARTURE LAST
                VALUE   (LST)  VALUE       VALUE  FROM      YEAR
                                                  NORMAL
..................................................................
TEMPERATURE (F)
 TODAY
  MAXIMUM         84    241 PM  99    1971  82      2       91
                                      1924
  MINIMUM         47    622 AM  33    1976  48     -1       47
  AVERAGE         66                        65      1       69

PRECIPITATION (IN)
  TODAY            0.00          0.44 1989   0.04  -0.04     0.00
                                      1968
  MONTH TO DATE    0.93                      1.02  -0.09     0.37
  SINCE OCT 1     11.72                     12.79  -1.07    11.06
  SINCE JAN 1     10.01                      9.86   0.15     6.27

SNOWFALL (IN)
  TODAY            0.0
  MONTH TO DATE    0.0
  SINCE JAN 1     51.9
  SINCE JUL 1      0.0
  SNOW DEPTH       0

DEGREE DAYS
 HEATING
  TODAY            0                         2     -2        0
  MONTH TO DATE   32                        35     -3        8
  SINCE JUN 1    215                       233    -18      149
  SINCE JUL 1     38                        73    -35        8

 COOLING
  TODAY            1                         2     -1        4
  MONTH TO DATE  128                       116     12      171
  SINCE JUN 1    368                       304     64      468
  SINCE JAN 1    368                       310     58      472
..................................................................


WIND (MPH)
  HIGHEST WIND SPEED     7   HIGHEST WIND DIRECTION    SE (130)
  HIGHEST GUST SPEED    11   HIGHEST GUST DIRECTION    SE (140)
  AVERAGE WIND SPEED     2.0


SKY COVER
  POSSIBLE SUNSHINE  MM
  AVERAGE SKY COVER 0.0


WEATHER CONDITIONS
 THE FOLLOWING WEATHER WAS RECORDED TODAY.
  NO SIGNIFICANT WEATHER WAS OBSERVED.


RELATIVE HUMIDITY (PERCENT)
 HIGHEST    93           600 AM
 LOWEST     26           300 PM
 AVERAGE    60

..........................................................


THE MISSOULA MT CLIMATE NORMALS FOR TOMORROW
                         NORMAL    RECORD    YEAR
 MAXIMUM TEMPERATURE (F)   81        97      1986
 MINIMUM TEMPERATURE (F)   48        32      1960


SUNRISE AND SUNSET
AUGUST 27 2014........SUNRISE   649 AM MDT   SUNSET   825 PM MDT
AUGUST 28 2014........SUNRISE   651 AM MDT   SUNSET   823 PM MDT


-  INDICATES NEGATIVE NUMBERS.
R  INDICATES RECORD WAS SET OR TIED.
MM INDICATES DATA IS MISSING.
T  INDICATES TRACE AMOUNT.




$$
