000
CDUS45 KMSO 210750
CLIMSO


CLIMATE REPORT
NATIONAL WEATHER SERVICE MISSOULA, MT
1250 AM MST SUN DEC 21 2014


...................................

...THE MISSOULA MT CLIMATE SUMMARY FOR DECEMBER 20 2014...

CLIMATE NORMAL PERIOD 1981 TO 2010
CLIMATE RECORD PERIOD 1893 TO 2014


WEATHER ITEM   OBSERVED TIME   RECORD YEAR NORMAL DEPARTURE LAST
                VALUE   (LST)  VALUE       VALUE  FROM      YEAR
                                                  NORMAL
..................................................................
TEMPERATURE (F)
 YESTERDAY
  MAXIMUM         32    620 PM  49    1933  30      2       23
  MINIMUM         23    411 AM -20    1998  16      7       13
  AVERAGE         28                        23      5       18

PRECIPITATION (IN)
  YESTERDAY        0.05          0.68 1917   0.04   0.01     0.22
  MONTH TO DATE    0.48                      0.68  -0.20     0.77
  SINCE OCT 1      4.53                      2.57   1.96     1.36
  SINCE JAN 1     14.83                     13.77   1.06     9.09

SNOWFALL (IN)
  YESTERDAY        T
  MONTH TO DATE    2.5
  SINCE JAN 1     64.4
  SINCE JUL 1     12.5
  SNOW DEPTH       0

DEGREE DAYS
 HEATING
  YESTERDAY       37                        42     -5       47
  MONTH TO DATE  723                       814    -91      924
  SINCE DEC 1    723                       814    -91      924
  SINCE JUL 1   2479                      2710   -231     2779

 COOLING
  YESTERDAY        0                         0      0        0
  MONTH TO DATE    0                         0      0        0
  SINCE DEC 1      0                         0      0        0
  SINCE JAN 1    390                       332     58      579
..................................................................


WIND (MPH)
  HIGHEST WIND SPEED     8   HIGHEST WIND DIRECTION     W (270)
  HIGHEST GUST SPEED     9   HIGHEST GUST DIRECTION     W (270)
  AVERAGE WIND SPEED     1.5


SKY COVER
  POSSIBLE SUNSHINE  MM
  AVERAGE SKY COVER 1.0


WEATHER CONDITIONS
 THE FOLLOWING WEATHER WAS RECORDED YESTERDAY.
  LT FREEZING RAIN
  LIGHT SNOW
  SLEET
  FOG
  FOG W/VISIBILITY <= 1/4 MILE


RELATIVE HUMIDITY (PERCENT)
 HIGHEST   100          1200 AM
 LOWEST     92           300 AM
 AVERAGE    96

..........................................................


THE MISSOULA MT CLIMATE NORMALS FOR TODAY
                         NORMAL    RECORD    YEAR
 MAXIMUM TEMPERATURE (F)   30        56      1933
 MINIMUM TEMPERATURE (F)   16       -25      1990


SUNRISE AND SUNSET
DECEMBER 21 2014......SUNRISE   819 AM MST   SUNSET   450 PM MST
DECEMBER 22 2014......SUNRISE   819 AM MST   SUNSET   451 PM MST


-  INDICATES NEGATIVE NUMBERS.
R  INDICATES RECORD WAS SET OR TIED.
MM INDICATES DATA IS MISSING.
T  INDICATES TRACE AMOUNT.




$$
