000
CDUS45 KMSO 282234
CLIMSO


CLIMATE REPORT
NATIONAL WEATHER SERVICE MISSOULA, MT
431 PM MDT SUN MAY 28 2017


...................................

...THE MISSOULA MT CLIMATE SUMMARY FOR MAY 28 2017...
VALID TODAY AS OF 0400 PM LOCAL TIME.

CLIMATE NORMAL PERIOD 1981 TO 2010
CLIMATE RECORD PERIOD 1893 TO 2017


WEATHER ITEM   OBSERVED TIME   RECORD YEAR NORMAL DEPARTURE LAST
                VALUE   (LST)  VALUE       VALUE  FROM      YEAR
                                                  NORMAL
..................................................................
TEMPERATURE (F)
 TODAY
  MAXIMUM         81    259 PM  93    1934  70     11       63
  MINIMUM         45    535 AM  29    1960  43      2       36
  AVERAGE         63                        57      6       50

PRECIPITATION (IN)
  TODAY            0.00          0.85 1906   0.09  -0.09     0.00
  MONTH TO DATE    1.33                      1.75  -0.42     1.71
  SINCE OCT 1     12.63                      8.45   4.18     8.38
  SINCE JAN 1      7.97                      5.52   2.45     4.99

SNOWFALL (IN)
  TODAY            0.0
  MONTH TO DATE    2.7
  SINCE JAN 1     38.2
  SINCE JUL 1     67.3
  SNOW DEPTH       0

DEGREE DAYS
 HEATING
  TODAY            2                         9     -7       15
  MONTH TO DATE  331                       335     -4      301
  SINCE MAR 1   1703                      1729    -26     1515
  SINCE JUL 1   7479                      7098    381     6699

 COOLING
  TODAY            0                         0      0        0
  MONTH TO DATE    0                         0      0        0
  SINCE MAR 1      0                         0      0        0
  SINCE JAN 1      0                         0      0        0
..................................................................


WIND (MPH)
  HIGHEST WIND SPEED    10   HIGHEST WIND DIRECTION     W (290)
  HIGHEST GUST SPEED    13   HIGHEST GUST DIRECTION    NW (300)
  AVERAGE WIND SPEED     1.9


SKY COVER
  POSSIBLE SUNSHINE  MM
  AVERAGE SKY COVER 0.0


WEATHER CONDITIONS
 THE FOLLOWING WEATHER WAS RECORDED TODAY.
  NO SIGNIFICANT WEATHER WAS OBSERVED.


RELATIVE HUMIDITY (PERCENT)
 HIGHEST    86           600 AM
 LOWEST     21           300 PM
 AVERAGE    54

..........................................................


THE MISSOULA MT CLIMATE NORMALS FOR TOMORROW
                         NORMAL    RECORD    YEAR
 MAXIMUM TEMPERATURE (F)   71        95      1936
 MINIMUM TEMPERATURE (F)   43        27      1951


SUNRISE AND SUNSET
MAY 28 2017...........SUNRISE   548 AM MDT   SUNSET   920 PM MDT
MAY 29 2017...........SUNRISE   547 AM MDT   SUNSET   921 PM MDT


-  INDICATES NEGATIVE NUMBERS.
R  INDICATES RECORD WAS SET OR TIED.
MM INDICATES DATA IS MISSING.
T  INDICATES TRACE AMOUNT.




$$
