000
CDUS45 KMSO 050739
CLIMSO


CLIMATE REPORT
NATIONAL WEATHER SERVICE MISSOULA, MT
1239 AM MST THU MAR 5 2015


...................................

...THE MISSOULA MT CLIMATE SUMMARY FOR MARCH 4 2015...

CLIMATE NORMAL PERIOD 1981 TO 2010
CLIMATE RECORD PERIOD 1893 TO 2015


WEATHER ITEM   OBSERVED TIME   RECORD YEAR NORMAL DEPARTURE LAST
                VALUE   (LST)  VALUE       VALUE  FROM      YEAR
                                                  NORMAL
..................................................................
TEMPERATURE (F)
 YESTERDAY
  MAXIMUM         39    438 PM  65    1968  45     -6       46
                                      1905
  MINIMUM          9    647 AM  -9    1989  25    -16       26
  AVERAGE         24                        35    -11       36

PRECIPITATION (IN)
  YESTERDAY        0.00          0.53 1944   0.03  -0.03     0.03
  MONTH TO DATE    0.02                      0.11  -0.09     0.25
  SINCE OCT 1      7.54                      4.59   2.95     5.31
  SINCE JAN 1      2.23                      1.66   0.57     3.60

SNOWFALL (IN)
  YESTERDAY        0.0
  MONTH TO DATE    T
  SINCE JAN 1     12.7
  SINCE JUL 1     33.3
  SNOW DEPTH       0

DEGREE DAYS
 HEATING
  YESTERDAY       41                        30     11       29
  MONTH TO DATE  164                       122     42      182
  SINCE MAR 1    164                       122     42      182
  SINCE JUL 1   5156                      5491   -335     5692

 COOLING
  YESTERDAY        0                         0      0        0
  MONTH TO DATE    0                         0      0        0
  SINCE MAR 1      0                         0      0        0
  SINCE JAN 1      0                         0      0        0
..................................................................


WIND (MPH)
  HIGHEST WIND SPEED     9   HIGHEST WIND DIRECTION    NW (320)
  HIGHEST GUST SPEED    12   HIGHEST GUST DIRECTION    NW (320)
  AVERAGE WIND SPEED     2.9


SKY COVER
  POSSIBLE SUNSHINE  MM
  AVERAGE SKY COVER 0.1


WEATHER CONDITIONS
 THE FOLLOWING WEATHER WAS RECORDED YESTERDAY.
  NO SIGNIFICANT WEATHER WAS OBSERVED.


RELATIVE HUMIDITY (PERCENT)
 HIGHEST    88           300 AM
 LOWEST     37           500 PM
 AVERAGE    63

..........................................................


THE MISSOULA MT CLIMATE NORMALS FOR TODAY
                         NORMAL    RECORD    YEAR
 MAXIMUM TEMPERATURE (F)   46        61      1905
 MINIMUM TEMPERATURE (F)   25       -13      1955


SUNRISE AND SUNSET
MARCH  5 2015.........SUNRISE   709 AM MST   SUNSET   627 PM MST
MARCH  6 2015.........SUNRISE   707 AM MST   SUNSET   629 PM MST


-  INDICATES NEGATIVE NUMBERS.
R  INDICATES RECORD WAS SET OR TIED.
MM INDICATES DATA IS MISSING.
T  INDICATES TRACE AMOUNT.




$$
