000
CDUS43 KMPX 230720
CLIMSP


CLIMATE REPORT
NATIONAL WEATHER SERVICE CHANHASSEN MN
219 AM CDT TUE SEP 23 2014


...................................

...THE TWIN CITIES MN CLIMATE SUMMARY FOR SEPTEMBER 22 2014...

CLIMATE NORMAL PERIOD 1981 TO 2010
CLIMATE RECORD PERIOD 1871 TO 2014


WEATHER ITEM   OBSERVED TIME   RECORD YEAR NORMAL DEPARTURE LAST
                VALUE   (LST)  VALUE       VALUE  FROM      YEAR
                                                  NORMAL
..................................................................
TEMPERATURE (F)
 YESTERDAY
  MAXIMUM         72    357 PM  95    1936  69      3       74
  MINIMUM         48    341 AM  26    1974  49     -1       49
  AVERAGE         60                        59      1       62

PRECIPITATION (IN)
  YESTERDAY        0.00          2.80 1895   0.11  -0.11     0.00
  MONTH TO DATE    0.81                      2.29  -1.48     1.21
  SINCE SEP 1      0.81                      2.29  -1.48     1.21
  SINCE JAN 1     31.81                     24.46   7.35    27.65

SNOWFALL (IN)
  YESTERDAY        0.0           0.0    MM   0.0    0.0      0.0
  MONTH TO DATE    0.0                       0.0    0.0      0.0
  SINCE SEP 1      0.0                       0.0    0.0      0.0
  SINCE JUL 1      0.0                       0.0    0.0       T
  SNOW DEPTH       0

DEGREE DAYS
 HEATING
  YESTERDAY        5                         7     -2        3
  MONTH TO DATE   96                        86     10       51
  SINCE SEP 1     96                        86     10       51
  SINCE JUL 1    103                       105     -2       59

 COOLING
  YESTERDAY        0                         1     -1        0
  MONTH TO DATE   41                        59    -18      113
  SINCE SEP 1     41                        59    -18      113
  SINCE JAN 1    737                       740     -3      962
..................................................................


WIND (MPH)
  HIGHEST WIND SPEED    13   HIGHEST WIND DIRECTION    SW (240)
  HIGHEST GUST SPEED    16   HIGHEST GUST DIRECTION    SW (240)
  AVERAGE WIND SPEED     5.0


SKY COVER
  POSSIBLE SUNSHINE  MM
  AVERAGE SKY COVER 0.0


WEATHER CONDITIONS
 THE FOLLOWING WEATHER WAS RECORDED YESTERDAY.
  FOG


RELATIVE HUMIDITY (PERCENT)
 HIGHEST    93          1200 AM
 LOWEST     44           300 PM
 AVERAGE    69

..........................................................


THE TWIN CITIES MN CLIMATE NORMALS FOR TODAY
                         NORMAL    RECORD    YEAR
 MAXIMUM TEMPERATURE (F)   69        90      1937
                                             1891
 MINIMUM TEMPERATURE (F)   49        30      1983


SUNRISE AND SUNSET
SEPTEMBER 23 2014.....SUNRISE   701 AM CDT   SUNSET   708 PM CDT
SEPTEMBER 24 2014.....SUNRISE   702 AM CDT   SUNSET   706 PM CDT


-  INDICATES NEGATIVE NUMBERS.
R  INDICATES RECORD WAS SET OR TIED.
MM INDICATES DATA IS MISSING.
T  INDICATES TRACE AMOUNT.




$$
