000
CDUS41 KBTV 300530
CLIMSS


CLIMATE REPORT
NATIONAL WEATHER SERVICE BURLINGTON VT
128 AM EDT FRI SEP 30 2016


...................................

...THE MASSENA NY CLIMATE SUMMARY FOR SEPTEMBER 29 2016...

CLIMATE NORMAL PERIOD 1981 TO 2010
CLIMATE RECORD PERIOD 1948 TO 2016


WEATHER ITEM   OBSERVED TIME   RECORD YEAR NORMAL DEPARTURE LAST
                VALUE   (LST)  VALUE       VALUE  FROM      YEAR
                                                  NORMAL
..................................................................
TEMPERATURE (F)
 YESTERDAY
  MAXIMUM         65    110 PM  84    1959  64      1       76
  MINIMUM         48    558 AM  26    1995  42      6       55
  AVERAGE         57                        53      4       66

PRECIPITATION (IN)
  YESTERDAY        0.00          1.06        0.13  -0.13     0.46
  MONTH TO DATE    1.38                      3.53  -2.15     3.47
  SINCE SEP 1      1.38                      3.53  -2.15     3.47
  SINCE JAN 1     22.49                     26.07  -3.58    21.24

DEGREE DAYS
 HEATING
  YESTERDAY        8                        12     -4        0
  MONTH TO DATE  132                       210    -78       89
  SINCE SEP 1    132                       210    -78       89
  SINCE JUL 1    143                       285   -142      123

 COOLING
  YESTERDAY        0                         0      0        1
  MONTH TO DATE   47                        24     23       80
  SINCE SEP 1     47                        24     23       80
  SINCE JAN 1    527                       360    167      453
..................................................................


WIND (MPH)
  HIGHEST WIND SPEED    25   HIGHEST WIND DIRECTION    NE (40)
  HIGHEST GUST SPEED    31   HIGHEST GUST DIRECTION    NE (40)
  AVERAGE WIND SPEED    13.2


SKY COVER
  AVERAGE SKY COVER 0.4


WEATHER CONDITIONS
 THE FOLLOWING WEATHER WAS RECORDED YESTERDAY.
  NO SIGNIFICANT WEATHER WAS OBSERVED.


RELATIVE HUMIDITY (PERCENT)
 HIGHEST    89           300 AM
 LOWEST     52           600 PM
 AVERAGE    71

..........................................................


THE MASSENA NY CLIMATE NORMALS FOR TODAY
                         NORMAL    RECORD    YEAR
 MAXIMUM TEMPERATURE (F)   63        82      1953
 MINIMUM TEMPERATURE (F)   42        26      1991


SUNRISE AND SUNSET
SEPTEMBER 30 2016.....SUNRISE   657 AM EDT   SUNSET   641 PM EDT
OCTOBER  1 2016.......SUNRISE   658 AM EDT   SUNSET   639 PM EDT


-  INDICATES NEGATIVE NUMBERS.
R  INDICATES RECORD WAS SET OR TIED.
MM INDICATES DATA IS MISSING.
T  INDICATES TRACE AMOUNT.




$$
