000
CDUS41 KBTV 280535
CLIMSS


CLIMATE REPORT
NATIONAL WEATHER SERVICE BURLINGTON VT
133 AM EDT THU JUL 28 2016


...................................

...THE MASSENA NY CLIMATE SUMMARY FOR JULY 27 2016...

CLIMATE NORMAL PERIOD 1981 TO 2010
CLIMATE RECORD PERIOD 1948 TO 2016


WEATHER ITEM   OBSERVED TIME   RECORD YEAR NORMAL DEPARTURE LAST
                VALUE   (LST)  VALUE       VALUE  FROM      YEAR
                                                  NORMAL
..................................................................
TEMPERATURE (F)
 YESTERDAY
  MAXIMUM         87    305 PM  96    1949  80      7       87
  MINIMUM         61    433 AM  40    2001  58      3       59
  AVERAGE         74                        69      5       73

PRECIPITATION (IN)
  YESTERDAY        0.00          0.64        0.12  -0.12     0.00
  MONTH TO DATE    2.97                      3.10  -0.13     3.11
  SINCE JUN 1      7.66                      6.62   1.04     8.23
  SINCE JAN 1     17.00                     18.55  -1.55    14.22

DEGREE DAYS
 HEATING
  YESTERDAY        0                         1     -1        0
  MONTH TO DATE    9                        27    -18       22
  SINCE JUN 1     74                       123    -49      123
  SINCE JUL 1      9                        27    -18       22

 COOLING
  YESTERDAY        9                         5      4        8
  MONTH TO DATE  144                       132     12      115
  SINCE JUN 1    211                       207      4      162
  SINCE JAN 1    257                       221     36      207
..................................................................


WIND (MPH)
  HIGHEST WIND SPEED    16   HIGHEST WIND DIRECTION    SW (210)
  HIGHEST GUST SPEED    23   HIGHEST GUST DIRECTION    SW (220)
  AVERAGE WIND SPEED     7.4


SKY COVER
  AVERAGE SKY COVER 0.1


WEATHER CONDITIONS
 THE FOLLOWING WEATHER WAS RECORDED YESTERDAY.
  NO SIGNIFICANT WEATHER WAS OBSERVED.


RELATIVE HUMIDITY (PERCENT)
 HIGHEST    90           300 AM
 LOWEST     44          1200 PM
 AVERAGE    67

..........................................................


THE MASSENA NY CLIMATE NORMALS FOR TODAY
                         NORMAL    RECORD    YEAR
 MAXIMUM TEMPERATURE (F)   80        95      1949
 MINIMUM TEMPERATURE (F)   58        42      2001


SUNRISE AND SUNSET
JULY 28 2016..........SUNRISE   541 AM EDT   SUNSET   830 PM EDT
JULY 29 2016..........SUNRISE   542 AM EDT   SUNSET   829 PM EDT


-  INDICATES NEGATIVE NUMBERS.
R  INDICATES RECORD WAS SET OR TIED.
MM INDICATES DATA IS MISSING.
T  INDICATES TRACE AMOUNT.




$$
