000
CDUS41 KBTV 310545
CLIMSS


CLIMATE REPORT
NATIONAL WEATHER SERVICE BURLINGTON VT
144 AM EDT FRI OCT 31 2014


...................................

...THE MASSENA NY CLIMATE SUMMARY FOR OCTOBER 30 2014...

CLIMATE NORMAL PERIOD 1981 TO 2010
CLIMATE RECORD PERIOD 1948 TO 2014


WEATHER ITEM   OBSERVED TIME   RECORD YEAR NORMAL DEPARTURE LAST
                VALUE   (LST)  VALUE       VALUE  FROM      YEAR
                                                  NORMAL
..................................................................
TEMPERATURE (F)
 YESTERDAY
  MAXIMUM         49   1210 AM  73    1989  51     -2       42
  MINIMUM         34   1141 PM  15    1967  32      2       28
  AVERAGE         42                        41      1       35

PRECIPITATION (IN)
  YESTERDAY        0.00          0.41        0.10  -0.10     0.01
  MONTH TO DATE    2.04                      3.21  -1.17     2.21
  SINCE SEP 1      3.25                      6.86  -3.61     7.65
  SINCE JAN 1     28.71                     29.40  -0.69    30.77

DEGREE DAYS
 HEATING
  YESTERDAY       23                        24     -1       30
  MONTH TO DATE  396                       559   -163      461
  SINCE SEP 1    603                       784   -181      706
  SINCE JUL 1    663                       859   -196      762

 COOLING
  YESTERDAY        0                         0      0        0
  MONTH TO DATE    7                         0      7        0
  SINCE SEP 1     48                        25     23       31
  SINCE JAN 1    336                       361    -25      418
..................................................................


WIND (MPH)
  HIGHEST WIND SPEED    15   HIGHEST WIND DIRECTION    NW (300)
  HIGHEST GUST SPEED    19   HIGHEST GUST DIRECTION     W (290)
  AVERAGE WIND SPEED     6.3


SKY COVER
  AVERAGE SKY COVER 0.8


WEATHER CONDITIONS
 THE FOLLOWING WEATHER WAS RECORDED YESTERDAY.
  NO SIGNIFICANT WEATHER WAS OBSERVED.


RELATIVE HUMIDITY (PERCENT)
 HIGHEST    82           700 AM
 LOWEST     62           100 PM
 AVERAGE    72

..........................................................


THE MASSENA NY CLIMATE NORMALS FOR TODAY
                         NORMAL    RECORD    YEAR
 MAXIMUM TEMPERATURE (F)   50        73      1989
 MINIMUM TEMPERATURE (F)   32        16      2002
                                             1975


SUNRISE AND SUNSET
OCTOBER 31 2014.......SUNRISE   736 AM EDT   SUNSET   549 PM EDT
NOVEMBER  1 2014......SUNRISE   738 AM EDT   SUNSET   548 PM EDT


-  INDICATES NEGATIVE NUMBERS.
R  INDICATES RECORD WAS SET OR TIED.
MM INDICATES DATA IS MISSING.
T  INDICATES TRACE AMOUNT.




$$
