000
CDUS41 KBTV 220600
CLIMSS


CLIMATE REPORT
NATIONAL WEATHER SERVICE BURLINGTON VT
1259 AM EST WED FEB 22 2017


...................................

...THE MASSENA NY CLIMATE SUMMARY FOR FEBRUARY 21 2017...

CLIMATE NORMAL PERIOD 1981 TO 2010
CLIMATE RECORD PERIOD 1948 TO 2017


WEATHER ITEM   OBSERVED TIME   RECORD YEAR NORMAL DEPARTURE LAST
                VALUE   (LST)  VALUE       VALUE  FROM      YEAR
                                                  NORMAL
..................................................................
TEMPERATURE (F)
 YESTERDAY
  MAXIMUM         36    415 PM  62    1953  30      6       38
  MINIMUM         13    522 AM -21    1950   9      4       19
  AVERAGE         25                        19      6       29

PRECIPITATION (IN)
  YESTERDAY        T             0.62        0.06  -0.06     0.02
  MONTH TO DATE    1.30                      1.28   0.02     2.30
  SINCE DEC 1      5.20                      5.89  -0.69     5.48
  SINCE JAN 1      2.87                      3.46  -0.59     2.83

DEGREE DAYS
 HEATING
  YESTERDAY       40                        46     -6       36
  MONTH TO DATE  893                      1012   -119      946
  SINCE DEC 1   3336                      3906   -570     3231
  SINCE JUL 1   4742                      5675   -933     4705

 COOLING
  YESTERDAY        0                         0      0        0
  MONTH TO DATE    0                         0      0        0
  SINCE DEC 1      0                         0      0        0
  SINCE JAN 1      0                         0      0        0
..................................................................


WIND (MPH)
  HIGHEST WIND SPEED    13   HIGHEST WIND DIRECTION     E (70)
  HIGHEST GUST SPEED    14   HIGHEST GUST DIRECTION     E (80)
  AVERAGE WIND SPEED     3.4


SKY COVER
  AVERAGE SKY COVER 0.3


WEATHER CONDITIONS
 THE FOLLOWING WEATHER WAS RECORDED YESTERDAY.
  LIGHT RAIN


RELATIVE HUMIDITY (PERCENT)
 HIGHEST    88          1200 AM
 LOWEST     56          1200 PM
 AVERAGE    72

..........................................................


THE MASSENA NY CLIMATE NORMALS FOR TODAY
                         NORMAL    RECORD    YEAR
 MAXIMUM TEMPERATURE (F)   30        57      1981
 MINIMUM TEMPERATURE (F)    9       -19      1972


SUNRISE AND SUNSET
FEBRUARY 22 2017......SUNRISE   649 AM EST   SUNSET   538 PM EST
FEBRUARY 23 2017......SUNRISE   647 AM EST   SUNSET   539 PM EST


-  INDICATES NEGATIVE NUMBERS.
R  INDICATES RECORD WAS SET OR TIED.
MM INDICATES DATA IS MISSING.
T  INDICATES TRACE AMOUNT.




$$
