000
CDUS41 KBTV 130552
CLIMSS


CLIMATE REPORT
NATIONAL WEATHER SERVICE BURLINGTON VT
1249 AM EST SAT FEB 13 2016


...................................

...THE MASSENA NY CLIMATE SUMMARY FOR FEBRUARY 12 2016...

CLIMATE NORMAL PERIOD 1981 TO 2010
CLIMATE RECORD PERIOD 1948 TO 2016


WEATHER ITEM   OBSERVED TIME   RECORD YEAR NORMAL DEPARTURE LAST
                VALUE   (LST)  VALUE       VALUE  FROM      YEAR
                                                  NORMAL
..................................................................
TEMPERATURE (F)
 YESTERDAY
  MAXIMUM         22    300 PM  57    1999  27     -5       16
  MINIMUM        -15    635 AM -28    1979   7    -22       -2
  AVERAGE          4                        17    -13        7

PRECIPITATION (IN)
  YESTERDAY        0.02          0.91        0.06  -0.04      T
  MONTH TO DATE    0.63                      0.71  -0.08     0.14
  SINCE DEC 1      3.81                      5.32  -1.51     2.40
  SINCE JAN 1      1.16                      2.89  -1.73     1.42

DEGREE DAYS
 HEATING
  YESTERDAY       61                        48     13       58
  MONTH TO DATE  476                       590   -114      721
  SINCE DEC 1   2761                      3484   -723     3580
  SINCE JUL 1   4235                      5253  -1018     5141

 COOLING
  YESTERDAY        0                         0      0        0
  MONTH TO DATE    0                         0      0        0
  SINCE DEC 1      0                         0      0        0
  SINCE JAN 1      0                         0      0        0
..................................................................


WIND (MPH)
  HIGHEST WIND SPEED    22   HIGHEST WIND DIRECTION     S (200)
  HIGHEST GUST SPEED    27   HIGHEST GUST DIRECTION     S (200)
  AVERAGE WIND SPEED     8.8


SKY COVER
  AVERAGE SKY COVER 0.5


WEATHER CONDITIONS
 THE FOLLOWING WEATHER WAS RECORDED YESTERDAY.
  HEAVY SNOW
  SNOW
  LIGHT SNOW
  FOG
  FOG W/VISIBILITY <= 1/4 MILE
  HAZE


RELATIVE HUMIDITY (PERCENT)
 HIGHEST    87           300 AM
 LOWEST     57           100 PM
 AVERAGE    72

..........................................................


THE MASSENA NY CLIMATE NORMALS FOR TODAY
                         NORMAL    RECORD    YEAR
 MAXIMUM TEMPERATURE (F)   28        53      1990
 MINIMUM TEMPERATURE (F)    7       -33      1967


SUNRISE AND SUNSET
FEBRUARY 13 2016......SUNRISE   704 AM EST   SUNSET   524 PM EST
FEBRUARY 14 2016......SUNRISE   702 AM EST   SUNSET   525 PM EST


-  INDICATES NEGATIVE NUMBERS.
R  INDICATES RECORD WAS SET OR TIED.
MM INDICATES DATA IS MISSING.
T  INDICATES TRACE AMOUNT.




$$
