223
CDUS41 KBTV 170627
CLIMSS


CLIMATE REPORT
NATIONAL WEATHER SERVICE BURLINGTON VT
126 AM EST TUE JAN 17 2017


...................................

...THE MASSENA NY CLIMATE SUMMARY FOR JANUARY 16 2017...

CLIMATE NORMAL PERIOD 1981 TO 2010
CLIMATE RECORD PERIOD 1948 TO 2017


WEATHER ITEM   OBSERVED TIME   RECORD YEAR NORMAL DEPARTURE LAST
                VALUE   (LST)  VALUE       VALUE  FROM      YEAR
                                                  NORMAL
..................................................................
TEMPERATURE (F)
 YESTERDAY
  MAXIMUM         39    308 PM  51    1953  24     15       34
  MINIMUM         11    209 AM -27    1994   4      7       18
  AVERAGE         25                        14     11       26

PRECIPITATION (IN)
  YESTERDAY        0.00          0.57        0.07  -0.07     0.02
  MONTH TO DATE    1.31                      1.19   0.12     0.28
  SINCE DEC 1      3.64                      3.62   0.02     2.93
  SINCE JAN 1      1.31                      1.19   0.12     0.28

DEGREE DAYS
 HEATING
  YESTERDAY       40                        51    -11       39
  MONTH TO DATE  674                       803   -129      702
  SINCE DEC 1   1897                      2133   -236     1573
  SINCE JUL 1   3303                      3902   -599     3047

 COOLING
  YESTERDAY        0                         0      0        0
  MONTH TO DATE    0                         0      0        0
  SINCE DEC 1      0                         0      0        0
  SINCE JAN 1      0                         0      0        0
..................................................................


WIND (MPH)
  HIGHEST WIND SPEED    29   HIGHEST WIND DIRECTION    SW (220)
  HIGHEST GUST SPEED    36   HIGHEST GUST DIRECTION    SW (220)
  AVERAGE WIND SPEED    12.0


SKY COVER
  AVERAGE SKY COVER 0.1


WEATHER CONDITIONS
 THE FOLLOWING WEATHER WAS RECORDED YESTERDAY.
  NO SIGNIFICANT WEATHER WAS OBSERVED.


RELATIVE HUMIDITY (PERCENT)
 HIGHEST    92           200 AM
 LOWEST     54           300 PM
 AVERAGE    73

..........................................................


THE MASSENA NY CLIMATE NORMALS FOR TODAY
                         NORMAL    RECORD    YEAR
 MAXIMUM TEMPERATURE (F)   24        51      1990
 MINIMUM TEMPERATURE (F)    4       -34      1974


SUNRISE AND SUNSET
JANUARY 17 2017.......SUNRISE   732 AM EST   SUNSET   447 PM EST
JANUARY 18 2017.......SUNRISE   732 AM EST   SUNSET   448 PM EST


-  INDICATES NEGATIVE NUMBERS.
R  INDICATES RECORD WAS SET OR TIED.
MM INDICATES DATA IS MISSING.
T  INDICATES TRACE AMOUNT.




$$
