000
CDUS41 KBTV 270551
CLIMSS


CLIMATE REPORT
NATIONAL WEATHER SERVICE BURLINGTON VT
150 AM EDT FRI MAR 27 2015


...................................

...THE MASSENA NY CLIMATE SUMMARY FOR MARCH 26 2015...

CLIMATE NORMAL PERIOD 1981 TO 2010
CLIMATE RECORD PERIOD 1948 TO 2015


WEATHER ITEM   OBSERVED TIME   RECORD YEAR NORMAL DEPARTURE LAST
                VALUE   (LST)  VALUE       VALUE  FROM      YEAR
                                                  NORMAL
..................................................................
TEMPERATURE (F)
 YESTERDAY
  MAXIMUM         43    304 AM  73    1986  42      1       27
  MINIMUM         34   1159 PM   0    1971  23     11        2
  AVERAGE         39                        33      6       15

PRECIPITATION (IN)
  YESTERDAY        0.12          0.46        0.07   0.05      T
  MONTH TO DATE    0.52                      1.72  -1.20     0.40
  SINCE MAR 1      0.52                      1.72  -1.20     0.40
  SINCE JAN 1      1.94                      5.67  -3.73     3.14

DEGREE DAYS
 HEATING
  YESTERDAY       26                        32     -6       50
  MONTH TO DATE 1110                       991    119     1255
  SINCE MAR 1   1110                       991    119     1255
  SINCE JUL 1   7276                      6978    298     7424

 COOLING
  YESTERDAY        0                         0      0        0
  MONTH TO DATE    0                         0      0        0
  SINCE MAR 1      0                         0      0        0
  SINCE JAN 1      0                         0      0        0
..................................................................


WIND (MPH)
  HIGHEST WIND SPEED    22   HIGHEST WIND DIRECTION    SW (240)
  HIGHEST GUST SPEED    30   HIGHEST GUST DIRECTION    SW (230)
  AVERAGE WIND SPEED    10.3


SKY COVER
  AVERAGE SKY COVER 0.7


WEATHER CONDITIONS
 THE FOLLOWING WEATHER WAS RECORDED YESTERDAY.
  LIGHT RAIN
  LIGHT SNOW
  FOG
  HAZE


RELATIVE HUMIDITY (PERCENT)
 HIGHEST   100           400 PM
 LOWEST     70          1100 AM
 AVERAGE    85

..........................................................


THE MASSENA NY CLIMATE NORMALS FOR TODAY
                         NORMAL    RECORD    YEAR
 MAXIMUM TEMPERATURE (F)   43        73      1976
 MINIMUM TEMPERATURE (F)   24        -5      1974


SUNRISE AND SUNSET
MARCH 27 2015.........SUNRISE   650 AM EDT   SUNSET   720 PM EDT
MARCH 28 2015.........SUNRISE   648 AM EDT   SUNSET   722 PM EDT


-  INDICATES NEGATIVE NUMBERS.
R  INDICATES RECORD WAS SET OR TIED.
MM INDICATES DATA IS MISSING.
T  INDICATES TRACE AMOUNT.




$$
