000
CDUS41 KBTV 220723
CLIMSS


CLIMATE REPORT
NATIONAL WEATHER SERVICE BURLINGTON VT
217 AM EST WED NOV 22 2017


...................................

...THE MASSENA NY CLIMATE SUMMARY FOR NOVEMBER 21 2017...

CLIMATE NORMAL PERIOD 1981 TO 2010
CLIMATE RECORD PERIOD 1948 TO 2017


WEATHER ITEM   OBSERVED TIME   RECORD YEAR NORMAL DEPARTURE LAST
                VALUE   (LST)  VALUE       VALUE  FROM      YEAR
                                                  NORMAL
..................................................................
TEMPERATURE (F)
 YESTERDAY
  MAXIMUM         52    249 PM  59    1992  41     11       28
  MINIMUM         17    518 AM   2    1967  26     -9       26
  AVERAGE         35                        33      2       27

PRECIPITATION (IN)
  YESTERDAY        0.00          0.95        0.10  -0.10      T
  MONTH TO DATE    2.45                      2.18   0.27     0.37
  SINCE SEP 1      8.05                      9.14  -1.09     6.49
  SINCE JAN 1     37.42                     31.68   5.74    27.60

DEGREE DAYS
 HEATING
  YESTERDAY       30                        32     -2       38
  MONTH TO DATE  617                       584     33      484
  SINCE SEP 1   1058                      1390   -332     1104
  SINCE JUL 1   1110                      1465   -355     1115

 COOLING
  YESTERDAY        0                         0      0        0
  MONTH TO DATE    0                         0      0        0
  SINCE SEP 1     73                        27     46       47
  SINCE JAN 1    399                       363     36      527
..................................................................


WIND (MPH)
  HIGHEST WIND SPEED    25   HIGHEST WIND DIRECTION    SW (210)
  HIGHEST GUST SPEED    34   HIGHEST GUST DIRECTION     S (190)
  AVERAGE WIND SPEED     9.6


SKY COVER
  AVERAGE SKY COVER 0.2


WEATHER CONDITIONS
 THE FOLLOWING WEATHER WAS RECORDED YESTERDAY.
  NO SIGNIFICANT WEATHER WAS OBSERVED.


RELATIVE HUMIDITY (PERCENT)
 HIGHEST   100           300 AM
 LOWEST     38           200 PM
 AVERAGE    69

..........................................................


THE MASSENA NY CLIMATE NORMALS FOR TODAY
                         NORMAL    RECORD    YEAR
 MAXIMUM TEMPERATURE (F)   41        72      1953
 MINIMUM TEMPERATURE (F)   25         0      1972


SUNRISE AND SUNSET
NOVEMBER 22 2017......SUNRISE   706 AM EST   SUNSET   424 PM EST
NOVEMBER 23 2017......SUNRISE   708 AM EST   SUNSET   424 PM EST


-  INDICATES NEGATIVE NUMBERS.
R  INDICATES RECORD WAS SET OR TIED.
MM INDICATES DATA IS MISSING.
T  INDICATES TRACE AMOUNT.




$$
