000
CDUS41 KBTV 190535
CLIMSS


CLIMATE REPORT
NATIONAL WEATHER SERVICE BURLINGTON VT
1234 AM EST MON FEB 19 2018


...................................

...THE MASSENA NY CLIMATE SUMMARY FOR FEBRUARY 18 2018...

CLIMATE NORMAL PERIOD 1981 TO 2010
CLIMATE RECORD PERIOD 1948 TO 2018


WEATHER ITEM   OBSERVED TIME   RECORD YEAR NORMAL DEPARTURE LAST
                VALUE   (LST)  VALUE       VALUE  FROM      YEAR
                                                  NORMAL
..................................................................
TEMPERATURE (F)
 YESTERDAY
  MAXIMUM         39    330 PM  56    1981  29     10       53
  MINIMUM         21   1134 PM -23    1979   8     13       17
  AVERAGE         30                        18     12       35

PRECIPITATION (IN)
  YESTERDAY        0.00          0.22        0.07  -0.07     0.00
  MONTH TO DATE    0.50                      1.09  -0.59     1.30
  SINCE DEC 1      3.11                      5.70  -2.59     5.20
  SINCE JAN 1      2.14                      3.27  -1.13     2.87

DEGREE DAYS
 HEATING
  YESTERDAY       35                        47    -12       30
  MONTH TO DATE  827                       874    -47      790
  SINCE DEC 1   3515                      3768   -253     3233
  SINCE JUL 1   4914                      5537   -623     4639

 COOLING
  YESTERDAY        0                         0      0        0
  MONTH TO DATE    0                         0      0        0
  SINCE DEC 1      0                         0      0        0
  SINCE JAN 1      0                         0      0        0
..................................................................


WIND (MPH)
  HIGHEST WIND SPEED    16   HIGHEST WIND DIRECTION     W (250)
  HIGHEST GUST SPEED    21   HIGHEST GUST DIRECTION     W (250)
  AVERAGE WIND SPEED     7.6


SKY COVER
  AVERAGE SKY COVER 0.5


WEATHER CONDITIONS
 THE FOLLOWING WEATHER WAS RECORDED YESTERDAY.
  NO SIGNIFICANT WEATHER WAS OBSERVED.


RELATIVE HUMIDITY (PERCENT)
 HIGHEST    92          1100 PM
 LOWEST     48           200 PM
 AVERAGE    70

..........................................................


THE MASSENA NY CLIMATE NORMALS FOR TODAY
                         NORMAL    RECORD    YEAR
 MAXIMUM TEMPERATURE (F)   29        57      1994
 MINIMUM TEMPERATURE (F)    8       -19      1967


SUNRISE AND SUNSET
FEBRUARY 19 2018......SUNRISE   654 AM EST   SUNSET   533 PM EST
FEBRUARY 20 2018......SUNRISE   652 AM EST   SUNSET   535 PM EST


-  INDICATES NEGATIVE NUMBERS.
R  INDICATES RECORD WAS SET OR TIED.
MM INDICATES DATA IS MISSING.
T  INDICATES TRACE AMOUNT.




$$
