000
CDUS41 KBTV 300549
CLIMSS


CLIMATE REPORT
NATIONAL WEATHER SERVICE BURLINGTON VT
145 AM EDT THU MAR 30 2017


...................................

...THE MASSENA NY CLIMATE SUMMARY FOR MARCH 29 2017...

CLIMATE NORMAL PERIOD 1981 TO 2010
CLIMATE RECORD PERIOD 1948 TO 2017


WEATHER ITEM   OBSERVED TIME   RECORD YEAR NORMAL DEPARTURE LAST
                VALUE   (LST)  VALUE       VALUE  FROM      YEAR
                                                  NORMAL
..................................................................
TEMPERATURE (F)
 YESTERDAY
  MAXIMUM         42    445 PM  74    1977  44     -2       43
  MINIMUM         34   1104 PM -10    1974  25      9       24
  AVERAGE         38                        34      4       34

PRECIPITATION (IN)
  YESTERDAY        T             0.43        0.08  -0.08     0.04
  MONTH TO DATE    2.00                      1.94   0.06     1.74
  SINCE MAR 1      2.00                      1.94   0.06     1.74
  SINCE JAN 1      5.43                      5.89  -0.46     6.40

DEGREE DAYS
 HEATING
  YESTERDAY       27                        31     -4       31
  MONTH TO DATE 1193                      1085    108      971
  SINCE MAR 1   1193                      1085    108      971
  SINCE JUL 1   6119                      7072   -953     6017

 COOLING
  YESTERDAY        0                         0      0        0
  MONTH TO DATE    0                         0      0        0
  SINCE MAR 1      0                         0      0        0
  SINCE JAN 1      0                         0      0        0
..................................................................


WIND (MPH)
  HIGHEST WIND SPEED    17   HIGHEST WIND DIRECTION     W (290)
  HIGHEST GUST SPEED    24   HIGHEST GUST DIRECTION     N (340)
  AVERAGE WIND SPEED     6.8


SKY COVER
  AVERAGE SKY COVER 0.9


WEATHER CONDITIONS
 THE FOLLOWING WEATHER WAS RECORDED YESTERDAY.
  NO SIGNIFICANT WEATHER WAS OBSERVED.


RELATIVE HUMIDITY (PERCENT)
 HIGHEST    76           200 AM
 LOWEST     45           200 PM
 AVERAGE    61

..........................................................


THE MASSENA NY CLIMATE NORMALS FOR TODAY
                         NORMAL    RECORD    YEAR
 MAXIMUM TEMPERATURE (F)   45        82      1977
 MINIMUM TEMPERATURE (F)   25         4      1970


SUNRISE AND SUNSET
MARCH 30 2017.........SUNRISE   643 AM EDT   SUNSET   725 PM EDT
MARCH 31 2017.........SUNRISE   642 AM EDT   SUNSET   726 PM EDT


-  INDICATES NEGATIVE NUMBERS.
R  INDICATES RECORD WAS SET OR TIED.
MM INDICATES DATA IS MISSING.
T  INDICATES TRACE AMOUNT.




$$
