000
CDUS41 KBTV 250527
CLIMSS


CLIMATE REPORT
NATIONAL WEATHER SERVICE BURLINGTON VT
1226 AM EST SUN JAN 25 2015


...................................

...THE MASSENA NY CLIMATE SUMMARY FOR JANUARY 24 2015...

CLIMATE NORMAL PERIOD 1981 TO 2010
CLIMATE RECORD PERIOD 1948 TO 2015


WEATHER ITEM   OBSERVED TIME   RECORD YEAR NORMAL DEPARTURE LAST
                VALUE   (LST)  VALUE       VALUE  FROM      YEAR
                                                  NORMAL
..................................................................
TEMPERATURE (F)
 YESTERDAY
  MAXIMUM         32   1242 PM  52    1999  24      8       18
  MINIMUM         25    339 AM -30    1976   4     21      -17
  AVERAGE         29                        14     15        1

PRECIPITATION (IN)
  YESTERDAY        0.01          0.51        0.06  -0.05     0.00
  MONTH TO DATE    1.16                      1.74  -0.58     1.38
  SINCE DEC 1      2.14                      4.17  -2.03     3.01
  SINCE JAN 1      1.16                      1.74  -0.58     1.38

DEGREE DAYS
 HEATING
  YESTERDAY       36                        51    -15       64
  MONTH TO DATE 1276                      1211     65     1209
  SINCE DEC 1   2456                      2541    -85     2669
  SINCE JUL 1   4017                      4310   -293     4420

 COOLING
  YESTERDAY        0                         0      0        0
  MONTH TO DATE    0                         0      0        0
  SINCE DEC 1      0                         0      0        0
  SINCE JAN 1      0                         0      0        0
..................................................................


WIND (MPH)
  HIGHEST WIND SPEED    20   HIGHEST WIND DIRECTION    SW (220)
  HIGHEST GUST SPEED    25   HIGHEST GUST DIRECTION    SW (210)
  AVERAGE WIND SPEED    11.8


SKY COVER
  AVERAGE SKY COVER 0.8


WEATHER CONDITIONS
 THE FOLLOWING WEATHER WAS RECORDED YESTERDAY.
  LIGHT SNOW
  FOG


RELATIVE HUMIDITY (PERCENT)
 HIGHEST   100          1000 PM
 LOWEST     68          1200 AM
 AVERAGE    84

..........................................................


THE MASSENA NY CLIMATE NORMALS FOR TODAY
                         NORMAL    RECORD    YEAR
 MAXIMUM TEMPERATURE (F)   24        60      1950
 MINIMUM TEMPERATURE (F)    4       -28      1968


SUNRISE AND SUNSET
JANUARY 25 2015.......SUNRISE   727 AM EST   SUNSET   457 PM EST
JANUARY 26 2015.......SUNRISE   726 AM EST   SUNSET   459 PM EST


-  INDICATES NEGATIVE NUMBERS.
R  INDICATES RECORD WAS SET OR TIED.
MM INDICATES DATA IS MISSING.
T  INDICATES TRACE AMOUNT.




$$
