000
CDUS42 KKEY 270545
CLIMTH

CLIMATE REPORT
NATIONAL WEATHER SERVICE KEY WEST, FL
1242 AM EST THU NOV 27 2014


...................................

...THE MARATHON CLIMATE SUMMARY FOR NOVEMBER 26 2014...

CLIMATE NORMAL PERIOD 1981 TO 2010
CLIMATE RECORD PERIOD 9999 TO 9999


WEATHER ITEM   OBSERVED TIME   NORMAL DEPARTURE LAST
                VALUE   (LST)  VALUE  FROM      YEAR
                                      NORMAL
......................................................
TEMPERATURE (F)
 YESTERDAY
  MAXIMUM         83    829 AM  79      4       84
  MINIMUM         64   1159 PM  70     -6       76
  AVERAGE         74            74      0       80

PRECIPITATION (IN)
  YESTERDAY        0.01          0.07  -0.06     0.13
  MONTH TO DATE    1.84          2.51  -0.67     3.92
  SINCE SEP 1     14.93         15.02  -0.09     8.20
  SINCE JAN 1     34.87         43.84  -8.97    47.43

SNOWFALL (IN)
  YESTERDAY        0.0
  MONTH TO DATE    0.0
  SINCE SEP 1      0.0
  SINCE JUL 1      0.0
  SNOW DEPTH       0

DEGREE DAYS
 HEATING
  YESTERDAY        0             0      0        0
  MONTH TO DATE    4             0      4        0
  SINCE SEP 1      4             0      4        0
  SINCE JUL 1      4             0      4        0

 COOLING
  YESTERDAY        9            10     -1       15
  MONTH TO DATE  242           288    -46      373
  SINCE SEP 1   1294          1341    -47     1513
  SINCE JAN 1   4978          4727    251     5234
......................................................


WIND (MPH)
  HIGHEST WIND SPEED    22   HIGHEST WIND DIRECTION     N (350)
  HIGHEST GUST SPEED    30   HIGHEST GUST DIRECTION     N (360)
  AVERAGE WIND SPEED    12.3


SKY COVER
  POSSIBLE SUNSHINE  MM
  AVERAGE SKY COVER 0.5


WEATHER CONDITIONS
 THE FOLLOWING WEATHER WAS RECORDED YESTERDAY.
  LIGHT RAIN


RELATIVE HUMIDITY (PERCENT)
 HIGHEST   100
 LOWEST     48
 AVERAGE    74

..........................................................


THE MARATHON CLIMATE NORMALS FOR TODAY
                         NORMAL
 MAXIMUM TEMPERATURE (F)   79
 MINIMUM TEMPERATURE (F)   70


SUNRISE AND SUNSET
NOVEMBER 27 2014......SUNRISE   649 AM EST   SUNSET   535 PM EST
NOVEMBER 28 2014......SUNRISE   650 AM EST   SUNSET   535 PM EST


-  INDICATES NEGATIVE NUMBERS.
R  INDICATES RECORD WAS SET OR TIED.
MM INDICATES DATA IS MISSING.
T  INDICATES TRACE AMOUNT.




$$
