743
CDUS42 KKEY 190535
CLIMTH


CLIMATE REPORT
NATIONAL WEATHER SERVICE KEY WEST, FL
1232 AM EST THU JAN 19 2017


...................................

...THE MARATHON CLIMATE SUMMARY FOR JANUARY 18 2017...

CLIMATE NORMAL PERIOD 1981 TO 2010


WEATHER ITEM   OBSERVED TIME   NORMAL DEPARTURE LAST
               VALUE    (LST)  VALUE  FROM      YEAR
                                      NORMAL
......................................................
TEMPERATURE (F)
 YESTERDAY
  MAXIMUM         85    120 PM  75     10       65
  MINIMUM         68   1156 PM  64      4       58
  AVERAGE         77            70      7       62

PRECIPITATION (IN)
  YESTERDAY        0.00          0.05  -0.05     0.00
  MONTH TO DATE    0.27          0.92  -0.65     3.89
  SINCE DEC 1      2.17          2.94  -0.77    11.83
  SINCE JAN 1      0.27          0.92  -0.65     3.89

SNOWFALL (IN)
  YESTERDAY        0.0
  MONTH TO DATE    0.0
  SINCE DEC 1      0.0
  SINCE JUL 1      0.0
  SNOW DEPTH       0

DEGREE DAYS
 HEATING
  YESTERDAY        0             1     -1        3
  MONTH TO DATE    3            27    -24        5
  SINCE DEC 1      3            47    -44        5
  SINCE JUL 1      3            48    -45        5

 COOLING
  YESTERDAY       12             6      6        0
  MONTH TO DATE  200           108     92       96
  SINCE DEC 1    658           336    322      492
  SINCE JAN 1    200           108     92       96
......................................................


WIND (MPH)
  HIGHEST WIND SPEED     8   HIGHEST WIND DIRECTION     E (110)
  HIGHEST GUST SPEED    13   HIGHEST GUST DIRECTION     E (110)
  AVERAGE WIND SPEED     3.8


SKY COVER
  POSSIBLE SUNSHINE  MM
  AVERAGE SKY COVER 0.1


WEATHER CONDITIONS
 THE FOLLOWING WEATHER WAS RECORDED YESTERDAY.
  NO SIGNIFICANT WEATHER WAS OBSERVED.


RELATIVE HUMIDITY (PERCENT)
 HIGHEST    79
 LOWEST     51
 AVERAGE    65

..........................................................


THE MARATHON CLIMATE NORMALS FOR TODAY
                         NORMAL
 MAXIMUM TEMPERATURE (F)   75
 MINIMUM TEMPERATURE (F)   64


SUNRISE AND SUNSET
JANUARY 19 2017.......SUNRISE   710 AM EST   SUNSET   600 PM EST
JANUARY 20 2017.......SUNRISE   710 AM EST   SUNSET   601 PM EST


-  INDICATES NEGATIVE NUMBERS.
R  INDICATES RECORD WAS SET OR TIED.
MM INDICATES DATA IS MISSING.
T  INDICATES TRACE AMOUNT.


$$
