000
CDUS42 KKEY 032030
CLIMTH

CLIMATE REPORT
NATIONAL WEATHER SERVICE KEY WEST, FL
426 PM EDT THU SEP 3 2015


...................................

...THE MARATHON CLIMATE SUMMARY FOR SEPTEMBER 3 2015...
VALID TODAY AS OF 0400 PM LOCAL TIME.

CLIMATE NORMAL PERIOD 1981 TO 2010


WEATHER ITEM   OBSERVED TIME   NORMAL DEPARTURE LAST
                VALUE   (LST)  VALUE  FROM      YEAR
                                      NORMAL
......................................................
TEMPERATURE (F)
 TODAY
  MAXIMUM         93    105 PM  90      3       89
  MINIMUM         83    629 AM  79      4       79
  AVERAGE         88            84      4       84

PRECIPITATION (IN)
  TODAY            0.00          0.26  -0.26     0.01
  MONTH TO DATE    0.00          0.77  -0.77     0.18
  SINCE SEP 1      0.00          0.77  -0.77     0.18
  SINCE JAN 1     14.11         29.59 -15.48    20.12

SNOWFALL (IN)
  TODAY            0.0
  MONTH TO DATE    0.0
  SINCE SEP 1      0.0
  SINCE JUL 1      0.0
  SNOW DEPTH       0

DEGREE DAYS
 HEATING
  TODAY            0             0      0        0
  MONTH TO DATE    0             0      0        0
  SINCE SEP 1      0             0      0        0
  SINCE JUL 1      0             0      0        0

 COOLING
  TODAY           23            20      3       19
  MONTH TO DATE   68            60      8       59
  SINCE SEP 1     68            60      8       59
  SINCE JAN 1   3884          3446    438     3743
......................................................


WIND (MPH)
  HIGHEST WIND SPEED     8   HIGHEST WIND DIRECTION    SE (150)
  HIGHEST GUST SPEED    12   HIGHEST GUST DIRECTION     N (20)
  AVERAGE WIND SPEED     3.5


SKY COVER
  POSSIBLE SUNSHINE  MM
  AVERAGE SKY COVER 0.1


WEATHER CONDITIONS
 THE FOLLOWING WEATHER WAS RECORDED TODAY.
  NO SIGNIFICANT WEATHER WAS OBSERVED.


RELATIVE HUMIDITY (PERCENT)
 HIGHEST    80
 LOWEST     56
 AVERAGE    68

..........................................................


THE MARATHON CLIMATE NORMALS FOR TOMORROW
                         NORMAL
 MAXIMUM TEMPERATURE (F)   90
 MINIMUM TEMPERATURE (F)   79


SUNRISE AND SUNSET
SEPTEMBER  3 2015.....SUNRISE   706 AM EDT   SUNSET   741 PM EDT
SEPTEMBER  4 2015.....SUNRISE   706 AM EDT   SUNSET   740 PM EDT


-  INDICATES NEGATIVE NUMBERS.
R  INDICATES RECORD WAS SET OR TIED.
MM INDICATES DATA IS MISSING.
T  INDICATES TRACE AMOUNT.


$$
