000
CDUS45 KGJT 270740
CLIMTJ


CLIMATE REPORT
NATIONAL WEATHER SERVICE GRAND JUNCTION CO
137 AM MDT WED AUG 27 2014


...................................

...THE MONTROSE CO CLIMATE SUMMARY FOR AUGUST 26 2014...

CLIMATE NORMAL PERIOD 1981 TO 2010
CLIMATE RECORD PERIOD 9999 TO 9999


WEATHER ITEM   OBSERVED TIME   RECORD YEAR NORMAL DEPARTURE LAST
                VALUE   (LST)  VALUE       VALUE  FROM      YEAR
                                                  NORMAL
..................................................................
TEMPERATURE (F)
 YESTERDAY
  MAXIMUM         81   1207 PM  MM      MM  84     -3       78
  MINIMUM         57   1159 PM  MM      MM  54      3       60
  AVERAGE         69                        69      0       69

PRECIPITATION (IN)
  YESTERDAY        0.31         MM      MM   0.05   0.26     0.11
  MONTH TO DATE    1.39                      1.03   0.36     1.29
  SINCE JUN 1      2.22                      2.80  -0.58     3.37
  SINCE JAN 1      5.49                      7.10  -1.61     6.02

SNOWFALL (IN)
  YESTERDAY       MM            MM      MM  MM     MM       MM
  MONTH TO DATE   MM                        MM     MM       MM
  SINCE JUN 1     MM                        MM     MM       MM
  SINCE JUL 1     MM                        MM     MM       MM
  SNOW DEPTH      MM

DEGREE DAYS
 HEATING
  YESTERDAY        0                         0      0        0
  MONTH TO DATE    4                         0      4        2
  SINCE JUN 1     22                        39    -17       11
  SINCE JUL 1      4                         0      4        2

 COOLING
  YESTERDAY        4                         4      0        4
  MONTH TO DATE  166                       165      1      139
  SINCE JUN 1    647                       570     77      730
  SINCE JAN 1    688                       587    101      755
..................................................................


WIND (MPH)
  HIGHEST WIND SPEED    28   HIGHEST WIND DIRECTION    NW (320)
  HIGHEST GUST SPEED    35   HIGHEST GUST DIRECTION    NW (320)
  AVERAGE WIND SPEED     8.5


SKY COVER
  POSSIBLE SUNSHINE  MM
  AVERAGE SKY COVER 0.6


WEATHER CONDITIONS
 THE FOLLOWING WEATHER WAS RECORDED YESTERDAY.
  RAIN
  LIGHT RAIN
  FOG
  HAZE


RELATIVE HUMIDITY (PERCENT)
 HIGHEST    93          1000 PM
 LOWEST     26          1200 PM
 AVERAGE    60

..........................................................


THE MONTROSE CO CLIMATE NORMALS FOR TODAY
                         NORMAL    RECORD    YEAR
 MAXIMUM TEMPERATURE (F)   84        MM        MM
 MINIMUM TEMPERATURE (F)   54        MM        MM


SUNRISE AND SUNSET
AUGUST 27 2014........SUNRISE   636 AM MDT   SUNSET   749 PM MDT
AUGUST 28 2014........SUNRISE   637 AM MDT   SUNSET   747 PM MDT


-  INDICATES NEGATIVE NUMBERS.
R  INDICATES RECORD WAS SET OR TIED.
MM INDICATES DATA IS MISSING.
T  INDICATES TRACE AMOUNT.




$$
