000
CDUS45 KGJT 250732
CLIMTJ


CLIMATE REPORT
NATIONAL WEATHER SERVICE GRAND JUNCTION CO
130 AM MDT MON JUL 25 2016


...................................

...THE MONTROSE CO CLIMATE SUMMARY FOR JULY 24 2016...

CLIMATE NORMAL PERIOD 1981 TO 2010
CLIMATE RECORD PERIOD 9999 TO 9999


WEATHER ITEM   OBSERVED TIME   RECORD YEAR NORMAL DEPARTURE LAST
                VALUE   (LST)  VALUE       VALUE  FROM      YEAR
                                                  NORMAL
..................................................................
TEMPERATURE (F)
 YESTERDAY
  MAXIMUM         97    236 PM  MM      MM  90      7       76
  MINIMUM         63    154 AM  MM      MM  58      5       57
  AVERAGE         80                        74      6       67

PRECIPITATION (IN)
  YESTERDAY        T            MM      MM   0.04  -0.04     0.06
  MONTH TO DATE    0.58                      0.67  -0.09     0.69
  SINCE JUN 1      0.94                      1.44  -0.50     1.58
  SINCE JAN 1      3.87                      5.74  -1.87     6.03

SNOWFALL (IN)
  YESTERDAY       MM            MM      MM  MM     MM       MM
  MONTH TO DATE   MM                        MM     MM       MM
  SINCE JUN 1     MM                        MM     MM       MM
  SINCE JUL 1     MM                        MM     MM       MM
  SNOW DEPTH      MM

DEGREE DAYS
 HEATING
  YESTERDAY        0                         0      0        0
  MONTH TO DATE    1                         0      1        0
  SINCE JUN 1      7                        39    -32       21
  SINCE JUL 1      1                         0      1        0

 COOLING
  YESTERDAY       15                         9      6        2
  MONTH TO DATE  227                       208     19      159
  SINCE JUN 1    454                       343    111      389
  SINCE JAN 1    456                       360     96      393
..................................................................


WIND (MPH)
  HIGHEST WIND SPEED    30   HIGHEST WIND DIRECTION    NW (310)
  HIGHEST GUST SPEED    36   HIGHEST GUST DIRECTION    NW (320)
  AVERAGE WIND SPEED     8.1


SKY COVER
  POSSIBLE SUNSHINE  MM
  AVERAGE SKY COVER 0.0


WEATHER CONDITIONS
 THE FOLLOWING WEATHER WAS RECORDED YESTERDAY.
  LIGHT RAIN
  HAZE


RELATIVE HUMIDITY (PERCENT)
 HIGHEST    52           200 AM
 LOWEST     12           500 PM
 AVERAGE    32

..........................................................


THE MONTROSE CO CLIMATE NORMALS FOR TODAY
                         NORMAL    RECORD    YEAR
 MAXIMUM TEMPERATURE (F)   90        MM        MM
 MINIMUM TEMPERATURE (F)   58        MM        MM


SUNRISE AND SUNSET
JULY 25 2016..........SUNRISE   608 AM MDT   SUNSET   828 PM MDT
JULY 26 2016..........SUNRISE   609 AM MDT   SUNSET   827 PM MDT


-  INDICATES NEGATIVE NUMBERS.
R  INDICATES RECORD WAS SET OR TIED.
MM INDICATES DATA IS MISSING.
T  INDICATES TRACE AMOUNT.




$$
