000
CDUS45 KGJT 152334
CLIMTJ


CLIMATE REPORT
NATIONAL WEATHER SERVICE GRAND JUNCTION CO
530 PM MDT MON SEP 15 2014


...................................

...THE MONTROSE CO CLIMATE SUMMARY FOR SEPTEMBER 15 2014...
VALID TODAY AS OF 0500 PM LOCAL TIME.

CLIMATE NORMAL PERIOD 1981 TO 2010
CLIMATE RECORD PERIOD 9999 TO 9999


WEATHER ITEM   OBSERVED TIME   RECORD YEAR NORMAL DEPARTURE LAST
                VALUE   (LST)  VALUE       VALUE  FROM      YEAR
                                                  NORMAL
..................................................................
TEMPERATURE (F)
 TODAY
  MAXIMUM         87    303 PM  MM      MM  78      9       74
  MINIMUM         50    545 AM  MM      MM  47      3       54
  AVERAGE         69                        63      6       64

PRECIPITATION (IN)
  TODAY            0.00         MM      MM   0.05  -0.05     0.00
  MONTH TO DATE    0.79                      0.59   0.20     1.21
  SINCE SEP 1      0.79                      0.59   0.20     1.21
  SINCE JAN 1      6.36                      7.92  -1.56     7.23

SNOWFALL (IN)
  TODAY           MM            MM      MM  MM     MM       MM
  MONTH TO DATE   MM                        MM     MM       MM
  SINCE SEP 1     MM                        MM     MM       MM
  SINCE JUL 1     MM                        MM     MM       MM
  SNOW DEPTH      MM

DEGREE DAYS
 HEATING
  TODAY            0                         4     -4        1
  MONTH TO DATE   13                        30    -17        6
  SINCE SEP 1     13                        30    -17        6
  SINCE JUL 1     20                        35    -15        8

 COOLING
  TODAY            4                         1      3        0
  MONTH TO DATE   36                        30      6       82
  SINCE SEP 1     36                        30      6       82
  SINCE JAN 1    734                       635     99      883
..................................................................


WIND (MPH)
  HIGHEST WIND SPEED    14   HIGHEST WIND DIRECTION    NW (330)
  HIGHEST GUST SPEED    17   HIGHEST GUST DIRECTION     N (340)
  AVERAGE WIND SPEED     7.2


SKY COVER
  POSSIBLE SUNSHINE  MM
  AVERAGE SKY COVER 0.0


WEATHER CONDITIONS
 THE FOLLOWING WEATHER WAS RECORDED TODAY.
  NO SIGNIFICANT WEATHER WAS OBSERVED.


RELATIVE HUMIDITY (PERCENT)
 HIGHEST    66           300 AM
 LOWEST     15           200 PM
 AVERAGE    41

..........................................................


THE MONTROSE CO CLIMATE NORMALS FOR TOMORROW
                         NORMAL    RECORD    YEAR
 MAXIMUM TEMPERATURE (F)   77        MM        MM
 MINIMUM TEMPERATURE (F)   47        MM        MM


SUNRISE AND SUNSET
SEPTEMBER 15 2014.....SUNRISE   653 AM MDT   SUNSET   720 PM MDT
SEPTEMBER 16 2014.....SUNRISE   654 AM MDT   SUNSET   718 PM MDT


-  INDICATES NEGATIVE NUMBERS.
R  INDICATES RECORD WAS SET OR TIED.
MM INDICATES DATA IS MISSING.
T  INDICATES TRACE AMOUNT.




$$
