000
CDUS43 KILX 250645
CLIMTO


CLIMATE REPORT
NATIONAL WEATHER SERVICE LINCOLN IL
144 AM CDT FRI APR 25 2014


...................................

...THE MATTOON IL AIRPORT CLIMATE SUMMARY FOR APRIL 24 2014...

CLIMATE NORMAL PERIOD 1981 TO 2010
CLIMATE RECORD PERIOD 9999 TO 9999


WEATHER ITEM   OBSERVED TIME   RECORD YEAR NORMAL DEPARTURE LAST
                VALUE   (LST)  VALUE       VALUE  FROM      YEAR
                                                  NORMAL
..................................................................
TEMPERATURE (F)
 YESTERDAY
  MAXIMUM         73    348 PM  MM      MM  67      6       49
  MINIMUM         49    545 AM  MM      MM  47      2       37
  AVERAGE         61                        56      5       43

PRECIPITATION (IN)
  YESTERDAY        0.08         MM      MM   0.14  -0.06     0.32
  MONTH TO DATE    2.41                      2.52  -0.11     7.02
  SINCE MAR 1      3.41                      5.09  -1.68     7.96
  SINCE JAN 1      5.34                      9.07  -3.73    14.41

DEGREE DAYS
 HEATING
  YESTERDAY        4                         9     -5       22
  MONTH TO DATE  295                       313    -18      343
  SINCE MAR 1   1184                      1012    172     1239
  SINCE JUL 1   6031                      5216    815     5202

 COOLING
  YESTERDAY        0                         1     -1        0
  MONTH TO DATE    1                         5     -4        2
  SINCE MAR 1      1                         6     -5        2
  SINCE JAN 1      1                         6     -5        2
..................................................................


WIND (MPH)
  HIGHEST WIND SPEED    25   HIGHEST WIND DIRECTION    SE (150)
  HIGHEST GUST SPEED    32   HIGHEST GUST DIRECTION    SE (140)
  AVERAGE WIND SPEED    13.8


SKY COVER
  POSSIBLE SUNSHINE  MM
  AVERAGE SKY COVER 0.3


WEATHER CONDITIONS
 THE FOLLOWING WEATHER WAS RECORDED YESTERDAY.
  RAIN
  LIGHT RAIN
  FOG


RELATIVE HUMIDITY (PERCENT)
 HIGHEST   100          1000 PM
 LOWEST     31           400 PM
 AVERAGE    66

..........................................................


THE MATTOON IL AIRPORT CLIMATE NORMALS FOR TODAY
                         NORMAL    RECORD    YEAR
 MAXIMUM TEMPERATURE (F)   67        MM        MM
 MINIMUM TEMPERATURE (F)   47        MM        MM


SUNRISE AND SUNSET
APRIL 25 2014.........SUNRISE   602 AM CDT   SUNSET   741 PM CDT
APRIL 26 2014.........SUNRISE   601 AM CDT   SUNSET   742 PM CDT


-  INDICATES NEGATIVE NUMBERS.
R  INDICATES RECORD WAS SET OR TIED.
MM INDICATES DATA IS MISSING.
T  INDICATES TRACE AMOUNT.




$$
