000
CDUS43 KILX 010634
CLIMTO


CLIMATE REPORT
NATIONAL WEATHER SERVICE LINCOLN IL
133 AM CDT WED JUL 1 2015


...................................

...THE MATTOON IL AIRPORT CLIMATE SUMMARY FOR JUNE 30 2015...

CLIMATE NORMAL PERIOD 1981 TO 2010
CLIMATE RECORD PERIOD 9999 TO 9999


WEATHER ITEM   OBSERVED TIME   RECORD YEAR NORMAL DEPARTURE LAST
                VALUE   (LST)  VALUE       VALUE  FROM      YEAR
                                                  NORMAL
..................................................................
TEMPERATURE (F)
 YESTERDAY
  MAXIMUM         82    305 PM  MM      MM  85     -3       87
  MINIMUM         65   1159 PM  MM      MM  65      0       70
  AVERAGE         74                        75     -1       79

PRECIPITATION (IN)
  YESTERDAY        0.57         MM      MM   0.13   0.44    MM
  MONTH TO DATE    9.30                      4.24   5.06     5.44
  SINCE JUN 1      9.30                      4.24   5.06     5.44
  SINCE JAN 1     19.85                     18.59   1.26    15.61

DEGREE DAYS
 HEATING
  YESTERDAY        0                         0      0        0
  MONTH TO DATE    8                        14     -6        3
  SINCE JUN 1      8                        17     -9        3
  SINCE JUL 1   5912                      5407    505     6198

 COOLING
  YESTERDAY        9                        10     -1       14
  MONTH TO DATE  238                       223     15      264
  SINCE JUN 1    238                       223     15      264
  SINCE JAN 1    365                       311     54      394
..................................................................


WIND (MPH)
  HIGHEST WIND SPEED    31   HIGHEST WIND DIRECTION     N (20)
  HIGHEST GUST SPEED    39   HIGHEST GUST DIRECTION    NE (30)
  AVERAGE WIND SPEED     5.2


SKY COVER
  POSSIBLE SUNSHINE  MM
  AVERAGE SKY COVER 0.2


WEATHER CONDITIONS
 THE FOLLOWING WEATHER WAS RECORDED YESTERDAY.
  HEAVY RAIN
  RAIN
  LIGHT RAIN
  FOG
  FOG W/VISIBILITY <= 1/4 MILE


RELATIVE HUMIDITY (PERCENT)
 HIGHEST    97           800 PM
 LOWEST     62          1200 PM
 AVERAGE    80

..........................................................


THE MATTOON IL AIRPORT CLIMATE NORMALS FOR TODAY
                         NORMAL    RECORD    YEAR
 MAXIMUM TEMPERATURE (F)   85        MM        MM
 MINIMUM TEMPERATURE (F)   66        MM        MM


SUNRISE AND SUNSET
JULY  1 2015..........SUNRISE   530 AM CDT   SUNSET   824 PM CDT
JULY  2 2015..........SUNRISE   530 AM CDT   SUNSET   824 PM CDT


-  INDICATES NEGATIVE NUMBERS.
R  INDICATES RECORD WAS SET OR TIED.
MM INDICATES DATA IS MISSING.
T  INDICATES TRACE AMOUNT.




$$
