000
CDUS43 KILX 310628
CLIMTO


CLIMATE REPORT
NATIONAL WEATHER SERVICE LINCOLN IL
128 AM CDT FRI JUL 31 2015


...................................

...THE MATTOON IL AIRPORT CLIMATE SUMMARY FOR JULY 30 2015...

CLIMATE NORMAL PERIOD 1981 TO 2010
CLIMATE RECORD PERIOD 9999 TO 9999


WEATHER ITEM   OBSERVED TIME   RECORD YEAR NORMAL DEPARTURE LAST
                VALUE   (LST)  VALUE       VALUE  FROM      YEAR
                                                  NORMAL
..................................................................
TEMPERATURE (F)
 YESTERDAY
  MAXIMUM         89    226 PM  MM      MM  86      3       80
  MINIMUM         61    425 AM  MM      MM  65     -4       60
  AVERAGE         75                        75      0       70

PRECIPITATION (IN)
  YESTERDAY        0.00         MM      MM   0.10  -0.10     0.00
  MONTH TO DATE    3.02                      4.14  -1.12     3.10
  SINCE JUN 1     12.32                      8.38   3.94     8.54
  SINCE JAN 1     22.87                     22.73   0.14    18.71

DEGREE DAYS
 HEATING
  YESTERDAY        0                         0      0        0
  MONTH TO DATE    0                         0      0        4
  SINCE JUN 1      8                        17     -9        7
  SINCE JUL 1      0                         0      0        4

 COOLING
  YESTERDAY       10                        10      0        5
  MONTH TO DATE  282                       322    -40      159
  SINCE JUN 1    520                       545    -25      423
  SINCE JAN 1    647                       633     14      553
..................................................................


WIND (MPH)
  HIGHEST WIND SPEED    16   HIGHEST WIND DIRECTION    NW (300)
  HIGHEST GUST SPEED    21   HIGHEST GUST DIRECTION     W (290)
  AVERAGE WIND SPEED     8.6


SKY COVER
  POSSIBLE SUNSHINE  MM
  AVERAGE SKY COVER 0.0


WEATHER CONDITIONS
 THE FOLLOWING WEATHER WAS RECORDED YESTERDAY.
  NO SIGNIFICANT WEATHER WAS OBSERVED.


RELATIVE HUMIDITY (PERCENT)
 HIGHEST    84           300 AM
 LOWEST     32           200 PM
 AVERAGE    58

..........................................................


THE MATTOON IL AIRPORT CLIMATE NORMALS FOR TODAY
                         NORMAL    RECORD    YEAR
 MAXIMUM TEMPERATURE (F)   86        MM        MM
 MINIMUM TEMPERATURE (F)   65        MM        MM


SUNRISE AND SUNSET
JULY 31 2015..........SUNRISE   552 AM CDT   SUNSET   807 PM CDT
AUGUST  1 2015........SUNRISE   553 AM CDT   SUNSET   806 PM CDT


-  INDICATES NEGATIVE NUMBERS.
R  INDICATES RECORD WAS SET OR TIED.
MM INDICATES DATA IS MISSING.
T  INDICATES TRACE AMOUNT.




$$
