000
CDUS43 KILX 230648
CLIMTO


CLIMATE REPORT
NATIONAL WEATHER SERVICE LINCOLN IL
138 AM CDT SUN JUL 23 2017


...................................

...THE MATTOON IL AIRPORT CLIMATE SUMMARY FOR JULY 22 2017...

CLIMATE NORMAL PERIOD 1981 TO 2010
CLIMATE RECORD PERIOD 9999 TO 9999


WEATHER ITEM   OBSERVED TIME   RECORD YEAR NORMAL DEPARTURE LAST
                VALUE   (LST)  VALUE       VALUE  FROM      YEAR
                                                  NORMAL
..................................................................
TEMPERATURE (F)
 YESTERDAY
  MAXIMUM         95    154 PM  MM      MM  86      9       87
  MINIMUM         73    958 AM  MM      MM  66      7       71
  AVERAGE         84                        76      8       79

PRECIPITATION (IN)
  YESTERDAY        0.44         MM      MM   0.16   0.28     0.23
  MONTH TO DATE    1.11                      3.22  -2.11     3.84
  SINCE JUN 1      5.34                      7.46  -2.12     5.98
  SINCE JAN 1     21.72                     21.81  -0.09    17.72

DEGREE DAYS
 HEATING
  YESTERDAY        0                         0      0        0
  MONTH TO DATE    0                         0      0        5
  SINCE JUN 1      1                        17    -16        5
  SINCE JUL 1      0                         0      0        5

 COOLING
  YESTERDAY       19                        11      8       14
  MONTH TO DATE  294                       240     54      227
  SINCE JUN 1    554                       463     91      540
  SINCE JAN 1    660                       551    109      615
..................................................................


WIND (MPH)
  HIGHEST WIND SPEED    29   HIGHEST WIND DIRECTION     N (350)
  HIGHEST GUST SPEED    35   HIGHEST GUST DIRECTION     N (350)
  AVERAGE WIND SPEED     8.5


SKY COVER
  POSSIBLE SUNSHINE  MM
  AVERAGE SKY COVER 0.4


WEATHER CONDITIONS
 THE FOLLOWING WEATHER WAS RECORDED YESTERDAY.
  THUNDERSTORM
  HEAVY RAIN
  LIGHT RAIN
  FOG


RELATIVE HUMIDITY (PERCENT)
 HIGHEST   100           900 PM
 LOWEST     49           200 PM
 AVERAGE    75

..........................................................


THE MATTOON IL AIRPORT CLIMATE NORMALS FOR TODAY
                         NORMAL    RECORD    YEAR
 MAXIMUM TEMPERATURE (F)   86        MM        MM
 MINIMUM TEMPERATURE (F)   65        MM        MM


SUNRISE AND SUNSET
JULY 23 2017..........SUNRISE   545 AM CDT   SUNSET   814 PM CDT
JULY 24 2017..........SUNRISE   546 AM CDT   SUNSET   813 PM CDT


-  INDICATES NEGATIVE NUMBERS.
R  INDICATES RECORD WAS SET OR TIED.
MM INDICATES DATA IS MISSING.
T  INDICATES TRACE AMOUNT.




$$
