000
CDUS43 KILX 030633
CLIMTO


CLIMATE REPORT
NATIONAL WEATHER SERVICE LINCOLN IL
133 AM CDT WED JUN 3 2015


...................................

...THE MATTOON IL AIRPORT CLIMATE SUMMARY FOR JUNE 2 2015...

CLIMATE NORMAL PERIOD 1981 TO 2010
CLIMATE RECORD PERIOD 9999 TO 9999


WEATHER ITEM   OBSERVED TIME   RECORD YEAR NORMAL DEPARTURE LAST
                VALUE   (LST)  VALUE       VALUE  FROM      YEAR
                                                  NORMAL
..................................................................
TEMPERATURE (F)
 YESTERDAY
  MAXIMUM         73    440 PM  MM      MM  79     -6       78
  MINIMUM         50    421 AM  MM      MM  58     -8       70
  AVERAGE         62                        68     -6       74

PRECIPITATION (IN)
  YESTERDAY        0.00         MM      MM   0.17  -0.17     0.48
  MONTH TO DATE    0.00                      0.34  -0.34     0.66
  SINCE JUN 1      0.00                      0.34  -0.34     0.66
  SINCE JAN 1     10.55                     14.69  -4.14    10.83

DEGREE DAYS
 HEATING
  YESTERDAY        3                         2      1        0
  MONTH TO DATE    8                         4      4        0
  SINCE JUN 1      8                         4      4        0
  SINCE JUL 1   5912                      5394    518     6195

 COOLING
  YESTERDAY        0                         5     -5        9
  MONTH TO DATE    0                         9     -9       21
  SINCE JUN 1      0                         9     -9       21
  SINCE JAN 1    127                        97     30      151
..................................................................


WIND (MPH)
  HIGHEST WIND SPEED    14   HIGHEST WIND DIRECTION     E (70)
  HIGHEST GUST SPEED    16   HIGHEST GUST DIRECTION    NE (60)
  AVERAGE WIND SPEED     5.4


SKY COVER
  POSSIBLE SUNSHINE  MM
  AVERAGE SKY COVER 0.2


WEATHER CONDITIONS
 THE FOLLOWING WEATHER WAS RECORDED YESTERDAY.
  FOG
  HAZE


RELATIVE HUMIDITY (PERCENT)
 HIGHEST    96           100 AM
 LOWEST     57          1200 PM
 AVERAGE    77

..........................................................


THE MATTOON IL AIRPORT CLIMATE NORMALS FOR TODAY
                         NORMAL    RECORD    YEAR
 MAXIMUM TEMPERATURE (F)   79        MM        MM
 MINIMUM TEMPERATURE (F)   58        MM        MM


SUNRISE AND SUNSET
JUNE  3 2015..........SUNRISE   527 AM CDT   SUNSET   816 PM CDT
JUNE  4 2015..........SUNRISE   527 AM CDT   SUNSET   816 PM CDT


-  INDICATES NEGATIVE NUMBERS.
R  INDICATES RECORD WAS SET OR TIED.
MM INDICATES DATA IS MISSING.
T  INDICATES TRACE AMOUNT.




$$
