000
CDUS43 KILX 122130
CLIMTO


CLIMATE REPORT
NATIONAL WEATHER SERVICE LINCOLN IL
430 PM CDT SAT JUL 12 2014


...................................

...THE MATTOON IL AIRPORT CLIMATE SUMMARY FOR JULY 12 2014...
VALID TODAY AS OF 0400 PM LOCAL TIME.

CLIMATE NORMAL PERIOD 1981 TO 2010
CLIMATE RECORD PERIOD 9999 TO 9999


WEATHER ITEM   OBSERVED TIME   RECORD YEAR NORMAL DEPARTURE LAST
                VALUE   (LST)  VALUE       VALUE  FROM      YEAR
                                                  NORMAL
..................................................................
TEMPERATURE (F)
 TODAY
  MAXIMUM         83    235 PM  MM      MM  86     -3       81
  MINIMUM         69    757 AM  MM      MM  66      3       55
  AVERAGE         76                        76      0       68

PRECIPITATION (IN)
  TODAY            1.14         MM      MM   0.16   0.98     0.00
  MONTH TO DATE    1.68                      1.57   0.11     2.18
  SINCE JUN 1      7.12                      5.81   1.31    10.55
  SINCE JAN 1     17.29                     20.16  -2.87    33.20

DEGREE DAYS
 HEATING
  TODAY            0                         0      0        0
  MONTH TO DATE    0                         0      0        0
  SINCE JUN 1      3                        17    -14       11
  SINCE JUL 1      0                         0      0        0

 COOLING
  TODAY           11                        11      0        3
  MONTH TO DATE   82                       130    -48       87
  SINCE JUN 1    346                       353     -7      303
  SINCE JAN 1    476                       441     35      412
..................................................................


WIND (MPH)
  HIGHEST WIND SPEED    17   HIGHEST WIND DIRECTION    NW (300)
  HIGHEST GUST SPEED    21   HIGHEST GUST DIRECTION    NW (300)
  AVERAGE WIND SPEED     8.3


SKY COVER
  POSSIBLE SUNSHINE  MM
  AVERAGE SKY COVER 0.6


WEATHER CONDITIONS
 THE FOLLOWING WEATHER WAS RECORDED TODAY.
  THUNDERSTORM
  HEAVY RAIN
  RAIN
  LIGHT RAIN
  FOG


RELATIVE HUMIDITY (PERCENT)
 HIGHEST   100          1000 AM
 LOWEST     73           400 AM
 AVERAGE    87

..........................................................


THE MATTOON IL AIRPORT CLIMATE NORMALS FOR TOMORROW
                         NORMAL    RECORD    YEAR
 MAXIMUM TEMPERATURE (F)   86        MM        MM
 MINIMUM TEMPERATURE (F)   66        MM        MM


SUNRISE AND SUNSET
JULY 12 2014..........SUNRISE   536 AM CDT   SUNSET   821 PM CDT
JULY 13 2014..........SUNRISE   537 AM CDT   SUNSET   820 PM CDT


-  INDICATES NEGATIVE NUMBERS.
R  INDICATES RECORD WAS SET OR TIED.
MM INDICATES DATA IS MISSING.
T  INDICATES TRACE AMOUNT.




$$
