000
CDUS41 KBTV 300526
CLIMVL


CLIMATE REPORT
NATIONAL WEATHER SERVICE BURLINGTON VT
125 AM EDT TUE AUG 30 2016


...................................

...THE MORRISVILLE VT CLIMATE SUMMARY FOR AUGUST 29 2016...

CLIMATE NORMAL PERIOD 1981 TO 2010
CLIMATE RECORD PERIOD 9999 TO 9999


WEATHER ITEM   OBSERVED TIME   NORMAL DEPARTURE LAST
                VALUE   (LST)  VALUE  FROM      YEAR
                                      NORMAL
......................................................
TEMPERATURE (F)
 YESTERDAY
  MAXIMUM         72    415 PM  76     -4       77
  MINIMUM         51   1157 PM  51      0       52
  AVERAGE         62            64     -2       65

PRECIPITATION (IN)
  YESTERDAY        0.01          0.11  -0.10     0.00
  MONTH TO DATE    2.77          3.82  -1.05     1.15
  SINCE JUN 1      8.35         11.93  -3.58    10.68
  SINCE JAN 1     15.40         23.55  -8.15    15.93

DEGREE DAYS
 HEATING
  YESTERDAY        3             3      0        0
  MONTH TO DATE   24            59    -35        7
  SINCE JUN 1    188           212    -24      135
  SINCE JUL 1     57            89    -32       30

 COOLING
  YESTERDAY        0             2     -2        0
  MONTH TO DATE  114            74     40      152
  SINCE JUN 1    254           234     20      349
  SINCE JAN 1    283           242     41      402
......................................................


WIND (MPH)
  HIGHEST WIND SPEED    16   HIGHEST WIND DIRECTION     N (340)
  HIGHEST GUST SPEED    24   HIGHEST GUST DIRECTION    NW (320)
  AVERAGE WIND SPEED     5.7


SKY COVER
  AVERAGE SKY COVER 0.6


WEATHER CONDITIONS
 THE FOLLOWING WEATHER WAS RECORDED YESTERDAY.
  RAIN
  FOG


RELATIVE HUMIDITY (PERCENT)
 HIGHEST    96          1100 PM
 LOWEST     53          1000 AM
 AVERAGE    75

..........................................................


THE MORRISVILLE VT CLIMATE NORMALS FOR TODAY
                         NORMAL    RECORD    YEAR
 MAXIMUM TEMPERATURE (F)   75        86      2010
 MINIMUM TEMPERATURE (F)   51        42      2003


SUNRISE AND SUNSET
AUGUST 30 2016........SUNRISE   611 AM EDT   SUNSET   730 PM EDT
AUGUST 31 2016........SUNRISE   612 AM EDT   SUNSET   728 PM EDT


-  INDICATES NEGATIVE NUMBERS.
R  INDICATES RECORD WAS SET OR TIED.
MM INDICATES DATA IS MISSING.
T  INDICATES TRACE AMOUNT.




$$
