000
CDUS41 KBTV 290533
CLIMVL


CLIMATE REPORT
NATIONAL WEATHER SERVICE BURLINGTON VT
131 AM EDT MON MAY 29 2017


...................................

...THE MORRISVILLE VT CLIMATE SUMMARY FOR MAY 28 2017...

CLIMATE NORMAL PERIOD 1981 TO 2010
CLIMATE RECORD PERIOD 9999 TO 9999


WEATHER ITEM   OBSERVED TIME   NORMAL DEPARTURE LAST
                VALUE   (LST)  VALUE  FROM      YEAR
                                      NORMAL
......................................................
TEMPERATURE (F)
 YESTERDAY
  MAXIMUM         75    159 PM  70      5       87
  MINIMUM         42    213 AM  45     -3       60
  AVERAGE         59            57      2       74

PRECIPITATION (IN)
  YESTERDAY        0.00          0.12  -0.12     0.00
  MONTH TO DATE    3.95          2.85   1.10     0.97
  SINCE MAR 1      8.69          6.92   1.77     3.79
  SINCE JAN 1     11.76         11.20   0.56     6.94

DEGREE DAYS
 HEATING
  YESTERDAY        6             8     -2        0
  MONTH TO DATE  394           329     65      352
  SINCE MAR 1   2284          2149    135     2129
  SINCE JUL 1   7507          8109   -602     6702

 COOLING
  YESTERDAY        0             0      0        9
  MONTH TO DATE    9             0      9       17
  SINCE MAR 1      9             1      8       17
  SINCE JAN 1      9             1      8       17
......................................................


WIND (MPH)
  HIGHEST WIND SPEED    15   HIGHEST WIND DIRECTION     S (190)
  HIGHEST GUST SPEED    23   HIGHEST GUST DIRECTION     S (200)
  AVERAGE WIND SPEED     3.3


SKY COVER
  AVERAGE SKY COVER 0.4


WEATHER CONDITIONS
 THE FOLLOWING WEATHER WAS RECORDED YESTERDAY.
  FOG
  FOG W/VISIBILITY <= 1/4 MILE


RELATIVE HUMIDITY (PERCENT)
 HIGHEST   100           300 AM
 LOWEST     33           500 PM
 AVERAGE    67

..........................................................


THE MORRISVILLE VT CLIMATE NORMALS FOR TODAY
                         NORMAL    RECORD    YEAR
 MAXIMUM TEMPERATURE (F)   70        85      1998
 MINIMUM TEMPERATURE (F)   45        35      2008


SUNRISE AND SUNSET
MAY 29 2017...........SUNRISE   510 AM EDT   SUNSET   826 PM EDT
MAY 30 2017...........SUNRISE   510 AM EDT   SUNSET   827 PM EDT


-  INDICATES NEGATIVE NUMBERS.
R  INDICATES RECORD WAS SET OR TIED.
MM INDICATES DATA IS MISSING.
T  INDICATES TRACE AMOUNT.




$$
