000
CDUS41 KBTV 240537
CLIMVL


CLIMATE REPORT
NATIONAL WEATHER SERVICE BURLINGTON VT
1234 AM EST FRI NOV 24 2017


...................................

...THE MORRISVILLE VT CLIMATE SUMMARY FOR NOVEMBER 23 2017...

CLIMATE NORMAL PERIOD 1981 TO 2010
CLIMATE RECORD PERIOD 9999 TO 9999


WEATHER ITEM   OBSERVED TIME   NORMAL DEPARTURE LAST
                VALUE   (LST)  VALUE  FROM      YEAR
                                      NORMAL
......................................................
TEMPERATURE (F)
 YESTERDAY
  MAXIMUM         30        MM  41    -11       31
  MINIMUM         16        MM  24     -8       27
  AVERAGE         23            32     -9       29

PRECIPITATION (IN)
  YESTERDAY        T             0.10  -0.10      T
  MONTH TO DATE    1.34          2.38  -1.04     0.54
  SINCE SEP 1      7.94          8.86  -0.92     2.62
  SINCE JAN 1     34.90         32.62   2.28    18.26

DEGREE DAYS
 HEATING
  YESTERDAY       42            33      9       36
  MONTH TO DATE  718           656     62      602
  SINCE SEP 1   1271          1492   -221     1304
  SINCE JUL 1   1433          1587   -154     1363

 COOLING
  YESTERDAY        0             0      0        0
  MONTH TO DATE    0             0      0        0
  SINCE SEP 1     48            18     30       34
  SINCE JAN 1    192           265    -73      322
......................................................


WIND (MPH)
  HIGHEST WIND SPEED    12   HIGHEST WIND DIRECTION    NW (320)
  HIGHEST GUST SPEED    22   HIGHEST GUST DIRECTION    NW (320)
  AVERAGE WIND SPEED     3.8


SKY COVER
  AVERAGE SKY COVER 0.6


WEATHER CONDITIONS
 THE FOLLOWING WEATHER WAS RECORDED YESTERDAY.
  NO SIGNIFICANT WEATHER WAS OBSERVED.


RELATIVE HUMIDITY (PERCENT)
 HIGHEST    88           700 AM
 LOWEST     62          1100 AM
 AVERAGE    75

..........................................................


THE MORRISVILLE VT CLIMATE NORMALS FOR TODAY
                         NORMAL    RECORD    YEAR
 MAXIMUM TEMPERATURE (F)   40        65      2014
 MINIMUM TEMPERATURE (F)   23        -8      1989


SUNRISE AND SUNSET
NOVEMBER 24 2017......SUNRISE   659 AM EST   SUNSET   415 PM EST
NOVEMBER 25 2017......SUNRISE   700 AM EST   SUNSET   415 PM EST


-  INDICATES NEGATIVE NUMBERS.
R  INDICATES RECORD WAS SET OR TIED.
MM INDICATES DATA IS MISSING.
T  INDICATES TRACE AMOUNT.




$$
