000
CDUS46 KOTX 230843
CLIMWH


CLIMATE REPORT
NATIONAL WEATHER SERVICE SPOKANE, WA
136 AM PDT THU OCT 23 2014


...................................

...THE MOSES LAKE WA AIRPORT CLIMATE SUMMARY FOR OCTOBER 22 2014...

CLIMATE NORMAL PERIOD 1981 TO 2010
CLIMATE RECORD PERIOD 9999 TO 9999


WEATHER ITEM   OBSERVED TIME   RECORD YEAR NORMAL DEPARTURE LAST
                VALUE   (LST)  VALUE       VALUE  FROM      YEAR
                                                  NORMAL
..................................................................
TEMPERATURE (F)
 YESTERDAY
  MAXIMUM         59   1138 PM  MM      MM  60     -1       72
  MINIMUM         46   1254 AM  MM      MM  34     12       35
  AVERAGE         53                        47      6       54

PRECIPITATION (IN)
  YESTERDAY        0.31         MM      MM   0.02   0.29     0.00
  MONTH TO DATE    0.70                      0.43   0.27     0.01
  SINCE OCT 1      0.70                      0.43   0.27     0.01
  SINCE JAN 1      4.88                      6.25  -1.37     5.25

SNOWFALL (IN)
  YESTERDAY       MM

DEGREE DAYS
 HEATING
  YESTERDAY       12                        18     -6       11
  MONTH TO DATE  158                       305   -147      329
  SINCE SEP 1    210                       435   -225      431
  SINCE JUL 1    210                       455   -245      431

 COOLING
  YESTERDAY        0                         0      0        0
  MONTH TO DATE    4                         0      4        0
  SINCE SEP 1     74                        44     30      135
  SINCE JAN 1    952                       614    338      948
..................................................................


WIND (MPH)
  HIGHEST WIND SPEED    23   HIGHEST WIND DIRECTION     S (160)
  HIGHEST GUST SPEED    28   HIGHEST GUST DIRECTION     S (160)
  AVERAGE WIND SPEED    11.7


SKY COVER
  POSSIBLE SUNSHINE  MM
  AVERAGE SKY COVER 0.9


WEATHER CONDITIONS
 THE FOLLOWING WEATHER WAS RECORDED YESTERDAY.
  LIGHT RAIN


RELATIVE HUMIDITY (PERCENT)
 HIGHEST    86          1200 AM
 LOWEST     66           800 AM
 AVERAGE    76

..........................................................


THE MOSES LAKE WA AIRPORT CLIMATE NORMALS FOR TODAY
                         NORMAL    RECORD    YEAR
 MAXIMUM TEMPERATURE (F)   59        MM        MM
 MINIMUM TEMPERATURE (F)   34        MM        MM


SUNRISE AND SUNSET
OCTOBER 23 2014.......SUNRISE   727 AM PDT   SUNSET   555 PM PDT
OCTOBER 24 2014.......SUNRISE   729 AM PDT   SUNSET   554 PM PDT


-  INDICATES NEGATIVE NUMBERS.
R  INDICATES RECORD WAS SET OR TIED.
MM INDICATES DATA IS MISSING.
T  INDICATES TRACE AMOUNT.




$$
