000
CDUS46 KOTX 240831
CLIMWH


CLIMATE REPORT
NATIONAL WEATHER SERVICE SPOKANE, WA
130 AM PDT THU JUL 24 2014


...................................

...THE MOSES LAKE WA AIRPORT CLIMATE SUMMARY FOR JULY 23 2014...

CLIMATE NORMAL PERIOD 1981 TO 2010
CLIMATE RECORD PERIOD 9999 TO 9999


WEATHER ITEM   OBSERVED TIME   RECORD YEAR NORMAL DEPARTURE LAST
                VALUE   (LST)  VALUE       VALUE  FROM      YEAR
                                                  NORMAL
..................................................................
TEMPERATURE (F)
 YESTERDAY
  MAXIMUM         84    132 PM  MM      MM  91     -7       98
  MINIMUM         58   1159 PM  MM      MM  57      1       61
  AVERAGE         71                        74     -3       80

PRECIPITATION (IN)
  YESTERDAY        0.01         MM      MM   0.02  -0.01     0.00
  MONTH TO DATE    0.08                      0.31  -0.23      T
  SINCE OCT 1      3.93                      8.37  -4.44     7.78
  SINCE JAN 1      3.29                      5.08  -1.79     3.75

SNOWFALL (IN)
  YESTERDAY       MM            MM      MM  MM     MM       MM
  MONTH TO DATE   MM                        MM     MM       MM
  SINCE JUN 1     MM                        MM     MM       MM
  SINCE JUL 1     MM                        MM     MM       MM
  SNOW DEPTH      MM

DEGREE DAYS
 HEATING
  YESTERDAY        0                         0      0        0
  MONTH TO DATE    0                         6     -6        0
  SINCE JUN 1     24                        61    -37       49
  SINCE JUL 1      0                         6     -6        0

 COOLING
  YESTERDAY        6                         9     -3       15
  MONTH TO DATE  317                       170    147      283
  SINCE JUN 1    434                       255    179      391
  SINCE JAN 1    469                       280    189      441
..................................................................


WIND (MPH)
  HIGHEST WIND SPEED    41   HIGHEST WIND DIRECTION    SW (230)
  HIGHEST GUST SPEED    52   HIGHEST GUST DIRECTION    SW (220)
  AVERAGE WIND SPEED    10.4


SKY COVER
  POSSIBLE SUNSHINE  MM
  AVERAGE SKY COVER 0.2


WEATHER CONDITIONS
 THE FOLLOWING WEATHER WAS RECORDED YESTERDAY.
  LIGHT RAIN
  HAZE


RELATIVE HUMIDITY (PERCENT)
 HIGHEST    84           400 AM
 LOWEST     40           100 PM
 AVERAGE    62

..........................................................


THE MOSES LAKE WA AIRPORT CLIMATE NORMALS FOR TODAY
                         NORMAL    RECORD    YEAR
 MAXIMUM TEMPERATURE (F)   91        MM        MM
 MINIMUM TEMPERATURE (F)   57        MM        MM


SUNRISE AND SUNSET
JULY 24 2014..........SUNRISE   526 AM PDT   SUNSET   840 PM PDT
JULY 25 2014..........SUNRISE   528 AM PDT   SUNSET   839 PM PDT


-  INDICATES NEGATIVE NUMBERS.
R  INDICATES RECORD WAS SET OR TIED.
MM INDICATES DATA IS MISSING.
T  INDICATES TRACE AMOUNT.




$$
