000
CDUS46 KOTX 080826
CLIMWH


CLIMATE REPORT
NATIONAL WEATHER SERVICE SPOKANE, WA
1226 AM PST THU DEC 8 2016


...................................

...THE MOSES LAKE WA AIRPORT CLIMATE SUMMARY FOR DECEMBER 7 2016...

CLIMATE NORMAL PERIOD 1981 TO 2010
CLIMATE RECORD PERIOD 9999 TO 9999


WEATHER ITEM   OBSERVED TIME   RECORD YEAR NORMAL DEPARTURE LAST
                VALUE   (LST)  VALUE       VALUE  FROM      YEAR
                                                  NORMAL
..................................................................
TEMPERATURE (F)
 YESTERDAY
  MAXIMUM         28    237 PM  MM      MM  36     -8       45
  MINIMUM         11    740 PM  MM      MM  24    -13       37
  AVERAGE         20                        30    -10       41

PRECIPITATION (IN)
  YESTERDAY        0.00         MM      MM   0.03  -0.03     0.60
  MONTH TO DATE    0.11                      0.25  -0.14     1.22
  SINCE OCT 1      3.51                      2.10   1.41     1.90
  SINCE JAN 1      9.29                      7.92   1.37     5.29

SNOWFALL (IN)
  YESTERDAY       MM

DEGREE DAYS
 HEATING
  YESTERDAY       45                        35     10       24
  MONTH TO DATE  238                       240     -2      216
  SINCE DEC 1    238                       240     -2      216
  SINCE JUL 1   1351                      1701   -350     1456

 COOLING
  YESTERDAY        0                         0      0        0
  MONTH TO DATE    0                         0      0        0
  SINCE DEC 1      0                         0      0        0
  SINCE JAN 1    629                       615     14     1066
..................................................................


WIND (MPH)
  HIGHEST WIND SPEED    16   HIGHEST WIND DIRECTION     N (10)
  HIGHEST GUST SPEED    18   HIGHEST GUST DIRECTION     N (10)
  AVERAGE WIND SPEED     9.0


SKY COVER
  POSSIBLE SUNSHINE  MM
  AVERAGE SKY COVER 0.7


WEATHER CONDITIONS
 THE FOLLOWING WEATHER WAS RECORDED YESTERDAY.
  NO SIGNIFICANT WEATHER WAS OBSERVED.


RELATIVE HUMIDITY (PERCENT)
 HIGHEST    76           600 PM
 LOWEST     55           200 PM
 AVERAGE    66

..........................................................


THE MOSES LAKE WA AIRPORT CLIMATE NORMALS FOR TODAY
                         NORMAL    RECORD    YEAR
 MAXIMUM TEMPERATURE (F)   36        MM        MM
 MINIMUM TEMPERATURE (F)   24        MM        MM


SUNRISE AND SUNSET
DECEMBER  8 2016......SUNRISE   731 AM PST   SUNSET   407 PM PST
DECEMBER  9 2016......SUNRISE   732 AM PST   SUNSET   407 PM PST


-  INDICATES NEGATIVE NUMBERS.
R  INDICATES RECORD WAS SET OR TIED.
MM INDICATES DATA IS MISSING.
T  INDICATES TRACE AMOUNT.




$$
