000
CDUS45 KBOI 230931
CLIMYL


CLIMATE REPORT
NATIONAL WEATHER SERVICE BOISE ID
330 AM MDT SAT MAY 23 2015


...................................

...THE MCCALL ID CLIMATE SUMMARY FOR MAY 22 2015...

CLIMATE NORMAL PERIOD 1981 TO 2010
CLIMATE RECORD PERIOD 1930 TO 2015


WEATHER ITEM   OBSERVED TIME   RECORD YEAR NORMAL DEPARTURE LAST
                VALUE   (LST)  VALUE       VALUE  FROM      YEAR
                                                  NORMAL
..................................................................
TEMPERATURE (F)
 YESTERDAY
  MAXIMUM         66    317 PM  84    1958  61      5       74
  MINIMUM         37    531 AM  22    1989  34      3       39
  AVERAGE         52                        48      4       57

PRECIPITATION (IN)
  YESTERDAY        0.66          1.90 1948   0.07   0.59     0.00
  MONTH TO DATE    2.09                      1.54   0.55     1.07
  SINCE OCT 1     17.88                     15.31   2.57    18.43
  SINCE JAN 1      9.12                      9.13  -0.01    14.36

DEGREE DAYS
 HEATING
  YESTERDAY       13                        18     -5        8
  MONTH TO DATE  346                       445    -99      377
  SINCE MAR 1   1900                      2405   -505     2177
  SINCE JUL 1   7271                      9080  -1809     8171

 COOLING
  YESTERDAY        0                         0      0        0
  MONTH TO DATE    0                         0      0        0
  SINCE MAR 1      0                         0      0        0
  SINCE JAN 1      0                         0      0        0
..................................................................


WIND (MPH)
  HIGHEST WIND SPEED    17   HIGHEST WIND DIRECTION     N (340)
  HIGHEST GUST SPEED    22   HIGHEST GUST DIRECTION     N (350)
  AVERAGE WIND SPEED     3.6


SKY COVER
  AVERAGE SKY COVER 0.4


WEATHER CONDITIONS
 THE FOLLOWING WEATHER WAS RECORDED YESTERDAY.
  THUNDERSTORM
  HEAVY RAIN
  RAIN
  LIGHT RAIN
  FOG
  FOG W/VISIBILITY <= 1/4 MILE


RELATIVE HUMIDITY (PERCENT)
 HIGHEST   100           500 AM
 LOWEST     44           300 PM
 AVERAGE    72

..........................................................


THE MCCALL ID CLIMATE NORMALS FOR TODAY
                         NORMAL    RECORD    YEAR
 MAXIMUM TEMPERATURE (F)   61        82      2001
 MINIMUM TEMPERATURE (F)   35        20      1944


SUNRISE AND SUNSET
MAY 23 2015...........SUNRISE   608 AM MDT   SUNSET   915 PM MDT
MAY 24 2015...........SUNRISE   607 AM MDT   SUNSET   916 PM MDT


-  INDICATES NEGATIVE NUMBERS.
R  INDICATES RECORD WAS SET OR TIED.
MM INDICATES DATA IS MISSING.
T  INDICATES TRACE AMOUNT.




$$
