000
CDUS45 KBOI 140931
CLIMYL


CLIMATE REPORT
NATIONAL WEATHER SERVICE BOISE ID
331 AM MDT SUN SEP 14 2014


...................................

...THE MCCALL ID CLIMATE SUMMARY FOR SEPTEMBER 13 2014...

CLIMATE NORMAL PERIOD 1981 TO 2010
CLIMATE RECORD PERIOD 1930 TO 2014


WEATHER ITEM   OBSERVED TIME   RECORD YEAR NORMAL DEPARTURE LAST
                VALUE   (LST)  VALUE       VALUE  FROM      YEAR
                                                  NORMAL
..................................................................
TEMPERATURE (F)
 YESTERDAY
  MAXIMUM         77    411 PM  85    1981  68      9       73
  MINIMUM         32    652 AM  21    1989  35     -3       54
  AVERAGE         55                        52      3       64

PRECIPITATION (IN)
  YESTERDAY        0.00          1.02 1939   0.02  -0.02     0.07
  MONTH TO DATE    0.00                      0.35  -0.35     0.39
  SINCE OCT 1     20.69                     19.57   1.12    25.45
  SINCE JAN 1     16.62                     13.39   3.23    11.96

DEGREE DAYS
 HEATING
  YESTERDAY       10                        14     -4        1
  MONTH TO DATE  142                       148     -6       35
  SINCE SEP 1    142                       148     -6       35
  SINCE JUL 1    258                       476   -218       82

 COOLING
  YESTERDAY        0                         0      0        0
  MONTH TO DATE    0                         0      0        5
  SINCE SEP 1      0                         0      0        5
  SINCE JAN 1    185                        25    160      185
..................................................................


WIND (MPH)
  HIGHEST WIND SPEED    14   HIGHEST WIND DIRECTION     W (250)
  HIGHEST GUST SPEED    18   HIGHEST GUST DIRECTION    SW (240)
  AVERAGE WIND SPEED     3.4


SKY COVER
  AVERAGE SKY COVER 0.0


WEATHER CONDITIONS
 THE FOLLOWING WEATHER WAS RECORDED YESTERDAY.
  HAZE


RELATIVE HUMIDITY (PERCENT)
 HIGHEST    72           700 AM
 LOWEST     14           400 PM
 AVERAGE    43

..........................................................


THE MCCALL ID CLIMATE NORMALS FOR TODAY
                         NORMAL    RECORD    YEAR
 MAXIMUM TEMPERATURE (F)   68        84      1990
 MINIMUM TEMPERATURE (F)   34        20      1992


SUNRISE AND SUNSET
SEPTEMBER 14 2014.....SUNRISE   722 AM MDT   SUNSET   757 PM MDT
SEPTEMBER 15 2014.....SUNRISE   723 AM MDT   SUNSET   755 PM MDT


-  INDICATES NEGATIVE NUMBERS.
R  INDICATES RECORD WAS SET OR TIED.
MM INDICATES DATA IS MISSING.
T  INDICATES TRACE AMOUNT.




$$
