000
CDUS45 KBOI 240931
CLIMYL


CLIMATE REPORT
NATIONAL WEATHER SERVICE BOISE ID
331 AM MDT FRI MAR 24 2017


...................................

...THE MCCALL ID CLIMATE SUMMARY FOR MARCH 23 2017...

CLIMATE NORMAL PERIOD 1981 TO 2010
CLIMATE RECORD PERIOD 1930 TO 2017


WEATHER ITEM   OBSERVED TIME   RECORD YEAR NORMAL DEPARTURE LAST
                VALUE   (LST)  VALUE       VALUE  FROM      YEAR
                                                  NORMAL
..................................................................
TEMPERATURE (F)
 YESTERDAY
  MAXIMUM         47    426 PM  62    2004  42      5       39
  MINIMUM         27   1159 PM   0    1955  20      7       20
  AVERAGE         37                        31      6       30

PRECIPITATION (IN)
  YESTERDAY        0.00          0.69 1948   0.08  -0.08     0.01
  MONTH TO DATE    4.14                      1.53   2.61     4.43
  SINCE OCT 1     21.25                     11.18  10.07    19.72
  SINCE JAN 1     12.76                      5.00   7.76     9.15

DEGREE DAYS
 HEATING
  YESTERDAY       28                        34     -6       35
  MONTH TO DATE  715                       850   -135      737
  SINCE MAR 1    715                       850   -135      737
  SINCE JUL 1   6918                      7525   -607     6606

 COOLING
  YESTERDAY        0                         0      0        0
  MONTH TO DATE    0                         0      0        0
  SINCE MAR 1      0                         0      0        0
  SINCE JAN 1      0                         0      0        0
..................................................................


WIND (MPH)
  HIGHEST WIND SPEED    13   HIGHEST WIND DIRECTION     N (340)
  HIGHEST GUST SPEED    19   HIGHEST GUST DIRECTION    NW (330)
  AVERAGE WIND SPEED     5.4


SKY COVER
  AVERAGE SKY COVER 0.1


WEATHER CONDITIONS
 THE FOLLOWING WEATHER WAS RECORDED YESTERDAY.
  NO SIGNIFICANT WEATHER WAS OBSERVED.


RELATIVE HUMIDITY (PERCENT)
 HIGHEST    78          1000 PM
 LOWEST     28           400 PM
 AVERAGE    53

..........................................................


THE MCCALL ID CLIMATE NORMALS FOR TODAY
                         NORMAL    RECORD    YEAR
 MAXIMUM TEMPERATURE (F)   42        59      1992
 MINIMUM TEMPERATURE (F)   21        -2      1965


SUNRISE AND SUNSET
MARCH 24 2017.........SUNRISE   739 AM MDT   SUNSET   802 PM MDT
MARCH 25 2017.........SUNRISE   738 AM MDT   SUNSET   804 PM MDT


-  INDICATES NEGATIVE NUMBERS.
R  INDICATES RECORD WAS SET OR TIED.
MM INDICATES DATA IS MISSING.
T  INDICATES TRACE AMOUNT.




$$
