385
CDUS45 KBOI 150931
CLIMYL


CLIMATE REPORT
NATIONAL WEATHER SERVICE BOISE ID
230 AM MST MON JAN 15 2018


...................................

...THE MCCALL ID CLIMATE SUMMARY FOR JANUARY 14 2018...

CLIMATE NORMAL PERIOD 1981 TO 2010
CLIMATE RECORD PERIOD 1930 TO 2018


WEATHER ITEM   OBSERVED TIME   RECORD YEAR NORMAL DEPARTURE LAST
                VALUE   (LST)  VALUE       VALUE  FROM      YEAR
                                                  NORMAL
..................................................................
TEMPERATURE (F)
 YESTERDAY
  MAXIMUM         32    528 PM  48    1973  29      3       10
  MINIMUM         22   1115 PM -16    1917  11     11       -9
  AVERAGE         27                        20      7        1

PRECIPITATION (IN)
  YESTERDAY        0.00          0.70 1953   0.06  -0.06     0.00
  MONTH TO DATE    1.56                      0.82   0.74     1.49
  SINCE OCT 1      8.41                      7.00   1.41     9.98
  SINCE JAN 1      1.56                      0.82   0.74     1.49

DEGREE DAYS
 HEATING
  YESTERDAY       38                        45     -7       64
  MONTH TO DATE  502                       639   -137      748
  SINCE DEC 1   1893                      2075   -182     2311
  SINCE JUL 1   4019                      4713   -694     4348

 COOLING
  YESTERDAY        0                         0      0        0
  MONTH TO DATE    0                         0      0        0
  SINCE DEC 1      0                         0      0        0
  SINCE JAN 1      0                         0      0        0
..................................................................


WIND (MPH)
  HIGHEST WIND SPEED     6   HIGHEST WIND DIRECTION     S (160)
  HIGHEST GUST SPEED     6   HIGHEST GUST DIRECTION     S (160)
  AVERAGE WIND SPEED     0.5


SKY COVER
  AVERAGE SKY COVER 0.8


WEATHER CONDITIONS
 THE FOLLOWING WEATHER WAS RECORDED YESTERDAY.
  FOG
  FOG W/VISIBILITY <= 1/4 MILE
  HAZE


RELATIVE HUMIDITY (PERCENT)
 HIGHEST   100          1200 AM
 LOWEST     84           400 AM
 AVERAGE    92

..........................................................


THE MCCALL ID CLIMATE NORMALS FOR TODAY
                         NORMAL    RECORD    YEAR
 MAXIMUM TEMPERATURE (F)   29        48      1973
 MINIMUM TEMPERATURE (F)   11       -26      1947


SUNRISE AND SUNSET
JANUARY 15 2018.......SUNRISE   819 AM MST   SUNSET   530 PM MST
JANUARY 16 2018.......SUNRISE   818 AM MST   SUNSET   531 PM MST


-  INDICATES NEGATIVE NUMBERS.
R  INDICATES RECORD WAS SET OR TIED.
MM INDICATES DATA IS MISSING.
T  INDICATES TRACE AMOUNT.




$$
