000
CDUS45 KBOI 100932
CLIMYL


CLIMATE REPORT
NATIONAL WEATHER SERVICE BOISE ID
232 AM MST WED FEB 10 2016


...................................

...THE MCCALL ID CLIMATE SUMMARY FOR FEBRUARY 9 2016...

CLIMATE NORMAL PERIOD 1981 TO 2010
CLIMATE RECORD PERIOD 1930 TO 2016


WEATHER ITEM   OBSERVED TIME   RECORD YEAR NORMAL DEPARTURE LAST
                VALUE   (LST)  VALUE       VALUE  FROM      YEAR
                                                  NORMAL
..................................................................
TEMPERATURE (F)
 YESTERDAY
  MAXIMUM         39    318 PM  55    1963  32      7       41
  MINIMUM         14    455 AM -33    1933  10      4       34
  AVERAGE         27                        21      6       38

PRECIPITATION (IN)
  YESTERDAY        0.00          0.91 1999   0.06  -0.06     0.62
  MONTH TO DATE    0.27                      0.66  -0.39     2.32
  SINCE OCT 1     13.72                      8.57   5.15    12.86
  SINCE JAN 1      3.15                      2.39   0.76     4.10

DEGREE DAYS
 HEATING
  YESTERDAY       38                        44     -6       27
  MONTH TO DATE  395                       396     -1      271
  SINCE DEC 1   3075                      3232   -157     2685
  SINCE JUL 1   5176                      5870   -694     4700

 COOLING
  YESTERDAY        0                         0      0        0
  MONTH TO DATE    0                         0      0        0
  SINCE DEC 1      0                         0      0        0
  SINCE JAN 1      0                         0      0        0
..................................................................


WIND (MPH)
  HIGHEST WIND SPEED     6   HIGHEST WIND DIRECTION    NE (50)
  HIGHEST GUST SPEED     7   HIGHEST GUST DIRECTION    NE (50)
  AVERAGE WIND SPEED     0.8


SKY COVER
  AVERAGE SKY COVER 0.5


WEATHER CONDITIONS
 THE FOLLOWING WEATHER WAS RECORDED YESTERDAY.
  FOG
  FOG W/VISIBILITY <= 1/4 MILE
  HAZE


RELATIVE HUMIDITY (PERCENT)
 HIGHEST   100          1200 PM
 LOWEST     70           500 PM
 AVERAGE    85

..........................................................


THE MCCALL ID CLIMATE NORMALS FOR TODAY
                         NORMAL    RECORD    YEAR
 MAXIMUM TEMPERATURE (F)   32        54      1963
 MINIMUM TEMPERATURE (F)   10       -20      1982


SUNRISE AND SUNSET
FEBRUARY 10 2016......SUNRISE   753 AM MST   SUNSET   605 PM MST
FEBRUARY 11 2016......SUNRISE   751 AM MST   SUNSET   606 PM MST


-  INDICATES NEGATIVE NUMBERS.
R  INDICATES RECORD WAS SET OR TIED.
MM INDICATES DATA IS MISSING.
T  INDICATES TRACE AMOUNT.




$$
