000
CDUS45 KBOI 100932
CLIMYL


CLIMATE REPORT
NATIONAL WEATHER SERVICE BOISE ID
332 AM MDT THU JUL 10 2014


...................................

...THE MCCALL ID CLIMATE SUMMARY FOR JULY 9 2014...

CLIMATE NORMAL PERIOD 1981 TO 2010
CLIMATE RECORD PERIOD 1930 TO 2014


WEATHER ITEM   OBSERVED TIME   RECORD YEAR NORMAL DEPARTURE LAST
                VALUE   (LST)  VALUE       VALUE  FROM      YEAR
                                                  NORMAL
..................................................................
TEMPERATURE (F)
 YESTERDAY
  MAXIMUM         78   1124 AM  92    2012  77      1       85
                                      1985
  MINIMUM         52    513 AM  31    2000  43      9       45
  AVERAGE         65                        60      5       65

PRECIPITATION (IN)
  YESTERDAY        T             0.45 1974   0.03  -0.03     0.00
  MONTH TO DATE    T                         0.31  -0.31     0.00
  SINCE OCT 1     19.26                     18.13   1.13    24.74
  SINCE JAN 1     15.19                     11.95   3.24    11.25

DEGREE DAYS
 HEATING
  YESTERDAY        0                         6     -6        0
  MONTH TO DATE    2                        61    -59        2
  SINCE JUN 1    316                       428   -112      265
  SINCE JUL 1      2                        61    -59        2

 COOLING
  YESTERDAY        0                         0      0        0
  MONTH TO DATE   38                         0     38       36
  SINCE JUN 1     38                         1     37       58
  SINCE JAN 1     38                         1     37       58
..................................................................


WIND (MPH)
  HIGHEST WIND SPEED    12   HIGHEST WIND DIRECTION     S (160)
  HIGHEST GUST SPEED    15   HIGHEST GUST DIRECTION     E (110)
  AVERAGE WIND SPEED     3.5


SKY COVER
  AVERAGE SKY COVER 0.2


WEATHER CONDITIONS
 THE FOLLOWING WEATHER WAS RECORDED YESTERDAY.
  LIGHT RAIN


RELATIVE HUMIDITY (PERCENT)
 HIGHEST    86          1100 PM
 LOWEST     41          1100 AM
 AVERAGE    64

..........................................................


THE MCCALL ID CLIMATE NORMALS FOR TODAY
                         NORMAL    RECORD    YEAR
 MAXIMUM TEMPERATURE (F)   77        96      1973
 MINIMUM TEMPERATURE (F)   43        33      1972


SUNRISE AND SUNSET
JULY 10 2014..........SUNRISE   608 AM MDT   SUNSET   931 PM MDT
JULY 11 2014..........SUNRISE   609 AM MDT   SUNSET   930 PM MDT


-  INDICATES NEGATIVE NUMBERS.
R  INDICATES RECORD WAS SET OR TIED.
MM INDICATES DATA IS MISSING.
T  INDICATES TRACE AMOUNT.




$$
