000
CDUS45 KBOI 170931
CLIMYL


CLIMATE REPORT
NATIONAL WEATHER SERVICE BOISE ID
231 AM MST TUE JAN 17 2017


...................................

...THE MCCALL ID CLIMATE SUMMARY FOR JANUARY 16 2017...

CLIMATE NORMAL PERIOD 1981 TO 2010
CLIMATE RECORD PERIOD 1930 TO 2017


WEATHER ITEM   OBSERVED TIME   RECORD YEAR NORMAL DEPARTURE LAST
                VALUE   (LST)  VALUE       VALUE  FROM      YEAR
                                                  NORMAL
..................................................................
TEMPERATURE (F)
 YESTERDAY
  MAXIMUM         16    505 PM  45    1973  29    -13       30
  MINIMUM        -10    447 AM -16    1960  11    -21       21
  AVERAGE          3                        20    -17       26

PRECIPITATION (IN)
  YESTERDAY        0.00          1.00 1954   0.06  -0.06     0.40
  MONTH TO DATE    1.49                      0.93   0.56     1.11
  SINCE OCT 1      9.98                      7.11   2.87    11.68
  SINCE JAN 1      1.49                      0.93   0.56     1.11

DEGREE DAYS
 HEATING
  YESTERDAY       62                        45     17       39
  MONTH TO DATE  873                       729    144      725
  SINCE DEC 1   2436                      2165    271     2066
  SINCE JUL 1   4473                      4803   -330     4167

 COOLING
  YESTERDAY        0                         0      0        0
  MONTH TO DATE    0                         0      0        0
  SINCE DEC 1      0                         0      0        0
  SINCE JAN 1      0                         0      0        0
..................................................................


WIND (MPH)
  HIGHEST WIND SPEED     6   HIGHEST WIND DIRECTION    NW (330)
  HIGHEST GUST SPEED     7   HIGHEST GUST DIRECTION    NW (320)
  AVERAGE WIND SPEED     0.7


SKY COVER
  AVERAGE SKY COVER 0.2


WEATHER CONDITIONS
 THE FOLLOWING WEATHER WAS RECORDED YESTERDAY.
  FOG
  FOG W/VISIBILITY <= 1/4 MILE
  HAZE


RELATIVE HUMIDITY (PERCENT)
 HIGHEST    91          1000 AM
 LOWEST     71           100 AM
 AVERAGE    81

..........................................................


THE MCCALL ID CLIMATE NORMALS FOR TODAY
                         NORMAL    RECORD    YEAR
 MAXIMUM TEMPERATURE (F)   29        44      1961
 MINIMUM TEMPERATURE (F)   11       -30      1930


SUNRISE AND SUNSET
JANUARY 17 2017.......SUNRISE   817 AM MST   SUNSET   532 PM MST
JANUARY 18 2017.......SUNRISE   817 AM MST   SUNSET   534 PM MST


-  INDICATES NEGATIVE NUMBERS.
R  INDICATES RECORD WAS SET OR TIED.
MM INDICATES DATA IS MISSING.
T  INDICATES TRACE AMOUNT.




$$
