000
CDUS45 KBOI 310933
CLIMYL


CLIMATE REPORT
NATIONAL WEATHER SERVICE BOISE ID
332 AM MDT THU JUL 31 2014


...................................

...THE MCCALL ID CLIMATE SUMMARY FOR JULY 30 2014...

CLIMATE NORMAL PERIOD 1981 TO 2010
CLIMATE RECORD PERIOD 1930 TO 2014


WEATHER ITEM   OBSERVED TIME   RECORD YEAR NORMAL DEPARTURE LAST
                VALUE   (LST)  VALUE       VALUE  FROM      YEAR
                                                  NORMAL
..................................................................
TEMPERATURE (F)
 YESTERDAY
  MAXIMUM         89    343 PM  94    2000  81      8       83
  MINIMUM         55    653 AM  33    1995  44     11       50
  AVERAGE         72                        62     10       67

PRECIPITATION (IN)
  YESTERDAY        T             0.37 1964   0.02  -0.02      T
  MONTH TO DATE    0.23                      0.70  -0.47      T
  SINCE OCT 1     19.49                     18.52   0.97    24.74
  SINCE JAN 1     15.42                     12.34   3.08    11.25

DEGREE DAYS
 HEATING
  YESTERDAY        0                         4     -4        0
  MONTH TO DATE   18                       148   -130       17
  SINCE JUN 1    332                       515   -183      280
  SINCE JUL 1     18                       148   -130       17

 COOLING
  YESTERDAY        7                         1      6        2
  MONTH TO DATE  129                        15    114       99
  SINCE JUN 1    129                        16    113      121
  SINCE JAN 1    129                        16    113      121
..................................................................


WIND (MPH)
  HIGHEST WIND SPEED    17   HIGHEST WIND DIRECTION     S (180)
  HIGHEST GUST SPEED    22   HIGHEST GUST DIRECTION     S (180)
  AVERAGE WIND SPEED     6.3


SKY COVER
  AVERAGE SKY COVER 0.1


WEATHER CONDITIONS
 THE FOLLOWING WEATHER WAS RECORDED YESTERDAY.
  LIGHT RAIN


RELATIVE HUMIDITY (PERCENT)
 HIGHEST    72           700 AM
 LOWEST     15           400 PM
 AVERAGE    44

..........................................................


THE MCCALL ID CLIMATE NORMALS FOR TODAY
                         NORMAL    RECORD    YEAR
 MAXIMUM TEMPERATURE (F)   81        99      1988
 MINIMUM TEMPERATURE (F)   44        33      1995


SUNRISE AND SUNSET
JULY 31 2014..........SUNRISE   629 AM MDT   SUNSET   912 PM MDT
AUGUST  1 2014........SUNRISE   630 AM MDT   SUNSET   911 PM MDT


-  INDICATES NEGATIVE NUMBERS.
R  INDICATES RECORD WAS SET OR TIED.
MM INDICATES DATA IS MISSING.
T  INDICATES TRACE AMOUNT.




$$
