628
CDUS44 KLIX 252144
CLINEW


CLIMATE REPORT
NATIONAL WEATHER SERVICE NEW ORLEANS
444 PM CDT THU MAY 25 2017


...................................

...THE NEW ORLEANS CLIMATE SUMMARY FOR MAY 25 2017...
VALID TODAY AS OF 0400 PM LOCAL TIME.

CLIMATE NORMAL PERIOD 1981 TO 2010
CLIMATE RECORD PERIOD 1946 TO 2017


WEATHER ITEM   OBSERVED TIME   RECORD YEAR NORMAL DEPARTURE LAST
                VALUE   (LST)  VALUE       VALUE  FROM      YEAR
                                                  NORMAL
..................................................................
TEMPERATURE (F)
 TODAY
  MAXIMUM         82    259 PM  94    2010  87     -5       90
                                      1953
  MINIMUM         57R   450 AM  58    1985  70    -13       76
                                      1967
  AVERAGE         70                        79     -9       83

PRECIPITATION (IN)
  TODAY            0.00          1.74 2015   0.16  -0.16     0.00
  MONTH TO DATE    7.32                      3.55   3.77     4.10
  SINCE MAR 1     15.65                     12.71   2.94    20.35
  SINCE JAN 1     23.29                     23.16   0.13    28.48

SNOWFALL (IN)
  TODAY            0.0
  MONTH TO DATE    0.0
  SINCE MAR 1      0.0
  SINCE JUL 1      0.0
  SNOW DEPTH       0

DEGREE DAYS
 HEATING
  TODAY            0                         0      0        0
  MONTH TO DATE    5                         0      5        0
  SINCE MAR 1     74                       170    -96       41
  SINCE JUL 1    635                      1279   -644      755

 COOLING
  TODAY            5                        14     -9       18
  MONTH TO DATE  208                       275    -67      297
  SINCE MAR 1    555                       495     60      645
  SINCE JAN 1    675                       532    143      681
..................................................................


WIND (MPH)
  HIGHEST WIND SPEED    15   HIGHEST WIND DIRECTION     W (280)
  HIGHEST GUST SPEED    18   HIGHEST GUST DIRECTION     W (290)
  AVERAGE WIND SPEED     5.1


SKY COVER
  POSSIBLE SUNSHINE  MM
  AVERAGE SKY COVER 0.1


WEATHER CONDITIONS
 THE FOLLOWING WEATHER WAS RECORDED TODAY.
  NO SIGNIFICANT WEATHER WAS OBSERVED.


RELATIVE HUMIDITY (PERCENT)
 HIGHEST    97           600 AM
 LOWEST     39          1100 AM
 AVERAGE    68

..........................................................


THE NEW ORLEANS CLIMATE NORMALS FOR TOMORROW
                         NORMAL    RECORD    YEAR
 MAXIMUM TEMPERATURE (F)   87        93      2012
                                             1980
 MINIMUM TEMPERATURE (F)   70        48      1979


SUNRISE AND SUNSET
MAY 25 2017...........SUNRISE   602 AM CDT   SUNSET   754 PM CDT
MAY 26 2017...........SUNRISE   602 AM CDT   SUNSET   754 PM CDT


-  INDICATES NEGATIVE NUMBERS.
R  INDICATES RECORD WAS SET OR TIED.
MM INDICATES DATA IS MISSING.
T  INDICATES TRACE AMOUNT.




$$
