000
CDUS44 KLIX 222226
CLINEW


CLIMATE REPORT
NATIONAL WEATHER SERVICE NEW ORLEANS
425 PM CST SUN JAN 22 2017


...................................

...THE NEW ORLEANS CLIMATE SUMMARY FOR JANUARY 22 2017...
VALID TODAY AS OF 0400 PM LOCAL TIME.

CLIMATE NORMAL PERIOD 1981 TO 2010
CLIMATE RECORD PERIOD 1946 TO 2017


WEATHER ITEM   OBSERVED TIME   RECORD YEAR NORMAL DEPARTURE LAST
                VALUE   (LST)  VALUE       VALUE  FROM      YEAR
                                                  NORMAL
..................................................................
TEMPERATURE (F)
 TODAY
  MAXIMUM         70    313 AM  81    2012  62      8       62
                                      1957
                                      1949
  MINIMUM         57    923 AM  22    1985  45     12       41
                                      1961
  AVERAGE         64                        53     11       52

PRECIPITATION (IN)
  TODAY            0.17          3.25 1965   0.17   0.00      T
  MONTH TO DATE    4.76                      3.62   1.14     3.07
  SINCE DEC 1     12.62                      8.86   3.76     9.53
  SINCE JAN 1      4.76                      3.62   1.14     3.07

SNOWFALL (IN)
  TODAY            0.0
  MONTH TO DATE    0.0
  SINCE DEC 1      0.0
  SINCE JUL 1      0.0
  SNOW DEPTH       0

DEGREE DAYS
 HEATING
  TODAY            1                        12    -11       13
  MONTH TO DATE  120                       264   -144      246
  SINCE DEC 1    339                       581   -242      362
  SINCE JUL 1    410                       745   -335      420

 COOLING
  TODAY            0                         0      0        0
  MONTH TO DATE   52                        12     40        0
  SINCE DEC 1    107                        39     68      111
  SINCE JAN 1     52                        12     40        0
..................................................................


WIND (MPH)
  HIGHEST WIND SPEED    30   HIGHEST WIND DIRECTION    SW (240)
  HIGHEST GUST SPEED    38   HIGHEST GUST DIRECTION     W (260)
  AVERAGE WIND SPEED    14.8


SKY COVER
  POSSIBLE SUNSHINE  MM
  AVERAGE SKY COVER 0.6


WEATHER CONDITIONS
 THE FOLLOWING WEATHER WAS RECORDED TODAY.
  RAIN
  LIGHT RAIN
  FOG


RELATIVE HUMIDITY (PERCENT)
 HIGHEST    97          1200 AM
 LOWEST     35           100 PM
 AVERAGE    66

..........................................................


THE NEW ORLEANS CLIMATE NORMALS FOR TOMORROW
                         NORMAL    RECORD    YEAR
 MAXIMUM TEMPERATURE (F)   62        81      2002
 MINIMUM TEMPERATURE (F)   45        21      1963


SUNRISE AND SUNSET
JANUARY 22 2017.......SUNRISE   656 AM CST   SUNSET   530 PM CST
JANUARY 23 2017.......SUNRISE   655 AM CST   SUNSET   531 PM CST


-  INDICATES NEGATIVE NUMBERS.
R  INDICATES RECORD WAS SET OR TIED.
MM INDICATES DATA IS MISSING.
T  INDICATES TRACE AMOUNT.




$$
