000
CDUS44 KLIX 242219
CLINEW


CLIMATE REPORT
NATIONAL WEATHER SERVICE NEW ORLEANS
NATIONAL WEATHER SERVICE NEW ORL
418 PM CST SAT FEB 24 2018


...................................

...THE NEW ORLEANS CLIMATE SUMMARY FOR FEBRUARY 24 2018...
VALID TODAY AS OF 0400 PM LOCAL TIME.

CLIMATE NORMAL PERIOD 1981 TO 2010
CLIMATE RECORD PERIOD 1946 TO 2018


WEATHER ITEM   OBSERVED TIME   RECORD YEAR NORMAL DEPARTURE LAST
                VALUE   (LST)  VALUE       VALUE  FROM      YEAR
                                                  NORMAL
..................................................................
TEMPERATURE (F)
 TODAY
  MAXIMUM         82    119 PM  83    2011  67     15       78
  MINIMUM         68    346 AM  28    1989  50     18       60
  AVERAGE         75                        59     16       69

PRECIPITATION (IN)
  TODAY            T             3.15 1985   0.18  -0.18     0.00
  MONTH TO DATE    2.32                      4.64  -2.32     2.69
  SINCE DEC 1     12.03                     15.03  -3.00    15.45
  SINCE JAN 1      6.87                      9.79  -2.92     7.59

SNOWFALL (IN)
  TODAY            0.0
  MONTH TO DATE    0.0
  SINCE DEC 1      T
  SINCE JUL 1      T
  SNOW DEPTH       0

DEGREE DAYS
 HEATING
  TODAY            0                         7     -7        0
  MONTH TO DATE   51                       225   -174       66
  SINCE DEC 1    867                       917    -50      481
  SINCE JUL 1    999                      1081    -82      552

 COOLING
  TODAY           10                         1      9        4
  MONTH TO DATE  120                        24     96       51
  SINCE DEC 1    154                        67     87      158
  SINCE JAN 1    124                        40     84      103
..................................................................


WIND (MPH)
  HIGHEST WIND SPEED    22   HIGHEST WIND DIRECTION     S (170)
  HIGHEST GUST SPEED    28   HIGHEST GUST DIRECTION    SE (150)
  AVERAGE WIND SPEED    10.8


SKY COVER
  POSSIBLE SUNSHINE  MM
  AVERAGE SKY COVER 0.5


WEATHER CONDITIONS
 THE FOLLOWING WEATHER WAS RECORDED TODAY.
  NO SIGNIFICANT WEATHER WAS OBSERVED.


RELATIVE HUMIDITY (PERCENT)
 HIGHEST   100          1200 AM
 LOWEST     69          1100 AM
 AVERAGE    85

..........................................................


THE NEW ORLEANS CLIMATE NORMALS FOR TOMORROW
                         NORMAL    RECORD    YEAR
 MAXIMUM TEMPERATURE (F)   68        82      1972
 MINIMUM TEMPERATURE (F)   50        30      1968
                                             1965


SUNRISE AND SUNSET
FEBRUARY 24 2018......SUNRISE   632 AM CST   SUNSET   557 PM CST
FEBRUARY 25 2018......SUNRISE   631 AM CST   SUNSET   557 PM CST


-  INDICATES NEGATIVE NUMBERS.
R  INDICATES RECORD WAS SET OR TIED.
MM INDICATES DATA IS MISSING.
T  INDICATES TRACE AMOUNT.




$$
