000
CDUS44 KLIX 240741
CLINEW


CLIMATE REPORT
NATIONAL WEATHER SERVICE NEW ORLEANS
231 AM CDT SUN MAY 24 2015


...................................

...THE NEW ORLEANS CLIMATE SUMMARY FOR MAY 23 2015...

CLIMATE NORMAL PERIOD 1981 TO 2010
CLIMATE RECORD PERIOD 1946 TO 2015


WEATHER ITEM   OBSERVED TIME   RECORD YEAR NORMAL DEPARTURE LAST
                VALUE   (LST)  VALUE       VALUE  FROM      YEAR
                                                  NORMAL
..................................................................
TEMPERATURE (F)
 YESTERDAY
  MAXIMUM         87    156 PM  93    2005  87      0       87
                                      2000
                                      1996
  MINIMUM         72    417 AM  50    1993  70      2       67
  AVERAGE         80                        78      2       77

PRECIPITATION (IN)
  YESTERDAY        T             2.26 2007   0.15  -0.15     0.00
  MONTH TO DATE    5.43                      3.24   2.19     3.97
  SINCE MAR 1     23.76                     12.40  11.36    11.53
  SINCE JAN 1     31.46                     22.85   8.61    20.56

SNOWFALL (IN)
  YESTERDAY        0.0
  MONTH TO DATE    0.0
  SINCE MAR 1      0.0
  SINCE JUL 1      0.0
  SNOW DEPTH       0

DEGREE DAYS
 HEATING
  YESTERDAY        0                         0      0        0
  MONTH TO DATE    0                         0      0        0
  SINCE MAR 1     70                       170   -100      228
  SINCE JUL 1   1274                      1279     -5     1581

 COOLING
  YESTERDAY       15                        13      2       12
  MONTH TO DATE  306                       248     58      216
  SINCE MAR 1    698                       468    230      395
  SINCE JAN 1    716                       505    211      419
..................................................................


WIND (MPH)
  HIGHEST WIND SPEED    18   HIGHEST WIND DIRECTION    SE (150)
  HIGHEST GUST SPEED    24   HIGHEST GUST DIRECTION    SE (140)
  AVERAGE WIND SPEED     8.4


SKY COVER
  POSSIBLE SUNSHINE  MM
  AVERAGE SKY COVER 0.5


WEATHER CONDITIONS
 THE FOLLOWING WEATHER WAS RECORDED YESTERDAY.
  LIGHT RAIN


RELATIVE HUMIDITY (PERCENT)
 HIGHEST    84           300 AM
 LOWEST     55          1000 AM
 AVERAGE    70

..........................................................


THE NEW ORLEANS CLIMATE NORMALS FOR TODAY
                         NORMAL    RECORD    YEAR
 MAXIMUM TEMPERATURE (F)   87        94      2005
 MINIMUM TEMPERATURE (F)   70        56      1967


SUNRISE AND SUNSET
MAY 24 2015...........SUNRISE   603 AM CDT   SUNSET   753 PM CDT
MAY 25 2015...........SUNRISE   603 AM CDT   SUNSET   753 PM CDT


-  INDICATES NEGATIVE NUMBERS.
R  INDICATES RECORD WAS SET OR TIED.
MM INDICATES DATA IS MISSING.
T  INDICATES TRACE AMOUNT.




$$
