000
CDUS44 KLIX 060801
CLINEW


CLIMATE REPORT
NATIONAL WEATHER SERVICE NEW ORLEANS
200 AM CST TUE DEC 6 2016


...................................

...THE NEW ORLEANS CLIMATE SUMMARY FOR DECEMBER 5 2016...

CLIMATE NORMAL PERIOD 1981 TO 2010
CLIMATE RECORD PERIOD 1946 TO 2016


WEATHER ITEM   OBSERVED TIME   RECORD YEAR NORMAL DEPARTURE LAST
                VALUE   (LST)  VALUE       VALUE  FROM      YEAR
                                                  NORMAL
..................................................................
TEMPERATURE (F)
 YESTERDAY
  MAXIMUM         65   1159 PM  84    1995  67     -2       66
  MINIMUM         58   1123 AM  28    1974  49      9       48
  AVERAGE         62                        58      4       57

PRECIPITATION (IN)
  YESTERDAY        2.31R         1.94 1950   0.16   2.15     0.00
  MONTH TO DATE    3.29                      0.83   2.46     0.12
  SINCE DEC 1      3.29                      0.83   2.46     0.12
  SINCE JAN 1     66.17                     58.04   8.13    65.00

SNOWFALL (IN)
  YESTERDAY        0.0
  MONTH TO DATE    0.0
  SINCE DEC 1      0.0
  SINCE JUL 1      0.0
  SNOW DEPTH       0

DEGREE DAYS
 HEATING
  YESTERDAY        3                         9     -6        8
  MONTH TO DATE   28                        41    -13       36
  SINCE DEC 1     28                        41    -13       36
  SINCE JUL 1     99                       205   -106       94

 COOLING
  YESTERDAY        0                         1     -1        0
  MONTH TO DATE    0                         5     -5        7
  SINCE DEC 1      0                         5     -5        7
  SINCE JAN 1   3835                      2983    852     3499
..................................................................


WIND (MPH)
  HIGHEST WIND SPEED    23   HIGHEST WIND DIRECTION     W (280)
  HIGHEST GUST SPEED    27   HIGHEST GUST DIRECTION     W (270)
  AVERAGE WIND SPEED     8.5


SKY COVER
  POSSIBLE SUNSHINE  MM
  AVERAGE SKY COVER 1.0


WEATHER CONDITIONS
 THE FOLLOWING WEATHER WAS RECORDED YESTERDAY.
  THUNDERSTORM
  HEAVY RAIN
  RAIN
  LIGHT RAIN
  FOG
  FOG W/VISIBILITY <= 1/4 MILE


RELATIVE HUMIDITY (PERCENT)
 HIGHEST   100          1200 AM
 LOWEST    100          1200 AM
 AVERAGE   100

..........................................................


THE NEW ORLEANS CLIMATE NORMALS FOR TODAY
                         NORMAL    RECORD    YEAR
 MAXIMUM TEMPERATURE (F)   66        82      2013
 MINIMUM TEMPERATURE (F)   49        32      1990
                                             1962
                                             1950


SUNRISE AND SUNSET
DECEMBER  6 2016......SUNRISE   643 AM CST   SUNSET   501 PM CST
DECEMBER  7 2016......SUNRISE   644 AM CST   SUNSET   501 PM CST


-  INDICATES NEGATIVE NUMBERS.
R  INDICATES RECORD WAS SET OR TIED.
MM INDICATES DATA IS MISSING.
T  INDICATES TRACE AMOUNT.




$$
