000
CDUS44 KLIX 010701
CLINEW


CLIMATE REPORT
NATIONAL WEATHER SERVICE NEW ORLEANS
200 AM CDT TUE SEP 1 2015


...................................

...THE NEW ORLEANS CLIMATE SUMMARY FOR AUGUST 31 2015...

CLIMATE NORMAL PERIOD 1981 TO 2010
CLIMATE RECORD PERIOD 1946 TO 2015


WEATHER ITEM   OBSERVED TIME   RECORD YEAR NORMAL DEPARTURE LAST
                VALUE   (LST)  VALUE       VALUE  FROM      YEAR
                                                  NORMAL
..................................................................
TEMPERATURE (F)
 YESTERDAY
  MAXIMUM         93    412 PM  98    1947  90      3       92
  MINIMUM         75    442 AM  62    1968  75      0       74
  AVERAGE         84                        83      1       83

PRECIPITATION (IN)
  YESTERDAY        0.00          2.07 1951   0.20  -0.20      T
  MONTH TO DATE    3.28                      5.98  -2.70     5.50
  SINCE JUN 1     11.20                     19.97  -8.77    18.02
  SINCE JAN 1     46.37                     44.21   2.16    42.96

SNOWFALL (IN)
  YESTERDAY        0.0
  MONTH TO DATE    0.0
  SINCE JUN 1      0.0
  SINCE JUL 1      0.0
  SNOW DEPTH       0

DEGREE DAYS
 HEATING
  YESTERDAY        0                         0      0        0
  MONTH TO DATE    0                         0      0        0
  SINCE JUN 1      0                         0      0        0
  SINCE JUL 1      0                         0      0        0

 COOLING
  YESTERDAY       19                        18      1       18
  MONTH TO DATE  625                       566     59      607
  SINCE JUN 1   1800                      1627    173     1661
  SINCE JAN 1   2629                      2246    383     2184
..................................................................


WIND (MPH)
  HIGHEST WIND SPEED    13   HIGHEST WIND DIRECTION     S (190)
  HIGHEST GUST SPEED    20   HIGHEST GUST DIRECTION    SE (150)
  AVERAGE WIND SPEED     4.3


SKY COVER
  POSSIBLE SUNSHINE  MM
  AVERAGE SKY COVER 0.5


WEATHER CONDITIONS
 THE FOLLOWING WEATHER WAS RECORDED YESTERDAY.
  NO SIGNIFICANT WEATHER WAS OBSERVED.


RELATIVE HUMIDITY (PERCENT)
 HIGHEST    82           100 AM
 LOWEST     36           300 PM
 AVERAGE    59

..........................................................


THE NEW ORLEANS CLIMATE NORMALS FOR TODAY
                         NORMAL    RECORD    YEAR
 MAXIMUM TEMPERATURE (F)   90        97      2000
 MINIMUM TEMPERATURE (F)   75        62      1968


SUNRISE AND SUNSET
SEPTEMBER  1 2015.....SUNRISE   638 AM CDT   SUNSET   724 PM CDT
SEPTEMBER  2 2015.....SUNRISE   638 AM CDT   SUNSET   722 PM CDT


-  INDICATES NEGATIVE NUMBERS.
R  INDICATES RECORD WAS SET OR TIED.
MM INDICATES DATA IS MISSING.
T  INDICATES TRACE AMOUNT.




$$
