000
CDUS44 KLIX 270826
CLINEW


CLIMATE REPORT
NATIONAL WEATHER SERVICE NEW ORLEANS
216 AM CST TUE JAN 27 2015


...................................

...THE NEW ORLEANS CLIMATE SUMMARY FOR JANUARY 26 2015...

CLIMATE NORMAL PERIOD 1981 TO 2010
CLIMATE RECORD PERIOD 1946 TO 2015


WEATHER ITEM   OBSERVED TIME   RECORD YEAR NORMAL DEPARTURE LAST
                VALUE   (LST)  VALUE       VALUE  FROM      YEAR
                                                  NORMAL
..................................................................
TEMPERATURE (F)
 YESTERDAY
  MAXIMUM         62    352 PM  81    1962  62      0       63
  MINIMUM         47    949 PM  29    1988  45      2       39
  AVERAGE         55                        54      1       51

PRECIPITATION (IN)
  YESTERDAY        0.00          1.48 1996   0.16  -0.16     0.00
  MONTH TO DATE    5.67                      4.29   1.38     2.09
  SINCE DEC 1      9.63                      9.53   0.10     5.29
  SINCE JAN 1      5.67                      4.29   1.38     2.09

SNOWFALL (IN)
  YESTERDAY        0.0
  MONTH TO DATE    0.0
  SINCE DEC 1      0.0
  SINCE JUL 1      0.0
  SNOW DEPTH       0

DEGREE DAYS
 HEATING
  YESTERDAY       10                        12     -2       14
  MONTH TO DATE  364                       312     52      438
  SINCE DEC 1    577                       629    -52      777
  SINCE JUL 1    807                       793     14      977

 COOLING
  YESTERDAY        0                         0      0        0
  MONTH TO DATE    8                        12     -4        0
  SINCE DEC 1     39                        39      0       42
  SINCE JAN 1      8                        12     -4        0
..................................................................


WIND (MPH)
  HIGHEST WIND SPEED    21   HIGHEST WIND DIRECTION    NW (330)
  HIGHEST GUST SPEED    26   HIGHEST GUST DIRECTION    NW (330)
  AVERAGE WIND SPEED    10.4


SKY COVER
  POSSIBLE SUNSHINE  MM
  AVERAGE SKY COVER 0.1


WEATHER CONDITIONS
 THE FOLLOWING WEATHER WAS RECORDED YESTERDAY.
  NO SIGNIFICANT WEATHER WAS OBSERVED.


RELATIVE HUMIDITY (PERCENT)
 HIGHEST    68          1200 AM
 LOWEST     36           300 PM
 AVERAGE    52

..........................................................


THE NEW ORLEANS CLIMATE NORMALS FOR TODAY
                         NORMAL    RECORD    YEAR
 MAXIMUM TEMPERATURE (F)   63        81      1952
 MINIMUM TEMPERATURE (F)   45        26      1987
                                             1966


SUNRISE AND SUNSET
JANUARY 27 2015.......SUNRISE   654 AM CST   SUNSET   534 PM CST
JANUARY 28 2015.......SUNRISE   653 AM CST   SUNSET   535 PM CST


-  INDICATES NEGATIVE NUMBERS.
R  INDICATES RECORD WAS SET OR TIED.
MM INDICATES DATA IS MISSING.
T  INDICATES TRACE AMOUNT.




$$
