000
CDUS44 KLIX 072218
CLINEW


CLIMATE REPORT
NATIONAL WEATHER SERVICE NEW ORLEANS
418 PM CST SUN FEB 7 2016


...................................

...THE NEW ORLEANS CLIMATE SUMMARY FOR FEBRUARY 7 2016...
VALID TODAY AS OF 0400 PM LOCAL TIME.

CLIMATE NORMAL PERIOD 1981 TO 2010
CLIMATE RECORD PERIOD 1946 TO 2016


WEATHER ITEM   OBSERVED TIME   RECORD YEAR NORMAL DEPARTURE LAST
                VALUE   (LST)  VALUE       VALUE  FROM      YEAR
                                                  NORMAL
..................................................................
TEMPERATURE (F)
 TODAY
  MAXIMUM         60    315 PM  80    1999  64     -4       69
                                      1957
  MINIMUM         37    635 AM  25    1988  47    -10       37
  AVERAGE         49                        55     -6       53

PRECIPITATION (IN)
  TODAY            0.00          1.09 2013   0.20  -0.20     0.00
  MONTH TO DATE    1.05                      1.36  -0.31     1.06
  SINCE DEC 1     11.92                     11.75   0.17    10.69
  SINCE JAN 1      5.46                      6.51  -1.05     6.73

SNOWFALL (IN)
  TODAY            0.0
  MONTH TO DATE    0.0
  SINCE DEC 1      0.0
  SINCE JUL 1      0.0
  SNOW DEPTH       0

DEGREE DAYS
 HEATING
  TODAY           16                        10      6       12
  MONTH TO DATE   66                        76    -10       93
  SINCE DEC 1    522                       768   -246      709
  SINCE JUL 1    580                       932   -352      939

 COOLING
  TODAY            0                         1     -1        0
  MONTH TO DATE   16                         7      9        2
  SINCE DEC 1    131                        50     81       41
  SINCE JAN 1     20                        23     -3       10
..................................................................


WIND (MPH)
  HIGHEST WIND SPEED    10   HIGHEST WIND DIRECTION     N (20)
  HIGHEST GUST SPEED    14   HIGHEST GUST DIRECTION     N (20)
  AVERAGE WIND SPEED     3.2


SKY COVER
  POSSIBLE SUNSHINE
  AVERAGE SKY COVER 0.1


WEATHER CONDITIONS
 THE FOLLOWING WEATHER WAS RECORDED TODAY.
  NO SIGNIFICANT WEATHER WAS OBSERVED.


RELATIVE HUMIDITY (PERCENT)
 HIGHEST    79           500 AM
 LOWEST     20           200 PM
 AVERAGE    50

..........................................................


THE NEW ORLEANS CLIMATE NORMALS FOR TOMORROW
                         NORMAL    RECORD    YEAR
 MAXIMUM TEMPERATURE (F)   64        81      1999
 MINIMUM TEMPERATURE (F)   47        30      1975
                                             1964
                                             1947


SUNRISE AND SUNSET
FEBRUARY  7 2016......SUNRISE   648 AM CST   SUNSET   543 PM CST
FEBRUARY  8 2016......SUNRISE   647 AM CST   SUNSET   544 PM CST


-  INDICATES NEGATIVE NUMBERS.
R  INDICATES RECORD WAS SET OR TIED.
MM INDICATES DATA IS MISSING.
T  INDICATES TRACE AMOUNT.




$$
