000
CDUS44 KLIX 240720
CLINEW


CLIMATE REPORT
NATIONAL WEATHER SERVICE NEW ORLEANS
220 AM CDT SUN JUL 24 2016


...................................

...THE NEW ORLEANS CLIMATE SUMMARY FOR JULY 23 2016...

CLIMATE NORMAL PERIOD 1981 TO 2010
CLIMATE RECORD PERIOD 1946 TO 2016


WEATHER ITEM   OBSERVED TIME   RECORD YEAR NORMAL DEPARTURE LAST
                VALUE   (LST)  VALUE       VALUE  FROM      YEAR
                                                  NORMAL
..................................................................
TEMPERATURE (F)
 YESTERDAY
  MAXIMUM         96   1217 PM 101    1981  91      5       95
  MINIMUM         80    544 AM  67    1947  75      5       78
  AVERAGE         88                        83      5       87

PRECIPITATION (IN)
  YESTERDAY        T             2.73 1985   0.16  -0.16     0.00
  MONTH TO DATE    3.52                      4.51  -0.99     3.82
  SINCE JUN 1     13.30                     12.57   0.73     7.57
  SINCE JAN 1     42.63                     36.81   5.82    42.74

SNOWFALL (IN)
  YESTERDAY        0.0
  MONTH TO DATE    0.0
  SINCE JUN 1      0.0
  SINCE JUL 1      0.0
  SNOW DEPTH       0

DEGREE DAYS
 HEATING
  YESTERDAY        0                         0      0        0
  MONTH TO DATE    0                         0      0        0
  SINCE JUN 1      0                         0      0        0
  SINCE JUL 1      0                         0      0        0

 COOLING
  YESTERDAY       23                        18      5       22
  MONTH TO DATE  512                       414     98      469
  SINCE JUN 1   1096                       909    187      999
  SINCE JAN 1   1876                      1528    348     1828
..................................................................


WIND (MPH)
  HIGHEST WIND SPEED    16   HIGHEST WIND DIRECTION     S (200)
  HIGHEST GUST SPEED    20   HIGHEST GUST DIRECTION    SW (210)
  AVERAGE WIND SPEED     3.6


SKY COVER
  POSSIBLE SUNSHINE  MM
  AVERAGE SKY COVER 0.6


WEATHER CONDITIONS
 THE FOLLOWING WEATHER WAS RECORDED YESTERDAY.
  LIGHT RAIN


RELATIVE HUMIDITY (PERCENT)
 HIGHEST    85           100 AM
 LOWEST     56          1200 PM
 AVERAGE    71

..........................................................


THE NEW ORLEANS CLIMATE NORMALS FOR TODAY
                         NORMAL    RECORD    YEAR
 MAXIMUM TEMPERATURE (F)   91        98      1981
 MINIMUM TEMPERATURE (F)   75        67      1947


SUNRISE AND SUNSET
JULY 24 2016..........SUNRISE   616 AM CDT   SUNSET   759 PM CDT
JULY 25 2016..........SUNRISE   616 AM CDT   SUNSET   758 PM CDT


-  INDICATES NEGATIVE NUMBERS.
R  INDICATES RECORD WAS SET OR TIED.
MM INDICATES DATA IS MISSING.
T  INDICATES TRACE AMOUNT.




$$
