000
CDUS44 KLIX 260801
CLINEW


CLIMATE REPORT
NATIONAL WEATHER SERVICE NEW ORLEANS
200 AM CST FRI DEC 26 2014


...................................

...THE NEW ORLEANS CLIMATE SUMMARY FOR DECEMBER 25 2014...

CLIMATE NORMAL PERIOD 1981 TO 2010
CLIMATE RECORD PERIOD 1946 TO 2014


WEATHER ITEM   OBSERVED TIME   RECORD YEAR NORMAL DEPARTURE LAST
                VALUE   (LST)  VALUE       VALUE  FROM      YEAR
                                                  NORMAL
..................................................................
TEMPERATURE (F)
 YESTERDAY
  MAXIMUM         58    209 PM  79    2008  63     -5       48
                                      1987
                                      1964
  MINIMUM         38    610 AM  14    1983  46     -8       38
  AVERAGE         48                        54     -6       43

PRECIPITATION (IN)
  YESTERDAY        0.00          4.01 1973   0.18  -0.18     0.00
  MONTH TO DATE    3.24                      4.19  -0.95     1.92
  SINCE DEC 1      3.24                      4.19  -0.95     1.92
  SINCE JAN 1     54.02                     61.40  -7.38    65.09

SNOWFALL (IN)
  YESTERDAY        0.0
  MONTH TO DATE    0.0
  SINCE DEC 1      0.0
  SINCE JUL 1      0.0
  SNOW DEPTH       0

DEGREE DAYS
 HEATING
  YESTERDAY       17                        12      5       22
  MONTH TO DATE  166                       246    -80      251
  SINCE DEC 1    166                       246    -80      251
  SINCE JUL 1    396                       410    -14      451

 COOLING
  YESTERDAY        0                         1     -1        0
  MONTH TO DATE   29                        25      4       42
  SINCE DEC 1     29                        25      4       42
  SINCE JAN 1   2995                      3003     -8     3001
..................................................................


WIND (MPH)
  HIGHEST WIND SPEED    10   HIGHEST WIND DIRECTION     W (280)
  HIGHEST GUST SPEED    23   HIGHEST GUST DIRECTION    NE (30)
  AVERAGE WIND SPEED     4.5


SKY COVER
  POSSIBLE SUNSHINE  MM
  AVERAGE SKY COVER 0.4


WEATHER CONDITIONS
 THE FOLLOWING WEATHER WAS RECORDED YESTERDAY.
  NO SIGNIFICANT WEATHER WAS OBSERVED.


RELATIVE HUMIDITY (PERCENT)
 HIGHEST    89           800 AM
 LOWEST     43           100 PM
 AVERAGE    66

..........................................................


THE NEW ORLEANS CLIMATE NORMALS FOR TODAY
                         NORMAL    RECORD    YEAR
 MAXIMUM TEMPERATURE (F)   63        80      2008
                                             1987
 MINIMUM TEMPERATURE (F)   45        18      1983


SUNRISE AND SUNSET
DECEMBER 26 2014......SUNRISE   655 AM CST   SUNSET   508 PM CST
DECEMBER 27 2014......SUNRISE   655 AM CST   SUNSET   509 PM CST


-  INDICATES NEGATIVE NUMBERS.
R  INDICATES RECORD WAS SET OR TIED.
MM INDICATES DATA IS MISSING.
T  INDICATES TRACE AMOUNT.




$$
