000
CDUS44 KLIX 262130
CLINEW


CLIMATE REPORT
NATIONAL WEATHER SERVICE NEW ORLEANS
429 PM CDT WED JUL 26 2017


...................................

...THE NEW ORLEANS CLIMATE SUMMARY FOR JULY 26 2017...
VALID TODAY AS OF 0400 PM LOCAL TIME.

CLIMATE NORMAL PERIOD 1981 TO 2010
CLIMATE RECORD PERIOD 1946 TO 2017


WEATHER ITEM   OBSERVED TIME   RECORD YEAR NORMAL DEPARTURE LAST
                VALUE   (LST)  VALUE       VALUE  FROM      YEAR
                                                  NORMAL
..................................................................
TEMPERATURE (F)
 TODAY
  MAXIMUM         93   1255 PM  96    1981  92      1       86
  MINIMUM         78    344 AM  68    1991  75      3       79
                                      1984
  AVERAGE         86                        83      3       83

PRECIPITATION (IN)
  TODAY            0.00          2.82 1991   0.17  -0.17     0.22
  MONTH TO DATE    6.50                      5.02   1.48     3.86
  SINCE JUN 1     21.98                     13.08   8.90    13.64
  SINCE JAN 1     47.88                     37.32  10.56    42.97

SNOWFALL (IN)
  TODAY            0.0
  MONTH TO DATE    0.0
  SINCE JUN 1      0.0
  SINCE JUL 1      0.0
  SNOW DEPTH       0

DEGREE DAYS
 HEATING
  TODAY            0                         0      0        0
  MONTH TO DATE    0                         0      0        0
  SINCE JUN 1      0                         0      0        0
  SINCE JUL 1      0                         0      0        0

 COOLING
  TODAY           21                        18      3       18
  MONTH TO DATE  477                       468      9      574
  SINCE JUN 1    938                       963    -25     1158
  SINCE JAN 1   1693                      1582    111     1938
..................................................................


WIND (MPH)
  HIGHEST WIND SPEED    10   HIGHEST WIND DIRECTION    NW (310)
  HIGHEST GUST SPEED    13   HIGHEST GUST DIRECTION    NW (330)
  AVERAGE WIND SPEED     5.1


SKY COVER
  POSSIBLE SUNSHINE  MM
  AVERAGE SKY COVER 0.6


WEATHER CONDITIONS
 THE FOLLOWING WEATHER WAS RECORDED TODAY.
  FOG


RELATIVE HUMIDITY (PERCENT)
 HIGHEST    97           600 AM
 LOWEST     41           100 PM
 AVERAGE    69

..........................................................


THE NEW ORLEANS CLIMATE NORMALS FOR TOMORROW
                         NORMAL    RECORD    YEAR
 MAXIMUM TEMPERATURE (F)   92        99      1995
 MINIMUM TEMPERATURE (F)   75        68      1967


SUNRISE AND SUNSET
JULY 26 2017..........SUNRISE   617 AM CDT   SUNSET   758 PM CDT
JULY 27 2017..........SUNRISE   617 AM CDT   SUNSET   757 PM CDT


-  INDICATES NEGATIVE NUMBERS.
R  INDICATES RECORD WAS SET OR TIED.
MM INDICATES DATA IS MISSING.
T  INDICATES TRACE AMOUNT.




$$
