000
CDUS46 KMTR 310826
CLINUQ


CLIMATE REPORT
NATIONAL WEATHER SERVICE SAN FRANCISCO BAY AREA
125 AM PDT THU JUL 31 2014


...................................

...THE MOFFETT FIELD CLIMATE SUMMARY FOR JULY 30 2014...

CLIMATE NORMAL PERIOD 1981 TO 2010
CLIMATE RECORD PERIOD 1945 TO 2014


WEATHER ITEM   OBSERVED TIME   RECORD YEAR NORMAL DEPARTURE LAST
                VALUE   (LST)  VALUE       VALUE  FROM      YEAR
                                                  NORMAL
..................................................................
TEMPERATURE (F)
 YESTERDAY
  MAXIMUM         80    200 PM  97    1977  77      3       74
  MINIMUM         63   1159 PM  50    1975  60      3       56
  AVERAGE         72                        68      4       65

PRECIPITATION (IN)
  YESTERDAY        0.00          0.31 1966   0.00   0.00     0.00
  MONTH TO DATE    T                         0.02  -0.02      T
  SINCE JUL 1      T                         0.02  -0.02      T
  SINCE JAN 1      5.19                      9.65  -4.46     1.82

DEGREE DAYS
 HEATING
  YESTERDAY        0                                         0
  MONTH TO DATE    0                                         1
  SINCE JUN 1      7                                        14
  SINCE JUL 1      0                                         1

 COOLING
  YESTERDAY        7                                         0
  MONTH TO DATE  147                                        93
  SINCE JUN 1    224                                       190
  SINCE JAN 1    311                                       264
..................................................................


WIND (MPH)
  RESULTANT WIND SPEED   5   RESULTANT WIND DIRECTION  NW (330)
  HIGHEST WIND SPEED    17   HIGHEST WIND DIRECTION     N (340)
  HIGHEST GUST SPEED    21   HIGHEST GUST DIRECTION     N (350)
  AVERAGE WIND SPEED     6.4


SKY COVER
  POSSIBLE SUNSHINE  MM
  AVERAGE SKY COVER 0.4


WEATHER CONDITIONS
 THE FOLLOWING WEATHER WAS RECORDED YESTERDAY.
  NO SIGNIFICANT WEATHER WAS OBSERVED.


RELATIVE HUMIDITY (PERCENT)
 HIGHEST    90           400 AM
 LOWEST     54           200 PM
 AVERAGE    72

..........................................................


THE MOFFETT FIELD CLIMATE NORMALS FOR TODAY
                         NORMAL    RECORD    YEAR
 MAXIMUM TEMPERATURE (F)   77       103      1993
 MINIMUM TEMPERATURE (F)   60        51      1957


SUNRISE AND SUNSET
JULY 31 2014..........SUNRISE   612 AM PDT   SUNSET   817 PM PDT
AUGUST  1 2014........SUNRISE   613 AM PDT   SUNSET   816 PM PDT


-  INDICATES NEGATIVE NUMBERS.
R  INDICATES RECORD WAS SET OR TIED.
MM INDICATES DATA IS MISSING.
T  INDICATES TRACE AMOUNT.




$$
