000
CDUS46 KMTR 290831
CLINUQ


CLIMATE REPORT
NATIONAL WEATHER SERVICE SAN FRANCISCO BAY AREA
131 AM PDT FRI JUL 29 2016


...................................

...THE MOFFETT FIELD CLIMATE SUMMARY FOR JULY 28 2016...

CLIMATE NORMAL PERIOD 1981 TO 2010
CLIMATE RECORD PERIOD 1945 TO 2016


WEATHER ITEM   OBSERVED TIME   RECORD YEAR NORMAL DEPARTURE LAST
                VALUE   (LST)  VALUE       VALUE  FROM      YEAR
                                                  NORMAL
..................................................................
TEMPERATURE (F)
 YESTERDAY
  MAXIMUM         80    253 PM  93    1954  77      3       92
  MINIMUM         60    443 AM  50    1955  60      0       60
  AVERAGE         70                        68      2       76

PRECIPITATION (IN)
  YESTERDAY        0.00          0.00 2009   0.00   0.00     0.00
  MONTH TO DATE    0.00                      0.02  -0.02      T
  SINCE OCT 1     13.15                     14.49  -1.34    14.23
  SINCE JAN 1      8.75                      9.65  -0.90     4.24

DEGREE DAYS
 HEATING
  YESTERDAY        0                                         0
  MONTH TO DATE    5                                         0
  SINCE JUN 1     13                                        16
  SINCE JUL 1      5                                         0

 COOLING
  YESTERDAY        5                                        11
  MONTH TO DATE   76                                       130
  SINCE JUN 1    180                                       208
  SINCE JAN 1    240                                       226
..................................................................


WIND (MPH)
  RESULTANT WIND SPEED   5   RESULTANT WIND DIRECTION   N (340)
  HIGHEST WIND SPEED    14   HIGHEST WIND DIRECTION    NW (320)
  HIGHEST GUST SPEED    17   HIGHEST GUST DIRECTION    NW (330)
  AVERAGE WIND SPEED     6.1


SKY COVER
  POSSIBLE SUNSHINE  MM
  AVERAGE SKY COVER 0.3


WEATHER CONDITIONS
 THE FOLLOWING WEATHER WAS RECORDED YESTERDAY.
  NO SIGNIFICANT WEATHER WAS OBSERVED.


RELATIVE HUMIDITY (PERCENT)
 HIGHEST    84          1200 AM
 LOWEST     45           200 PM
 AVERAGE    65

..........................................................


THE MOFFETT FIELD CLIMATE NORMALS FOR TODAY
                         NORMAL    RECORD    YEAR
 MAXIMUM TEMPERATURE (F)   77        93      1977
 MINIMUM TEMPERATURE (F)   60        49      1950


SUNRISE AND SUNSET
JULY 29 2016..........SUNRISE   611 AM PDT   SUNSET   818 PM PDT
JULY 30 2016..........SUNRISE   611 AM PDT   SUNSET   817 PM PDT


-  INDICATES NEGATIVE NUMBERS.
R  INDICATES RECORD WAS SET OR TIED.
MM INDICATES DATA IS MISSING.
T  INDICATES TRACE AMOUNT.




$$
