000
CDUS46 KMTR 260027
CLINUQ


CLIMATE REPORT
NATIONAL WEATHER SERVICE SAN FRANCISCO BAY AREA
527 PM PDT SUN JUN 25 2017


...................................

...THE MOFFETT FIELD CLIMATE SUMMARY FOR JUNE 25 2017...
VALID TODAY AS OF 0500 PM LOCAL TIME.

CLIMATE NORMAL PERIOD 1981 TO 2010
CLIMATE RECORD PERIOD 1945 TO 2017


WEATHER ITEM   OBSERVED TIME   RECORD YEAR NORMAL DEPARTURE LAST
                VALUE   (LST)  VALUE       VALUE  FROM      YEAR
                                                  NORMAL
..................................................................
TEMPERATURE (F)
 TODAY
  MAXIMUM         70    330 PM 104    1993  77     -7       86
  MINIMUM         61    636 AM  45    1975  58      3       59
  AVERAGE         66                        68     -2       73

PRECIPITATION (IN)
  TODAY            0.00          0.12 2001   0.00   0.00     0.00
  MONTH TO DATE    0.02                      0.09  -0.07      T
  SINCE OCT 1     18.15                     14.46   3.69    13.15
  SINCE JAN 1     13.58                      9.62   3.96     8.75

DEGREE DAYS
 HEATING
  TODAY            0                                         0
  MONTH TO DATE   24                                         6
  SINCE JUN 1     24                                         6
  SINCE JUL 1   2033                                      1786

 COOLING
  TODAY            1                                         8
  MONTH TO DATE   88                                        87
  SINCE JUN 1     88                                        87
  SINCE JAN 1    141                                       147
..................................................................


WIND (MPH)
  RESULTANT WIND SPEED   8   RESULTANT WIND DIRECTION   N (350)
  HIGHEST WIND SPEED    18   HIGHEST WIND DIRECTION     N (350)
  HIGHEST GUST SPEED    21   HIGHEST GUST DIRECTION     N (350)
  AVERAGE WIND SPEED     8.2


SKY COVER
  POSSIBLE SUNSHINE  MM
  AVERAGE SKY COVER 0.7


WEATHER CONDITIONS
 THE FOLLOWING WEATHER WAS RECORDED TODAY.
  NO SIGNIFICANT WEATHER WAS OBSERVED.


RELATIVE HUMIDITY (PERCENT)
 HIGHEST    90          1200 AM
 LOWEST     66           200 PM
 AVERAGE    78

..........................................................


THE MOFFETT FIELD CLIMATE NORMALS FOR TOMORROW
                         NORMAL    RECORD    YEAR
 MAXIMUM TEMPERATURE (F)   77       100      2003
 MINIMUM TEMPERATURE (F)   58        49      1975


SUNRISE AND SUNSET
JUNE 25 2017..........SUNRISE   549 AM PDT   SUNSET   833 PM PDT
JUNE 26 2017..........SUNRISE   549 AM PDT   SUNSET   833 PM PDT


-  INDICATES NEGATIVE NUMBERS.
R  INDICATES RECORD WAS SET OR TIED.
MM INDICATES DATA IS MISSING.
T  INDICATES TRACE AMOUNT.




$$
