000
CDUS46 KMTR 310031
CLINUQ


CLIMATE REPORT
NATIONAL WEATHER SERVICE SAN FRANCISCO BAY AREA
529 PM PDT TUE AUG 30 2016


...................................

...THE MOFFETT FIELD CLIMATE SUMMARY FOR AUGUST 30 2016...
VALID TODAY AS OF 0500 PM LOCAL TIME.

CLIMATE NORMAL PERIOD 1981 TO 2010
CLIMATE RECORD PERIOD 1945 TO 2016


WEATHER ITEM   OBSERVED TIME   RECORD YEAR NORMAL DEPARTURE LAST
                VALUE   (LST)  VALUE       VALUE  FROM      YEAR
                                                  NORMAL
..................................................................
TEMPERATURE (F)
 TODAY
  MAXIMUM         76    312 PM  90    2007  78     -2       79
  MINIMUM         58    519 AM  47    1955  59     -1       61
  AVERAGE         67                        68     -1       70

PRECIPITATION (IN)
  TODAY            0.00          0.03 1966   0.00   0.00     0.00
  MONTH TO DATE    0.00                      0.01  -0.01     0.01
  SINCE OCT 1     13.15                     14.50  -1.35    14.24
  SINCE JAN 1      8.75                      9.66  -0.91     4.25

DEGREE DAYS
 HEATING
  TODAY            0                                         0
  MONTH TO DATE    2                                         0
  SINCE JUN 1     15                                        16
  SINCE JUL 1      7                                         0

 COOLING
  TODAY            2                                         5
  MONTH TO DATE   81                                       172
  SINCE JUN 1    273                                       401
  SINCE JAN 1    333                                       419
..................................................................


WIND (MPH)
  RESULTANT WIND SPEED   4   RESULTANT WIND DIRECTION   N (350)
  HIGHEST WIND SPEED    16   HIGHEST WIND DIRECTION     N (340)
  HIGHEST GUST SPEED    22   HIGHEST GUST DIRECTION     N (350)
  AVERAGE WIND SPEED     5.6


SKY COVER
  POSSIBLE SUNSHINE  MM
  AVERAGE SKY COVER 0.0


WEATHER CONDITIONS
 THE FOLLOWING WEATHER WAS RECORDED TODAY.
  NO SIGNIFICANT WEATHER WAS OBSERVED.


RELATIVE HUMIDITY (PERCENT)
 HIGHEST    78           400 AM
 LOWEST     49          1000 AM
 AVERAGE    64

..........................................................


THE MOFFETT FIELD CLIMATE NORMALS FOR TOMORROW
                         NORMAL    RECORD    YEAR
 MAXIMUM TEMPERATURE (F)   78        94      2005
 MINIMUM TEMPERATURE (F)   59        50      1955


SUNRISE AND SUNSET
AUGUST 30 2016........SUNRISE   637 AM PDT   SUNSET   739 PM PDT
AUGUST 31 2016........SUNRISE   638 AM PDT   SUNSET   738 PM PDT


-  INDICATES NEGATIVE NUMBERS.
R  INDICATES RECORD WAS SET OR TIED.
MM INDICATES DATA IS MISSING.
T  INDICATES TRACE AMOUNT.




$$
