000
CDUS46 KMTR 230826
CLINUQ


CLIMATE REPORT
NATIONAL WEATHER SERVICE SAN FRANCISCO BAY AREA
126 AM PDT TUE SEP 23 2014


...................................

...THE MOFFETT FIELD CLIMATE SUMMARY FOR SEPTEMBER 22 2014...

CLIMATE NORMAL PERIOD 1981 TO 2010
CLIMATE RECORD PERIOD 1945 TO 2014


WEATHER ITEM   OBSERVED TIME   RECORD YEAR NORMAL DEPARTURE LAST
                VALUE   (LST)  VALUE       VALUE  FROM      YEAR
                                                  NORMAL
..................................................................
TEMPERATURE (F)
 YESTERDAY
  MAXIMUM         78    150 PM  94    2003  77      1       73
  MINIMUM         63   1159 PM  47    1948  57      6       53
  AVERAGE         71                        67      4       63

PRECIPITATION (IN)
  YESTERDAY        0.00          0.29 2007   0.01  -0.01     0.01
  MONTH TO DATE    T                         0.11  -0.11     0.50
  SINCE JUL 1      T                         0.14  -0.14     0.50
  SINCE JAN 1      5.19                      9.77  -4.58     2.32

DEGREE DAYS
 HEATING
  YESTERDAY        0                                         2
  MONTH TO DATE    2                                         3
  SINCE SEP 1      2                                         3
  SINCE JUL 1      2                                         7

 COOLING
  YESTERDAY        6                                         0
  MONTH TO DATE  106                                        94
  SINCE SEP 1    106                                        94
  SINCE JAN 1    548                                       453
..................................................................


WIND (MPH)
  RESULTANT WIND SPEED   5   RESULTANT WIND DIRECTION   N (340)
  HIGHEST WIND SPEED    18   HIGHEST WIND DIRECTION     N (340)
  HIGHEST GUST SPEED    28   HIGHEST GUST DIRECTION     E (80)
  AVERAGE WIND SPEED     5.4


SKY COVER
  POSSIBLE SUNSHINE  MM
  AVERAGE SKY COVER 0.5


WEATHER CONDITIONS
 THE FOLLOWING WEATHER WAS RECORDED YESTERDAY.
  NO SIGNIFICANT WEATHER WAS OBSERVED.


RELATIVE HUMIDITY (PERCENT)
 HIGHEST    78          1200 AM
 LOWEST     50           200 PM
 AVERAGE    64

..........................................................


THE MOFFETT FIELD CLIMATE NORMALS FOR TODAY
                         NORMAL    RECORD    YEAR
 MAXIMUM TEMPERATURE (F)   77        95      1978
 MINIMUM TEMPERATURE (F)   57        44      1945


SUNRISE AND SUNSET
SEPTEMBER 23 2014.....SUNRISE   657 AM PDT   SUNSET   703 PM PDT
SEPTEMBER 24 2014.....SUNRISE   658 AM PDT   SUNSET   702 PM PDT


-  INDICATES NEGATIVE NUMBERS.
R  INDICATES RECORD WAS SET OR TIED.
MM INDICATES DATA IS MISSING.
T  INDICATES TRACE AMOUNT.




$$
