000
CDUS46 KMTR 170826
CLINUQ


CLIMATE REPORT
NATIONAL WEATHER SERVICE SAN FRANCISCO BAY AREA
1226 AM PST SAT FEB 17 2018


...................................

...THE MOFFETT FIELD CLIMATE SUMMARY FOR FEBRUARY 16 2018...

CLIMATE NORMAL PERIOD 1981 TO 2010
CLIMATE RECORD PERIOD 1945 TO 2018


WEATHER ITEM   OBSERVED TIME   RECORD YEAR NORMAL DEPARTURE LAST
                VALUE   (LST)  VALUE       VALUE  FROM      YEAR
                                                  NORMAL
..................................................................
TEMPERATURE (F)
 YESTERDAY
  MAXIMUM         67    339 PM  78    2016  62      5       66
  MINIMUM         37    504 AM  32    2006  46     -9       53
  AVERAGE         52                        54     -2       60

PRECIPITATION (IN)
  YESTERDAY        0.00          1.49 1980   0.12  -0.12     0.10
  MONTH TO DATE    0.00                      1.69  -1.69     1.89
  SINCE OCT 1      4.70                      9.28  -4.58    11.86
  SINCE JAN 1      2.75                      4.44  -1.69     7.29

DEGREE DAYS
 HEATING
  YESTERDAY       13                                         5
  MONTH TO DATE  113                                       125
  SINCE DEC 1    929                                      1062
  SINCE JUL 1   1211                                      1349

 COOLING
  YESTERDAY        0                                         0
  MONTH TO DATE    0                                         0
  SINCE DEC 1      0                                         0
  SINCE JAN 1      0                                         0
..................................................................


WIND (MPH)
  RESULTANT WIND SPEED   3   RESULTANT WIND DIRECTION   N (350)
  HIGHEST WIND SPEED    12   HIGHEST WIND DIRECTION     N (350)
  HIGHEST GUST SPEED    14   HIGHEST GUST DIRECTION     N (340)
  AVERAGE WIND SPEED     3.2


SKY COVER
  POSSIBLE SUNSHINE  MM
  AVERAGE SKY COVER 0.0


WEATHER CONDITIONS
 THE FOLLOWING WEATHER WAS RECORDED YESTERDAY.
  NO SIGNIFICANT WEATHER WAS OBSERVED.


RELATIVE HUMIDITY (PERCENT)
 HIGHEST    77           700 PM
 LOWEST     22           200 PM
 AVERAGE    50

..........................................................


THE MOFFETT FIELD CLIMATE NORMALS FOR TODAY
                         NORMAL    RECORD    YEAR
 MAXIMUM TEMPERATURE (F)   62        76      1977
 MINIMUM TEMPERATURE (F)   46        34      1956


SUNRISE AND SUNSET
FEBRUARY 17 2018......SUNRISE   655 AM PST   SUNSET   550 PM PST
FEBRUARY 18 2018......SUNRISE   654 AM PST   SUNSET   551 PM PST


-  INDICATES NEGATIVE NUMBERS.
R  INDICATES RECORD WAS SET OR TIED.
MM INDICATES DATA IS MISSING.
T  INDICATES TRACE AMOUNT.




$$
