000
CDUS46 KMTR 300026
CLINUQ


CLIMATE REPORT
NATIONAL WEATHER SERVICE SAN FRANCISCO BAY AREA
525 PM PDT SAT APR 29 2017


...................................

...THE MOFFETT FIELD CLIMATE SUMMARY FOR APRIL 29 2017...
VALID TODAY AS OF 0500 PM LOCAL TIME.

CLIMATE NORMAL PERIOD 1981 TO 2010
CLIMATE RECORD PERIOD 1945 TO 2017


WEATHER ITEM   OBSERVED TIME   RECORD YEAR NORMAL DEPARTURE LAST
                VALUE   (LST)  VALUE       VALUE  FROM      YEAR
                                                  NORMAL
..................................................................
TEMPERATURE (F)
 TODAY
  MAXIMUM         80    250 PM  95    1981  71      9       72
  MINIMUM         53    531 AM  39    1952  51      2       49
  AVERAGE         67                        61      6       61

PRECIPITATION (IN)
  TODAY            0.00          0.56 1948   0.03  -0.03     0.00
  MONTH TO DATE    1.33                      0.96   0.37     1.41
  SINCE OCT 1     18.13                     13.88   4.25    13.02
  SINCE JAN 1     13.56                      9.04   4.52     8.62

DEGREE DAYS
 HEATING
  TODAY            0                                         4
  MONTH TO DATE  163                                       121
  SINCE MAR 1    396                                       334
  SINCE JUL 1   1924                                      1719

 COOLING
  TODAY            2                                         0
  MONTH TO DATE    2                                        22
  SINCE MAR 1      2                                        22
  SINCE JAN 1      2                                        24
..................................................................


WIND (MPH)
  RESULTANT WIND SPEED   4   RESULTANT WIND DIRECTION  NW (330)
  HIGHEST WIND SPEED    15   HIGHEST WIND DIRECTION     N (350)
  HIGHEST GUST SPEED    18   HIGHEST GUST DIRECTION     N (350)
  AVERAGE WIND SPEED     6.6


SKY COVER
  POSSIBLE SUNSHINE  MM
  AVERAGE SKY COVER 0.0


WEATHER CONDITIONS
 THE FOLLOWING WEATHER WAS RECORDED TODAY.
  NO SIGNIFICANT WEATHER WAS OBSERVED.


RELATIVE HUMIDITY (PERCENT)
 HIGHEST    51           500 AM
 LOWEST     19           100 PM
 AVERAGE    35

..........................................................


THE MOFFETT FIELD CLIMATE NORMALS FOR TOMORROW
                         NORMAL    RECORD    YEAR
 MAXIMUM TEMPERATURE (F)   71        91      2014
 MINIMUM TEMPERATURE (F)   51        38      1946


SUNRISE AND SUNSET
APRIL 29 2017.........SUNRISE   615 AM PDT   SUNSET   757 PM PDT
APRIL 30 2017.........SUNRISE   614 AM PDT   SUNSET   757 PM PDT


-  INDICATES NEGATIVE NUMBERS.
R  INDICATES RECORD WAS SET OR TIED.
MM INDICATES DATA IS MISSING.
T  INDICATES TRACE AMOUNT.




$$
