000
CDUS46 KMTR 240832
CLINUQ


CLIMATE REPORT
NATIONAL WEATHER SERVICE SAN FRANCISCO BAY AREA
132 AM PDT SUN MAY 24 2015


...................................

...THE MOFFETT FIELD CLIMATE SUMMARY FOR MAY 23 2015...

CLIMATE NORMAL PERIOD 1981 TO 2010
CLIMATE RECORD PERIOD 1945 TO 2015


WEATHER ITEM   OBSERVED TIME   RECORD YEAR NORMAL DEPARTURE LAST
                VALUE   (LST)  VALUE       VALUE  FROM      YEAR
                                                  NORMAL
..................................................................
TEMPERATURE (F)
 YESTERDAY
  MAXIMUM         66    326 PM  91    1982  73     -7       72
  MINIMUM         54   1156 PM  45    1945  54      0       57
  AVERAGE         60                        64     -4       65

PRECIPITATION (IN)
  YESTERDAY        0.00          0.34 1990   0.01  -0.01     0.00
  MONTH TO DATE    0.64                      0.40   0.24      T
  SINCE OCT 1     14.12                     14.30  -0.18     5.94
  SINCE JAN 1      4.13                      9.46  -5.33     5.18

DEGREE DAYS
 HEATING
  YESTERDAY        5                                         0
  MONTH TO DATE  111                                        27
  SINCE MAR 1    416                                       317
  SINCE JUL 1   1521                                      1775

 COOLING
  YESTERDAY        0                                         0
  MONTH TO DATE    0                                        48
  SINCE MAR 1     18                                        74
  SINCE JAN 1     18                                        74
..................................................................


WIND (MPH)
  RESULTANT WIND SPEED   7   RESULTANT WIND DIRECTION   W (260)
  HIGHEST WIND SPEED    16   HIGHEST WIND DIRECTION     W (250)
  HIGHEST GUST SPEED    22   HIGHEST GUST DIRECTION    SW (220)
  AVERAGE WIND SPEED     7.3


SKY COVER
  POSSIBLE SUNSHINE  MM
  AVERAGE SKY COVER 0.5


WEATHER CONDITIONS
 THE FOLLOWING WEATHER WAS RECORDED YESTERDAY.
  NO SIGNIFICANT WEATHER WAS OBSERVED.


RELATIVE HUMIDITY (PERCENT)
 HIGHEST    77           200 AM
 LOWEST     56          1200 PM
 AVERAGE    67

..........................................................


THE MOFFETT FIELD CLIMATE NORMALS FOR TODAY
                         NORMAL    RECORD    YEAR
 MAXIMUM TEMPERATURE (F)   73        96      1982
 MINIMUM TEMPERATURE (F)   54        45      1972


SUNRISE AND SUNSET
MAY 24 2015...........SUNRISE   553 AM PDT   SUNSET   818 PM PDT
MAY 25 2015...........SUNRISE   552 AM PDT   SUNSET   818 PM PDT


-  INDICATES NEGATIVE NUMBERS.
R  INDICATES RECORD WAS SET OR TIED.
MM INDICATES DATA IS MISSING.
T  INDICATES TRACE AMOUNT.




$$
