000
CDUS46 KMTR 140025
CLINUQ


CLIMATE REPORT
NATIONAL WEATHER SERVICE SAN FRANCISCO BAY AREA
425 PM PST SAT FEB 13 2016


...................................

...THE MOFFETT FIELD CLIMATE SUMMARY FOR FEBRUARY 13 2016...
VALID TODAY AS OF 0400 PM LOCAL TIME.

CLIMATE NORMAL PERIOD 1981 TO 2010
CLIMATE RECORD PERIOD 1945 TO 2016


WEATHER ITEM   OBSERVED TIME   RECORD YEAR NORMAL DEPARTURE LAST
                VALUE   (LST)  VALUE       VALUE  FROM      YEAR
                                                  NORMAL
..................................................................
TEMPERATURE (F)
 TODAY
  MAXIMUM         68    330 PM  75    2015  62      6       75
  MINIMUM         52    900 AM  28    1948  45      7       48
  AVERAGE         60                        53      7       62

PRECIPITATION (IN)
  TODAY            0.00          0.95 1979   0.11  -0.11     0.00
  MONTH TO DATE    0.06                      1.36  -1.30     2.40
  SINCE OCT 1      8.04                      8.95  -0.91    12.39
  SINCE JAN 1      3.64                      4.11  -0.47     2.40

DEGREE DAYS
 HEATING
  TODAY            5                                         3
  MONTH TO DATE  120                                        81
  SINCE DEC 1    948                                       761
  SINCE JUL 1   1291                                       988

 COOLING
  TODAY            0                                         0
  MONTH TO DATE    0                                         0
  SINCE DEC 1      0                                         0
  SINCE JAN 1      0                                         0
..................................................................


WIND (MPH)
  RESULTANT WIND SPEED   2   RESULTANT WIND DIRECTION   N (0)
  HIGHEST WIND SPEED    13   HIGHEST WIND DIRECTION     N (20)
  HIGHEST GUST SPEED    14   HIGHEST GUST DIRECTION     N (20)
  AVERAGE WIND SPEED     3.2


SKY COVER
  POSSIBLE SUNSHINE  MM
  AVERAGE SKY COVER 0.7


WEATHER CONDITIONS
 THE FOLLOWING WEATHER WAS RECORDED TODAY.
  FOG
  FOG W/VISIBILITY <= 1/4 MILE


RELATIVE HUMIDITY (PERCENT)
 HIGHEST   100           300 AM
 LOWEST     56           300 PM
 AVERAGE    78

..........................................................


THE MOFFETT FIELD CLIMATE NORMALS FOR TOMORROW
                         NORMAL    RECORD    YEAR
 MAXIMUM TEMPERATURE (F)   62        82      1977
 MINIMUM TEMPERATURE (F)   45        26      1946


SUNRISE AND SUNSET
FEBRUARY 13 2016......SUNRISE   700 AM PST   SUNSET   545 PM PST
FEBRUARY 14 2016......SUNRISE   659 AM PST   SUNSET   546 PM PST


-  INDICATES NEGATIVE NUMBERS.
R  INDICATES RECORD WAS SET OR TIED.
MM INDICATES DATA IS MISSING.
T  INDICATES TRACE AMOUNT.




$$
