000
CDUS46 KMTR 060845
CLINUQ


CLIMATE REPORT
NATIONAL WEATHER SERVICE SAN FRANCISCO BAY AREA
1245 AM PST TUE DEC 6 2016


...................................

...THE MOFFETT FIELD CLIMATE SUMMARY FOR DECEMBER 5 2016...

CLIMATE NORMAL PERIOD 1981 TO 2010
CLIMATE RECORD PERIOD 1945 TO 2016


WEATHER ITEM   OBSERVED TIME   RECORD YEAR NORMAL DEPARTURE LAST
                VALUE   (LST)  VALUE       VALUE  FROM      YEAR
                                                  NORMAL
..................................................................
TEMPERATURE (F)
 YESTERDAY
  MAXIMUM         56    214 PM  78    2003  60     -4       56
  MINIMUM         48   1156 PM  29    2013  44      4       40
  AVERAGE         52                        52      0       48

PRECIPITATION (IN)
  YESTERDAY        0.00          0.79 1966   0.07  -0.07     0.00
  MONTH TO DATE    0.00                      0.33  -0.33     0.11
  SINCE OCT 1      3.09                      2.61   0.48     2.58
  SINCE JAN 1     11.84                     12.45  -0.61     6.84

DEGREE DAYS
 HEATING
  YESTERDAY       13                                        17
  MONTH TO DATE   64                                        73
  SINCE DEC 1     64                                        73
  SINCE JUL 1    351                                       416

 COOLING
  YESTERDAY        0                                         0
  MONTH TO DATE    0                                         0
  SINCE DEC 1      0                                         0
  SINCE JAN 1    460                                       667
..................................................................


WIND (MPH)
  RESULTANT WIND SPEED   1   RESULTANT WIND DIRECTION  NW (320)
  HIGHEST WIND SPEED     9   HIGHEST WIND DIRECTION     N (350)
  HIGHEST GUST SPEED    13   HIGHEST GUST DIRECTION     N (360)
  AVERAGE WIND SPEED     2.7


SKY COVER
  POSSIBLE SUNSHINE  MM
  AVERAGE SKY COVER 0.7


WEATHER CONDITIONS
 THE FOLLOWING WEATHER WAS RECORDED YESTERDAY.
  FOG


RELATIVE HUMIDITY (PERCENT)
 HIGHEST    93          1200 AM
 LOWEST     71           500 PM
 AVERAGE    82

..........................................................


THE MOFFETT FIELD CLIMATE NORMALS FOR TODAY
                         NORMAL    RECORD    YEAR
 MAXIMUM TEMPERATURE (F)   60        71      1989
 MINIMUM TEMPERATURE (F)   44        33      2013


SUNRISE AND SUNSET
DECEMBER  6 2016......SUNRISE   709 AM PST   SUNSET   450 PM PST
DECEMBER  7 2016......SUNRISE   710 AM PST   SUNSET   450 PM PST


-  INDICATES NEGATIVE NUMBERS.
R  INDICATES RECORD WAS SET OR TIED.
MM INDICATES DATA IS MISSING.
T  INDICATES TRACE AMOUNT.




$$
