000
CDUS41 KOKX 070623
CLINYC


CLIMATE REPORT
NATIONAL WEATHER SERVICE NEW YORK NY
123 AM EST WED DEC 7 2016


...................................

...THE CENTRAL PARK NY CLIMATE SUMMARY FOR DECEMBER 6 2016...

CLIMATE NORMAL PERIOD 1981 TO 2010
CLIMATE RECORD PERIOD 1869 TO 2016


WEATHER ITEM   OBSERVED TIME   RECORD YEAR NORMAL DEPARTURE LAST
                VALUE   (LST)  VALUE       VALUE  FROM      YEAR
                                                  NORMAL
..................................................................
TEMPERATURE (F)
 YESTERDAY
  MAXIMUM         46   1056 AM  71    2001  46      0       53
  MINIMUM         37    723 AM  11    1871  35      2       39
  AVERAGE         42                        41      1       46

PRECIPITATION (IN)
  YESTERDAY        0.35          1.60 1884   0.13   0.22     0.00
  MONTH TO DATE    0.61                      0.84  -0.23     0.47
  SINCE DEC 1      0.61                      0.84  -0.23     0.47
  SINCE JAN 1     39.89                     46.78  -6.89    36.72

SNOWFALL (IN)
  YESTERDAY        0.0           6.0  2003   0.1   -0.1      0.0
  MONTH TO DATE    0.0                       0.5   -0.5      0.0
  SINCE OCT 1      T                         0.8   -0.8      0.0
  SINCE JUL 1      T                         0.8   -0.8      0.0
  SNOW DEPTH       0

DEGREE DAYS
 HEATING
  YESTERDAY       23                        24     -1       19
  MONTH TO DATE  123                       141    -18      101
  SINCE DEC 1    123                       141    -18      101
  SINCE JUL 1    810                       974   -164      689

 COOLING
  YESTERDAY        0                         0      0        0
  MONTH TO DATE    0                         0      0        0
  SINCE DEC 1      0                         0      0        0
  SINCE JAN 1   1489                      1105    384     1578
..................................................................


WIND (MPH)
  HIGHEST WIND SPEED    15   HIGHEST WIND DIRECTION    NE (60)
  HIGHEST GUST SPEED    22   HIGHEST GUST DIRECTION     E (70)
  AVERAGE WIND SPEED     5.4


SKY COVER
  AVERAGE SKY COVER 0.4


WEATHER CONDITIONS
 THE FOLLOWING WEATHER WAS RECORDED YESTERDAY.
  LIGHT RAIN
  FOG


RELATIVE HUMIDITY (PERCENT)
 HIGHEST    85           800 PM
 LOWEST     53          1000 AM
 AVERAGE    69

..........................................................


THE CENTRAL PARK NY CLIMATE NORMALS FOR TODAY
                         NORMAL    RECORD    YEAR
 MAXIMUM TEMPERATURE (F)   46        75      1998
 MINIMUM TEMPERATURE (F)   35        10      1926


SUNRISE AND SUNSET
DECEMBER  7 2016......SUNRISE   707 AM EST   SUNSET   428 PM EST
DECEMBER  8 2016......SUNRISE   708 AM EST   SUNSET   428 PM EST


-  INDICATES NEGATIVE NUMBERS.
R  INDICATES RECORD WAS SET OR TIED.
MM INDICATES DATA IS MISSING.
T  INDICATES TRACE AMOUNT.




$$
