000
CDUS41 KOKX 210622
CLINYC


CLIMATE REPORT
NATIONAL WEATHER SERVICE NEW YORK NY
122 AM EST SUN DEC 21 2014


...................................

...THE CENTRAL PARK NY CLIMATE SUMMARY FOR DECEMBER 20 2014...

CLIMATE NORMAL PERIOD 1981 TO 2010
CLIMATE RECORD PERIOD 1869 TO 2014


WEATHER ITEM   OBSERVED TIME   RECORD YEAR NORMAL DEPARTURE LAST
                VALUE   (LST)  VALUE       VALUE  FROM      YEAR
                                                  NORMAL
..................................................................
TEMPERATURE (F)
 YESTERDAY
  MAXIMUM         33    553 PM  60    2002  42     -9       53
                                      1999
                                      1895
  MINIMUM         30   1100 AM  -4    1942  31     -1       41
  AVERAGE         32                        36     -4       47

PRECIPITATION (IN)
  YESTERDAY        0.00          1.82 1872   0.12  -0.12     0.00
  MONTH TO DATE    4.85                      2.66   2.19     3.13
  SINCE DEC 1      4.85                      2.66   2.19     3.13
  SINCE JAN 1     52.60                     48.60   4.00    44.60

SNOWFALL (IN)
  YESTERDAY        0.0          10.0  1874   0.2   -0.2      0.0
  MONTH TO DATE    1.0                       2.6   -1.6      8.6
  SINCE OCT 1      1.2                       2.9   -1.7      8.6
  SINCE JUL 1      1.2                       2.9   -1.7      8.6
  SNOW DEPTH       0

DEGREE DAYS
 HEATING
  YESTERDAY       33                        29      4       18
  MONTH TO DATE  503                       517    -14      556
  SINCE DEC 1    503                       517    -14      556
  SINCE JUL 1   1288                      1350    -62     1364

 COOLING
  YESTERDAY        0                         0      0        0
  MONTH TO DATE    0                         0      0        0
  SINCE DEC 1      0                         0      0        0
  SINCE JAN 1   1128                      1105     23     1271
..................................................................


WIND (MPH)
  HIGHEST WIND SPEED    12   HIGHEST WIND DIRECTION    NE (40)
  HIGHEST GUST SPEED    15   HIGHEST GUST DIRECTION    NE (60)
  AVERAGE WIND SPEED     4.8


SKY COVER
  AVERAGE SKY COVER 1.0


WEATHER CONDITIONS
 THE FOLLOWING WEATHER WAS RECORDED YESTERDAY.
  NO SIGNIFICANT WEATHER WAS OBSERVED.


RELATIVE HUMIDITY (PERCENT)
 HIGHEST    63           300 AM
 LOWEST     51           200 PM
 AVERAGE    57

..........................................................


THE CENTRAL PARK NY CLIMATE NORMALS FOR TODAY
                         NORMAL    RECORD    YEAR
 MAXIMUM TEMPERATURE (F)   41        65      2013
 MINIMUM TEMPERATURE (F)   30        -1      1942
                                             1871


SUNRISE AND SUNSET
DECEMBER 21 2014......SUNRISE   717 AM EST   SUNSET   431 PM EST
DECEMBER 22 2014......SUNRISE   717 AM EST   SUNSET   432 PM EST


-  INDICATES NEGATIVE NUMBERS.
R  INDICATES RECORD WAS SET OR TIED.
MM INDICATES DATA IS MISSING.
T  INDICATES TRACE AMOUNT.




$$
