000
CDUS41 KOKX 170618
CLINYC


CLIMATE REPORT
NATIONAL WEATHER SERVICE NEW YORK NY
118 AM EST FRI NOV 17 2017


...................................

...THE CENTRAL PARK NY CLIMATE SUMMARY FOR NOVEMBER 16 2017...

CLIMATE NORMAL PERIOD 1981 TO 2010
CLIMATE RECORD PERIOD 1869 TO 2017


WEATHER ITEM   OBSERVED TIME   RECORD YEAR NORMAL DEPARTURE LAST
                VALUE   (LST)  VALUE       VALUE  FROM      YEAR
                                                  NORMAL
..................................................................
TEMPERATURE (F)
 YESTERDAY
  MAXIMUM         57    223 PM  72    1928  54      3       61
  MINIMUM         43   1132 PM  17    1933  42      1       45
  AVERAGE         50                        48      2       53

PRECIPITATION (IN)
  YESTERDAY        0.20          2.39 1985   0.13   0.07     0.00
  MONTH TO DATE    1.01                      2.08  -1.07     1.87
  SINCE SEP 1      7.19                     10.76  -3.57     8.81
  SINCE JAN 1     42.26                     44.00  -1.74    35.74

SNOWFALL (IN)
  YESTERDAY        0.0           1.0  1872   0.0    0.0      0.0
  MONTH TO DATE    0.0                       0.0    0.0      0.0
  SINCE OCT 1      0.0                       0.0    0.0      0.0
  SINCE JUL 1      0.0                       0.0    0.0      0.0
  SNOW DEPTH       0

DEGREE DAYS
 HEATING
  YESTERDAY       15                        17     -2       12
  MONTH TO DATE  275                       241     34      196
  SINCE SEP 1    391                       552   -161      430
  SINCE JUL 1    391                       554   -163      430

 COOLING
  YESTERDAY        0                         0      0        0
  MONTH TO DATE    0                         0      0        0
  SINCE SEP 1    271                       150    121      257
  SINCE JAN 1   1265                      1104    161     1489
..................................................................


WIND (MPH)
  HIGHEST WIND SPEED    15   HIGHEST WIND DIRECTION     W (290)
  HIGHEST GUST SPEED    30   HIGHEST GUST DIRECTION     W (280)
  AVERAGE WIND SPEED     6.5


SKY COVER
  AVERAGE SKY COVER 0.7


WEATHER CONDITIONS
 THE FOLLOWING WEATHER WAS RECORDED YESTERDAY.
  RAIN
  LIGHT RAIN
  FOG


RELATIVE HUMIDITY (PERCENT)
 HIGHEST    89           700 AM
 LOWEST     47           200 PM
 AVERAGE    68

..........................................................


THE CENTRAL PARK NY CLIMATE NORMALS FOR TODAY
                         NORMAL    RECORD    YEAR
 MAXIMUM TEMPERATURE (F)   53        71      1953
 MINIMUM TEMPERATURE (F)   41        19      1933
                                             1924


SUNRISE AND SUNSET
NOVEMBER 17 2017......SUNRISE   645 AM EST   SUNSET   436 PM EST
NOVEMBER 18 2017......SUNRISE   647 AM EST   SUNSET   435 PM EST


-  INDICATES NEGATIVE NUMBERS.
R  INDICATES RECORD WAS SET OR TIED.
MM INDICATES DATA IS MISSING.
T  INDICATES TRACE AMOUNT.




$$
