000
CDUS41 KOKX 200615
CLINYC


CLIMATE REPORT
NATIONAL WEATHER SERVICE NEW YORK NY
215 AM EDT MON OCT 20 2014


...................................

...THE CENTRAL PARK NY CLIMATE SUMMARY FOR OCTOBER 19 2014...

CLIMATE NORMAL PERIOD 1981 TO 2010
CLIMATE RECORD PERIOD 1869 TO 2014


WEATHER ITEM   OBSERVED TIME   RECORD YEAR NORMAL DEPARTURE LAST
                VALUE   (LST)  VALUE       VALUE  FROM      YEAR
                                                  NORMAL
..................................................................
TEMPERATURE (F)
 YESTERDAY
  MAXIMUM         56    130 AM  83    1963  63     -7       64
  MINIMUM         44   1159 PM  30    1940  49     -5       52
  AVERAGE         50                        56     -6       58

PRECIPITATION (IN)
  YESTERDAY        0.00          4.35 1996   0.14  -0.14     0.01
  MONTH TO DATE    3.48                      2.73   0.75     0.30
  SINCE SEP 1      4.69                      7.01  -2.32     3.25
  SINCE JAN 1     40.95                     40.25   0.70    38.26

SNOWFALL (IN)
  YESTERDAY        0.0           T    1972   0.0    0.0      0.0
  MONTH TO DATE    0.0                       0.0    0.0      0.0
  SINCE OCT 1      0.0                       0.0    0.0      0.0
  SINCE JUL 1      0.0                       0.0    0.0      0.0
  SNOW DEPTH       0

DEGREE DAYS
 HEATING
  YESTERDAY       15                         9      6        7
  MONTH TO DATE   75                       133    -58       42
  SINCE SEP 1     97                       176    -79       78
  SINCE JUL 1     97                       178    -81       78

 COOLING
  YESTERDAY        0                         0      0        0
  MONTH TO DATE   20                        13      7       46
  SINCE SEP 1    190                       146     44      178
  SINCE JAN 1   1128                      1100     28     1271
..................................................................


WIND (MPH)
  HIGHEST WIND SPEED    17   HIGHEST WIND DIRECTION    NW (300)
  HIGHEST GUST SPEED    28   HIGHEST GUST DIRECTION    NW (300)
  AVERAGE WIND SPEED     7.7


SKY COVER
  AVERAGE SKY COVER 0.5


WEATHER CONDITIONS
 THE FOLLOWING WEATHER WAS RECORDED YESTERDAY.
  NO SIGNIFICANT WEATHER WAS OBSERVED.


RELATIVE HUMIDITY (PERCENT)
 HIGHEST    61          1200 AM
 LOWEST     35           300 PM
 AVERAGE    48

..........................................................


THE CENTRAL PARK NY CLIMATE NORMALS FOR TODAY
                         NORMAL    RECORD    YEAR
 MAXIMUM TEMPERATURE (F)   62        80      1969
                                             1947
 MINIMUM TEMPERATURE (F)   49        31      1974


SUNRISE AND SUNSET
OCTOBER 20 2014.......SUNRISE   713 AM EDT   SUNSET   608 PM EDT
OCTOBER 21 2014.......SUNRISE   714 AM EDT   SUNSET   607 PM EDT


-  INDICATES NEGATIVE NUMBERS.
R  INDICATES RECORD WAS SET OR TIED.
MM INDICATES DATA IS MISSING.
T  INDICATES TRACE AMOUNT.




$$
