000
CDUS45 KPSR 010012
CLINYL

CLIMATE REPORT
NATIONAL WEATHER SERVICE PHOENIX AZ
511 PM MST FRI OCT 31 2014


...................................

...THE YUMA AZ CLIMATE SUMMARY FOR OCTOBER 31 2014...
VALID TODAY AS OF 0500 PM LOCAL TIME.

CLIMATE NORMAL PERIOD 1981 TO 2010
CLIMATE RECORD PERIOD 1876 TO 2014


WEATHER ITEM   OBSERVED TIME   RECORD YEAR NORMAL DEPARTURE LAST
                VALUE   (LST)  VALUE       VALUE  FROM      YEAR
                                                  NORMAL
..................................................................
TEMPERATURE (F)
 TODAY
  MAXIMUM         91    302 PM  98    1988  84      7       80
  MINIMUM         64    728 AM  36    1971  60      4       52
  AVERAGE         78                        72      6       66

PRECIPITATION (IN)
  TODAY            0.00          1.01 1987   0.01  -0.01     0.00
  MONTH TO DATE    0.05                      0.21  -0.16      T
  SINCE OCT 1      0.05                      0.21  -0.16      T
  SINCE JAN 1      2.33                      2.83  -0.50     2.31

DEGREE DAYS
 HEATING
  TODAY            0                         0      0        0
  MONTH TO DATE    0                         0      0        0
  SINCE SEP 1      0                         2     -2        0
  SINCE JUL 1      0                         2     -2        0

 COOLING
  TODAY           13                         7      6        1
  MONTH TO DATE  530                       388    142      317
  SINCE SEP 1   1347                      1109    238     1002
  SINCE JAN 1   5183                      4562    621     4700
..................................................................


WIND (MPH)
  RESULTANT WIND SPEED   4   RESULTANT WIND DIRECTION   S (160)
  HIGHEST WIND SPEED    18   HIGHEST WIND DIRECTION     S (190)
  HIGHEST GUST SPEED    21   HIGHEST GUST DIRECTION     S (190)
  AVERAGE WIND SPEED     6.8


SKY COVER
  AVERAGE SKY COVER 0.2


WEATHER CONDITIONS
 THE FOLLOWING WEATHER WAS RECORDED TODAY.
  HAZE


RELATIVE HUMIDITY (PERCENT)
 HIGHEST    48
 LOWEST     27
 AVERAGE    38

..........................................................


THE YUMA AZ CLIMATE NORMALS FOR TOMORROW
                         NORMAL    RECORD    YEAR
 MAXIMUM TEMPERATURE (F)   84        96      1962
 MINIMUM TEMPERATURE (F)   59        41      1886


SUNRISE AND SUNSET
OCTOBER 31 2014.......SUNRISE   655 AM MST   SUNSET   549 PM MST
NOVEMBER  1 2014......SUNRISE   656 AM MST   SUNSET   548 PM MST


-  INDICATES NEGATIVE NUMBERS.
R  INDICATES RECORD WAS SET OR TIED.
MM INDICATES DATA IS MISSING.
T  INDICATES TRACE AMOUNT.

$$
