000
CDUS45 KPSR 280849
CLINYL

CLIMATE REPORT
NATIONAL WEATHER SERVICE PHOENIX AZ
148 AM MST SUN DEC 28 2014


...................................

...THE YUMA AZ CLIMATE SUMMARY FOR DECEMBER 27 2014...

CLIMATE NORMAL PERIOD 1981 TO 2010
CLIMATE RECORD PERIOD 1876 TO 2014


WEATHER ITEM   OBSERVED TIME   RECORD YEAR NORMAL DEPARTURE LAST
                VALUE   (LST)  VALUE       VALUE  FROM      YEAR
                                                  NORMAL
..................................................................
TEMPERATURE (F)
 YESTERDAY
  MAXIMUM         MM        MM  84    1980  68     MM       76
  MINIMUM         MM        MM  28    1911  46     MM       45
  AVERAGE         MM                        57     MM       61

PRECIPITATION (IN)
  YESTERDAY        0.00          0.64 1984   0.02  -0.02     0.00
  MONTH TO DATE    0.38                      0.44  -0.06     0.11
  SINCE OCT 1      0.43                      0.87  -0.44     1.11
  SINCE JAN 1      2.71                      3.49  -0.78     3.42

DEGREE DAYS
 HEATING
  YESTERDAY       MM                         8     MM        4
  MONTH TO DATE   MM                       200     MM      176
  SINCE DEC 1     MM                       200     MM      176
  SINCE JUL 1     15                       268   -253      215

 COOLING
  YESTERDAY       MM                         0     MM        0
  MONTH TO DATE   MM                         0     MM        1
  SINCE DEC 1     MM                         0     MM        1
  SINCE JAN 1   5292                      4649    643     4806
..................................................................


WIND (MPH)
  HIGHEST WIND SPEED    17   HIGHEST WIND DIRECTION     N (360)
  HIGHEST GUST SPEED    30   HIGHEST GUST DIRECTION     N (360)
  AVERAGE WIND SPEED     7.4


SKY COVER
  AVERAGE SKY COVER 0.1


WEATHER CONDITIONS
 THE FOLLOWING WEATHER WAS RECORDED YESTERDAY.
  NO SIGNIFICANT WEATHER WAS OBSERVED.


RELATIVE HUMIDITY (PERCENT)
 HIGHEST    MM
 LOWEST     MM
 AVERAGE    MM

..........................................................


THE YUMA AZ CLIMATE NORMALS FOR TODAY
                         NORMAL    RECORD    YEAR
 MAXIMUM TEMPERATURE (F)   68        81      1980
 MINIMUM TEMPERATURE (F)   46        27      1911


SUNRISE AND SUNSET
DECEMBER 28 2014......SUNRISE   739 AM MST   SUNSET   541 PM MST
DECEMBER 29 2014......SUNRISE   740 AM MST   SUNSET   541 PM MST


-  INDICATES NEGATIVE NUMBERS.
R  INDICATES RECORD WAS SET OR TIED.
MM INDICATES DATA IS MISSING.
T  INDICATES TRACE AMOUNT.

$$
