000
CDUS45 KPSR 050012
CLINYL

CLIMATE REPORT
NATIONAL WEATHER SERVICE PHOENIX AZ
511 PM MST TUE AUG 4 2015


...................................

...THE YUMA AZ CLIMATE SUMMARY FOR AUGUST 4 2015...
VALID TODAY AS OF 0500 PM LOCAL TIME.

CLIMATE NORMAL PERIOD 1981 TO 2010
CLIMATE RECORD PERIOD 1876 TO 2015


WEATHER ITEM   OBSERVED TIME   RECORD YEAR NORMAL DEPARTURE LAST
                VALUE   (LST)  VALUE       VALUE  FROM      YEAR
                                                  NORMAL
..................................................................
TEMPERATURE (F)
 TODAY
  MAXIMUM        112    459 PM 116    1995 107      5      100
  MINIMUM         83    616 AM  67    1956  83      0       76
  AVERAGE         98                        95      3       88

PRECIPITATION (IN)
  TODAY            0.00          1.31 2005   0.02  -0.02     0.00
  MONTH TO DATE    0.00                      0.06  -0.06     0.02
  SINCE OCT 1      1.68                      2.62  -0.94     1.48
  SINCE JAN 1      1.24                      1.68  -0.44     0.37

DEGREE DAYS
 HEATING
  TODAY            0                         0      0        0
  MONTH TO DATE    0                         0      0        0
  SINCE JUN 1      0                         0      0        0
  SINCE JUL 1      0                         0      0        0

 COOLING
  TODAY           33                        30      3       23
  MONTH TO DATE  136                       120     16      104
  SINCE JUN 1   1821                      1754     67     1891
  SINCE JAN 1   2900                      2666    234     3053
..................................................................


WIND (MPH)
  RESULTANT WIND SPEED   5   RESULTANT WIND DIRECTION   S (170)
  HIGHEST WIND SPEED    17   HIGHEST WIND DIRECTION     S (200)
  HIGHEST GUST SPEED    20   HIGHEST GUST DIRECTION     S (200)
  AVERAGE WIND SPEED     5.3


SKY COVER
  AVERAGE SKY COVER 0.1


WEATHER CONDITIONS
 THE FOLLOWING WEATHER WAS RECORDED TODAY.
  HAZE


RELATIVE HUMIDITY (PERCENT)
 HIGHEST    46
 LOWEST     13
 AVERAGE    30

..........................................................


THE YUMA AZ CLIMATE NORMALS FOR TOMORROW
                         NORMAL    RECORD    YEAR
 MAXIMUM TEMPERATURE (F)  107       115      1995
                                             1990
                                             1879
 MINIMUM TEMPERATURE (F)   83        65      1956


SUNRISE AND SUNSET
AUGUST  4 2015........SUNRISE   555 AM MST   SUNSET   734 PM MST
AUGUST  5 2015........SUNRISE   555 AM MST   SUNSET   733 PM MST


-  INDICATES NEGATIVE NUMBERS.
R  INDICATES RECORD WAS SET OR TIED.
MM INDICATES DATA IS MISSING.
T  INDICATES TRACE AMOUNT.

$$
