000
CDUS45 KPSR 270901 RRA
CLINYL

CLIMATE REPORT
NATIONAL WEATHER SERVICE PHOENIX AZ
158 AM MST SAT MAY 27 2017


...................................

...THE YUMA AZ CLIMATE SUMMARY FOR MAY 26 2017...

CLIMATE NORMAL PERIOD 1981 TO 2010
CLIMATE RECORD PERIOD 1876 TO 2017


WEATHER ITEM   OBSERVED TIME   RECORD YEAR NORMAL DEPARTURE LAST
                VALUE   (LST)  VALUE       VALUE  FROM      YEAR
                                                  NORMAL
..................................................................
TEMPERATURE (F)
 YESTERDAY
  MAXIMUM         93    439 PM 115    1951  98     -5       89
  MINIMUM         65    517 AM  50    1916  69     -4       59
                                      1911
  AVERAGE         79                        84     -5       74

PRECIPITATION (IN)
  YESTERDAY        0.00          T    1979   0.00   0.00     0.00
                                      1961
                                      1885
  MONTH TO DATE    0.14                      0.07   0.07     0.18
  SINCE OCT 1      2.65                      2.25   0.40     1.12
  SINCE JAN 1      1.70                      1.31   0.39     0.98

DEGREE DAYS
 HEATING
  YESTERDAY        0                         0      0        0
  MONTH TO DATE    0                         0      0        0
  SINCE MAR 1     13                        63    -50       22
  SINCE JUL 1    526                       686   -160      598

 COOLING
  YESTERDAY       14                        19     -5        9
  MONTH TO DATE  364                       408    -44      330
  SINCE MAR 1    927                       778    149      782
  SINCE JAN 1    968                       814    154      918
..................................................................


WIND (MPH)
  HIGHEST WIND SPEED    13   HIGHEST WIND DIRECTION     S (180)
  HIGHEST GUST SPEED    16   HIGHEST GUST DIRECTION     S (180)
  AVERAGE WIND SPEED     5.7


SKY COVER
  AVERAGE SKY COVER 0.0


WEATHER CONDITIONS
 THE FOLLOWING WEATHER WAS RECORDED YESTERDAY.
  NO SIGNIFICANT WEATHER WAS OBSERVED.


RELATIVE HUMIDITY (PERCENT)
 HIGHEST    50
 LOWEST     13
 AVERAGE    32

..........................................................


THE YUMA AZ CLIMATE NORMALS FOR TODAY
                         NORMAL    RECORD    YEAR
 MAXIMUM TEMPERATURE (F)   99       114      1951
 MINIMUM TEMPERATURE (F)   70        49      1911


SUNRISE AND SUNSET
MAY 27 2017...........SUNRISE   533 AM MST   SUNSET   738 PM MST
MAY 28 2017...........SUNRISE   533 AM MST   SUNSET   739 PM MST


-  INDICATES NEGATIVE NUMBERS.
R  INDICATES RECORD WAS SET OR TIED.
MM INDICATES DATA IS MISSING.
T  INDICATES TRACE AMOUNT.

$$
