000
CDUS45 KPSR 260854
CLINYL

CLIMATE REPORT
NATIONAL WEATHER SERVICE PHOENIX AZ
153 AM MST SUN MAR 26 2017


...................................

...THE YUMA AZ CLIMATE SUMMARY FOR MARCH 25 2017...

CLIMATE NORMAL PERIOD 1981 TO 2010
CLIMATE RECORD PERIOD 1876 TO 2017


WEATHER ITEM   OBSERVED TIME   RECORD YEAR NORMAL DEPARTURE LAST
                VALUE   (LST)  VALUE       VALUE  FROM      YEAR
                                                  NORMAL
..................................................................
TEMPERATURE (F)
 YESTERDAY
  MAXIMUM         83    243 PM  99    1896  82      1       88
  MINIMUM         59    654 AM  36    1902  56      3       54
  AVERAGE         71                        69      2       71

PRECIPITATION (IN)
  YESTERDAY        0.00          0.21 1998   0.01  -0.01     0.00
  MONTH TO DATE    0.19                      0.28  -0.09     0.00
  SINCE OCT 1      2.51                      1.98   0.53     0.63
  SINCE JAN 1      1.56                      1.04   0.52     0.49

DEGREE DAYS
 HEATING
  YESTERDAY        0                         1     -1        0
  MONTH TO DATE   13                        45    -32       11
  SINCE MAR 1     13                        45    -32       11
  SINCE JUL 1    526                       668   -142      587

 COOLING
  YESTERDAY        6                         5      1        6
  MONTH TO DATE  191                        87    104      160
  SINCE MAR 1    191                        87    104      160
  SINCE JAN 1    232                       123    109      296
..................................................................


WIND (MPH)
  HIGHEST WIND SPEED    23   HIGHEST WIND DIRECTION     W (270)
  HIGHEST GUST SPEED    30   HIGHEST GUST DIRECTION    NW (300)
  AVERAGE WIND SPEED     9.3


SKY COVER
  AVERAGE SKY COVER 0.0


WEATHER CONDITIONS
 THE FOLLOWING WEATHER WAS RECORDED YESTERDAY.
  NO SIGNIFICANT WEATHER WAS OBSERVED.


RELATIVE HUMIDITY (PERCENT)
 HIGHEST    55
 LOWEST     15
 AVERAGE    35

..........................................................


THE YUMA AZ CLIMATE NORMALS FOR TODAY
                         NORMAL    RECORD    YEAR
 MAXIMUM TEMPERATURE (F)   82        99      1988
                                             1879
 MINIMUM TEMPERATURE (F)   56        39      1913


SUNRISE AND SUNSET
MARCH 26 2017.........SUNRISE   634 AM MST   SUNSET   655 PM MST
MARCH 27 2017.........SUNRISE   633 AM MST   SUNSET   655 PM MST


-  INDICATES NEGATIVE NUMBERS.
R  INDICATES RECORD WAS SET OR TIED.
MM INDICATES DATA IS MISSING.
T  INDICATES TRACE AMOUNT.

$$
