000
CDUS45 KPSR 030832 RRA
CLINYL

CDUS45 KPSR DDHHMM
CLINYL

CLIMATE REPORT
NATIONAL WEATHER SERVICE PHOENIX AZ
131 AM MST TUE MAY 3 2016


...................................

...THE YUMA AZ CLIMATE SUMMARY FOR MAY 2 2016...

CLIMATE NORMAL PERIOD 1981 TO 2010
CLIMATE RECORD PERIOD 1876 TO 2016


WEATHER ITEM   OBSERVED TIME   RECORD YEAR NORMAL DEPARTURE LAST
                VALUE   (LST)  VALUE       VALUE  FROM      YEAR
                                                  NORMAL
..................................................................
TEMPERATURE (F)
 YESTERDAY
  MAXIMUM         90    346 PM 111    1947  91     -1       98
  MINIMUM         65    611 AM  39    1915  64      1       71
  AVERAGE         78                        78      0       85

PRECIPITATION (IN)
  YESTERDAY        0.00          0.12 1930   0.01  -0.01     0.00
  MONTH TO DATE    0.00                      0.01  -0.01     0.00
  SINCE OCT 1      0.94                      2.19  -1.25     0.95
  SINCE JAN 1      0.80                      1.25  -0.45     0.51

DEGREE DAYS
 HEATING
  YESTERDAY        0                         0      0        0
  MONTH TO DATE    0                         0      0        0
  SINCE MAR 1     22                        63    -41       23
  SINCE JUL 1    598                       686    -88       83

 COOLING
  YESTERDAY       13                        13      0       20
  MONTH TO DATE   20                        25     -5       40
  SINCE MAR 1    472                       395     77      619
  SINCE JAN 1    608                       431    177      730
..................................................................


WIND (MPH)
  HIGHEST WIND SPEED    12   HIGHEST WIND DIRECTION     W (260)
  HIGHEST GUST SPEED    15   HIGHEST GUST DIRECTION    NE (60)
  AVERAGE WIND SPEED     4.4


SKY COVER
  AVERAGE SKY COVER 0.1


WEATHER CONDITIONS
 THE FOLLOWING WEATHER WAS RECORDED YESTERDAY.
  HAZE


RELATIVE HUMIDITY (PERCENT)
 HIGHEST    63
 LOWEST     16
 AVERAGE    40

..........................................................


THE YUMA AZ CLIMATE NORMALS FOR TODAY
                         NORMAL    RECORD    YEAR
 MAXIMUM TEMPERATURE (F)   91       115      1947
 MINIMUM TEMPERATURE (F)   64        44      1915


SUNRISE AND SUNSET
MAY  3 2016...........SUNRISE   549 AM MST   SUNSET   722 PM MST
MAY  4 2016...........SUNRISE   548 AM MST   SUNSET   723 PM MST


-  INDICATES NEGATIVE NUMBERS.
R  INDICATES RECORD WAS SET OR TIED.
MM INDICATES DATA IS MISSING.
T  INDICATES TRACE AMOUNT.

$$
