000
CDUS46 KMTR 220045
CLIOAK


CLIMATE REPORT
NATIONAL WEATHER SERVICE SAN FRANCISCO BAY AREA
545 PM PDT THU AUG 21 2014


...................................

...THE OAKLAND AIRPORT CLIMATE SUMMARY FOR AUGUST 21 2014...
VALID TODAY AS OF 0500 PM LOCAL TIME.

CLIMATE NORMAL PERIOD 1981 TO 2010
CLIMATE RECORD PERIOD 1948 TO 2014


WEATHER ITEM   OBSERVED TIME   RECORD YEAR NORMAL DEPARTURE LAST
                VALUE   (LST)  VALUE       VALUE  FROM      YEAR
                                                  NORMAL
..................................................................
TEMPERATURE (F)
 TODAY
  MAXIMUM         75    205 PM  83    1974  73      2       66
  MINIMUM         63    537 AM  51    2000  56      7       53
  AVERAGE         69                        65      4       60

PRECIPITATION (IN)
  TODAY            0.00          0.07 1951   0.00   0.00     0.00
  MONTH TO DATE    T                         0.02  -0.02      T
  SINCE JUL 1      0.01                      0.03  -0.02      T
  SINCE JAN 1      7.99                     13.25  -5.26     2.82

SNOWFALL (IN)
  TODAY            0.0           0.0  1985
  MONTH TO DATE    0.0
  SINCE JUN 1      0.0
  SINCE JUL 1      0.0

DEGREE DAYS
 HEATING
  TODAY            0                         2     -2        5
  MONTH TO DATE    4                        43    -39       37
  SINCE JUN 1     96                       229   -133      141
  SINCE JUL 1     25                       126   -101       81

 COOLING
  TODAY            4                         1      3        0
  MONTH TO DATE   33                        13     20       16
  SINCE JUN 1    122                        49     73       80
  SINCE JAN 1    166                        65    101      121
..................................................................


WIND (MPH)
  RESULTANT WIND SPEED   7   RESULTANT WIND DIRECTION  NW (300)
  HIGHEST WIND SPEED    18   HIGHEST WIND DIRECTION     W (290)
  HIGHEST GUST SPEED    22   HIGHEST GUST DIRECTION     W (290)
  AVERAGE WIND SPEED     7.0


SKY COVER
  POSSIBLE SUNSHINE  MM
  AVERAGE SKY COVER 0.6


WEATHER CONDITIONS
 THE FOLLOWING WEATHER WAS RECORDED TODAY.
  NO SIGNIFICANT WEATHER WAS OBSERVED.


RELATIVE HUMIDITY (PERCENT)
 HIGHEST    84          1200 AM
 LOWEST     57           100 PM
 AVERAGE    71

..........................................................


THE OAKLAND AIRPORT CLIMATE NORMALS FOR TOMORROW
                         NORMAL    RECORD    YEAR
 MAXIMUM TEMPERATURE (F)   74        89      1959
 MINIMUM TEMPERATURE (F)   56        48      1955


SUNRISE AND SUNSET
AUGUST 21 2014........SUNRISE   630 AM PDT   SUNSET   754 PM PDT
AUGUST 22 2014........SUNRISE   631 AM PDT   SUNSET   752 PM PDT


-  INDICATES NEGATIVE NUMBERS.
R  INDICATES RECORD WAS SET OR TIED.
MM INDICATES DATA IS MISSING.
T  INDICATES TRACE AMOUNT.




$$
