000
CDUS46 KMTR 290036
CLIOAK


CLIMATE REPORT
NATIONAL WEATHER SERVICE SAN FRANCISCO BAY AREA
436 PM PST FRI NOV 28 2014


...................................

...THE OAKLAND AIRPORT CLIMATE SUMMARY FOR NOVEMBER 28 2014...
VALID TODAY AS OF 0400 PM LOCAL TIME.

CLIMATE NORMAL PERIOD 1981 TO 2010
CLIMATE RECORD PERIOD 1948 TO 2014


WEATHER ITEM   OBSERVED TIME   RECORD YEAR NORMAL DEPARTURE LAST
                VALUE   (LST)  VALUE       VALUE  FROM      YEAR
                                                  NORMAL
..................................................................
TEMPERATURE (F)
 TODAY
  MAXIMUM         62    339 PM  70    2009  60      2       65
  MINIMUM         42    303 AM  34    1948  43     -1       45
  AVERAGE         52                        51      1       55

PRECIPITATION (IN)
  TODAY            0.00          2.03 1970   0.07  -0.07     0.00
  MONTH TO DATE    1.39                      2.27  -0.88     1.17
  SINCE JUL 1      2.41                      3.75  -1.34     1.79
  SINCE JAN 1     10.39                     16.97  -6.58     4.61

SNOWFALL (IN)
  TODAY            0.0           0.0  1985
  MONTH TO DATE    0.0
  SINCE SEP 1      0.0
  SINCE JUL 1      0.0

DEGREE DAYS
 HEATING
  TODAY           13                        14     -1       10
  MONTH TO DATE  229                       295    -66      259
  SINCE SEP 1    297                       507   -210      444
  SINCE JUL 1    322                       647   -325      531

 COOLING
  TODAY            0                         0      0        0
  MONTH TO DATE    0                         0      0        0
  SINCE SEP 1    109                        57     52       68
  SINCE JAN 1    305                       137    168      212
..................................................................


WIND (MPH)
  RESULTANT WIND SPEED   1   RESULTANT WIND DIRECTION   S (170)
  HIGHEST WIND SPEED    13   HIGHEST WIND DIRECTION     W (280)
  HIGHEST GUST SPEED    14   HIGHEST GUST DIRECTION     W (280)
  AVERAGE WIND SPEED     3.7


SKY COVER
  POSSIBLE SUNSHINE  MM
  AVERAGE SKY COVER 0.4


WEATHER CONDITIONS
 THE FOLLOWING WEATHER WAS RECORDED TODAY.
  FOG
  FOG W/VISIBILITY <= 1/4 MILE
  HAZE


RELATIVE HUMIDITY (PERCENT)
 HIGHEST   100           400 AM
 LOWEST     67           200 PM
 AVERAGE    84

..........................................................


THE OAKLAND AIRPORT CLIMATE NORMALS FOR TOMORROW
                         NORMAL    RECORD    YEAR
 MAXIMUM TEMPERATURE (F)   59        71      2009
                                             2008
 MINIMUM TEMPERATURE (F)   43        32      2010


SUNRISE AND SUNSET
NOVEMBER 28 2014......SUNRISE   703 AM PST   SUNSET   451 PM PST
NOVEMBER 29 2014......SUNRISE   703 AM PST   SUNSET   451 PM PST


-  INDICATES NEGATIVE NUMBERS.
R  INDICATES RECORD WAS SET OR TIED.
MM INDICATES DATA IS MISSING.
T  INDICATES TRACE AMOUNT.




$$
