000
CDUS46 KMTR 070845
CLIOAK


CLIMATE REPORT
NATIONAL WEATHER SERVICE SAN FRANCISCO BAY AREA
145 AM PDT TUE JUL 7 2015


...................................

...THE OAKLAND AIRPORT CLIMATE SUMMARY FOR JULY 6 2015...

CLIMATE NORMAL PERIOD 1981 TO 2010
CLIMATE RECORD PERIOD 1948 TO 2015


WEATHER ITEM   OBSERVED TIME   RECORD YEAR NORMAL DEPARTURE LAST
                VALUE   (LST)  VALUE       VALUE  FROM      YEAR
                                                  NORMAL
..................................................................
TEMPERATURE (F)
 YESTERDAY
  MAXIMUM         73    249 PM  84    1957  71      2       70
  MINIMUM         61    639 AM  48    1955  55      6       53
  AVERAGE         67                        63      4       62

PRECIPITATION (IN)
  YESTERDAY        T   R         0.00 2006   0.00   0.00     0.00
  MONTH TO DATE    T                         0.00   0.00     0.00
  SINCE OCT 1     14.57                     20.53  -5.96     9.44
  SINCE JAN 1      3.35                     13.22  -9.87     7.98

SNOWFALL (IN)
  YESTERDAY        0.0                                       0.0
  MONTH TO DATE    0.0                                       0.0
  SINCE JUN 1      0.0                                       0.0
  SINCE JUL 1      0.0                                       0.0

DEGREE DAYS
 HEATING
  YESTERDAY        0                         3     -3        3
  MONTH TO DATE    0                        18    -18       14
  SINCE JUN 1     62                       121    -59       85
  SINCE JUL 1      0                        18    -18       14

 COOLING
  YESTERDAY        2                         1      1        0
  MONTH TO DATE   12                         6      6        0
  SINCE JUN 1     31                        24      7       20
  SINCE JAN 1     35                        40     -5       64
..................................................................


WIND (MPH)
  RESULTANT WIND SPEED  13   RESULTANT WIND DIRECTION   W (270)
  HIGHEST WIND SPEED    18   HIGHEST WIND DIRECTION     W (280)
  HIGHEST GUST SPEED    21   HIGHEST GUST DIRECTION     W (270)
  AVERAGE WIND SPEED    12.6


SKY COVER
  POSSIBLE SUNSHINE  MM
  AVERAGE SKY COVER 0.6


WEATHER CONDITIONS
 THE FOLLOWING WEATHER WAS RECORDED YESTERDAY.
  LIGHT RAIN


RELATIVE HUMIDITY (PERCENT)
 HIGHEST    84          1200 AM
 LOWEST     53          1200 PM
 AVERAGE    69

..........................................................


THE OAKLAND AIRPORT CLIMATE NORMALS FOR TODAY
                         NORMAL    RECORD    YEAR
 MAXIMUM TEMPERATURE (F)   71        82      2008
                                             2006
 MINIMUM TEMPERATURE (F)   55        49      2006


SUNRISE AND SUNSET
JULY  7 2015..........SUNRISE   554 AM PDT   SUNSET   833 PM PDT
JULY  8 2015..........SUNRISE   554 AM PDT   SUNSET   833 PM PDT


-  INDICATES NEGATIVE NUMBERS.
R  INDICATES RECORD WAS SET OR TIED.
MM INDICATES DATA IS MISSING.
T  INDICATES TRACE AMOUNT.




$$
