000
CDUS46 KMTR 260038
CLIOAK


CLIMATE REPORT
NATIONAL WEATHER SERVICE SAN FRANCISCO BAY AREA
537 PM PDT SAT OCT 25 2014


...................................

...THE OAKLAND AIRPORT CLIMATE SUMMARY FOR OCTOBER 25 2014...
VALID TODAY AS OF 0500 PM LOCAL TIME.

CLIMATE NORMAL PERIOD 1981 TO 2010
CLIMATE RECORD PERIOD 1948 TO 2014


WEATHER ITEM   OBSERVED TIME   RECORD YEAR NORMAL DEPARTURE LAST
                VALUE   (LST)  VALUE       VALUE  FROM      YEAR
                                                  NORMAL
..................................................................
TEMPERATURE (F)
 TODAY
  MAXIMUM         70    149 PM  92    2003  68      2       67
  MINIMUM         60    532 AM  42    1956  50     10       47
  AVERAGE         65                        59      6       57

PRECIPITATION (IN)
  TODAY            0.23          1.48 1979   0.06   0.17     0.00
  MONTH TO DATE    0.25                      0.80  -0.55     0.00
  SINCE JUL 1      0.70                      1.08  -0.38     0.61
  SINCE JAN 1      8.68                     14.30  -5.62     3.43

SNOWFALL (IN)
  TODAY            0.0           0.0  1985
  MONTH TO DATE    0.0
  SINCE SEP 1      0.0
  SINCE JUL 1      0.0

DEGREE DAYS
 HEATING
  TODAY            0                         6     -6        8
  MONTH TO DATE   38                       111    -73      113
  SINCE SEP 1     43                       171   -128      130
  SINCE JUL 1     68                       311   -243      217

 COOLING
  TODAY            0                         0      0        0
  MONTH TO DATE   39                        12     27       13
  SINCE SEP 1    109                        57     52       68
  SINCE JAN 1    305                       137    168      212
..................................................................


WIND (MPH)
  RESULTANT WIND SPEED  12   RESULTANT WIND DIRECTION   S (190)
  HIGHEST WIND SPEED    25   HIGHEST WIND DIRECTION     S (160)
  HIGHEST GUST SPEED    30   HIGHEST GUST DIRECTION     S (170)
  AVERAGE WIND SPEED    15.7


SKY COVER
  POSSIBLE SUNSHINE  MM
  AVERAGE SKY COVER 0.8


WEATHER CONDITIONS
 THE FOLLOWING WEATHER WAS RECORDED TODAY.
  HEAVY RAIN
  RAIN
  LIGHT RAIN
  FOG


RELATIVE HUMIDITY (PERCENT)
 HIGHEST    90           500 AM
 LOWEST     61          1200 PM
 AVERAGE    76

..........................................................


THE OAKLAND AIRPORT CLIMATE NORMALS FOR TOMORROW
                         NORMAL    RECORD    YEAR
 MAXIMUM TEMPERATURE (F)   68        93      2003
 MINIMUM TEMPERATURE (F)   50        42      1954


SUNRISE AND SUNSET
OCTOBER 25 2014.......SUNRISE   727 AM PDT   SUNSET   618 PM PDT
OCTOBER 26 2014.......SUNRISE   728 AM PDT   SUNSET   617 PM PDT


-  INDICATES NEGATIVE NUMBERS.
R  INDICATES RECORD WAS SET OR TIED.
MM INDICATES DATA IS MISSING.
T  INDICATES TRACE AMOUNT.




$$
