885
CDUS46 KMTR 250119
CLIOAK


CLIMATE REPORT
NATIONAL WEATHER SERVICE SAN FRANCISCO BAY AREA
519 PM PST FRI FEB 24 2017


...................................

...THE OAKLAND AIRPORT CLIMATE SUMMARY FOR FEBRUARY 24 2017...
VALID TODAY AS OF 0500 PM LOCAL TIME.

CLIMATE NORMAL PERIOD 1981 TO 2010
CLIMATE RECORD PERIOD 1948 TO 2017


WEATHER ITEM   OBSERVED TIME   RECORD YEAR NORMAL DEPARTURE LAST
                VALUE   (LST)  VALUE       VALUE  FROM      YEAR
                                                  NORMAL
..................................................................
TEMPERATURE (F)
 TODAY
  MAXIMUM         56    334 PM  74    1954  61     -5       70
  MINIMUM         37    557 AM  36    2015  45     -8       45
                                      1960
  AVERAGE         47                        53     -6       58

PRECIPITATION (IN)
  TODAY            0.00          0.84 1958   0.16  -0.16     0.00
  MONTH TO DATE    7.27                      3.34   3.93     0.30
  SINCE OCT 1     23.23                     14.64   8.59    10.74
  SINCE JAN 1     14.80                      7.33   7.47     5.52

SNOWFALL (IN)
  TODAY            0.0           0.0  1985
  MONTH TO DATE    0.0
  SINCE DEC 1      0.0
  SINCE JUL 1      0.0

DEGREE DAYS
 HEATING
  TODAY           18                        12      6        7
  MONTH TO DATE  217                       314    -97      201
  SINCE DEC 1   1095                      1298   -203     1051
  SINCE JUL 1   1465                      1973   -508     1448

 COOLING
  TODAY            0                         0      0        0
  MONTH TO DATE    0                         0      0        1
  SINCE DEC 1      0                         0      0        1
  SINCE JAN 1      0                         0      0        1
..................................................................


WIND (MPH)
  RESULTANT WIND SPEED   2   RESULTANT WIND DIRECTION   S (160)
  HIGHEST WIND SPEED    16   HIGHEST WIND DIRECTION     W (250)
  HIGHEST GUST SPEED    18   HIGHEST GUST DIRECTION     W (260)
  AVERAGE WIND SPEED     5.5


SKY COVER
  POSSIBLE SUNSHINE  MM
  AVERAGE SKY COVER 0.2


WEATHER CONDITIONS
 THE FOLLOWING WEATHER WAS RECORDED TODAY.
  NO SIGNIFICANT WEATHER WAS OBSERVED.


RELATIVE HUMIDITY (PERCENT)
 HIGHEST    93           200 AM
 LOWEST     41           300 PM
 AVERAGE    67

..........................................................


THE OAKLAND AIRPORT CLIMATE NORMALS FOR TOMORROW
                         NORMAL    RECORD    YEAR
 MAXIMUM TEMPERATURE (F)   61        77      1954
 MINIMUM TEMPERATURE (F)   45        33      1953


SUNRISE AND SUNSET
FEBRUARY 24 2017......SUNRISE   647 AM PST   SUNSET   558 PM PST
FEBRUARY 25 2017......SUNRISE   645 AM PST   SUNSET   559 PM PST


-  INDICATES NEGATIVE NUMBERS.
R  INDICATES RECORD WAS SET OR TIED.
MM INDICATES DATA IS MISSING.
T  INDICATES TRACE AMOUNT.




$$
