119
CDUS46 KMTR 190826
CLIOAK


CLIMATE REPORT
NATIONAL WEATHER SERVICE SAN FRANCISCO BAY AREA
1225 AM PST THU JAN 19 2017


...................................

...THE OAKLAND AIRPORT CLIMATE SUMMARY FOR JANUARY 18 2017...

CLIMATE NORMAL PERIOD 1981 TO 2010
CLIMATE RECORD PERIOD 1948 TO 2017


WEATHER ITEM   OBSERVED TIME   RECORD YEAR NORMAL DEPARTURE LAST
                VALUE   (LST)  VALUE       VALUE  FROM      YEAR
                                                  NORMAL
..................................................................
TEMPERATURE (F)
 YESTERDAY
  MAXIMUM         54   1159 PM  67    2014  57     -3       63
  MINIMUM         48    108 AM  30    2012  42      6       52
  AVERAGE         51                        49      2       58

PRECIPITATION (IN)
  YESTERDAY        0.58          1.18 1969   0.08   0.50     0.75
  MONTH TO DATE    5.43                      2.97   2.46     3.97
  SINCE OCT 1     13.86                     10.28   3.58     9.19
  SINCE JAN 1      5.43                      2.97   2.46     3.97

SNOWFALL (IN)
  YESTERDAY       MM                                         0.0
  MONTH TO DATE    0.0                                       0.0
  SINCE DEC 1      0.0                                       0.0
  SINCE JUL 1      0.0                                       0.0

DEGREE DAYS
 HEATING
  YESTERDAY       14                        16     -2        7
  MONTH TO DATE  256                       293    -37      226
  SINCE DEC 1    695                       790    -95      713
  SINCE JUL 1   1065                      1465   -400     1110

 COOLING
  YESTERDAY        0                         0      0        0
  MONTH TO DATE    0                         0      0        0
  SINCE DEC 1      0                         0      0        0
  SINCE JAN 1      0                         0      0        0
..................................................................


WIND (MPH)
  RESULTANT WIND SPEED  14   RESULTANT WIND DIRECTION  SE (150)
  HIGHEST WIND SPEED    36   HIGHEST WIND DIRECTION    SE (140)
  HIGHEST GUST SPEED    43   HIGHEST GUST DIRECTION    SE (150)
  AVERAGE WIND SPEED    14.2


SKY COVER
  POSSIBLE SUNSHINE  MM
  AVERAGE SKY COVER 1.0


WEATHER CONDITIONS
 THE FOLLOWING WEATHER WAS RECORDED YESTERDAY.
  HEAVY RAIN
  RAIN
  LIGHT RAIN
  FOG
  HAZE


RELATIVE HUMIDITY (PERCENT)
 HIGHEST    93           800 PM
 LOWEST     74          1200 AM
 AVERAGE    84

..........................................................


THE OAKLAND AIRPORT CLIMATE NORMALS FOR TODAY
                         NORMAL    RECORD    YEAR
 MAXIMUM TEMPERATURE (F)   57        68      1976
 MINIMUM TEMPERATURE (F)   42        34      2012
                                             2007


SUNRISE AND SUNSET
JANUARY 19 2017.......SUNRISE   721 AM PST   SUNSET   519 PM PST
JANUARY 20 2017.......SUNRISE   721 AM PST   SUNSET   520 PM PST


-  INDICATES NEGATIVE NUMBERS.
R  INDICATES RECORD WAS SET OR TIED.
MM INDICATES DATA IS MISSING.
T  INDICATES TRACE AMOUNT.




$$
