000
CDUS46 KMTR 290927
CLIOAK


CLIMATE REPORT
NATIONAL WEATHER SERVICE SAN FRANCISCO BAY AREA
227 AM PDT THU SEP 29 2016


...................................

...THE OAKLAND AIRPORT CLIMATE SUMMARY FOR SEPTEMBER 28 2016...

CLIMATE NORMAL PERIOD 1981 TO 2010
CLIMATE RECORD PERIOD 1948 TO 2016


WEATHER ITEM   OBSERVED TIME   RECORD YEAR NORMAL DEPARTURE LAST
                VALUE   (LST)  VALUE       VALUE  FROM      YEAR
                                                  NORMAL
..................................................................
TEMPERATURE (F)
 YESTERDAY
  MAXIMUM         68   1211 PM 100    2010  73     -5       70
  MINIMUM         55    624 AM  49    1948  53      2       54
  AVERAGE         62                        63     -1       62

PRECIPITATION (IN)
  YESTERDAY        0.00          0.32 1976   0.02  -0.02     0.00
  MONTH TO DATE    0.00                      0.19  -0.19      T
  SINCE OCT 1     16.56                     20.78  -4.22    14.58
  SINCE JAN 1     11.34                     13.47  -2.13     3.36

SNOWFALL (IN)
  YESTERDAY        0.0                                       0.0
  MONTH TO DATE    0.0                                       0.0
  SINCE SEP 1      0.0                                       0.0
  SINCE JUL 1      0.0                                       0.0

DEGREE DAYS
 HEATING
  YESTERDAY        3                         3      0        3
  MONTH TO DATE   29                        58    -29        8
  SINCE SEP 1     29                        58    -29        8
  SINCE JUL 1     85                       198   -113       10

 COOLING
  YESTERDAY        0                         1     -1        0
  MONTH TO DATE   56                        45     11       98
  SINCE SEP 1     56                        45     11       98
  SINCE JAN 1    154                       125     29      320
..................................................................


WIND (MPH)
  RESULTANT WIND SPEED   9   RESULTANT WIND DIRECTION  NW (310)
  HIGHEST WIND SPEED    22   HIGHEST WIND DIRECTION     W (290)
  HIGHEST GUST SPEED    25   HIGHEST GUST DIRECTION    NW (310)
  AVERAGE WIND SPEED     9.4


SKY COVER
  POSSIBLE SUNSHINE  MM
  AVERAGE SKY COVER 0.3


WEATHER CONDITIONS
 THE FOLLOWING WEATHER WAS RECORDED YESTERDAY.
  NO SIGNIFICANT WEATHER WAS OBSERVED.


RELATIVE HUMIDITY (PERCENT)
 HIGHEST    93           500 AM
 LOWEST     68          1000 AM
 AVERAGE    81

..........................................................


THE OAKLAND AIRPORT CLIMATE NORMALS FOR TODAY
                         NORMAL    RECORD    YEAR
 MAXIMUM TEMPERATURE (F)   73        89      1978
 MINIMUM TEMPERATURE (F)   53        47      1950


SUNRISE AND SUNSET
SEPTEMBER 29 2016.....SUNRISE   703 AM PDT   SUNSET   654 PM PDT
SEPTEMBER 30 2016.....SUNRISE   704 AM PDT   SUNSET   653 PM PDT


-  INDICATES NEGATIVE NUMBERS.
R  INDICATES RECORD WAS SET OR TIED.
MM INDICATES DATA IS MISSING.
T  INDICATES TRACE AMOUNT.




$$
