000
CDUS46 KMTR 280027
CLIOAK


CLIMATE REPORT
NATIONAL WEATHER SERVICE SAN FRANCISCO BAY AREA
527 PM PDT SAT AUG 27 2016


...................................

...THE OAKLAND AIRPORT CLIMATE SUMMARY FOR AUGUST 27 2016...
VALID TODAY AS OF 0500 PM LOCAL TIME.

CLIMATE NORMAL PERIOD 1981 TO 2010
CLIMATE RECORD PERIOD 1948 TO 2016


WEATHER ITEM   OBSERVED TIME   RECORD YEAR NORMAL DEPARTURE LAST
                VALUE   (LST)  VALUE       VALUE  FROM      YEAR
                                                  NORMAL
..................................................................
TEMPERATURE (F)
 TODAY
  MAXIMUM         72    127 PM  95    1962  75     -3       84
  MINIMUM         63    849 AM  51    2005  56      7       59
  AVERAGE         68                        65      3       72

PRECIPITATION (IN)
  TODAY            0.00          0.09 1949   0.00   0.00     0.00
  MONTH TO DATE    T                         0.03  -0.03      T
  SINCE OCT 1     16.56                     20.57  -4.01    14.58
  SINCE JAN 1     11.34                     13.26  -1.92     3.36

SNOWFALL (IN)
  TODAY            0.0           0.0  1985
  MONTH TO DATE    0.0
  SINCE JUN 1      0.0
  SINCE JUL 1      0.0

DEGREE DAYS
 HEATING
  TODAY            0                         2     -2        0
  MONTH TO DATE   20                        54    -34        0
  SINCE JUN 1     87                       240   -153       64
  SINCE JUL 1     56                       137    -81        2

 COOLING
  TODAY            3                         2      1        7
  MONTH TO DATE   10                        20    -10       96
  SINCE JUN 1     59                        56      3      191
  SINCE JAN 1     93                        72     21      195
..................................................................


WIND (MPH)
  RESULTANT WIND SPEED   7   RESULTANT WIND DIRECTION   W (260)
  HIGHEST WIND SPEED    18   HIGHEST WIND DIRECTION     W (280)
  HIGHEST GUST SPEED    23   HIGHEST GUST DIRECTION     W (270)
  AVERAGE WIND SPEED     8.5


SKY COVER
  POSSIBLE SUNSHINE  MM
  AVERAGE SKY COVER 0.8


WEATHER CONDITIONS
 THE FOLLOWING WEATHER WAS RECORDED TODAY.
  NO SIGNIFICANT WEATHER WAS OBSERVED.


RELATIVE HUMIDITY (PERCENT)
 HIGHEST    78           400 AM
 LOWEST     57          1200 PM
 AVERAGE    68

..........................................................


THE OAKLAND AIRPORT CLIMATE NORMALS FOR TOMORROW
                         NORMAL    RECORD    YEAR
 MAXIMUM TEMPERATURE (F)   75        94      2009
 MINIMUM TEMPERATURE (F)   56        52      2005


SUNRISE AND SUNSET
AUGUST 27 2016........SUNRISE   635 AM PDT   SUNSET   744 PM PDT
AUGUST 28 2016........SUNRISE   636 AM PDT   SUNSET   743 PM PDT


-  INDICATES NEGATIVE NUMBERS.
R  INDICATES RECORD WAS SET OR TIED.
MM INDICATES DATA IS MISSING.
T  INDICATES TRACE AMOUNT.




$$
