000
CDUS46 KMTR 200834
CLIOAK


CLIMATE REPORT
NATIONAL WEATHER SERVICE SAN FRANCISCO BAY AREA
133 AM PDT SAT SEP 20 2014


...................................

...THE OAKLAND AIRPORT CLIMATE SUMMARY FOR SEPTEMBER 19 2014...

CLIMATE NORMAL PERIOD 1981 TO 2010
CLIMATE RECORD PERIOD 1948 TO 2014


WEATHER ITEM   OBSERVED TIME   RECORD YEAR NORMAL DEPARTURE LAST
                VALUE   (LST)  VALUE       VALUE  FROM      YEAR
                                                  NORMAL
..................................................................
TEMPERATURE (F)
 YESTERDAY
  MAXIMUM         73    153 PM  91    2011  75     -2       82
  MINIMUM         59   1218 AM  49    1955  54      5       51
  AVERAGE         66                        64      2       67

PRECIPITATION (IN)
  YESTERDAY        0.00          0.48 1977   0.01  -0.01     0.00
  MONTH TO DATE    T                         0.09  -0.09      T
  SINCE JUL 1      0.01                      0.15  -0.14      T
  SINCE JAN 1      7.99                     13.37  -5.38     2.82

SNOWFALL (IN)
  YESTERDAY        0.0                                       0.0
  MONTH TO DATE    0.0                                       0.0
  SINCE SEP 1      0.0                                       0.0
  SINCE JUL 1      0.0                                       0.0

DEGREE DAYS
 HEATING
  YESTERDAY        0                         2     -2        0
  MONTH TO DATE    1                        36    -35        3
  SINCE SEP 1      1                        36    -35        3
  SINCE JUL 1     26                       176   -150       90

 COOLING
  YESTERDAY        1                         1      0        2
  MONTH TO DATE   48                        36     12       51
  SINCE SEP 1     48                        36     12       51
  SINCE JAN 1    244                       116    128      195
..................................................................


WIND (MPH)
  RESULTANT WIND SPEED   6   RESULTANT WIND DIRECTION  NW (300)
  HIGHEST WIND SPEED    23   HIGHEST WIND DIRECTION    NW (320)
  HIGHEST GUST SPEED    31   HIGHEST GUST DIRECTION    NW (330)
  AVERAGE WIND SPEED     7.2


SKY COVER
  POSSIBLE SUNSHINE  MM
  AVERAGE SKY COVER 0.6


WEATHER CONDITIONS
 THE FOLLOWING WEATHER WAS RECORDED YESTERDAY.
  FOG


RELATIVE HUMIDITY (PERCENT)
 HIGHEST    93           200 AM
 LOWEST     64           200 PM
 AVERAGE    79

..........................................................


THE OAKLAND AIRPORT CLIMATE NORMALS FOR TODAY
                         NORMAL    RECORD    YEAR
 MAXIMUM TEMPERATURE (F)   74        95      1949
 MINIMUM TEMPERATURE (F)   54        47      2004


SUNRISE AND SUNSET
SEPTEMBER 20 2014.....SUNRISE   655 AM PDT   SUNSET   709 PM PDT
SEPTEMBER 21 2014.....SUNRISE   656 AM PDT   SUNSET   707 PM PDT


-  INDICATES NEGATIVE NUMBERS.
R  INDICATES RECORD WAS SET OR TIED.
MM INDICATES DATA IS MISSING.
T  INDICATES TRACE AMOUNT.




$$
