453
CDUS43 KOAX 270628
CLIOAX


CLIMATE REPORT
NATIONAL WEATHER SERVICE OMAHA NEBRASKA
1228 AM CST MON FEB 27 2017


...................................

...THE VALLEY  NWS, NEBRASKA CLIMATE SUMMARY FOR FEBRUARY 26 2017...

CLIMATE NORMAL PERIOD 1981 TO 2010
CLIMATE RECORD PERIOD 1997 TO 2017


WEATHER ITEM   OBSERVED TIME   NORMAL DEPARTURE LAST
                VALUE   (LST)  VALUE  FROM      YEAR
                                      NORMAL
......................................................
TEMPERATURE (F)
 YESTERDAY
  MAXIMUM         43    428 PM  40      3       51
  MINIMUM         29   1124 PM  21      8       26
  AVERAGE         36            31      5       39

PRECIPITATION (IN)
  YESTERDAY        0.00          0.04  -0.04     0.00
  MONTH TO DATE    0.76          0.85  -0.09     0.99
  SINCE DEC 1      3.02          2.75   0.27     6.85
  SINCE JAN 1      1.71          1.64   0.07     1.74

SNOWFALL (IN)
  YESTERDAY        0.0                           0.0
  MONTH TO DATE    6.3                           9.7
  SINCE JUL 1     11.3                          28.5
  SNOW DEPTH       1

DEGREE DAYS
 HEATING
  YESTERDAY       29            34     -5       26
  MONTH TO DATE  705           988   -283      844
  SINCE DEC 1   3039          3492   -453     3050
  SINCE JUL 1   3828          4762   -934     3935

 COOLING
  YESTERDAY        0             0      0        0
  MONTH TO DATE    0             0      0        0
  SINCE DEC 1      0             0      0        0
  SINCE JAN 1      0             0      0        0
......................................................


WIND (MPH)
  HIGHEST WIND SPEED    MM   HIGHEST WIND DIRECTION    MM
  HIGHEST GUST SPEED    21   HIGHEST GUST DIRECTION    MM


SKY COVER
  POSSIBLE SUNSHINE  MM


WEATHER CONDITIONS
 THE FOLLOWING WEATHER WAS RECORDED YESTERDAY.
  NO SIGNIFICANT WEATHER WAS OBSERVED.


..........................................................


THE VALLEY  NWS, NEBRASKA CLIMATE NORMALS FOR TODAY
                         NORMAL
 MAXIMUM TEMPERATURE (F)   41
 MINIMUM TEMPERATURE (F)   22


SUNRISE AND SUNSET
FEBRUARY 27 2017......SUNRISE   703 AM CST   SUNSET   614 PM CST
FEBRUARY 28 2017......SUNRISE   701 AM CST   SUNSET   615 PM CST


-  INDICATES NEGATIVE NUMBERS.
R  INDICATES RECORD WAS SET OR TIED.
MM INDICATES DATA IS MISSING.
T  INDICATES TRACE AMOUNT.




$$
