000
CDUS43 KOAX 060633
CLIOAX


CLIMATE REPORT
NATIONAL WEATHER SERVICE OMAHA NEBRASKA
1230 AM CST TUE DEC 6 2016


...................................

...THE VALLEY  NWS, NEBRASKA CLIMATE SUMMARY FOR DECEMBER 5 2016...

CLIMATE NORMAL PERIOD 1981 TO 2010
CLIMATE RECORD PERIOD 1997 TO 2016


WEATHER ITEM   OBSERVED TIME   NORMAL DEPARTURE LAST
                VALUE   (LST)  VALUE  FROM      YEAR
                                      NORMAL
......................................................
TEMPERATURE (F)
 YESTERDAY
  MAXIMUM         51    242 PM  38     13       51
  MINIMUM         32   1159 PM  20     12       41
  AVERAGE         42            29     13       46

PRECIPITATION (IN)
  YESTERDAY        0.02          0.04  -0.02     0.00
  MONTH TO DATE    0.28          0.22   0.06      T
  SINCE DEC 1      0.28          0.22   0.06      T
  SINCE JAN 1     43.03         31.75  11.28    34.83

SNOWFALL (IN)
  YESTERDAY        0.0                           0.0
  MONTH TO DATE    1.1                           0.1
  SINCE JUL 1      1.1                           3.5
  SNOW DEPTH       0

DEGREE DAYS
 HEATING
  YESTERDAY       23            36    -13       19
  MONTH TO DATE  149           175    -26      143
  SINCE DEC 1    149           175    -26      143
  SINCE JUL 1    938          1445   -507     1028

 COOLING
  YESTERDAY        0             0      0        0
  MONTH TO DATE    0             0      0        0
  SINCE DEC 1      0             0      0        0
  SINCE JAN 1   1284          1075    209     1079
......................................................


WIND (MPH)
  HIGHEST WIND SPEED    MM   HIGHEST WIND DIRECTION    MM
  HIGHEST GUST SPEED    31   HIGHEST GUST DIRECTION    MM


SKY COVER
  POSSIBLE SUNSHINE  MM


WEATHER CONDITIONS
 THE FOLLOWING WEATHER WAS RECORDED YESTERDAY.
  LIGHT RAIN


..........................................................


THE VALLEY  NWS, NEBRASKA CLIMATE NORMALS FOR TODAY
                         NORMAL
 MAXIMUM TEMPERATURE (F)   38
 MINIMUM TEMPERATURE (F)   20


SUNRISE AND SUNSET
DECEMBER  6 2016......SUNRISE   737 AM CST   SUNSET   456 PM CST
DECEMBER  7 2016......SUNRISE   738 AM CST   SUNSET   456 PM CST


-  INDICATES NEGATIVE NUMBERS.
R  INDICATES RECORD WAS SET OR TIED.
MM INDICATES DATA IS MISSING.
T  INDICATES TRACE AMOUNT.


$$

BCM
