000
CDUS43 KOAX 200623
CLIOAX


CLIMATE REPORT
NATIONAL WEATHER SERVICE OMAHA NEBRASKA
122 AM CDT SAT SEP 20 2014


...................................

...THE VALLEY  NWS, NEBRASKA CLIMATE SUMMARY FOR SEPTEMBER 19 2014...

CLIMATE NORMAL PERIOD 1981 TO 2010
CLIMATE RECORD PERIOD 1997 TO 2014


WEATHER ITEM   OBSERVED TIME   NORMAL DEPARTURE LAST
                VALUE   (LST)  VALUE  FROM      YEAR
                                      NORMAL
......................................................
TEMPERATURE (F)
 YESTERDAY
  MAXIMUM         88    304 PM  76     12       79
  MINIMUM         62    254 AM  53      9       59
  AVERAGE         75            64     11       69

PRECIPITATION (IN)
  YESTERDAY        0.00          0.08  -0.08     0.33
  MONTH TO DATE    3.00          1.90   1.10     1.06
  SINCE SEP 1      3.00          1.90   1.10     1.06
  SINCE JAN 1     33.05         26.82   6.23    22.10

SNOWFALL (IN)
  YESTERDAY        0.0                           0.0
  MONTH TO DATE    0.0                           0.0
  SINCE JUL 1      0.0                           0.0
  SNOW DEPTH       0

DEGREE DAYS
 HEATING
  YESTERDAY        0             3     -3        0
  MONTH TO DATE   75            35     40        3
  SINCE SEP 1     75            35     40        3
  SINCE JUL 1     76            41     35        8

 COOLING
  YESTERDAY       10             3      7        4
  MONTH TO DATE   65            86    -21      169
  SINCE SEP 1     65            86    -21      169
  SINCE JAN 1    990          1037    -47     1181
......................................................


WIND (MPH)
  HIGHEST WIND SPEED    MM   HIGHEST WIND DIRECTION    MM
  HIGHEST GUST SPEED    29   HIGHEST GUST DIRECTION    MM


SKY COVER
  POSSIBLE SUNSHINE  MM


WEATHER CONDITIONS
 THE FOLLOWING WEATHER WAS RECORDED YESTERDAY.
  NO SIGNIFICANT WEATHER WAS OBSERVED.


..........................................................


THE VALLEY  NWS, NEBRASKA CLIMATE NORMALS FOR TODAY
                         NORMAL
 MAXIMUM TEMPERATURE (F)   76
 MINIMUM TEMPERATURE (F)   53


SUNRISE AND SUNSET
SEPTEMBER 20 2014.....SUNRISE   711 AM CDT   SUNSET   726 PM CDT
SEPTEMBER 21 2014.....SUNRISE   712 AM CDT   SUNSET   724 PM CDT


-  INDICATES NEGATIVE NUMBERS.
R  INDICATES RECORD WAS SET OR TIED.
MM INDICATES DATA IS MISSING.
T  INDICATES TRACE AMOUNT.




$$
