000
CDUS43 KOAX 260650
CLIOAX


CLIMATE REPORT
NATIONAL WEATHER SERVICE OMAHA NEBRASKA
148 AM CDT TUE MAY 26 2015


...................................

...THE VALLEY  NWS, NEBRASKA CLIMATE SUMMARY FOR MAY 25 2015...

CLIMATE NORMAL PERIOD 1981 TO 2010
CLIMATE RECORD PERIOD 1997 TO 2015


WEATHER ITEM   OBSERVED TIME   NORMAL DEPARTURE LAST
                VALUE   (LST)  VALUE  FROM      YEAR
                                      NORMAL
......................................................
TEMPERATURE (F)
 YESTERDAY
  MAXIMUM         79    313 PM  76      3       80
  MINIMUM         60    413 AM  56      4       65
  AVERAGE         70            66      4       73

PRECIPITATION (IN)
  YESTERDAY        0.21          0.15   0.06     0.64
  MONTH TO DATE    5.71          3.66   2.05     4.83
  SINCE MAR 1      9.89          8.69   1.20     7.85
  SINCE JAN 1     11.46         10.40   1.06     8.89

SNOWFALL (IN)
  YESTERDAY        0.0                           0.0
  MONTH TO DATE    0.0                           0.0
  SINCE JUL 1     19.3                          18.2
  SNOW DEPTH       0

DEGREE DAYS
 HEATING
  YESTERDAY        0             3     -3        0
  MONTH TO DATE  136           139     -3      148
  SINCE MAR 1   1124          1406   -282     1441
  SINCE JUL 1   5853          6237   -384     6501

 COOLING
  YESTERDAY        5             3      2        8
  MONTH TO DATE   20            43    -23       57
  SINCE MAR 1     24            50    -26       66
  SINCE JAN 1     24            50    -26       66
......................................................


WIND (MPH)
  HIGHEST WIND SPEED    MM   HIGHEST WIND DIRECTION    MM
  HIGHEST GUST SPEED    32   HIGHEST GUST DIRECTION    MM


SKY COVER
  POSSIBLE SUNSHINE  MM


WEATHER CONDITIONS
 THE FOLLOWING WEATHER WAS RECORDED YESTERDAY.
  THUNDERSTORM
  HEAVY RAIN
  RAIN
  LIGHT RAIN


..........................................................


THE VALLEY  NWS, NEBRASKA CLIMATE NORMALS FOR TODAY
                         NORMAL
 MAXIMUM TEMPERATURE (F)   76
 MINIMUM TEMPERATURE (F)   56


SUNRISE AND SUNSET
MAY 26 2015...........SUNRISE   558 AM CDT   SUNSET   847 PM CDT
MAY 27 2015...........SUNRISE   557 AM CDT   SUNSET   848 PM CDT


-  INDICATES NEGATIVE NUMBERS.
R  INDICATES RECORD WAS SET OR TIED.
MM INDICATES DATA IS MISSING.
T  INDICATES TRACE AMOUNT.




$$
