000
CDUS43 KOAX 031108 CCA
CLIOAX

CLIMATE REPORT...CORRECTION
NATIONAL WEATHER SERVICE OMAHA NEBRASKA
108 AM CST TUE MAR 3 2015

...CORRECTED TIME OF LOW...


...................................

...THE VALLEY  NWS, NEBRASKA CLIMATE SUMMARY FOR MARCH 2 2015...

CLIMATE NORMAL PERIOD 1981 TO 2010
CLIMATE RECORD PERIOD 1997 TO 2015


WEATHER ITEM   OBSERVED TIME   NORMAL DEPARTURE LAST
                VALUE   (LST)  VALUE  FROM      YEAR
                                      NORMAL
......................................................
TEMPERATURE (F)
 YESTERDAY
  MAXIMUM         42    358 PM  42      0        2
  MINIMUM         20    539 AM  23     -3       -6
  AVERAGE         31            32     -1       -2

PRECIPITATION (IN)
  YESTERDAY        0.00          0.05  -0.05     0.00
  MONTH TO DATE    0.00          0.10  -0.10     0.06
  SINCE MAR 1      0.00          0.10  -0.10     0.06
  SINCE JAN 1      1.57          1.81  -0.24     1.10

SNOWFALL (IN)
  YESTERDAY        0.0                           0.0
  MONTH TO DATE    0.0                           1.2
  SINCE JUL 1     18.9                          16.6
  SNOW DEPTH       0

DEGREE DAYS
 HEATING
  YESTERDAY       34            33      1       67
  MONTH TO DATE   70            66      4      123
  SINCE MAR 1     70            66      4      123
  SINCE JUL 1   4799          4897    -98     5183

 COOLING
  YESTERDAY        0             0      0        0
  MONTH TO DATE    0             0      0        0
  SINCE MAR 1      0             0      0        0
  SINCE JAN 1      0             0      0        0
......................................................


WIND (MPH)
  HIGHEST WIND SPEED    MM   HIGHEST WIND DIRECTION    MM
  HIGHEST GUST SPEED    30   HIGHEST GUST DIRECTION    MM


SKY COVER
  POSSIBLE SUNSHINE  MM


WEATHER CONDITIONS
 THE FOLLOWING WEATHER WAS RECORDED YESTERDAY.
  NO SIGNIFICANT WEATHER WAS OBSERVED.


..........................................................


THE VALLEY  NWS, NEBRASKA CLIMATE NORMALS FOR TODAY
                         NORMAL
 MAXIMUM TEMPERATURE (F)   42
 MINIMUM TEMPERATURE (F)   23


SUNRISE AND SUNSET
MARCH  3 2015.........SUNRISE   657 AM CST   SUNSET   618 PM CST
MARCH  4 2015.........SUNRISE   656 AM CST   SUNSET   619 PM CST


-  INDICATES NEGATIVE NUMBERS.
R  INDICATES RECORD WAS SET OR TIED.
MM INDICATES DATA IS MISSING.
T  INDICATES TRACE AMOUNT.




$$

COR BY KLISH
