000
CDUS43 KOAX 292148
CLIOAX


CLIMATE REPORT
NATIONAL WEATHER SERVICE OMAHA NEBRASKA
441 PM CDT FRI APR 29 2016


...................................

...THE VALLEY  NWS, NEBRASKA CLIMATE SUMMARY FOR APRIL 29 2016...
VALID TODAY AS OF 400 PM LOCAL TIME.

CLIMATE NORMAL PERIOD 1981 TO 2010
CLIMATE RECORD PERIOD 1997 TO 2016


WEATHER ITEM   OBSERVED TIME   NORMAL DEPARTURE LAST
                VALUE   (LST)  VALUE  FROM      YEAR
                                      NORMAL
......................................................
TEMPERATURE (F)
 TODAY
  MAXIMUM         47    259 PM  66    -19       71
  MINIMUM         44    528 AM  45     -1       43
  AVERAGE         46            56    -10       57

PRECIPITATION (IN)
  TODAY            0.00          0.13  -0.13     0.00
  MONTH TO DATE    5.29          2.91   2.38     3.52
  SINCE MAR 1      6.47          4.91   1.56     4.18
  SINCE JAN 1      8.21          6.62   1.59     5.75

SNOWFALL (IN)
  TODAY            0.0                           0.0
  MONTH TO DATE    0.0                           0.2
  SINCE JUL 1     28.7                          19.3
  SNOW DEPTH       0

DEGREE DAYS
 HEATING
  TODAY           19            10      9        8
  MONTH TO DATE  311           430   -119      330
  SINCE MAR 1    864          1258   -394      982
  SINCE JUL 1   4852          6089  -1237     5711

 COOLING
  TODAY            0             0      0        0
  MONTH TO DATE    0             0      0        4
  SINCE MAR 1      0             0      0        4
  SINCE JAN 1      0             0      0        4
......................................................


WIND (MPH)
  HIGHEST WIND SPEED    MM   HIGHEST WIND DIRECTION    MM
  HIGHEST GUST SPEED    20   HIGHEST GUST DIRECTION    MM



WEATHER CONDITIONS
 THE FOLLOWING WEATHER WAS RECORDED TODAY.
  NO SIGNIFICANT WEATHER WAS OBSERVED.


..........................................................


THE VALLEY  NWS, NEBRASKA CLIMATE NORMALS FOR TOMORROW
                         NORMAL
 MAXIMUM TEMPERATURE (F)   67
 MINIMUM TEMPERATURE (F)   46


SUNRISE AND SUNSET
APRIL 29 2016.........SUNRISE   625 AM CDT   SUNSET   821 PM CDT
APRIL 30 2016.........SUNRISE   623 AM CDT   SUNSET   822 PM CDT


-  INDICATES NEGATIVE NUMBERS.
R  INDICATES RECORD WAS SET OR TIED.
MM INDICATES DATA IS MISSING.
T  INDICATES TRACE AMOUNT.




$$

KLISH
