000
CDUS43 KGID 282223
CLIODX


CLIMATE REPORT
NATIONAL WEATHER SERVICE HASTINGS NE
522 PM CDT THU JUL 28 2016


...................................

...THE ORD NE CLIMATE SUMMARY FOR JULY 28 2016...
VALID TODAY AS OF 0500 PM LOCAL TIME.

CLIMATE NORMAL PERIOD 1981 TO 2010
CLIMATE RECORD PERIOD 1895 TO 2016


WEATHER ITEM   OBSERVED TIME   NORMAL DEPARTURE LAST
                VALUE   (LST)  VALUE  FROM      YEAR
                                      NORMAL
......................................................
TEMPERATURE (F)
 TODAY
  MAXIMUM         81    151 PM  88     -7       84
  MINIMUM         59    416 AM  62     -3       56
  AVERAGE         70            75     -5       70

PRECIPITATION (IN)
  TODAY            0.06          0.14  -0.08     0.00
  MONTH TO DATE    3.96          2.46   1.50     2.16
  SINCE JUN 1      7.48          6.58   0.90     5.43
  SINCE JAN 1     24.02         15.24   8.78    11.89

DEGREE DAYS
 HEATING
  TODAY            0             0      0        0
  MONTH TO DATE    8             0      8        5
  SINCE JUN 1     10            37    -27       11
  SINCE JUL 1      8             0      8        5

 COOLING
  TODAY            5            10     -5        5
  MONTH TO DATE  265           267     -2      275
  SINCE JUN 1    530           429    101      435
  SINCE JAN 1    552           470     82      444
......................................................


WIND (MPH)
  HIGHEST WIND SPEED    14   HIGHEST WIND DIRECTION    NW (320)
  HIGHEST GUST SPEED    16   HIGHEST GUST DIRECTION    NW (320)
  AVERAGE WIND SPEED     3.8


SKY COVER
  AVERAGE SKY COVER 0.3


WEATHER CONDITIONS
 THE FOLLOWING WEATHER WAS RECORDED TODAY.
  RAIN


RELATIVE HUMIDITY (PERCENT)
 HIGHEST    93          1200 AM
 LOWEST     54           100 PM
 AVERAGE    74

..........................................................


THE ORD NE CLIMATE NORMALS FOR TOMORROW
                         NORMAL
 MAXIMUM TEMPERATURE (F)   88
 MINIMUM TEMPERATURE (F)   62


SUNRISE AND SUNSET
JULY 28 2016..........SUNRISE   627 AM CDT   SUNSET   857 PM CDT
JULY 29 2016..........SUNRISE   628 AM CDT   SUNSET   856 PM CDT


-  INDICATES NEGATIVE NUMBERS.
R  INDICATES RECORD WAS SET OR TIED.
MM INDICATES DATA IS MISSING.
T  INDICATES TRACE AMOUNT.




$$
