000
CDUS43 KGID 050645
CLIODX


CLIMATE REPORT
NATIONAL WEATHER SERVICE HASTINGS NE
140 AM CDT SAT SEP 5 2015


...................................

...THE ORD NE CLIMATE SUMMARY FOR SEPTEMBER 4 2015...

CLIMATE NORMAL PERIOD 1981 TO 2010
CLIMATE RECORD PERIOD 1895 TO 2015


WEATHER ITEM   OBSERVED TIME   NORMAL DEPARTURE LAST
                VALUE   (LST)  VALUE  FROM      YEAR
                                      NORMAL
......................................................
TEMPERATURE (F)
 YESTERDAY
  MAXIMUM         93    454 PM  83     10       78
  MINIMUM         70    417 AM  55     15       59
  AVERAGE         82            69     13       69

PRECIPITATION (IN)
  YESTERDAY        T             0.10  -0.10     0.00
  MONTH TO DATE    T             0.39  -0.39     0.42
  SINCE SEP 1      T             0.39  -0.39     0.42
  SINCE JAN 1     14.54         19.30  -4.76    18.06

DEGREE DAYS
 HEATING
  YESTERDAY        0             1     -1        0
  MONTH TO DATE    0             4     -4        0
  SINCE SEP 1      0             4     -4        0
  SINCE JUL 1     23            18      5       19

 COOLING
  YESTERDAY       17             5     12        4
  MONTH TO DATE   55            22     33       14
  SINCE SEP 1     55            22     33       14
  SINCE JAN 1    718           779    -61      649
......................................................


WIND (MPH)
  HIGHEST WIND SPEED    22   HIGHEST WIND DIRECTION     S (190)
  HIGHEST GUST SPEED    29   HIGHEST GUST DIRECTION     S (180)
  AVERAGE WIND SPEED    10.8


SKY COVER
  AVERAGE SKY COVER 0.0


WEATHER CONDITIONS
 THE FOLLOWING WEATHER WAS RECORDED YESTERDAY.
  THUNDERSTORM


RELATIVE HUMIDITY (PERCENT)
 HIGHEST    84           300 AM
 LOWEST     36           500 PM
 AVERAGE    60

..........................................................


THE ORD NE CLIMATE NORMALS FOR TODAY
                         NORMAL
 MAXIMUM TEMPERATURE (F)   82
 MINIMUM TEMPERATURE (F)   54


SUNRISE AND SUNSET
SEPTEMBER  5 2015.....SUNRISE   706 AM CDT   SUNSET   803 PM CDT
SEPTEMBER  6 2015.....SUNRISE   707 AM CDT   SUNSET   801 PM CDT


-  INDICATES NEGATIVE NUMBERS.
R  INDICATES RECORD WAS SET OR TIED.
MM INDICATES DATA IS MISSING.
T  INDICATES TRACE AMOUNT.




$$
