000
CDUS43 KGID 280646
CLIODX


CLIMATE REPORT
NATIONAL WEATHER SERVICE HASTINGS NE
1246 AM CST TUE FEB 28 2017


...................................

...THE ORD NE CLIMATE SUMMARY FOR FEBRUARY 27 2017...

CLIMATE NORMAL PERIOD 1981 TO 2010
CLIMATE RECORD PERIOD 1895 TO 2017


WEATHER ITEM   OBSERVED TIME   NORMAL DEPARTURE LAST
                VALUE   (LST)  VALUE  FROM      YEAR
                                      NORMAL
......................................................
TEMPERATURE (F)
 YESTERDAY
  MAXIMUM         51    533 PM  44      7       75
  MINIMUM         12    730 AM  18     -6       24
  AVERAGE         32            31      1       50

PRECIPITATION (IN)
  YESTERDAY        0.00          0.01  -0.01     0.00
  MONTH TO DATE    0.79          0.43   0.36     0.85
  SINCE DEC 1      2.35          1.39   0.96     1.84
  SINCE JAN 1      1.94          0.80   1.14     1.15

DEGREE DAYS
 HEATING
  YESTERDAY       33            34     -1       15
  MONTH TO DATE  829          1007   -178      844
  SINCE DEC 1   3367          3502   -135     3158
  SINCE JUL 1   4483          4983   -500     4297

 COOLING
  YESTERDAY        0             0      0        0
  MONTH TO DATE    0             0      0        0
  SINCE DEC 1      0             0      0        0
  SINCE JAN 1      0             0      0        0
......................................................


WIND (MPH)
  HIGHEST WIND SPEED    23   HIGHEST WIND DIRECTION     S (170)
  HIGHEST GUST SPEED    29   HIGHEST GUST DIRECTION     S (180)
  AVERAGE WIND SPEED     5.8


SKY COVER
  AVERAGE SKY COVER 0.0


WEATHER CONDITIONS
 THE FOLLOWING WEATHER WAS RECORDED YESTERDAY.
  FOG


RELATIVE HUMIDITY (PERCENT)
 HIGHEST    88           400 AM
 LOWEST     44           400 PM
 AVERAGE    66

..........................................................


THE ORD NE CLIMATE NORMALS FOR TODAY
                         NORMAL
 MAXIMUM TEMPERATURE (F)   44
 MINIMUM TEMPERATURE (F)   19


SUNRISE AND SUNSET
FEBRUARY 28 2017......SUNRISE   712 AM CST   SUNSET   625 PM CST
MARCH  1 2017.........SUNRISE   710 AM CST   SUNSET   627 PM CST


-  INDICATES NEGATIVE NUMBERS.
R  INDICATES RECORD WAS SET OR TIED.
MM INDICATES DATA IS MISSING.
T  INDICATES TRACE AMOUNT.




$$
