000
CDUS43 KGID 310728
CLIODX


CLIMATE REPORT
NATIONAL WEATHER SERVICE HASTINGS NE
227 AM CDT FRI JUL 31 2015


...................................

...THE ORD NE CLIMATE SUMMARY FOR JULY 30 2015...

CLIMATE NORMAL PERIOD 1981 TO 2010
CLIMATE RECORD PERIOD 1895 TO 2015


WEATHER ITEM   OBSERVED TIME   NORMAL DEPARTURE LAST
                VALUE   (LST)  VALUE  FROM      YEAR
                                      NORMAL
......................................................
TEMPERATURE (F)
 YESTERDAY
  MAXIMUM         91    359 PM  88      3       82
  MINIMUM         54    528 AM  62     -8       52
  AVERAGE         73            75     -2       67

PRECIPITATION (IN)
  YESTERDAY        0.00          0.16  -0.16      T
  MONTH TO DATE    2.16          2.78  -0.62     2.07
  SINCE JUN 1      5.43          6.90  -1.47    10.15
  SINCE JAN 1     11.89         15.56  -3.67    12.37

DEGREE DAYS
 HEATING
  YESTERDAY        0             0      0        0
  MONTH TO DATE    5             0      5       19
  SINCE JUN 1     11            37    -26       51
  SINCE JUL 1      5             0      5       19

 COOLING
  YESTERDAY        8            10     -2        2
  MONTH TO DATE  287           287      0      176
  SINCE JUN 1    447           449     -2      322
  SINCE JAN 1    456           490    -34      391
......................................................


WIND (MPH)
  HIGHEST WIND SPEED    14   HIGHEST WIND DIRECTION     S (200)
  HIGHEST GUST SPEED    19   HIGHEST GUST DIRECTION     S (200)
  AVERAGE WIND SPEED     5.3


SKY COVER
  AVERAGE SKY COVER 0.0


WEATHER CONDITIONS
 THE FOLLOWING WEATHER WAS RECORDED YESTERDAY.
  NO SIGNIFICANT WEATHER WAS OBSERVED.


RELATIVE HUMIDITY (PERCENT)
 HIGHEST    93           400 AM
 LOWEST     38           300 PM
 AVERAGE    66

..........................................................


THE ORD NE CLIMATE NORMALS FOR TODAY
                         NORMAL
 MAXIMUM TEMPERATURE (F)   87
 MINIMUM TEMPERATURE (F)   62


SUNRISE AND SUNSET
JULY 31 2015..........SUNRISE   629 AM CDT   SUNSET   855 PM CDT
AUGUST  1 2015........SUNRISE   630 AM CDT   SUNSET   854 PM CDT


-  INDICATES NEGATIVE NUMBERS.
R  INDICATES RECORD WAS SET OR TIED.
MM INDICATES DATA IS MISSING.
T  INDICATES TRACE AMOUNT.




$$
