953
CDUS43 KGID 250629
CLIODX


CLIMATE REPORT
NATIONAL WEATHER SERVICE HASTINGS NE
129 AM CDT WED MAY 25 2016


...................................

...THE ORD NE CLIMATE SUMMARY FOR MAY 24 2016...

CLIMATE NORMAL PERIOD 1981 TO 2010
CLIMATE RECORD PERIOD 1895 TO 2016


WEATHER ITEM   OBSERVED TIME   NORMAL DEPARTURE LAST
                VALUE   (LST)  VALUE  FROM      YEAR
                                      NORMAL
......................................................
TEMPERATURE (F)
 YESTERDAY
  MAXIMUM         82    427 PM  74      8       67
  MINIMUM         50    316 AM  50      0       55
  AVERAGE         66            62      4       61

PRECIPITATION (IN)
  YESTERDAY        0.00          0.15  -0.15     0.02
  MONTH TO DATE    3.22          2.79   0.43     2.84
  SINCE MAR 1     13.56          6.83   6.73     5.58
  SINCE JAN 1     14.71          7.64   7.07     6.32

DEGREE DAYS
 HEATING
  YESTERDAY        0             5     -5        4
  MONTH TO DATE  219           191     28      217
  SINCE MAR 1   1337          1527   -190     1366
  SINCE JUL 1   5686          6544   -858     6498

 COOLING
  YESTERDAY        1             2     -1        0
  MONTH TO DATE    9            25    -16        5
  SINCE MAR 1      9            27    -18        9
  SINCE JAN 1      9            27    -18        9
......................................................


WIND (MPH)
  HIGHEST WIND SPEED    15   HIGHEST WIND DIRECTION    SE (130)
  HIGHEST GUST SPEED    22   HIGHEST GUST DIRECTION    SW (230)
  AVERAGE WIND SPEED     6.1


SKY COVER
  AVERAGE SKY COVER 0.1


WEATHER CONDITIONS
 THE FOLLOWING WEATHER WAS RECORDED YESTERDAY.
  FOG
  FOG W/VISIBILITY <= 1/4 MILE


RELATIVE HUMIDITY (PERCENT)
 HIGHEST   100           200 AM
 LOWEST     36           500 PM
 AVERAGE    68

..........................................................


THE ORD NE CLIMATE NORMALS FOR TODAY
                         NORMAL
 MAXIMUM TEMPERATURE (F)   75
 MINIMUM TEMPERATURE (F)   50


SUNRISE AND SUNSET
MAY 25 2016...........SUNRISE   608 AM CDT   SUNSET   858 PM CDT
MAY 26 2016...........SUNRISE   607 AM CDT   SUNSET   859 PM CDT


-  INDICATES NEGATIVE NUMBERS.
R  INDICATES RECORD WAS SET OR TIED.
MM INDICATES DATA IS MISSING.
T  INDICATES TRACE AMOUNT.




$$
