000
CDUS43 KGID 020630
CLIODX


CLIMATE REPORT
NATIONAL WEATHER SERVICE HASTINGS NE
1228 AM CST MON MAR 2 2015


...................................

...THE ORD NE CLIMATE SUMMARY FOR MARCH 1 2015...

CLIMATE NORMAL PERIOD 1981 TO 2010
CLIMATE RECORD PERIOD 1895 TO 2015


WEATHER ITEM   OBSERVED TIME   NORMAL DEPARTURE LAST
                VALUE   (LST)  VALUE  FROM      YEAR
                                      NORMAL
......................................................
TEMPERATURE (F)
 YESTERDAY
  MAXIMUM         39    452 PM  44     -5       14
  MINIMUM         11    250 AM  19     -8       -5
  AVERAGE         25            32     -7        5

PRECIPITATION (IN)
  YESTERDAY        0.00          0.01  -0.01     0.01
  MONTH TO DATE    0.00          0.01  -0.01     0.01
  SINCE MAR 1      0.00          0.01  -0.01     0.01
  SINCE JAN 1      0.74          0.82  -0.08     0.26

DEGREE DAYS
 HEATING
  YESTERDAY       40            33      7       60
  MONTH TO DATE   40            33      7       60
  SINCE MAR 1     40            33      7       60
  SINCE JUL 1   5172          5050    122     5213

 COOLING
  YESTERDAY        0             0      0        0
  MONTH TO DATE    0             0      0        0
  SINCE MAR 1      0             0      0        0
  SINCE JAN 1      0             0      0        0
......................................................


WIND (MPH)
  HIGHEST WIND SPEED    16   HIGHEST WIND DIRECTION    NW (330)
  HIGHEST GUST SPEED    22   HIGHEST GUST DIRECTION    NW (310)
  AVERAGE WIND SPEED     5.3


SKY COVER
  AVERAGE SKY COVER 0.3


WEATHER CONDITIONS
 THE FOLLOWING WEATHER WAS RECORDED YESTERDAY.
  NO SIGNIFICANT WEATHER WAS OBSERVED.


RELATIVE HUMIDITY (PERCENT)
 HIGHEST    80           400 AM
 LOWEST     32           400 PM
 AVERAGE    56

..........................................................


THE ORD NE CLIMATE NORMALS FOR TODAY
                         NORMAL
 MAXIMUM TEMPERATURE (F)   45
 MINIMUM TEMPERATURE (F)   19


SUNRISE AND SUNSET
MARCH  2 2015.........SUNRISE   709 AM CST   SUNSET   627 PM CST
MARCH  3 2015.........SUNRISE   708 AM CST   SUNSET   628 PM CST


-  INDICATES NEGATIVE NUMBERS.
R  INDICATES RECORD WAS SET OR TIED.
MM INDICATES DATA IS MISSING.
T  INDICATES TRACE AMOUNT.




$$

BRYANT
