000
CDUS43 KGID 230633
CLIODX


CLIMATE REPORT
NATIONAL WEATHER SERVICE HASTINGS NE
131 AM CDT SAT AUG 23 2014


...................................

...THE ORD NE CLIMATE SUMMARY FOR AUGUST 22 2014...

CLIMATE NORMAL PERIOD 1981 TO 2010
CLIMATE RECORD PERIOD 1895 TO 2014


WEATHER ITEM   OBSERVED TIME   NORMAL DEPARTURE LAST
                VALUE   (LST)  VALUE  FROM      YEAR
                                      NORMAL
......................................................
TEMPERATURE (F)
 YESTERDAY
  MAXIMUM         88    347 PM  85      3       81
  MINIMUM         65    555 AM  60      5       64
  AVERAGE         77            72      5       73

PRECIPITATION (IN)
  YESTERDAY        0.18          0.11   0.07     0.77
  MONTH TO DATE    3.18          2.33   0.85     3.75
  SINCE JUN 1     13.33          9.42   3.91     9.27
  SINCE JAN 1     15.55         18.08  -2.53    19.41

DEGREE DAYS
 HEATING
  YESTERDAY        0             0      0        0
  MONTH TO DATE    0             0      0        0
  SINCE JUN 1     51            42      9       54
  SINCE JUL 1     19             5     14        7

 COOLING
  YESTERDAY       12             8      4        8
  MONTH TO DATE  186           199    -13      135
  SINCE JUN 1    517           658   -141      576
  SINCE JAN 1    586           699   -113      623
......................................................


WIND (MPH)
  HIGHEST WIND SPEED    23   HIGHEST WIND DIRECTION    SE (150)
  HIGHEST GUST SPEED    33   HIGHEST GUST DIRECTION    SE (140)
  AVERAGE WIND SPEED     6.1


SKY COVER
  AVERAGE SKY COVER 0.3


WEATHER CONDITIONS
 THE FOLLOWING WEATHER WAS RECORDED YESTERDAY.
  THUNDERSTORM
  RAIN
  LIGHT RAIN


RELATIVE HUMIDITY (PERCENT)
 HIGHEST    93           300 AM
 LOWEST     50           100 PM
 AVERAGE    72

..........................................................


THE ORD NE CLIMATE NORMALS FOR TODAY
                         NORMAL
 MAXIMUM TEMPERATURE (F)   85
 MINIMUM TEMPERATURE (F)   59


SUNRISE AND SUNSET
AUGUST 23 2014........SUNRISE   553 AM CST   SUNSET   723 PM CST
AUGUST 24 2014........SUNRISE   554 AM CST   SUNSET   722 PM CST


-  INDICATES NEGATIVE NUMBERS.
R  INDICATES RECORD WAS SET OR TIED.
MM INDICATES DATA IS MISSING.
T  INDICATES TRACE AMOUNT.

$$

HALBLAUB
