000
CDUS43 KGID 242226
CLIODX


CLIMATE REPORT
NATIONAL WEATHER SERVICE HASTINGS NE
525 PM CDT SUN MAY 24 2015


...................................

...THE ORD NE CLIMATE SUMMARY FOR MAY 24 2015...
VALID TODAY AS OF 0500 PM LOCAL TIME.

CLIMATE NORMAL PERIOD 1981 TO 2010
CLIMATE RECORD PERIOD 1895 TO 2015


WEATHER ITEM   OBSERVED TIME   NORMAL DEPARTURE LAST
                VALUE   (LST)  VALUE  FROM      YEAR
                                      NORMAL
......................................................
TEMPERATURE (F)
 TODAY
  MAXIMUM         66    359 PM  74     -8       78
  MINIMUM         57    645 AM  50      7       60
  AVERAGE         62            62      0       69

PRECIPITATION (IN)
  TODAY            0.02          0.15  -0.13     0.00
  MONTH TO DATE    2.84          2.79   0.05     0.49
  SINCE MAR 1      5.58          6.83  -1.25     1.95
  SINCE JAN 1      6.32          7.64  -1.32     2.20

DEGREE DAYS
 HEATING
  TODAY            3             5     -2        0
  MONTH TO DATE  216           191     25      256
  SINCE MAR 1   1365          1527   -162     1702
  SINCE JUL 1   6497          6544    -47     6855

 COOLING
  TODAY            0             2     -2        4
  MONTH TO DATE    5            25    -20       15
  SINCE MAR 1      9            27    -18       16
  SINCE JAN 1      9            27    -18       16
......................................................


WIND (MPH)
  HIGHEST WIND SPEED    12   HIGHEST WIND DIRECTION    NE (60)
  HIGHEST GUST SPEED    16   HIGHEST GUST DIRECTION     E (100)
  AVERAGE WIND SPEED     4.3


SKY COVER
  AVERAGE SKY COVER 1.0


WEATHER CONDITIONS
 THE FOLLOWING WEATHER WAS RECORDED TODAY.
  LIGHT RAIN
  FOG


RELATIVE HUMIDITY (PERCENT)
 HIGHEST   100           600 AM
 LOWEST     68           400 PM
 AVERAGE    84

..........................................................


THE ORD NE CLIMATE NORMALS FOR TOMORROW
                         NORMAL
 MAXIMUM TEMPERATURE (F)   75
 MINIMUM TEMPERATURE (F)   50


SUNRISE AND SUNSET
MAY 24 2015...........SUNRISE   609 AM CDT   SUNSET   857 PM CDT
MAY 25 2015...........SUNRISE   608 AM CDT   SUNSET   858 PM CDT


-  INDICATES NEGATIVE NUMBERS.
R  INDICATES RECORD WAS SET OR TIED.
MM INDICATES DATA IS MISSING.
T  INDICATES TRACE AMOUNT.




$$
