000
CDUS43 KGID 220654
CLIODX


CLIMATE REPORT
NATIONAL WEATHER SERVICE HASTINGS NE
153 AM CDT WED OCT 22 2014


...................................

...THE ORD NE CLIMATE SUMMARY FOR OCTOBER 21 2014...

CLIMATE NORMAL PERIOD 1981 TO 2010
CLIMATE RECORD PERIOD 1895 TO 2014


WEATHER ITEM   OBSERVED TIME   NORMAL DEPARTURE LAST
                VALUE   (LST)  VALUE  FROM      YEAR
                                      NORMAL
......................................................
TEMPERATURE (F)
 YESTERDAY
  MAXIMUM         76    310 PM  60     16       59
  MINIMUM         34    720 AM  35     -1       26
  AVERAGE         55            48      7       43

PRECIPITATION (IN)
  YESTERDAY        0.00          0.06  -0.06     0.02
  MONTH TO DATE    1.00          1.42  -0.42     1.53
  SINCE SEP 1      2.68          3.86  -1.18     4.33
  SINCE JAN 1     20.32         22.77  -2.45    23.76

DEGREE DAYS
 HEATING
  YESTERDAY       10            17     -7       22
  MONTH TO DATE  255           287    -32      298
  SINCE SEP 1    392           410    -18      343
  SINCE JUL 1    411           424    -13      350

 COOLING
  YESTERDAY        0             0      0        0
  MONTH TO DATE    0             6     -6        1
  SINCE SEP 1     57            87    -30      147
  SINCE JAN 1    692           844   -152      907
......................................................


WIND (MPH)
  HIGHEST WIND SPEED    24   HIGHEST WIND DIRECTION     S (180)
  HIGHEST GUST SPEED    31   HIGHEST GUST DIRECTION     S (160)
  AVERAGE WIND SPEED     8.1


SKY COVER
  AVERAGE SKY COVER 0.0


WEATHER CONDITIONS
 THE FOLLOWING WEATHER WAS RECORDED YESTERDAY.
  HAZE


RELATIVE HUMIDITY (PERCENT)
 HIGHEST   100           600 AM
 LOWEST     23           200 PM
 AVERAGE    62

..........................................................


THE ORD NE CLIMATE NORMALS FOR TODAY
                         NORMAL
 MAXIMUM TEMPERATURE (F)   60
 MINIMUM TEMPERATURE (F)   34


SUNRISE AND SUNSET
OCTOBER 22 2014.......SUNRISE   756 AM CDT   SUNSET   644 PM CDT
OCTOBER 23 2014.......SUNRISE   757 AM CDT   SUNSET   643 PM CDT


-  INDICATES NEGATIVE NUMBERS.
R  INDICATES RECORD WAS SET OR TIED.
MM INDICATES DATA IS MISSING.
T  INDICATES TRACE AMOUNT.




$$
