000
CDUS43 KGID 190638
CLIODX


CLIMATE REPORT
NATIONAL WEATHER SERVICE HASTINGS NE
138 AM CDT FRI SEP 19 2014


...................................

...THE ORD NE CLIMATE SUMMARY FOR SEPTEMBER 18 2014...

CLIMATE NORMAL PERIOD 1981 TO 2010
CLIMATE RECORD PERIOD 1895 TO 2014


WEATHER ITEM   OBSERVED TIME   NORMAL DEPARTURE LAST
                VALUE   (LST)  VALUE  FROM      YEAR
                                      NORMAL
......................................................
TEMPERATURE (F)
 YESTERDAY
  MAXIMUM         78    324 PM  78      0       91
  MINIMUM         51    352 AM  48      3       62
  AVERAGE         65            63      2       77

PRECIPITATION (IN)
  YESTERDAY        0.00          0.08  -0.08     0.00
  MONTH TO DATE    1.13          1.57  -0.44     0.20
  SINCE SEP 1      1.13          1.57  -0.44     0.20
  SINCE JAN 1     18.77         20.48  -1.71    19.63

DEGREE DAYS
 HEATING
  YESTERDAY        0             4     -4        0
  MONTH TO DATE  120            41     79       11
  SINCE SEP 1    120            41     79       11
  SINCE JUL 1    139            55     84       18

 COOLING
  YESTERDAY        0             2     -2       12
  MONTH TO DATE   21            67    -46      133
  SINCE SEP 1     21            67    -46      133
  SINCE JAN 1    656           824   -168      893
......................................................


WIND (MPH)
  HIGHEST WIND SPEED    20   HIGHEST WIND DIRECTION     S (180)
  HIGHEST GUST SPEED    27   HIGHEST GUST DIRECTION    SE (150)
  AVERAGE WIND SPEED     9.1


SKY COVER
  AVERAGE SKY COVER 0.5


WEATHER CONDITIONS
 THE FOLLOWING WEATHER WAS RECORDED YESTERDAY.
  FOG
  FOG W/VISIBILITY <= 1/4 MILE


RELATIVE HUMIDITY (PERCENT)
 HIGHEST   100           200 AM
 LOWEST     47           200 PM
 AVERAGE    74

..........................................................


THE ORD NE CLIMATE NORMALS FOR TODAY
                         NORMAL
 MAXIMUM TEMPERATURE (F)   77
 MINIMUM TEMPERATURE (F)   47


SUNRISE AND SUNSET
SEPTEMBER 19 2014.....SUNRISE   720 AM CDT   SUNSET   738 PM CDT
SEPTEMBER 20 2014.....SUNRISE   721 AM CDT   SUNSET   736 PM CDT


-  INDICATES NEGATIVE NUMBERS.
R  INDICATES RECORD WAS SET OR TIED.
MM INDICATES DATA IS MISSING.
T  INDICATES TRACE AMOUNT.




$$
