000
CDUS43 KGID 220624
CLIODX


CLIMATE REPORT
NATIONAL WEATHER SERVICE HASTINGS NE
124 AM CDT SUN OCT 22 2017


...................................

...THE ORD NE CLIMATE SUMMARY FOR OCTOBER 21 2017...

CLIMATE NORMAL PERIOD 1981 TO 2010
CLIMATE RECORD PERIOD 1895 TO 2017


WEATHER ITEM   OBSERVED TIME   NORMAL DEPARTURE LAST
                VALUE   (LST)  VALUE  FROM      YEAR
                                      NORMAL
......................................................
TEMPERATURE (F)
 YESTERDAY
  MAXIMUM         66    254 AM  60      6       69
  MINIMUM         34   1159 PM  35     -1       26
  AVERAGE         50            48      2       48

PRECIPITATION (IN)
  YESTERDAY        0.00          0.06  -0.06     0.00
  MONTH TO DATE    5.32          1.42   3.90     0.09
  SINCE SEP 1      8.21          3.86   4.35     1.79
  SINCE JAN 1     28.38         22.77   5.61    28.95

DEGREE DAYS
 HEATING
  YESTERDAY       15            17     -2       17
  MONTH TO DATE  221           287    -66      245
  SINCE SEP 1    321           410    -89      337
  SINCE JUL 1    329           424    -95      351

 COOLING
  YESTERDAY        0             0      0        0
  MONTH TO DATE    1             6     -5        2
  SINCE SEP 1     96            87      9       79
  SINCE JAN 1    840           844     -4      885
......................................................


WIND (MPH)
  HIGHEST WIND SPEED    35   HIGHEST WIND DIRECTION    NW (320)
  HIGHEST GUST SPEED    45   HIGHEST GUST DIRECTION    NW (310)
  AVERAGE WIND SPEED    12.7


SKY COVER
  AVERAGE SKY COVER 0.4


WEATHER CONDITIONS
 THE FOLLOWING WEATHER WAS RECORDED YESTERDAY.
  FOG


RELATIVE HUMIDITY (PERCENT)
 HIGHEST    93           500 AM
 LOWEST     43           400 PM
 AVERAGE    68

..........................................................


THE ORD NE CLIMATE NORMALS FOR TODAY
                         NORMAL
 MAXIMUM TEMPERATURE (F)   60
 MINIMUM TEMPERATURE (F)   34


SUNRISE AND SUNSET
OCTOBER 22 2017.......SUNRISE   756 AM CDT   SUNSET   644 PM CDT
OCTOBER 23 2017.......SUNRISE   757 AM CDT   SUNSET   642 PM CDT


-  INDICATES NEGATIVE NUMBERS.
R  INDICATES RECORD WAS SET OR TIED.
MM INDICATES DATA IS MISSING.
T  INDICATES TRACE AMOUNT.




$$
