000
CDUS43 KGID 180628
CLIODX


CLIMATE REPORT
NATIONAL WEATHER SERVICE HASTINGS NE
1227 AM CST THU JAN 18 2018


...................................

...THE ORD NE CLIMATE SUMMARY FOR JANUARY 17 2018...

CLIMATE NORMAL PERIOD 1981 TO 2010
CLIMATE RECORD PERIOD 1895 TO 2018


WEATHER ITEM   OBSERVED TIME   NORMAL DEPARTURE LAST
                VALUE   (LST)  VALUE  FROM      YEAR
                                      NORMAL
......................................................
TEMPERATURE (F)
 YESTERDAY
  MAXIMUM         37    358 PM  37      0       41
  MINIMUM          5   1247 AM  12     -7       15
  AVERAGE         21            25     -4       28

PRECIPITATION (IN)
  YESTERDAY        0.00          0.01  -0.01     0.00
  MONTH TO DATE    0.12          0.17  -0.05     0.67
  SINCE DEC 1      0.55          0.76  -0.21     1.08
  SINCE JAN 1      0.12          0.17  -0.05     0.67

DEGREE DAYS
 HEATING
  YESTERDAY       44            40      4       37
  MONTH TO DATE  819           693    126      807
  SINCE DEC 1   2041          1936    105     2087
  SINCE JUL 1   3386          3417    -31     3203

 COOLING
  YESTERDAY        0             0      0        0
  MONTH TO DATE    0             0      0        0
  SINCE DEC 1      0             0      0        0
  SINCE JAN 1      0             0      0        0
......................................................


WIND (MPH)
  HIGHEST WIND SPEED    14   HIGHEST WIND DIRECTION    SW (220)
  HIGHEST GUST SPEED    18   HIGHEST GUST DIRECTION    SW (210)
  AVERAGE WIND SPEED     7.4


SKY COVER
  AVERAGE SKY COVER 0.0


WEATHER CONDITIONS
 THE FOLLOWING WEATHER WAS RECORDED YESTERDAY.
  NO SIGNIFICANT WEATHER WAS OBSERVED.


RELATIVE HUMIDITY (PERCENT)
 HIGHEST    76          1200 AM
 LOWEST     43           200 PM
 AVERAGE    60

..........................................................


THE ORD NE CLIMATE NORMALS FOR TODAY
                         NORMAL
 MAXIMUM TEMPERATURE (F)   37
 MINIMUM TEMPERATURE (F)   12


SUNRISE AND SUNSET
JANUARY 18 2018.......SUNRISE   759 AM CST   SUNSET   534 PM CST
JANUARY 19 2018.......SUNRISE   758 AM CST   SUNSET   535 PM CST


-  INDICATES NEGATIVE NUMBERS.
R  INDICATES RECORD WAS SET OR TIED.
MM INDICATES DATA IS MISSING.
T  INDICATES TRACE AMOUNT.




$$
