000
CDUS43 KOAX 250626
CLIOFK


CLIMATE REPORT
NATIONAL WEATHER SERVICE OMAHA NEBRASKA
126 AM CDT THU MAY 25 2017


...................................

...THE NORFOLK, NEBRASKA CLIMATE SUMMARY FOR MAY 24 2017...

CLIMATE NORMAL PERIOD 1981 TO 2010
CLIMATE RECORD PERIOD 1888 TO 2017


WEATHER ITEM   OBSERVED TIME   RECORD YEAR NORMAL DEPARTURE LAST
                VALUE   (LST)  VALUE       VALUE  FROM      YEAR
                                                  NORMAL
..................................................................
TEMPERATURE (F)
 YESTERDAY
  MAXIMUM         66    512 PM 102    1967  75     -9       86
  MINIMUM         42    545 AM  29    1924  51     -9       54
  AVERAGE         54                        63     -9       70

PRECIPITATION (IN)
  YESTERDAY        0.00          2.10 1907   0.13  -0.13     0.00
  MONTH TO DATE    4.30                      2.96   1.34     4.02
  SINCE MAR 1      9.34                      7.38   1.96    11.64
  SINCE JAN 1     11.58                      8.73   2.85    13.79

SNOWFALL (IN)
  YESTERDAY        0.0                       0.0    0.0      0.0
  MONTH TO DATE    1.5                       0.3    1.2      0.0
  SINCE JUL 1     32.2                      30.8    1.4     53.0
  SNOW DEPTH       0

DEGREE DAYS
 HEATING
  YESTERDAY       11                         4      7        0
  MONTH TO DATE  190                       166     24      189
  SINCE MAR 1   1414                      1496    -82     1271
  SINCE JUL 1   5869                      6589   -720     5572

 COOLING
  YESTERDAY        0                         2     -2        5
  MONTH TO DATE   28                        32     -4       19
  SINCE MAR 1     28                        44    -16       19
  SINCE JAN 1     28                        44    -16       19
..................................................................


WIND (MPH)
  HIGHEST WIND SPEED    14   HIGHEST WIND DIRECTION    NW (330)
  HIGHEST GUST SPEED    18   HIGHEST GUST DIRECTION     N (350)
  AVERAGE WIND SPEED     7.6


SKY COVER
  POSSIBLE SUNSHINE  MM
  AVERAGE SKY COVER 0.2


WEATHER CONDITIONS
 THE FOLLOWING WEATHER WAS RECORDED YESTERDAY.
  NO SIGNIFICANT WEATHER WAS OBSERVED.


RELATIVE HUMIDITY (PERCENT)
 HIGHEST    96           400 AM
 LOWEST     43           400 PM
 AVERAGE    70

..........................................................


THE NORFOLK, NEBRASKA CLIMATE NORMALS FOR TODAY
                         NORMAL    RECORD    YEAR
 MAXIMUM TEMPERATURE (F)   75       103      1967
 MINIMUM TEMPERATURE (F)   52        30      1925


SUNRISE AND SUNSET
MAY 25 2017...........SUNRISE   601 AM CDT   SUNSET   853 PM CDT
MAY 26 2017...........SUNRISE   600 AM CDT   SUNSET   854 PM CDT


-  INDICATES NEGATIVE NUMBERS.
R  INDICATES RECORD WAS SET OR TIED.
MM INDICATES DATA IS MISSING.
T  INDICATES TRACE AMOUNT.




$$
