000
CDUS43 KOAX 310628
CLIOFK


CLIMATE REPORT
NATIONAL WEATHER SERVICE OMAHA NEBRASKA
127 AM CDT THU JUL 31 2014


...................................

...THE NORFOLK, NEBRASKA CLIMATE SUMMARY FOR JULY 30 2014...

CLIMATE NORMAL PERIOD 1981 TO 2010
CLIMATE RECORD PERIOD 1888 TO 2014


WEATHER ITEM   OBSERVED TIME   RECORD YEAR NORMAL DEPARTURE LAST
                VALUE   (LST)  VALUE       VALUE  FROM      YEAR
                                                  NORMAL
..................................................................
TEMPERATURE (F)
 YESTERDAY
  MAXIMUM         82    457 PM 104    1935  86     -4       77
  MINIMUM         52    542 AM  42    1971  64    -12       63
  AVERAGE         67                        75     -8       70

PRECIPITATION (IN)
  YESTERDAY        0.00          2.44 1958   0.10  -0.10     0.00
  MONTH TO DATE    1.13                      3.22  -2.09     1.23
  SINCE JUN 1     12.52                      7.48   5.04     3.41
  SINCE JAN 1     18.01                     17.18   0.83    14.83

SNOWFALL (IN)
  YESTERDAY        0.0                       0.0    0.0      0.0
  MONTH TO DATE    0.0                       0.0    0.0      0.0
  SINCE JUL 1      0.0                       0.0    0.0      0.0
  SNOW DEPTH       0

DEGREE DAYS
 HEATING
  YESTERDAY        0                         0      0        0
  MONTH TO DATE   12                         0     12       13
  SINCE JUN 1     37                        30      7       55
  SINCE JUL 1     12                         0     12       13

 COOLING
  YESTERDAY        2                        10     -8        5
  MONTH TO DATE  190                       298   -108      284
  SINCE JUN 1    384                       484   -100      467
  SINCE JAN 1    481                       545    -64      531
..................................................................


WIND (MPH)
  HIGHEST WIND SPEED    12   HIGHEST WIND DIRECTION     N (340)
  HIGHEST GUST SPEED    20   HIGHEST GUST DIRECTION     N (350)
  AVERAGE WIND SPEED     2.5


SKY COVER
  POSSIBLE SUNSHINE  MM
  AVERAGE SKY COVER 0.2


WEATHER CONDITIONS
 THE FOLLOWING WEATHER WAS RECORDED YESTERDAY.
  NO SIGNIFICANT WEATHER WAS OBSERVED.


RELATIVE HUMIDITY (PERCENT)
 HIGHEST    93           300 AM
 LOWEST     34           400 PM
 AVERAGE    64

..........................................................


THE NORFOLK, NEBRASKA CLIMATE NORMALS FOR TODAY
                         NORMAL    RECORD    YEAR
 MAXIMUM TEMPERATURE (F)   86       105      1955
 MINIMUM TEMPERATURE (F)   64        48      2009
                                             1904
                                             1893


SUNRISE AND SUNSET
JULY 31 2014..........SUNRISE   622 AM CDT   SUNSET   849 PM CDT
AUGUST  1 2014........SUNRISE   623 AM CDT   SUNSET   848 PM CDT


-  INDICATES NEGATIVE NUMBERS.
R  INDICATES RECORD WAS SET OR TIED.
MM INDICATES DATA IS MISSING.
T  INDICATES TRACE AMOUNT.




$$
