000
CDUS43 KOAX 230638
CLIOFK


CLIMATE REPORT
NATIONAL WEATHER SERVICE OMAHA NEBRASKA
136 AM CDT SUN JUL 23 2017


...................................

...THE NORFOLK, NEBRASKA CLIMATE SUMMARY FOR JULY 22 2017...

CLIMATE NORMAL PERIOD 1981 TO 2010
CLIMATE RECORD PERIOD 1888 TO 2017


WEATHER ITEM   OBSERVED TIME   RECORD YEAR NORMAL DEPARTURE LAST
                VALUE   (LST)  VALUE       VALUE  FROM      YEAR
                                                  NORMAL
..................................................................
TEMPERATURE (F)
 YESTERDAY
  MAXIMUM         90   1230 PM 107    1901  87      3       92
  MINIMUM         64   1154 PM  46    1942  64      0       74
  AVERAGE         77                        75      2       83

PRECIPITATION (IN)
  YESTERDAY        T             1.15 1910   0.11  -0.11     0.00
  MONTH TO DATE    0.87                      2.40  -1.53     2.68
  SINCE JUN 1      3.34                      6.66  -3.32     5.89
  SINCE JAN 1     14.95                     16.36  -1.41    22.34

SNOWFALL (IN)
  YESTERDAY        0.0                       0.0    0.0      0.0
  MONTH TO DATE    0.0                       0.0    0.0      0.0
  SINCE JUL 1      0.0                       0.0    0.0      0.0
  SNOW DEPTH       0

DEGREE DAYS
 HEATING
  YESTERDAY        0                         0      0        0
  MONTH TO DATE    0                         0      0        7
  SINCE JUN 1     12                        30    -18       10
  SINCE JUL 1      0                         0      0        7

 COOLING
  YESTERDAY       12                        10      2       18
  MONTH TO DATE  288                       218     70      213
  SINCE JUN 1    525                       404    121      489
  SINCE JAN 1    553                       465     88      527
..................................................................


WIND (MPH)
  HIGHEST WIND SPEED    17   HIGHEST WIND DIRECTION     N (350)
  HIGHEST GUST SPEED    22   HIGHEST GUST DIRECTION     N (350)
  AVERAGE WIND SPEED     7.1


SKY COVER
  POSSIBLE SUNSHINE  MM
  AVERAGE SKY COVER 0.3


WEATHER CONDITIONS
 THE FOLLOWING WEATHER WAS RECORDED YESTERDAY.
  FOG
  HAZE


RELATIVE HUMIDITY (PERCENT)
 HIGHEST   100           400 AM
 LOWEST     55          1100 AM
 AVERAGE    78

..........................................................


THE NORFOLK, NEBRASKA CLIMATE NORMALS FOR TODAY
                         NORMAL    RECORD    YEAR
 MAXIMUM TEMPERATURE (F)   87       104      2012
                                             1936
                                             1901
 MINIMUM TEMPERATURE (F)   64        48      1909
                                             1906
                                             1904


SUNRISE AND SUNSET
JULY 23 2017..........SUNRISE   615 AM CDT   SUNSET   857 PM CDT
JULY 24 2017..........SUNRISE   616 AM CDT   SUNSET   856 PM CDT


-  INDICATES NEGATIVE NUMBERS.
R  INDICATES RECORD WAS SET OR TIED.
MM INDICATES DATA IS MISSING.
T  INDICATES TRACE AMOUNT.




$$
