000
CDUS43 KOAX 200628
CLIOFK


CLIMATE REPORT
NATIONAL WEATHER SERVICE OMAHA NEBRASKA
1225 AM CST MON NOV 20 2017


...................................

...THE NORFOLK, NEBRASKA CLIMATE SUMMARY FOR NOVEMBER 19 2017...

CLIMATE NORMAL PERIOD 1981 TO 2010
CLIMATE RECORD PERIOD 1888 TO 2017


WEATHER ITEM   OBSERVED TIME   RECORD YEAR NORMAL DEPARTURE LAST
                VALUE   (LST)  VALUE       VALUE  FROM      YEAR
                                                  NORMAL
..................................................................
TEMPERATURE (F)
 YESTERDAY
  MAXIMUM         55    401 PM  73    1989  45     10       36
                                      1941
  MINIMUM         16    626 AM  -4    1914  24     -8       19
  AVERAGE         36                        34      2       28

PRECIPITATION (IN)
  YESTERDAY        0.00          1.41 1975   0.04  -0.04     0.00
  MONTH TO DATE    0.09                      0.91  -0.82     0.56
  SINCE SEP 1      5.69                      5.67   0.02     4.94
  SINCE JAN 1     27.47                     26.20   1.27    29.81

SNOWFALL (IN)
  YESTERDAY        0.0                       0.2   -0.2      0.0
  MONTH TO DATE    T                         2.1   -2.1      2.5
  SINCE JUL 1      T                         2.9   -2.9      2.5
  SNOW DEPTH       0

DEGREE DAYS
 HEATING
  YESTERDAY       29                        31     -2       37
  MONTH TO DATE  541                       487     54      320
  SINCE SEP 1   1043                      1056    -13      718
  SINCE JUL 1   1054                      1072    -18      731

 COOLING
  YESTERDAY        0                         0      0        0
  MONTH TO DATE    0                         0      0        0
  SINCE SEP 1    121                        99     22      120
  SINCE JAN 1    879                       915    -36      963
..................................................................


WIND (MPH)
  HIGHEST WIND SPEED    21   HIGHEST WIND DIRECTION    SW (220)
  HIGHEST GUST SPEED    25   HIGHEST GUST DIRECTION    SW (230)
  AVERAGE WIND SPEED     8.0


SKY COVER
  POSSIBLE SUNSHINE  MM
  AVERAGE SKY COVER 0.0


WEATHER CONDITIONS
 THE FOLLOWING WEATHER WAS RECORDED YESTERDAY.
  NO SIGNIFICANT WEATHER WAS OBSERVED.


RELATIVE HUMIDITY (PERCENT)
 HIGHEST    92           300 AM
 LOWEST     26           400 PM
 AVERAGE    59

..........................................................


THE NORFOLK, NEBRASKA CLIMATE NORMALS FOR TODAY
                         NORMAL    RECORD    YEAR
 MAXIMUM TEMPERATURE (F)   44        75      1933
 MINIMUM TEMPERATURE (F)   23        -1      1950


SUNRISE AND SUNSET
NOVEMBER 20 2017......SUNRISE   726 AM CST   SUNSET   505 PM CST
NOVEMBER 21 2017......SUNRISE   727 AM CST   SUNSET   504 PM CST


-  INDICATES NEGATIVE NUMBERS.
R  INDICATES RECORD WAS SET OR TIED.
MM INDICATES DATA IS MISSING.
T  INDICATES TRACE AMOUNT.


$$

BCM
