000
CDUS43 KOAX 170639
CLIOFK


CLIMATE REPORT
NATIONAL WEATHER SERVICE OMAHA NEBRASKA
1237 AM CST WED JAN 17 2018


...................................

...THE NORFOLK, NEBRASKA CLIMATE SUMMARY FOR JANUARY 16 2018...

CLIMATE NORMAL PERIOD 1981 TO 2010
CLIMATE RECORD PERIOD 1888 TO 2018


WEATHER ITEM   OBSERVED TIME   RECORD YEAR NORMAL DEPARTURE LAST
                VALUE   (LST)  VALUE       VALUE  FROM      YEAR
                                                  NORMAL
..................................................................
TEMPERATURE (F)
 YESTERDAY
  MAXIMUM         12    436 PM  61    1996  33    -21       32
  MINIMUM         -4    241 AM -20    2007  12    -16       24
                                      1977
  AVERAGE          4                        22    -18       28

PRECIPITATION (IN)
  YESTERDAY        0.00          0.60 1932   0.02  -0.02     0.48
  MONTH TO DATE    0.15                      0.29  -0.14     0.66
  SINCE DEC 1      0.47                      1.04  -0.57     1.50
  SINCE JAN 1      0.15                      0.29  -0.14     0.66

SNOWFALL (IN)
  YESTERDAY        0.0                       0.2   -0.2      0.0
  MONTH TO DATE    1.9                       3.1   -1.2      2.4
  SINCE JUL 1      6.8                      14.0   -7.2      8.5
  SNOW DEPTH       0

DEGREE DAYS
 HEATING
  YESTERDAY       61                        43     18       37
  MONTH TO DATE  812                       688    124      769
  SINCE DEC 1   2059                      1949    110     2054
  SINCE JUL 1   3365                      3394    -29     3099

 COOLING
  YESTERDAY        0                         0      0        0
  MONTH TO DATE    0                         0      0        0
  SINCE DEC 1      0                         0      0        0
  SINCE JAN 1      0                         0      0        0
..................................................................


WIND (MPH)
  HIGHEST WIND SPEED    25   HIGHEST WIND DIRECTION    NW (320)
  HIGHEST GUST SPEED    31   HIGHEST GUST DIRECTION    NW (320)
  AVERAGE WIND SPEED    12.6


SKY COVER
  POSSIBLE SUNSHINE  MM
  AVERAGE SKY COVER 0.4


WEATHER CONDITIONS
 THE FOLLOWING WEATHER WAS RECORDED YESTERDAY.
  NO SIGNIFICANT WEATHER WAS OBSERVED.


RELATIVE HUMIDITY (PERCENT)
 HIGHEST    91           800 PM
 LOWEST     58           400 PM
 AVERAGE    75

..........................................................


THE NORFOLK, NEBRASKA CLIMATE NORMALS FOR TODAY
                         NORMAL    RECORD    YEAR
 MAXIMUM TEMPERATURE (F)   33        60      1923
                                             1894
 MINIMUM TEMPERATURE (F)   12       -25      1930


SUNRISE AND SUNSET
JANUARY 17 2018.......SUNRISE   754 AM CST   SUNSET   526 PM CST
JANUARY 18 2018.......SUNRISE   754 AM CST   SUNSET   527 PM CST


-  INDICATES NEGATIVE NUMBERS.
R  INDICATES RECORD WAS SET OR TIED.
MM INDICATES DATA IS MISSING.
T  INDICATES TRACE AMOUNT.




$$
