000
CDUS43 KOAX 280649
CLIOFK


CLIMATE REPORT
NATIONAL WEATHER SERVICE OMAHA NEBRASKA
148 AM CDT SAT MAY 28 2016


...................................

...THE NORFOLK, NEBRASKA CLIMATE SUMMARY FOR MAY 27 2016...

CLIMATE NORMAL PERIOD 1981 TO 2010
CLIMATE RECORD PERIOD 1888 TO 2016


WEATHER ITEM   OBSERVED TIME   RECORD YEAR NORMAL DEPARTURE LAST
                VALUE   (LST)  VALUE       VALUE  FROM      YEAR
                                                  NORMAL
..................................................................
TEMPERATURE (F)
 YESTERDAY
  MAXIMUM         76    508 PM  93    2006  76      0       83
  MINIMUM         57   1123 PM  33    1992  52      5       50
  AVERAGE         67                        64      3       67

PRECIPITATION (IN)
  YESTERDAY        1.57          2.61 1977   0.14   1.43     0.00
  MONTH TO DATE    5.80                      3.36   2.44     3.30
  SINCE MAR 1     13.42                      7.78   5.64     6.06
  SINCE JAN 1     15.57                      9.13   6.44     6.94

SNOWFALL (IN)
  YESTERDAY        0.0                       0.0    0.0      0.0
  MONTH TO DATE    0.0                       0.3   -0.3      0.0
  SINCE JUL 1     53.0                      30.8   22.2     20.7
  SNOW DEPTH       0

DEGREE DAYS
 HEATING
  YESTERDAY        0                         3     -3        0
  MONTH TO DATE  189                       177     12      169
  SINCE MAR 1   1271                      1507   -236     1223
  SINCE JUL 1   5572                      6600  -1028     6269

 COOLING
  YESTERDAY        2                         2      0        2
  MONTH TO DATE   28                        38    -10       22
  SINCE MAR 1     28                        50    -22       27
  SINCE JAN 1     28                        50    -22       27
..................................................................


WIND (MPH)
  HIGHEST WIND SPEED    30   HIGHEST WIND DIRECTION    SW (220)
  HIGHEST GUST SPEED    42   HIGHEST GUST DIRECTION    SW (210)
  AVERAGE WIND SPEED     7.3


SKY COVER
  POSSIBLE SUNSHINE  MM
  AVERAGE SKY COVER 0.4


WEATHER CONDITIONS
 THE FOLLOWING WEATHER WAS RECORDED YESTERDAY.
  THUNDERSTORM
  HEAVY RAIN
  RAIN
  LIGHT RAIN
  FOG


RELATIVE HUMIDITY (PERCENT)
 HIGHEST    93           600 AM
 LOWEST     50           400 PM
 AVERAGE    72

..........................................................


THE NORFOLK, NEBRASKA CLIMATE NORMALS FOR TODAY
                         NORMAL    RECORD    YEAR
 MAXIMUM TEMPERATURE (F)   76       100      1934
 MINIMUM TEMPERATURE (F)   53        30      1947


SUNRISE AND SUNSET
MAY 28 2016...........SUNRISE   559 AM CDT   SUNSET   856 PM CDT
MAY 29 2016...........SUNRISE   558 AM CDT   SUNSET   857 PM CDT


-  INDICATES NEGATIVE NUMBERS.
R  INDICATES RECORD WAS SET OR TIED.
MM INDICATES DATA IS MISSING.
T  INDICATES TRACE AMOUNT.




$$
