000
CDUS43 KOAX 250625
CLIOFK


CLIMATE REPORT
NATIONAL WEATHER SERVICE OMAHA NEBRASKA
123 AM CDT TUE APR 25 2017


...................................

...THE NORFOLK, NEBRASKA CLIMATE SUMMARY FOR APRIL 24 2017...

CLIMATE NORMAL PERIOD 1981 TO 2010
CLIMATE RECORD PERIOD 1888 TO 2017


WEATHER ITEM   OBSERVED TIME   RECORD YEAR NORMAL DEPARTURE LAST
                VALUE   (LST)  VALUE       VALUE  FROM      YEAR
                                                  NORMAL
..................................................................
TEMPERATURE (F)
 YESTERDAY
  MAXIMUM         71    520 PM  90    2012  65      6       74
  MINIMUM         46   1142 PM  20    1956  41      5       54
  AVERAGE         59                        53      6       64

PRECIPITATION (IN)
  YESTERDAY        0.00          2.12 2007   0.10  -0.10     0.03
  MONTH TO DATE    1.54                      2.05  -0.51     2.92
  SINCE MAR 1      2.75                      3.82  -1.07     5.33
  SINCE JAN 1      4.99                      5.17  -0.18     7.48

SNOWFALL (IN)
  YESTERDAY        0.0                       0.1   -0.1      0.0
  MONTH TO DATE    T                         2.4   -2.4       T
  SINCE JUL 1     30.2                      30.3   -0.1     53.0
  SNOW DEPTH       0

DEGREE DAYS
 HEATING
  YESTERDAY        6                        13     -7        1
  MONTH TO DATE  310                       404    -94      323
  SINCE MAR 1   1076                      1260   -184      986
  SINCE JUL 1   5531                      6353   -822     5287

 COOLING
  YESTERDAY        0                         1     -1        0
  MONTH TO DATE    0                         6     -6        0
  SINCE MAR 1      0                         6     -6        0
  SINCE JAN 1      0                         6     -6        0
..................................................................


WIND (MPH)
  HIGHEST WIND SPEED    28   HIGHEST WIND DIRECTION     S (200)
  HIGHEST GUST SPEED    36   HIGHEST GUST DIRECTION     S (190)
  AVERAGE WIND SPEED    15.6


SKY COVER
  POSSIBLE SUNSHINE  MM
  AVERAGE SKY COVER 0.0


WEATHER CONDITIONS
 THE FOLLOWING WEATHER WAS RECORDED YESTERDAY.
  NO SIGNIFICANT WEATHER WAS OBSERVED.


RELATIVE HUMIDITY (PERCENT)
 HIGHEST    76          1100 PM
 LOWEST     31          1200 PM
 AVERAGE    54

..........................................................


THE NORFOLK, NEBRASKA CLIMATE NORMALS FOR TODAY
                         NORMAL    RECORD    YEAR
 MAXIMUM TEMPERATURE (F)   66        93      1981
 MINIMUM TEMPERATURE (F)   41        25      1934


SUNRISE AND SUNSET
APRIL 25 2017.........SUNRISE   634 AM CDT   SUNSET   822 PM CDT
APRIL 26 2017.........SUNRISE   632 AM CDT   SUNSET   823 PM CDT


-  INDICATES NEGATIVE NUMBERS.
R  INDICATES RECORD WAS SET OR TIED.
MM INDICATES DATA IS MISSING.
T  INDICATES TRACE AMOUNT.


$$

BCM
