000
CDUS42 KCAE 300532
CLIOGB


CLIMATE REPORT
NATIONAL WEATHER SERVICE COLUMBIA SC
132 AM EDT SAT APR 30 2016


...................................

...THE ORANGEBURG AIRPORT SC CLIMATE SUMMARY FOR APRIL 29 2016...

CLIMATE NORMAL PERIOD 1981 TO 2010
CLIMATE RECORD PERIOD 9999 TO 9999


WEATHER ITEM   OBSERVED TIME   NORMAL DEPARTURE LAST
                VALUE   (LST)  VALUE  FROM      YEAR
                                      NORMAL
......................................................
TEMPERATURE (F)
 YESTERDAY
  MAXIMUM         91    429 PM  80     11       62
  MINIMUM         65    606 AM  54     11       53
  AVERAGE         78            67     11       58

PRECIPITATION (IN)
  YESTERDAY        0.00          0.07  -0.07     0.25
  MONTH TO DATE    1.26          2.79  -1.53     3.12
  SINCE MAR 1      3.61          6.77  -3.16     6.09
  SINCE JAN 1     10.78         14.34  -3.56    12.94

DEGREE DAYS
 HEATING
  YESTERDAY        0             2     -2        7
  MONTH TO DATE   79           108    -29       35
  SINCE MAR 1    220           385   -165      243
  SINCE JUL 1   1621          2317   -696     2317

 COOLING
  YESTERDAY       13             3     10        0
  MONTH TO DATE   81            60     21       96
  SINCE MAR 1    149            77     72      122
  SINCE JAN 1    155            80     75      122
......................................................


WIND (MPH)
  HIGHEST WIND SPEED    10   HIGHEST WIND DIRECTION     N (20)
  HIGHEST GUST SPEED    14   HIGHEST GUST DIRECTION     W (250)
  AVERAGE WIND SPEED     4.2


SKY COVER
  AVERAGE SKY COVER 0.0


WEATHER CONDITIONS
 THE FOLLOWING WEATHER WAS RECORDED YESTERDAY.
  FOG
  FOG W/VISIBILITY <= 1/4 MILE


RELATIVE HUMIDITY (PERCENT)
 HIGHEST   100           600 AM
 LOWEST     29           300 PM

..........................................................


THE ORANGEBURG AIRPORT SC CLIMATE NORMALS FOR TODAY
                         NORMAL    RECORD    YEAR
 MAXIMUM TEMPERATURE (F)   80        MM        MM
 MINIMUM TEMPERATURE (F)   54        MM        MM


SUNRISE AND SUNSET
APRIL 30 2016.........SUNRISE   636 AM EDT   SUNSET   806 PM EDT
MAY  1 2016...........SUNRISE   635 AM EDT   SUNSET   807 PM EDT


-  INDICATES NEGATIVE NUMBERS.
R  INDICATES RECORD WAS SET OR TIED.
MM INDICATES DATA IS MISSING.
T  INDICATES TRACE AMOUNT.




$$
