000
CDUS42 KCAE 300558
CLIOGB


CLIMATE REPORT
NATIONAL WEATHER SERVICE COLUMBIA SC
158 AM EDT SAT MAY 30 2015


...................................

...THE ORANGEBURG AIRPORT SC CLIMATE SUMMARY FOR MAY 29 2015...

CLIMATE NORMAL PERIOD 1981 TO 2010
CLIMATE RECORD PERIOD 9999 TO 9999


WEATHER ITEM   OBSERVED TIME   NORMAL DEPARTURE LAST
                VALUE   (LST)  VALUE  FROM      YEAR
                                      NORMAL
......................................................
TEMPERATURE (F)
 YESTERDAY
  MAXIMUM         87    324 PM  86      1       91
  MINIMUM         61    456 AM  64     -3       66
  AVERAGE         74            75     -1       79

PRECIPITATION (IN)
  YESTERDAY        0.00          0.16  -0.16     1.41
  MONTH TO DATE    2.32          2.89  -0.57     4.92
  SINCE MAR 1      8.41          9.72  -1.31    11.52
  SINCE JAN 1     15.26         17.29  -2.03    17.44

DEGREE DAYS
 HEATING
  YESTERDAY        0             0      0        0
  MONTH TO DATE    7            10     -3        6
  SINCE MAR 1    252           395   -143      470
  SINCE JUL 1   2326          2327     -1     2334

 COOLING
  YESTERDAY        9            10     -1       14
  MONTH TO DATE  229           198     31      245
  SINCE MAR 1    351           280     71      328
  SINCE JAN 1    351           283     68      334
......................................................


WIND (MPH)
  HIGHEST WIND SPEED    14   HIGHEST WIND DIRECTION    SE (140)
  HIGHEST GUST SPEED    19   HIGHEST GUST DIRECTION    SE (140)
  AVERAGE WIND SPEED     4.5


SKY COVER
  AVERAGE SKY COVER 0.3


WEATHER CONDITIONS
 THE FOLLOWING WEATHER WAS RECORDED YESTERDAY.
  NO SIGNIFICANT WEATHER WAS OBSERVED.


RELATIVE HUMIDITY (PERCENT)
 HIGHEST    97           500 AM
 LOWEST     42           300 PM

..........................................................


THE ORANGEBURG AIRPORT SC CLIMATE NORMALS FOR TODAY
                         NORMAL    RECORD    YEAR
 MAXIMUM TEMPERATURE (F)   86        MM        MM
 MINIMUM TEMPERATURE (F)   64        MM        MM


SUNRISE AND SUNSET
MAY 30 2015...........SUNRISE   615 AM EDT   SUNSET   827 PM EDT
MAY 31 2015...........SUNRISE   615 AM EDT   SUNSET   827 PM EDT


-  INDICATES NEGATIVE NUMBERS.
R  INDICATES RECORD WAS SET OR TIED.
MM INDICATES DATA IS MISSING.
T  INDICATES TRACE AMOUNT.




$$
