000
CDUS42 KCAE 182229
CLIOGB


CLIMATE REPORT
NATIONAL WEATHER SERVICE COLUMBIA SC
529 PM EST THU DEC 18 2014


...................................

...THE ORANGEBURG AIRPORT SC CLIMATE SUMMARY FOR DECEMBER 18 2014...
VALID TODAY AS OF 0500 PM LOCAL TIME.

CLIMATE NORMAL PERIOD 1981 TO 2010
CLIMATE RECORD PERIOD 9999 TO 9999


WEATHER ITEM   OBSERVED TIME   NORMAL DEPARTURE LAST
                VALUE   (LST)  VALUE  FROM      YEAR
                                      NORMAL
......................................................
TEMPERATURE (F)
 TODAY
  MAXIMUM         62    319 PM  58      4       57
  MINIMUM         34    527 AM  36     -2       33
  AVERAGE         48            47      1       45

PRECIPITATION (IN)
  TODAY            0.00          0.12  -0.12     0.00
  MONTH TO DATE    0.12          2.03  -1.91     2.47
  SINCE DEC 1      0.12          2.03  -1.91     2.47
  SINCE JAN 1     43.93         45.44  -1.51    53.63

DEGREE DAYS
 HEATING
  TODAY           17            18     -1       20
  MONTH TO DATE  244           289    -45      223
  SINCE DEC 1    244           289    -45      223
  SINCE JUL 1    716           658     58      619

 COOLING
  TODAY            0             0      0        0
  MONTH TO DATE    0             0      0        7
  SINCE DEC 1      0             0      0        7
  SINCE JAN 1   2250          2102    148     2049
......................................................


WIND (MPH)
  HIGHEST WIND SPEED    12   HIGHEST WIND DIRECTION     E (90)
  HIGHEST GUST SPEED    15   HIGHEST GUST DIRECTION    NE (50)
  AVERAGE WIND SPEED     2.3


SKY COVER
  AVERAGE SKY COVER 0.0


WEATHER CONDITIONS
 THE FOLLOWING WEATHER WAS RECORDED TODAY.
  FOG


RELATIVE HUMIDITY (PERCENT)
 HIGHEST    96           400 AM
 LOWEST     42           200 PM

..........................................................


THE ORANGEBURG AIRPORT SC CLIMATE NORMALS FOR TOMORROW
                         NORMAL
 MAXIMUM TEMPERATURE (F)   58
 MINIMUM TEMPERATURE (F)   36


SUNRISE AND SUNSET
DECEMBER 18 2014......SUNRISE   722 AM EST   SUNSET   518 PM EST
DECEMBER 19 2014......SUNRISE   722 AM EST   SUNSET   519 PM EST


-  INDICATES NEGATIVE NUMBERS.
R  INDICATES RECORD WAS SET OR TIED.
MM INDICATES DATA IS MISSING.
T  INDICATES TRACE AMOUNT.




$$
