000
CDHW42 PHFO 291245
CLIOGG


CLIMATE REPORT
NATIONAL WEATHER SERVICE HONOLULU HI
245 AM HST FRI AUG 29 2014


...................................

...THE KAHULUI HI CLIMATE SUMMARY FOR AUGUST 28 2014...

CLIMATE NORMAL PERIOD 1981 TO 2010
CLIMATE RECORD PERIOD 1946 TO 2014


WEATHER ITEM   OBSERVED TIME   RECORD YEAR NORMAL DEPARTURE LAST
                VALUE   (LST)  VALUE       VALUE  FROM      YEAR
                                                  NORMAL
..................................................................
TEMPERATURE (F)
 YESTERDAY
  MAXIMUM         88   1244 PM  92    2006  88      0       86
                                      2001
  MINIMUM         71    643 AM  63    1952  71      0       73
  AVERAGE         80                        80      0       80

PRECIPITATION (IN)
  YESTERDAY        0.00          0.07 1979   0.01  -0.01     0.01
  MONTH TO DATE    0.46                      0.46   0.00     0.54
  SINCE JUN 1      1.68                      1.16   0.52     1.67
  SINCE JAN 1     15.64                     10.66   4.98     8.66

SNOWFALL (IN)
  YESTERDAY        0.0
  MONTH TO DATE    0.0
  SINCE JUN 1      0.0
  SINCE JUL 1      0.0
  SNOW DEPTH       0

DEGREE DAYS
 HEATING
  YESTERDAY        0                         0      0        0
  MONTH TO DATE    0                         0      0        0
  SINCE JUN 1      0                         0      0        0
  SINCE JUL 1      0                         0      0        0

 COOLING
  YESTERDAY       15                        15      0       15
  MONTH TO DATE  454                       420     34      443
  SINCE JUN 1   1352                      1247    105     1361
  SINCE JAN 1   2848                      2506    342     2745
..................................................................


WIND (MPH)
  HIGHEST WIND SPEED    21   HIGHEST WIND DIRECTION    NE (30)
  HIGHEST GUST SPEED    25   HIGHEST GUST DIRECTION    NE (30)
  AVERAGE WIND SPEED     9.5


SKY COVER
  POSSIBLE SUNSHINE  MM
  AVERAGE SKY COVER 0.3


WEATHER CONDITIONS
 THE FOLLOWING WEATHER WAS RECORDED YESTERDAY.
  NO SIGNIFICANT WEATHER WAS OBSERVED.


RELATIVE HUMIDITY (PERCENT)
 HIGHEST    79           700 AM
 LOWEST     55           100 PM
 AVERAGE    67

..........................................................


THE KAHULUI HI CLIMATE NORMALS FOR TODAY
                         NORMAL    RECORD    YEAR
 MAXIMUM TEMPERATURE (F)   88        92      1984
                                             1970
                                             1953
 MINIMUM TEMPERATURE (F)   71        62      1952


SUNRISE AND SUNSET
AUGUST 29 2014........SUNRISE   609 AM HST   SUNSET   644 PM HST
AUGUST 30 2014........SUNRISE   609 AM HST   SUNSET   643 PM HST


-  INDICATES NEGATIVE NUMBERS.
R  INDICATES RECORD WAS SET OR TIED.
MM INDICATES DATA IS MISSING.
T  INDICATES TRACE AMOUNT.




$$
