000
CDHW42 PHFO 250226
CLIOGG


CLIMATE REPORT
NATIONAL WEATHER SERVICE HONOLULU HI
426 PM HST WED DEC 24 2014


...................................

...THE KAHULUI HI CLIMATE SUMMARY FOR DECEMBER 24 2014...
VALID TODAY AS OF 0400 PM LOCAL TIME.

CLIMATE NORMAL PERIOD 1981 TO 2010
CLIMATE RECORD PERIOD 1946 TO 2014


WEATHER ITEM   OBSERVED TIME   RECORD YEAR NORMAL DEPARTURE LAST
                VALUE   (LST)  VALUE       VALUE  FROM      YEAR
                                                  NORMAL
..................................................................
TEMPERATURE (F)
 TODAY
  MAXIMUM         80    228 PM  90    1992  81     -1       84
  MINIMUM         63    557 AM  54    1962  64     -1       71
  AVERAGE         72                        73     -1       78

PRECIPITATION (IN)
  TODAY            T             3.18 1990   0.11  -0.11     0.00
  MONTH TO DATE    3.99                      2.63   1.36     0.08
  SINCE DEC 1      3.99                      2.63   1.36     0.08
  SINCE JAN 1     22.24                     17.11   5.13    13.67

SNOWFALL (IN)
  TODAY            0.0
  MONTH TO DATE    0.0
  SINCE DEC 1      0.0
  SINCE JUL 1      0.0
  SNOW DEPTH       0

DEGREE DAYS
 HEATING
  TODAY            0                         0      0        0
  MONTH TO DATE    0                         0      0        0
  SINCE DEC 1      0                         0      0        0
  SINCE JUL 1      0                         0      0        0

 COOLING
  TODAY            7                         8     -1       13
  MONTH TO DATE  214                       207      7      229
  SINCE DEC 1    214                       207      7      229
  SINCE JAN 1   4408                      3914    494     4207
..................................................................


WIND (MPH)
  HIGHEST WIND SPEED    13   HIGHEST WIND DIRECTION    NE (30)
  HIGHEST GUST SPEED    16   HIGHEST GUST DIRECTION    NE (30)
  AVERAGE WIND SPEED     3.7


SKY COVER
  POSSIBLE SUNSHINE  MM
  AVERAGE SKY COVER 0.5


WEATHER CONDITIONS
 THE FOLLOWING WEATHER WAS RECORDED TODAY.
  LIGHT RAIN


RELATIVE HUMIDITY (PERCENT)
 HIGHEST    87          1200 AM
 LOWEST     60          1200 PM
 AVERAGE    74

..........................................................


THE KAHULUI HI CLIMATE NORMALS FOR TOMORROW
                         NORMAL    RECORD    YEAR
 MAXIMUM TEMPERATURE (F)   81        87      2004
                                             1992
 MINIMUM TEMPERATURE (F)   64        55      1953


SUNRISE AND SUNSET
DECEMBER 24 2014......SUNRISE   659 AM HST   SUNSET   551 PM HST
DECEMBER 25 2014......SUNRISE   700 AM HST   SUNSET   552 PM HST


-  INDICATES NEGATIVE NUMBERS.
R  INDICATES RECORD WAS SET OR TIED.
MM INDICATES DATA IS MISSING.
T  INDICATES TRACE AMOUNT.




$$
