000
CDHW42 PHFO 041245
CLIOGG


CLIMATE REPORT
NATIONAL WEATHER SERVICE HONOLULU HI
245 AM HST FRI SEP 4 2015


...................................

...THE KAHULUI HI CLIMATE SUMMARY FOR SEPTEMBER 3 2015...

CLIMATE NORMAL PERIOD 1981 TO 2010
CLIMATE RECORD PERIOD 1946 TO 2015


WEATHER ITEM   OBSERVED TIME   RECORD YEAR NORMAL DEPARTURE LAST
                VALUE   (LST)  VALUE       VALUE  FROM      YEAR
                                                  NORMAL
..................................................................
TEMPERATURE (F)
 YESTERDAY
  MAXIMUM         92   1112 AM  94    2005  88      4       90
  MINIMUM         73    650 AM  64    1949  71      2       74
  AVERAGE         83                        80      3       82

PRECIPITATION (IN)
  YESTERDAY        T             0.18 1992   0.01  -0.01      T
  MONTH TO DATE    0.08                      0.03   0.05      T
  SINCE SEP 1      0.08                      0.03   0.05      T
  SINCE JAN 1     22.34                     10.73  11.61    15.65

SNOWFALL (IN)
  YESTERDAY        0.0
  MONTH TO DATE    0.0
  SINCE SEP 1      0.0
  SINCE JUL 1      0.0
  SNOW DEPTH       0

DEGREE DAYS
 HEATING
  YESTERDAY        0                         0      0        0
  MONTH TO DATE    0                         0      0        0
  SINCE SEP 1      0                         0      0        0
  SINCE JUL 1      0                         0      0        0

 COOLING
  YESTERDAY       18                        14      4       17
  MONTH TO DATE   57                        44     13       50
  SINCE SEP 1     57                        44     13       50
  SINCE JAN 1   2891                      2586    305     2938
..................................................................


WIND (MPH)
  HIGHEST WIND SPEED    16   HIGHEST WIND DIRECTION     E (70)
  HIGHEST GUST SPEED    21   HIGHEST GUST DIRECTION     E (70)
  AVERAGE WIND SPEED     5.0


SKY COVER
  POSSIBLE SUNSHINE  MM
  AVERAGE SKY COVER 0.4


WEATHER CONDITIONS
 THE FOLLOWING WEATHER WAS RECORDED YESTERDAY.
  THUNDERSTORM


RELATIVE HUMIDITY (PERCENT)
 HIGHEST    93           600 AM
 LOWEST     59          1000 AM
 AVERAGE    76

..........................................................


THE KAHULUI HI CLIMATE NORMALS FOR TODAY
                         NORMAL    RECORD    YEAR
 MAXIMUM TEMPERATURE (F)   88        92      1980
                                             1979
                                             1968
 MINIMUM TEMPERATURE (F)   71        62      1951


SUNRISE AND SUNSET
SEPTEMBER  4 2015.....SUNRISE   610 AM HST   SUNSET   639 PM HST
SEPTEMBER  5 2015.....SUNRISE   610 AM HST   SUNSET   638 PM HST


-  INDICATES NEGATIVE NUMBERS.
R  INDICATES RECORD WAS SET OR TIED.
MM INDICATES DATA IS MISSING.
T  INDICATES TRACE AMOUNT.




$$
