000
CDHW42 PHFO 310247
CLIOGG


CLIMATE REPORT
NATIONAL WEATHER SERVICE HONOLULU HI
437 PM HST SAT JUL 30 2016


...................................

...THE KAHULUI HI CLIMATE SUMMARY FOR JULY 30 2016...
VALID TODAY AS OF 0400 PM LOCAL TIME.

CLIMATE NORMAL PERIOD 1981 TO 2010
CLIMATE RECORD PERIOD 1946 TO 2016


WEATHER ITEM   OBSERVED TIME   RECORD YEAR NORMAL DEPARTURE LAST
                VALUE   (LST)  VALUE       VALUE  FROM      YEAR
                                                  NORMAL
..................................................................
TEMPERATURE (F)
 TODAY
  MAXIMUM         89    247 PM  96    1951  88      1       92
  MINIMUM         73    439 AM  58    1965  72      1       72
  AVERAGE         81                        80      1       82

PRECIPITATION (IN)
  TODAY            0.00          0.24 1968   0.02  -0.02     0.00
  MONTH TO DATE    1.02                      0.48   0.54     0.85
  SINCE JUN 1      1.38                      0.68   0.70     0.95
  SINCE JAN 1      9.11                     10.18  -1.07    19.91

SNOWFALL (IN)
  TODAY            0.0
  MONTH TO DATE    0.0
  SINCE JUN 1      0.0
  SINCE JUL 1      0.0
  SNOW DEPTH       0

DEGREE DAYS
 HEATING
  TODAY            0                         0      0        0
  MONTH TO DATE    0                         0      0        0
  SINCE JUN 1      0                         0      0        0
  SINCE JUL 1      0                         0      0        0

 COOLING
  TODAY           16                        15      1       17
  MONTH TO DATE  471                       424     47      474
  SINCE JUN 1    897                       812     85      890
  SINCE JAN 1   2386                      2071    315     2212
..................................................................


WIND (MPH)
  HIGHEST WIND SPEED    28   HIGHEST WIND DIRECTION    NE (40)
  HIGHEST GUST SPEED    36   HIGHEST GUST DIRECTION    NE (40)
  AVERAGE WIND SPEED    15.6


SKY COVER
  POSSIBLE SUNSHINE  MM
  AVERAGE SKY COVER 0.3


WEATHER CONDITIONS
 THE FOLLOWING WEATHER WAS RECORDED TODAY.
  NO SIGNIFICANT WEATHER WAS OBSERVED.


RELATIVE HUMIDITY (PERCENT)
 HIGHEST    87          1200 AM
 LOWEST     46           300 PM
 AVERAGE    67

..........................................................


THE KAHULUI HI CLIMATE NORMALS FOR TOMORROW
                         NORMAL    RECORD    YEAR
 MAXIMUM TEMPERATURE (F)   88        92      2015
                                             1997
                                             1981
 MINIMUM TEMPERATURE (F)   72        61      1972
                                             1965


SUNRISE AND SUNSET
JULY 30 2016..........SUNRISE   559 AM HST   SUNSET   705 PM HST
JULY 31 2016..........SUNRISE   600 AM HST   SUNSET   704 PM HST


-  INDICATES NEGATIVE NUMBERS.
R  INDICATES RECORD WAS SET OR TIED.
MM INDICATES DATA IS MISSING.
T  INDICATES TRACE AMOUNT.




$$
