000
CDHW42 PHFO 230235
CLIOGG


CLIMATE REPORT
NATIONAL WEATHER SERVICE HONOLULU HI
435 PM HST SAT APR 22 2017


...................................

...THE KAHULUI HI CLIMATE SUMMARY FOR APRIL 22 2017...
VALID TODAY AS OF 0400 PM LOCAL TIME.

CLIMATE NORMAL PERIOD 1981 TO 2010
CLIMATE RECORD PERIOD 1946 TO 2017


WEATHER ITEM   OBSERVED TIME   RECORD YEAR NORMAL DEPARTURE LAST
                VALUE   (LST)  VALUE       VALUE  FROM      YEAR
                                                  NORMAL
..................................................................
TEMPERATURE (F)
 TODAY
  MAXIMUM         86    216 PM  90    2015  83      3       86
                                      1953
  MINIMUM         68    619 AM  56    1958  66      2       68
  AVERAGE         77                        74      3       77

PRECIPITATION (IN)
  TODAY            0.00          0.50 1987   0.05  -0.05      T
                                      1969
  MONTH TO DATE    1.78                      1.28   0.50     1.12
  SINCE MAR 1      5.92                      3.73   2.19     3.07
  SINCE JAN 1      8.40                      8.49  -0.09     4.62

SNOWFALL (IN)
  TODAY            0.0
  MONTH TO DATE    0.0
  SINCE MAR 1      0.0
  SINCE JUL 1      0.0
  SNOW DEPTH      MM

DEGREE DAYS
 HEATING
  TODAY            0                         0      0        0
  MONTH TO DATE    0                         0      0        0
  SINCE MAR 1      0                         0      0        0
  SINCE JUL 1      0                         0      0        0

 COOLING
  TODAY           12                         9      3       12
  MONTH TO DATE  209                       198     11      250
  SINCE MAR 1    454                       443     11      529
  SINCE JAN 1    925                       852     73      997
..................................................................


WIND (MPH)
  HIGHEST WIND SPEED    30   HIGHEST WIND DIRECTION    NE (40)
  HIGHEST GUST SPEED    36   HIGHEST GUST DIRECTION    NE (40)
  AVERAGE WIND SPEED    MM


SKY COVER
  POSSIBLE SUNSHINE  MM
  AVERAGE SKY COVER  MM


WEATHER CONDITIONS
 THE FOLLOWING WEATHER WAS RECORDED TODAY.
  NO SIGNIFICANT WEATHER WAS OBSERVED.


RELATIVE HUMIDITY (PERCENT)
 HIGHEST    MM
 LOWEST     MM
 AVERAGE    MM

..........................................................


THE KAHULUI HI CLIMATE NORMALS FOR TOMORROW
                         NORMAL    RECORD    YEAR
 MAXIMUM TEMPERATURE (F)   83        89      1962
 MINIMUM TEMPERATURE (F)   66        59      1977


SUNRISE AND SUNSET
APRIL 22 2017.........SUNRISE   601 AM HST   SUNSET   647 PM HST
APRIL 23 2017.........SUNRISE   600 AM HST   SUNSET   648 PM HST


-  INDICATES NEGATIVE NUMBERS.
R  INDICATES RECORD WAS SET OR TIED.
MM INDICATES DATA IS MISSING.
T  INDICATES TRACE AMOUNT.




$$
