000
CDHW42 PHFO 251245
CLIOGG


CLIMATE REPORT
NATIONAL WEATHER SERVICE HONOLULU HI
245 AM HST SAT MAR 25 2017


...................................

...THE KAHULUI HI CLIMATE SUMMARY FOR MARCH 24 2017...

CLIMATE NORMAL PERIOD 1981 TO 2010
CLIMATE RECORD PERIOD 1946 TO 2017


WEATHER ITEM   OBSERVED TIME   RECORD YEAR NORMAL DEPARTURE LAST
                VALUE   (LST)  VALUE       VALUE  FROM      YEAR
                                                  NORMAL
..................................................................
TEMPERATURE (F)
 YESTERDAY
  MAXIMUM         86    209 PM  90    1952  82      4       87
  MINIMUM         67    542 AM  53    1954  65      2       64
  AVERAGE         77                        73      4       76

PRECIPITATION (IN)
  YESTERDAY        0.00          4.88 1967   0.08  -0.08     0.00
  MONTH TO DATE    4.14                      1.86   2.28     0.57
  SINCE MAR 1      4.14                      1.86   2.28     0.57
  SINCE JAN 1      6.62                      6.62   0.00     2.12

SNOWFALL (IN)
  YESTERDAY        0.0
  MONTH TO DATE    0.0
  SINCE MAR 1      0.0
  SINCE JUL 1      0.0
  SNOW DEPTH       0

DEGREE DAYS
 HEATING
  YESTERDAY        0                         0      0        0
  MONTH TO DATE    0                         0      0        0
  SINCE MAR 1      0                         0      0        0
  SINCE JUL 1      0                         0      0        0

 COOLING
  YESTERDAY       12                         8      4       11
  MONTH TO DATE  245                       184     61      211
  SINCE MAR 1    245                       184     61      211
  SINCE JAN 1    716                       593    123      679
..................................................................


WIND (MPH)
  HIGHEST WIND SPEED    23   HIGHEST WIND DIRECTION    NE (60)
  HIGHEST GUST SPEED    29   HIGHEST GUST DIRECTION     E (80)
  AVERAGE WIND SPEED    10.4


SKY COVER
  POSSIBLE SUNSHINE  MM
  AVERAGE SKY COVER 0.3


WEATHER CONDITIONS
 THE FOLLOWING WEATHER WAS RECORDED YESTERDAY.
  FOG


RELATIVE HUMIDITY (PERCENT)
 HIGHEST    90          1200 AM
 LOWEST     59           300 PM
 AVERAGE    75

..........................................................


THE KAHULUI HI CLIMATE NORMALS FOR TODAY
                         NORMAL    RECORD    YEAR
 MAXIMUM TEMPERATURE (F)   82        88      1981
                                             1952
 MINIMUM TEMPERATURE (F)   65        55      1954


SUNRISE AND SUNSET
MARCH 25 2017.........SUNRISE   625 AM HST   SUNSET   638 PM HST
MARCH 26 2017.........SUNRISE   624 AM HST   SUNSET   639 PM HST


-  INDICATES NEGATIVE NUMBERS.
R  INDICATES RECORD WAS SET OR TIED.
MM INDICATES DATA IS MISSING.
T  INDICATES TRACE AMOUNT.




$$
