000
CDHW42 PHFO 281245
CLIOGG


CLIMATE REPORT
NATIONAL WEATHER SERVICE HONOLULU HI
245 AM HST SUN AUG 28 2016


...................................

...THE KAHULUI HI CLIMATE SUMMARY FOR AUGUST 27 2016...

CLIMATE NORMAL PERIOD 1981 TO 2010
CLIMATE RECORD PERIOD 1946 TO 2016


WEATHER ITEM   OBSERVED TIME   RECORD YEAR NORMAL DEPARTURE LAST
                VALUE   (LST)  VALUE       VALUE  FROM      YEAR
                                                  NORMAL
..................................................................
TEMPERATURE (F)
 YESTERDAY
  MAXIMUM         88    124 PM  92    1952  88      0       MM
  MINIMUM         74   1159 PM  62    1953  71      3       MM
  AVERAGE         81                        80      1       MM

PRECIPITATION (IN)
  YESTERDAY        0.09R         0.06 1971   0.02   0.07    MM
  MONTH TO DATE    0.44                      0.45  -0.01     0.64
  SINCE JUN 1      1.96                      1.15   0.81     1.60
  SINCE JAN 1      9.69                     10.65  -0.96    20.56

SNOWFALL (IN)
  YESTERDAY        0.0
  MONTH TO DATE    0.0
  SINCE JUN 1      0.0
  SINCE JUL 1      0.0
  SNOW DEPTH       0

DEGREE DAYS
 HEATING
  YESTERDAY        0                         0      0       MM
  MONTH TO DATE    0                         0      0        0
  SINCE JUN 1      0                         0      0        0
  SINCE JUL 1      0                         0      0        0

 COOLING
  YESTERDAY       16                        15      1       MM
  MONTH TO DATE  434                       405     29      403
  SINCE JUN 1   1347                      1232    115     1313
  SINCE JAN 1   2836                      2491    345     2635
..................................................................


WIND (MPH)
  HIGHEST WIND SPEED    23   HIGHEST WIND DIRECTION    NE (40)
  HIGHEST GUST SPEED    27   HIGHEST GUST DIRECTION    NE (50)
  AVERAGE WIND SPEED    13.1


SKY COVER
  POSSIBLE SUNSHINE  MM
  AVERAGE SKY COVER 0.7


WEATHER CONDITIONS
 THE FOLLOWING WEATHER WAS RECORDED YESTERDAY.
  LIGHT RAIN
  FOG
  HAZE


RELATIVE HUMIDITY (PERCENT)
 HIGHEST    82           600 PM
 LOWEST     55          1100 AM
 AVERAGE    69

..........................................................


THE KAHULUI HI CLIMATE NORMALS FOR TODAY
                         NORMAL    RECORD    YEAR
 MAXIMUM TEMPERATURE (F)   88        92      2006
                                             2001
 MINIMUM TEMPERATURE (F)   71        63      1952


SUNRISE AND SUNSET
AUGUST 28 2016........SUNRISE   609 AM HST   SUNSET   644 PM HST
AUGUST 29 2016........SUNRISE   609 AM HST   SUNSET   644 PM HST


-  INDICATES NEGATIVE NUMBERS.
R  INDICATES RECORD WAS SET OR TIED.
MM INDICATES DATA IS MISSING.
T  INDICATES TRACE AMOUNT.




$$
