000
CDHW42 PHFO 070245
CLIOGG


CLIMATE REPORT
NATIONAL WEATHER SERVICE HONOLULU HI
444 PM HST SAT FEB 6 2016


...................................

...THE KAHULUI HI CLIMATE SUMMARY FOR FEBRUARY 6 2016...
VALID TODAY AS OF 0400 PM LOCAL TIME.

CLIMATE NORMAL PERIOD 1981 TO 2010
CLIMATE RECORD PERIOD 1946 TO 2016


WEATHER ITEM   OBSERVED TIME   RECORD YEAR NORMAL DEPARTURE LAST
                VALUE   (LST)  VALUE       VALUE  FROM      YEAR
                                                  NORMAL
..................................................................
TEMPERATURE (F)
 TODAY
  MAXIMUM         84        MM  88    1996  81      3       79
  MINIMUM         65        MM  53    1973  63      2       58
  AVERAGE         75                        72      3       69

PRECIPITATION (IN)
  TODAY            0.02          1.34 1976   0.07  -0.05     0.00
  MONTH TO DATE    0.04                      0.45  -0.41     0.48
  SINCE DEC 1      1.32                      6.67  -5.35     5.84
  SINCE JAN 1      0.59                      3.32  -2.73     1.60

SNOWFALL (IN)
  TODAY            0.0
  MONTH TO DATE    0.0
  SINCE DEC 1      0.0
  SINCE JUL 1      0.0
  SNOW DEPTH       0

DEGREE DAYS
 HEATING
  TODAY            0                         0      0        0
  MONTH TO DATE    0                         0      0        0
  SINCE DEC 1      0                         0      0        0
  SINCE JUL 1      0                         0      0        0

 COOLING
  TODAY           10                         7      3        4
  MONTH TO DATE   50                        42      8       44
  SINCE DEC 1    598                       518     80      485
  SINCE JAN 1    283                       259     24      225
..................................................................


WIND (MPH)
  HIGHEST WIND SPEED     8   HIGHEST WIND DIRECTION     N (350)
  HIGHEST GUST SPEED    22   HIGHEST GUST DIRECTION     N (350)
  AVERAGE WIND SPEED     4.8


SKY COVER
  POSSIBLE SUNSHINE  MM
  AVERAGE SKY COVER 0.4


WEATHER CONDITIONS
 THE FOLLOWING WEATHER WAS RECORDED TODAY.
  NO SIGNIFICANT WEATHER WAS OBSERVED.


RELATIVE HUMIDITY (PERCENT)
 HIGHEST    93           400 AM
 LOWEST     67          1000 AM
 AVERAGE    80

..........................................................


THE KAHULUI HI CLIMATE NORMALS FOR TOMORROW
                         NORMAL    RECORD    YEAR
 MAXIMUM TEMPERATURE (F)   81        88      1952
 MINIMUM TEMPERATURE (F)   63        53      1987
                                             1981


SUNRISE AND SUNSET
FEBRUARY  6 2016......SUNRISE   701 AM HST   SUNSET   619 PM HST
FEBRUARY  7 2016......SUNRISE   700 AM HST   SUNSET   620 PM HST


-  INDICATES NEGATIVE NUMBERS.
R  INDICATES RECORD WAS SET OR TIED.
MM INDICATES DATA IS MISSING.
T  INDICATES TRACE AMOUNT.




$$
