000
CDHW42 PHFO 301245
CLIOGG


CLIMATE REPORT
NATIONAL WEATHER SERVICE HONOLULU HI
245 AM HST FRI SEP 30 2016


...................................

...THE KAHULUI HI CLIMATE SUMMARY FOR SEPTEMBER 29 2016...

CLIMATE NORMAL PERIOD 1981 TO 2010
CLIMATE RECORD PERIOD 1946 TO 2016


WEATHER ITEM   OBSERVED TIME   RECORD YEAR NORMAL DEPARTURE LAST
                VALUE   (LST)  VALUE       VALUE  FROM      YEAR
                                                  NORMAL
..................................................................
TEMPERATURE (F)
 YESTERDAY
  MAXIMUM         90    210 PM  94    1951  88      2       88
  MINIMUM         74   1020 PM  62    1949  70      4       75
  AVERAGE         82                        79      3       82

PRECIPITATION (IN)
  YESTERDAY        0.00          0.17 1987   0.01  -0.01     0.01
  MONTH TO DATE    1.24                      0.36   0.88     0.37
  SINCE SEP 1      1.24                      0.36   0.88     0.37
  SINCE JAN 1     11.05                     11.06  -0.01    20.93

SNOWFALL (IN)
  YESTERDAY        0.0
  MONTH TO DATE    0.0
  SINCE SEP 1      0.0
  SINCE JUL 1      0.0
  SNOW DEPTH       0

DEGREE DAYS
 HEATING
  YESTERDAY        0                         0      0        0
  MONTH TO DATE    0                         0      0        0
  SINCE SEP 1      0                         0      0        0
  SINCE JUL 1      0                         0      0        0

 COOLING
  YESTERDAY       17                        14      3       17
  MONTH TO DATE  470                       408     62      510
  SINCE SEP 1    470                       408     62      510
  SINCE JAN 1   3371                      2950    421     3145
..................................................................


WIND (MPH)
  HIGHEST WIND SPEED    30   HIGHEST WIND DIRECTION    NE (40)
  HIGHEST GUST SPEED    37   HIGHEST GUST DIRECTION    NE (40)
  AVERAGE WIND SPEED    17.8


SKY COVER
  POSSIBLE SUNSHINE  MM
  AVERAGE SKY COVER 0.4


WEATHER CONDITIONS
 THE FOLLOWING WEATHER WAS RECORDED YESTERDAY.
  NO SIGNIFICANT WEATHER WAS OBSERVED.


RELATIVE HUMIDITY (PERCENT)
 HIGHEST    87           200 AM
 LOWEST     44           200 PM
 AVERAGE    66

..........................................................


THE KAHULUI HI CLIMATE NORMALS FOR TODAY
                         NORMAL    RECORD    YEAR
 MAXIMUM TEMPERATURE (F)   88        93      1980
 MINIMUM TEMPERATURE (F)   70        62      1962


SUNRISE AND SUNSET
SEPTEMBER 30 2016.....SUNRISE   617 AM HST   SUNSET   614 PM HST
OCTOBER  1 2016.......SUNRISE   617 AM HST   SUNSET   613 PM HST


-  INDICATES NEGATIVE NUMBERS.
R  INDICATES RECORD WAS SET OR TIED.
MM INDICATES DATA IS MISSING.
T  INDICATES TRACE AMOUNT.




$$
