000
CDUS43 KEAX 280632
CLIOJC


CLIMATE REPORT
NATIONAL WEATHER SERVICE KANSAS CITY/PLEASANT HILL MO
132 AM CDT FRI APR 28 2017


...................................

...THE JOHNSON COUNTY EXECUTIVE KS CLIMATE SUMMARY FOR APRIL 27 2017...

CLIMATE NORMAL PERIOD 1981 TO 2010
CLIMATE RECORD PERIOD 9999 TO 9999


WEATHER ITEM   OBSERVED TIME   NORMAL DEPARTURE LAST
                VALUE   (LST)  VALUE  FROM      YEAR
                                      NORMAL
......................................................
TEMPERATURE (F)
 YESTERDAY
  MAXIMUM         60    203 PM  69     -9       72
  MINIMUM         40    620 AM  49     -9       51
  AVERAGE         50            59     -9       62

PRECIPITATION (IN)
  YESTERDAY        0.07          0.17  -0.10     0.56
  MONTH TO DATE    2.67          3.41  -0.74     4.09
  SINCE MAR 1      4.98          6.04  -1.06     6.18
  SINCE JAN 1      5.90          8.73  -2.83     7.43

DEGREE DAYS
 HEATING
  YESTERDAY       15             7      8        3
  MONTH TO DATE  219           295    -76      200
  SINCE MAR 1    736           919   -183      634
  SINCE JUL 1   3876          4812   -936     3979

 COOLING
  YESTERDAY        0             1     -1        0
  MONTH TO DATE   17            19     -2        6
  SINCE MAR 1     26            20      6        6
  SINCE JAN 1     26            20      6        6
......................................................


WIND (MPH)
  HIGHEST WIND SPEED    15   HIGHEST WIND DIRECTION    NW (320)
  HIGHEST GUST SPEED    20   HIGHEST GUST DIRECTION     W (270)
  AVERAGE WIND SPEED     6.9


SKY COVER
  AVERAGE SKY COVER 0.6


WEATHER CONDITIONS
 THE FOLLOWING WEATHER WAS RECORDED YESTERDAY.
  LIGHT RAIN
  FOG


RELATIVE HUMIDITY (PERCENT)
 HIGHEST    93          1100 PM
 LOWEST     51           100 PM
 AVERAGE    72

..........................................................


THE JOHNSON COUNTY EXECUTIVE KS CLIMATE NORMALS FOR TODAY
                         NORMAL
 MAXIMUM TEMPERATURE (F)   69
 MINIMUM TEMPERATURE (F)   49


SUNRISE AND SUNSET
APRIL 28 2017.........SUNRISE   625 AM CDT   SUNSET   809 PM CDT
APRIL 29 2017.........SUNRISE   623 AM CDT   SUNSET   810 PM CDT


-  INDICATES NEGATIVE NUMBERS.
R  INDICATES RECORD WAS SET OR TIED.
MM INDICATES DATA IS MISSING.
T  INDICATES TRACE AMOUNT.




$$
