000
CDUS43 KEAX 221231
CLIOJC


CLIMATE REPORT
NATIONAL WEATHER SERVICE KANSAS CITY/PLEASANT HILL MO
731 AM CDT MON SEP 22 2014


...................................

...THE JOHNSON COUNTY EXECUTIVE KS CLIMATE SUMMARY FOR SEPTEMBER 22 2014...
VALID AS OF 0700 AM LOCAL TIME.

CLIMATE NORMAL PERIOD 1981 TO 2010
CLIMATE RECORD PERIOD 9999 TO 9999


WEATHER ITEM   OBSERVED TIME   NORMAL DEPARTURE LAST
                VALUE   (LST)  VALUE  FROM      YEAR
                                      NORMAL
......................................................
TEMPERATURE (F)
 TODAY
  MAXIMUM         59   1220 AM  76    -17       75
  MINIMUM         50    509 AM  56     -6       51
  AVERAGE         55            66    -11       63

PRECIPITATION (IN)
  TODAY            0.00          0.12  -0.12     0.00
  MONTH TO DATE    2.60          3.50  -0.90     2.69
  SINCE SEP 1      2.60          3.50  -0.90     2.69
  SINCE JAN 1     24.55         31.46  -6.91    29.20

DEGREE DAYS
 HEATING
  TODAY           10             2      8        2
  MONTH TO DATE   62            18     44       11
  SINCE SEP 1     62            18     44       11
  SINCE JUL 1     63            19     44       11

 COOLING
  TODAY            0             3     -3        0
  MONTH TO DATE   96           134    -38      198
  SINCE SEP 1     96           134    -38      198
  SINCE JAN 1   1185          1299   -114     1311
......................................................


WIND (MPH)
  HIGHEST WIND SPEED     6   HIGHEST WIND DIRECTION     N (10)
  HIGHEST GUST SPEED     6   HIGHEST GUST DIRECTION    NE (30)
  AVERAGE WIND SPEED     3.6


SKY COVER
  AVERAGE SKY COVER 0.0


WEATHER CONDITIONS
 THE FOLLOWING WEATHER WAS RECORDED TODAY.
  NO SIGNIFICANT WEATHER WAS OBSERVED.


RELATIVE HUMIDITY (PERCENT)
 HIGHEST    89           400 AM
 LOWEST     72          1200 AM
 AVERAGE    81

..........................................................


THE JOHNSON COUNTY EXECUTIVE KS CLIMATE NORMALS FOR TOMORROW
                         NORMAL
 MAXIMUM TEMPERATURE (F)   76
 MINIMUM TEMPERATURE (F)   56


SUNRISE AND SUNSET
SEPTEMBER 22 2014.....SUNRISE   707 AM CDT   SUNSET   716 PM CDT
SEPTEMBER 23 2014.....SUNRISE   707 AM CDT   SUNSET   714 PM CDT


-  INDICATES NEGATIVE NUMBERS.
R  INDICATES RECORD WAS SET OR TIED.
MM INDICATES DATA IS MISSING.
T  INDICATES TRACE AMOUNT.




$$
