000
CDUS46 KSGX 260029
CLIOKB


CLIMATE REPORT
NATIONAL WEATHER SERVICE SAN DIEGO, CA
528 PM PDT SUN SEP 25 2016


...................................

...THE OCEANSIDE AIRPORT CA CLIMATE SUMMARY FOR SEPTEMBER 25 2016...
VALID TODAY AS OF 0500 PM LOCAL TIME.

CLIMATE NORMAL PERIOD 1981 TO 2010
CLIMATE RECORD PERIOD 1999 TO 2016


WEATHER ITEM   OBSERVED TIME   RECORD YEAR NORMAL DEPARTURE LAST
                VALUE   (LST)  VALUE       VALUE  FROM      YEAR
                                                  NORMAL
..................................................................
TEMPERATURE (F)
 TODAY
  MAXIMUM         91R  1245 PM  84    2015  76     15       84
                                      2010
                                      2001
  MINIMUM         52    544 AM  50    2005  58     -6       64
  AVERAGE         72                        67      5       74

PRECIPITATION (IN)
  TODAY            0.00          0.01 2010   0.01  -0.01     0.00
  MONTH TO DATE    0.24                      0.21   0.03     1.14
  SINCE OCT 1      7.36                     13.63  -6.27     9.31
  SINCE JAN 1      5.19                      9.75  -4.56     4.91

DEGREE DAYS
 HEATING
  TODAY            0                         1     -1        0
  MONTH TO DATE   12                         2     10        0
  SINCE SEP 1     12                         2     10        0
  SINCE JUL 1     12                         7      5        0

 COOLING
  TODAY            7                         2      5        9
  MONTH TO DATE   81                        84     -3      248
  SINCE SEP 1     81                        84     -3      248
  SINCE JAN 1    538                       384    154      853
..................................................................


WIND (MPH)
  RESULTANT WIND SPEED   5   RESULTANT WIND DIRECTION   W (260)
  HIGHEST WIND SPEED    21   HIGHEST WIND DIRECTION     W (280)
  HIGHEST GUST SPEED    26   HIGHEST GUST DIRECTION     W (290)
  AVERAGE WIND SPEED     6.5


SKY COVER
  POSSIBLE SUNSHINE  MM
  AVERAGE SKY COVER 0.0


WEATHER CONDITIONS
 THE FOLLOWING WEATHER WAS RECORDED TODAY.
  NO SIGNIFICANT WEATHER WAS OBSERVED.


RELATIVE HUMIDITY (PERCENT)
 HIGHEST    77           200 AM
 LOWEST     21           100 PM
 AVERAGE    49

..........................................................


THE OCEANSIDE AIRPORT CA CLIMATE NORMALS FOR TOMORROW
                         NORMAL    RECORD    YEAR
 MAXIMUM TEMPERATURE (F)   76        89      2010
 MINIMUM TEMPERATURE (F)   57        50      2007
                                             2005


SUNRISE AND SUNSET
SEPTEMBER 25 2016.....SUNRISE   640 AM PDT   SUNSET   641 PM PDT
SEPTEMBER 26 2016.....SUNRISE   641 AM PDT   SUNSET   640 PM PDT


-  INDICATES NEGATIVE NUMBERS.
R  INDICATES RECORD WAS SET OR TIED.
MM INDICATES DATA IS MISSING.
T  INDICATES TRACE AMOUNT.




$$
