000
CDUS46 KSGX 201138
CLIOKB


CLIMATE REPORT
NATIONAL WEATHER SERVICE SAN DIEGO, CA
433 AM PDT THU JUL 20 2017


...................................

...THE OCEANSIDE AIRPORT CA CLIMATE SUMMARY FOR JULY 19 2017...

CLIMATE NORMAL PERIOD 1981 TO 2010
CLIMATE RECORD PERIOD 1999 TO 2017


WEATHER ITEM   OBSERVED TIME   RECORD YEAR NORMAL DEPARTURE LAST
                VALUE   (LST)  VALUE       VALUE  FROM      YEAR
                                                  NORMAL
..................................................................
TEMPERATURE (F)
 YESTERDAY
  MAXIMUM         81    135 PM  87    2015  76      5       80
  MINIMUM         64   1154 PM  54    2001  62      2       64
  AVERAGE         73                        69      4       72

PRECIPITATION (IN)
  YESTERDAY        0.00          0.43 2015   0.00   0.00     0.00
  MONTH TO DATE    0.00                      0.09  -0.09     0.00
  SINCE OCT 1     14.97                     13.24   1.73     7.12
  SINCE JAN 1      9.82                      9.36   0.46     4.95

DEGREE DAYS
 HEATING
  YESTERDAY        0                         0      0        0
  MONTH TO DATE    0                         0      0        0
  SINCE JUN 1     14                        27    -13        2
  SINCE JUL 1      0                         0      0        0

 COOLING
  YESTERDAY        8                         4      4        7
  MONTH TO DATE  133                        65     68       87
  SINCE JUN 1    183                       103     80      167
  SINCE JAN 1    200                       113     87      187
..................................................................


WIND (MPH)
  RESULTANT WIND SPEED   3   RESULTANT WIND DIRECTION  SW (240)
  HIGHEST WIND SPEED    14   HIGHEST WIND DIRECTION    SW (240)
  HIGHEST GUST SPEED    16   HIGHEST GUST DIRECTION     W (250)
  AVERAGE WIND SPEED     4.4


SKY COVER
  POSSIBLE SUNSHINE  MM
  AVERAGE SKY COVER 0.2


WEATHER CONDITIONS
 THE FOLLOWING WEATHER WAS RECORDED YESTERDAY.
  FOG


RELATIVE HUMIDITY (PERCENT)
 HIGHEST    93          1000 PM
 LOWEST     71          1100 AM
 AVERAGE    82

..........................................................


THE OCEANSIDE AIRPORT CA CLIMATE NORMALS FOR TODAY
                         NORMAL    RECORD    YEAR
 MAXIMUM TEMPERATURE (F)   76        87      2005
 MINIMUM TEMPERATURE (F)   62        54      2001


SUNRISE AND SUNSET
JULY 20 2017..........SUNRISE   555 AM PDT   SUNSET   757 PM PDT
JULY 21 2017..........SUNRISE   555 AM PDT   SUNSET   756 PM PDT


-  INDICATES NEGATIVE NUMBERS.
R  INDICATES RECORD WAS SET OR TIED.
MM INDICATES DATA IS MISSING.
T  INDICATES TRACE AMOUNT.




$$
