000
CDUS46 KSGX 221524
CLIOKB


CLIMATE REPORT
NATIONAL WEATHER SERVICE SAN DIEGO, CA
724 AM PST SUN JAN 22 2017


...................................

...THE OCEANSIDE AIRPORT CA CLIMATE SUMMARY FOR JANUARY 21 2017...

CLIMATE NORMAL PERIOD 1981 TO 2010
CLIMATE RECORD PERIOD 1999 TO 2017


WEATHER ITEM   OBSERVED TIME   RECORD YEAR NORMAL DEPARTURE LAST
                VALUE   (LST)  VALUE       VALUE  FROM      YEAR
                                                  NORMAL
..................................................................
TEMPERATURE (F)
 YESTERDAY
  MAXIMUM         61   1239 PM  74    2009  66     -5       68
  MINIMUM         48   1156 PM  31    2006  41      7       47
  AVERAGE         55                        53      2       58

PRECIPITATION (IN)
  YESTERDAY        0.01          1.22 2010   0.08  -0.07     0.00
  MONTH TO DATE    3.07                      2.08   0.99     2.35
  SINCE OCT 1      8.22                      5.96   2.26     4.52
  SINCE JAN 1      3.07                      2.08   0.99     2.35

DEGREE DAYS
 HEATING
  YESTERDAY       10                        12     -2        7
  MONTH TO DATE  200                       257    -57      227
  SINCE DEC 1    480                       641   -161      636
  SINCE JUL 1    666                       991   -325      867

 COOLING
  YESTERDAY        0                         0      0        0
  MONTH TO DATE    0                         0      0        0
  SINCE DEC 1      0                         0      0        0
  SINCE JAN 1      0                         0      0        0
..................................................................


WIND (MPH)
  RESULTANT WIND SPEED   7   RESULTANT WIND DIRECTION   W (290)
  HIGHEST WIND SPEED    21   HIGHEST WIND DIRECTION    NW (300)
  HIGHEST GUST SPEED    28   HIGHEST GUST DIRECTION    NW (310)
  AVERAGE WIND SPEED     8.1


SKY COVER
  POSSIBLE SUNSHINE  MM
  AVERAGE SKY COVER 0.3


WEATHER CONDITIONS
 THE FOLLOWING WEATHER WAS RECORDED YESTERDAY.
  LIGHT RAIN


RELATIVE HUMIDITY (PERCENT)
 HIGHEST    93          1100 PM
 LOWEST     60          1200 PM
 AVERAGE    77

..........................................................


THE OCEANSIDE AIRPORT CA CLIMATE NORMALS FOR TODAY
                         NORMAL    RECORD    YEAR
 MAXIMUM TEMPERATURE (F)   66        80      2013
 MINIMUM TEMPERATURE (F)   41        29      2007


SUNRISE AND SUNSET
JANUARY 22 2017.......SUNRISE   650 AM PST   SUNSET   512 PM PST
JANUARY 23 2017.......SUNRISE   650 AM PST   SUNSET   513 PM PST


-  INDICATES NEGATIVE NUMBERS.
R  INDICATES RECORD WAS SET OR TIED.
MM INDICATES DATA IS MISSING.
T  INDICATES TRACE AMOUNT.




$$
