000
CDUS44 KOUN 230630
CLIOKC

CLIMATE REPORT
NATIONAL WEATHER SERVICE NORMAN OK
129 AM CDT WED JUL 23 2014


...................................

...THE OKLAHOMA CITY CLIMATE SUMMARY FOR JULY 22 2014...

CLIMATE NORMAL PERIOD 1981 TO 2010
CLIMATE RECORD PERIOD 1890 TO 2014


WEATHER ITEM   OBSERVED TIME   RECORD YEAR NORMAL DEPARTURE LAST
                VALUE   (LST)  VALUE       VALUE  FROM      YEAR
                                                  NORMAL
..................................................................
TEMPERATURE (F)
 YESTERDAY
  MAXIMUM         97    414 PM 107    1974  95      2       96
  MINIMUM         74    608 AM  57    1970  73      1       77
  AVERAGE         86                        84      2       87

PRECIPITATION (IN)
  YESTERDAY        0.00          2.49 1899   0.09  -0.09     0.00
  MONTH TO DATE    2.44                      2.13   0.31     4.35
  SINCE JAN 1     18.17                     20.81  -2.64    36.20

DEGREE DAYS
 COOLING
  YESTERDAY       21                        19      2       22
  MONTH TO DATE  304                       391    -87      380
  SINCE JAN 1    994                      1031    -37      959
..................................................................


WIND (MPH)
  HIGHEST WIND SPEED    15   HIGHEST WIND DIRECTION     S (180)
  HIGHEST GUST SPEED    20   HIGHEST GUST DIRECTION     E (90)
  AVERAGE WIND SPEED     6.7


SKY COVER
  AVERAGE SKY COVER 0.6


WEATHER CONDITIONS
 THE FOLLOWING WEATHER WAS RECORDED YESTERDAY.
  FOG
  HAZE


RELATIVE HUMIDITY (PERCENT)
 HIGHEST    93           600 AM
 LOWEST     39           300 PM
 AVERAGE    66

..........................................................


THE OKLAHOMA CITY CLIMATE NORMALS FOR TODAY
                         NORMAL    RECORD    YEAR
 MAXIMUM TEMPERATURE (F)   95       105      1998
 MINIMUM TEMPERATURE (F)   73        55      1970


SUNRISE AND SUNSET
JULY 23 2014..........SUNRISE   632 AM CDT   SUNSET   841 PM CDT
JULY 24 2014..........SUNRISE   633 AM CDT   SUNSET   840 PM CDT


-  INDICATES NEGATIVE NUMBERS.
R  INDICATES RECORD WAS SET OR TIED.
MM INDICATES DATA IS MISSING.
T  INDICATES TRACE AMOUNT.




$$
