000
CDUS44 KOUN 200641
CLIOKC

CLIMATE REPORT
NATIONAL WEATHER SERVICE NORMAN OK
139 AM CDT SUN APR 20 2014


...................................

...THE OKLAHOMA CITY CLIMATE SUMMARY FOR APRIL 19 2014...

CLIMATE NORMAL PERIOD 1981 TO 2010
CLIMATE RECORD PERIOD 1890 TO 2014


WEATHER ITEM   OBSERVED TIME   RECORD YEAR NORMAL DEPARTURE LAST
                VALUE   (LST)  VALUE       VALUE  FROM      YEAR
                                                  NORMAL
..................................................................
TEMPERATURE (F)
 YESTERDAY
  MAXIMUM         80    302 PM  94    1987  73      7       64
  MINIMUM         47    551 AM  33    2013  51     -4       33
  AVERAGE         64                        62      2       49

PRECIPITATION (IN)
  YESTERDAY        0.00          2.92 1891   0.10  -0.10     0.00
  MONTH TO DATE    0.57                      1.73  -1.16     6.59
  SINCE JAN 1      2.26                      7.76  -5.50    11.54

SNOWFALL (IN)
  YESTERDAY        0.0           0.0    MM   0.0    0.0      0.0
  MONTH TO DATE    T                         0.0    0.0       T
  SINCE JUL 1     10.2                       7.6    2.6      7.7
  SNOW DEPTH       0

DEGREE DAYS
 HEATING
  YESTERDAY        1                         5     -4       16
  MONTH TO DATE  136                       133      3      228
  SINCE JUL 1   3738                      3292    446     3273

 COOLING
  YESTERDAY        0                         2     -2        0
  MONTH TO DATE   26                        26      0       10
  SINCE JAN 1     37                        39     -2       14
..................................................................


WIND (MPH)
  HIGHEST WIND SPEED    22   HIGHEST WIND DIRECTION     S (190)
  HIGHEST GUST SPEED    29   HIGHEST GUST DIRECTION     S (190)
  AVERAGE WIND SPEED    11.4


SKY COVER
  AVERAGE SKY COVER 0.6


WEATHER CONDITIONS
 THE FOLLOWING WEATHER WAS RECORDED YESTERDAY.
  NO SIGNIFICANT WEATHER WAS OBSERVED.


RELATIVE HUMIDITY (PERCENT)
 HIGHEST    80           400 AM
 LOWEST     33          1200 PM
 AVERAGE    57

..........................................................


THE OKLAHOMA CITY CLIMATE NORMALS FOR TODAY
                         NORMAL    RECORD    YEAR
 MAXIMUM TEMPERATURE (F)   74        91      1961
 MINIMUM TEMPERATURE (F)   51        33      1966
                                             1953


SUNRISE AND SUNSET
APRIL 20 2014.........SUNRISE   652 AM CDT   SUNSET   807 PM CDT
APRIL 21 2014.........SUNRISE   650 AM CDT   SUNSET   808 PM CDT


-  INDICATES NEGATIVE NUMBERS.
R  INDICATES RECORD WAS SET OR TIED.
MM INDICATES DATA IS MISSING.
T  INDICATES TRACE AMOUNT.




$$
