000
CDUS44 KOUN 280629
CLIOKC

CLIMATE REPORT
NATIONAL WEATHER SERVICE NORMAN OK
128 AM CDT FRI JUL 28 2017


...................................

...THE OKLAHOMA CITY CLIMATE SUMMARY FOR JULY 27 2017...

CLIMATE NORMAL PERIOD 1981 TO 2010
CLIMATE RECORD PERIOD 1890 TO 2017


WEATHER ITEM   OBSERVED TIME   RECORD YEAR NORMAL DEPARTURE LAST
                VALUE   (LST)  VALUE       VALUE  FROM      YEAR
                                                  NORMAL
..................................................................
TEMPERATURE (F)
 YESTERDAY
  MAXIMUM         99    432 PM 107    2011  95      4       93
  MINIMUM         76    512 AM  59    2004  73      3       72
                                      1994
  AVERAGE         88                        84      4       83

PRECIPITATION (IN)
  YESTERDAY        T             5.60 1981   0.09  -0.09     0.29
  MONTH TO DATE    1.31                      2.57  -1.26     3.18
  SINCE JUN 1      1.42                      7.50  -6.08     6.48
  SINCE JAN 1     16.08                     21.25  -5.17    18.89

SNOWFALL (IN)
  YESTERDAY        0.0

DEGREE DAYS
 HEATING
  YESTERDAY        0                         0      0        0
  MONTH TO DATE    0                         0      0        0
  SINCE JUN 1      0                         1     -1        0
  SINCE JUL 1      0                         0      0        0

 COOLING
  YESTERDAY       23                        19      4       18
  MONTH TO DATE  495                       486      9      507
  SINCE JUN 1    885                       876      9      943
  SINCE JAN 1   1110                      1126    -16     1129
..................................................................


WIND (MPH)
  HIGHEST WIND SPEED    30   HIGHEST WIND DIRECTION    NW (320)
  HIGHEST GUST SPEED    37   HIGHEST GUST DIRECTION    NW (320)
  AVERAGE WIND SPEED     7.7


SKY COVER
  AVERAGE SKY COVER 0.7


WEATHER CONDITIONS
 THE FOLLOWING WEATHER WAS RECORDED YESTERDAY.
  THUNDERSTORM


RELATIVE HUMIDITY (PERCENT)
 HIGHEST    85          1100 PM
 LOWEST     33           400 PM
 AVERAGE    59

..........................................................


THE OKLAHOMA CITY CLIMATE NORMALS FOR TODAY
                         NORMAL    RECORD    YEAR
 MAXIMUM TEMPERATURE (F)   95       108      1986
 MINIMUM TEMPERATURE (F)   73        58      1994


SUNRISE AND SUNSET
JULY 28 2017..........SUNRISE   636 AM CDT   SUNSET   837 PM CDT
JULY 29 2017..........SUNRISE   637 AM CDT   SUNSET   836 PM CDT


-  INDICATES NEGATIVE NUMBERS.
R  INDICATES RECORD WAS SET OR TIED.
MM INDICATES DATA IS MISSING.
T  INDICATES TRACE AMOUNT.

$$
