000
CDUS44 KOUN 270636
CLIOKC

CLIMATE REPORT
NATIONAL WEATHER SERVICE NORMAN OK
136 AM CDT WED MAY 27 2015


...................................

...THE OKLAHOMA CITY CLIMATE SUMMARY FOR MAY 26 2015...

CLIMATE NORMAL PERIOD 1981 TO 2010
CLIMATE RECORD PERIOD 1890 TO 2015


WEATHER ITEM   OBSERVED TIME   RECORD YEAR NORMAL DEPARTURE LAST
                VALUE   (LST)  VALUE       VALUE  FROM      YEAR
                                                  NORMAL
..................................................................
TEMPERATURE (F)
 YESTERDAY
  MAXIMUM         80    109 PM  96    1953  83     -3       79
  MINIMUM         52    459 AM  45    1901  63    -11       63
  AVERAGE         66                        73     -7       71

PRECIPITATION (IN)
  YESTERDAY        0.12          3.22 1995   0.16  -0.04     1.11
  MONTH TO DATE   18.97                      3.83  15.14     3.47
  SINCE JAN 1     28.15                     12.93  15.22     6.16

DEGREE DAYS
 COOLING
  YESTERDAY        1                         8     -7        6
  MONTH TO DATE   91                       140    -49      181
  SINCE JAN 1    153                       206    -53      247
..................................................................


WIND (MPH)
  HIGHEST WIND SPEED    20   HIGHEST WIND DIRECTION     S (180)
  HIGHEST GUST SPEED    25   HIGHEST GUST DIRECTION     S (170)
  AVERAGE WIND SPEED     8.5


SKY COVER
  AVERAGE SKY COVER 0.7


WEATHER CONDITIONS
 THE FOLLOWING WEATHER WAS RECORDED YESTERDAY.
  THUNDERSTORM
  RAIN
  LIGHT RAIN
  FOG
  FOG W/VISIBILITY <= 1/4 MILE
  HAZE


RELATIVE HUMIDITY (PERCENT)
 HIGHEST   100           100 AM
 LOWEST     54           100 PM
 AVERAGE    77

..........................................................


THE OKLAHOMA CITY CLIMATE NORMALS FOR TODAY
                         NORMAL    RECORD    YEAR
 MAXIMUM TEMPERATURE (F)   83        96      1927
 MINIMUM TEMPERATURE (F)   63        42      1907


SUNRISE AND SUNSET
MAY 27 2015...........SUNRISE   619 AM CDT   SUNSET   837 PM CDT
MAY 28 2015...........SUNRISE   618 AM CDT   SUNSET   837 PM CDT


-  INDICATES NEGATIVE NUMBERS.
R  INDICATES RECORD WAS SET OR TIED.
MM INDICATES DATA IS MISSING.
T  INDICATES TRACE AMOUNT.




$$
