000
CDUS44 KOUN 250639
CLIOKC

CLIMATE REPORT
NATIONAL WEATHER SERVICE NORMAN OK
1238 AM CST SAT NOV 25 2017


...................................

...THE OKLAHOMA CITY CLIMATE SUMMARY FOR NOVEMBER 24 2017...

CLIMATE NORMAL PERIOD 1981 TO 2010
CLIMATE RECORD PERIOD 1890 TO 2017


WEATHER ITEM   OBSERVED TIME   RECORD YEAR NORMAL DEPARTURE LAST
                VALUE   (LST)  VALUE       VALUE  FROM      YEAR
                                                  NORMAL
..................................................................
TEMPERATURE (F)
 YESTERDAY
  MAXIMUM         79R   244 PM  79    2010  58     21       69
  MINIMUM         41    733 AM  15    1950  36      5       34
  AVERAGE         60                        47     13       52

PRECIPITATION (IN)
  YESTERDAY        0.00          1.14 1973   0.05  -0.05     0.00
  MONTH TO DATE    0.07                      1.64  -1.57     0.48
  SINCE SEP 1      9.83                      9.41   0.42     5.55
  SINCE JAN 1     33.04                     34.30  -1.26    25.46

SNOWFALL (IN)
  YESTERDAY        0.0

DEGREE DAYS
 HEATING
  YESTERDAY        5                        18    -13       13
  MONTH TO DATE  302                       317    -15      182
  SINCE SEP 1    483                       481      2      228
  SINCE JUL 1    483                       481      2      228

 COOLING
  YESTERDAY        0                         0      0        0
  MONTH TO DATE    5                         7     -2       23
  SINCE SEP 1    345                       362    -17      488
  SINCE JAN 1   1916                      2099   -183     2214
..................................................................


WIND (MPH)
  HIGHEST WIND SPEED    25   HIGHEST WIND DIRECTION     S (200)
  HIGHEST GUST SPEED    30   HIGHEST GUST DIRECTION     S (190)
  AVERAGE WIND SPEED    10.6


SKY COVER
  AVERAGE SKY COVER 0.5


WEATHER CONDITIONS
 THE FOLLOWING WEATHER WAS RECORDED YESTERDAY.
  NO SIGNIFICANT WEATHER WAS OBSERVED.


RELATIVE HUMIDITY (PERCENT)
 HIGHEST    73           600 AM
 LOWEST     21           200 PM
 AVERAGE    47

..........................................................


THE OKLAHOMA CITY CLIMATE NORMALS FOR TODAY
                         NORMAL    RECORD    YEAR
 MAXIMUM TEMPERATURE (F)   57        84      1965
 MINIMUM TEMPERATURE (F)   36        15      1993


SUNRISE AND SUNSET
NOVEMBER 25 2017......SUNRISE   716 AM CST   SUNSET   519 PM CST
NOVEMBER 26 2017......SUNRISE   717 AM CST   SUNSET   519 PM CST


-  INDICATES NEGATIVE NUMBERS.
R  INDICATES RECORD WAS SET OR TIED.
MM INDICATES DATA IS MISSING.
T  INDICATES TRACE AMOUNT.




$$
