000
CDUS44 KOUN 222325
CLIOKC

CLIMATE REPORT
NATIONAL WEATHER SERVICE NORMAN OK
523 PM CST THU FEB 22 2018


...................................

...THE OKLAHOMA CITY CLIMATE SUMMARY FOR FEBRUARY 22 2018...
VALID TODAY AS OF 0500 PM LOCAL TIME.

CLIMATE NORMAL PERIOD 1981 TO 2010
CLIMATE RECORD PERIOD 1890 TO 2018


WEATHER ITEM   OBSERVED TIME   RECORD YEAR NORMAL DEPARTURE LAST
                VALUE   (LST)  VALUE       VALUE  FROM      YEAR
                                                  NORMAL
..................................................................
TEMPERATURE (F)
 TODAY
  MAXIMUM         32    459 PM  92    1996  57    -25       81
  MINIMUM         25   1203 AM  11    1963  35    -10       38
  AVERAGE         29                        46    -17       60

PRECIPITATION (IN)
  TODAY            0.43          1.15 1985   0.06   0.37     0.00
  MONTH TO DATE    1.74                      1.19   0.55     3.12
  SINCE DEC 1      2.62                      4.46  -1.84     5.48
  SINCE JAN 1      1.94                      2.58  -0.64     4.69

SNOWFALL (IN)
  TODAY            0.0           2.0  1968   0.0    0.0      0.0
  MONTH TO DATE    0.3                       1.2   -0.9      0.0
  SINCE DEC 1      0.4                       6.1   -5.7      2.1
  SINCE JUL 1      0.4                       6.5   -6.1      2.1

DEGREE DAYS
 HEATING
  TODAY           36                        19     17        5
  MONTH TO DATE  578                       486     92      315
  SINCE DEC 1   2208                      2040    168     1819
  SINCE JUL 1   2758                      2639    119     2142

 COOLING
  TODAY            0                         0      0        0
  MONTH TO DATE    4                         0      4        7
  SINCE DEC 1      4                         0      4        7
  SINCE JAN 1      4                         0      4        7
..................................................................


WIND (MPH)
  HIGHEST WIND SPEED    18   HIGHEST WIND DIRECTION    NE (30)
  HIGHEST GUST SPEED    23   HIGHEST GUST DIRECTION     E (110)
  AVERAGE WIND SPEED     8.3


SKY COVER
  AVERAGE SKY COVER 1.0


WEATHER CONDITIONS
 THE FOLLOWING WEATHER WAS RECORDED TODAY.
  THUNDERSTORM
  LIGHT RAIN
  LT FREEZING RAIN
  FOG


RELATIVE HUMIDITY (PERCENT)
 HIGHEST   100           200 AM
 LOWEST     92          1200 AM
 AVERAGE    96

..........................................................


THE OKLAHOMA CITY CLIMATE NORMALS FOR TOMORROW
                         NORMAL    RECORD    YEAR
 MAXIMUM TEMPERATURE (F)   57        88      1918
 MINIMUM TEMPERATURE (F)   35         7      1910


SUNRISE AND SUNSET
FEBRUARY 22 2018......SUNRISE   709 AM CST   SUNSET   619 PM CST
FEBRUARY 23 2018......SUNRISE   708 AM CST   SUNSET   620 PM CST


-  INDICATES NEGATIVE NUMBERS.
R  INDICATES RECORD WAS SET OR TIED.
MM INDICATES DATA IS MISSING.
T  INDICATES TRACE AMOUNT.




$$
