000
CDUS44 KOUN 222219
CLIOKC

CLIMATE REPORT
NATIONAL WEATHER SERVICE NORMAN OK
518 PM CDT FRI SEP 22 2017


...................................

...THE OKLAHOMA CITY CLIMATE SUMMARY FOR SEPTEMBER 22 2017...
VALID TODAY AS OF 0500 PM LOCAL TIME.

CLIMATE NORMAL PERIOD 1981 TO 2010
CLIMATE RECORD PERIOD 1890 TO 2017


WEATHER ITEM   OBSERVED TIME   RECORD YEAR NORMAL DEPARTURE LAST
                VALUE   (LST)  VALUE       VALUE  FROM      YEAR
                                                  NORMAL
..................................................................
TEMPERATURE (F)
 TODAY
  MAXIMUM         88    359 PM  96    2000  82      6       89
                                      1956
                                      1948
  MINIMUM         70    653 AM  41    1995  61      9       65
  AVERAGE         79                        71      8       77

PRECIPITATION (IN)
  TODAY            0.00          7.53 1970   0.14  -0.14     0.00
  MONTH TO DATE    0.47                      2.99  -2.52     3.63
  SINCE SEP 1      0.47                      2.99  -2.52     3.63
  SINCE JAN 1     23.68                     27.88  -4.20    23.54

SNOWFALL (IN)
  TODAY            0.0

DEGREE DAYS
 HEATING
  TODAY            0                         1     -1        0
  MONTH TO DATE    0                         7     -7        0
  SINCE SEP 1      0                         7     -7        0
  SINCE JUL 1      0                         7     -7        0

 COOLING
  TODAY           14                         7      7       12
  MONTH TO DATE  206                       238    -32      291
  SINCE SEP 1    206                       238    -32      291
  SINCE JAN 1   1777                      1975   -198     2017
..................................................................


WIND (MPH)
  HIGHEST WIND SPEED    20   HIGHEST WIND DIRECTION     S (160)
  HIGHEST GUST SPEED    26   HIGHEST GUST DIRECTION     S (160)
  AVERAGE WIND SPEED    13.6


SKY COVER
  AVERAGE SKY COVER 0.4


WEATHER CONDITIONS
 THE FOLLOWING WEATHER WAS RECORDED TODAY.
  NO SIGNIFICANT WEATHER WAS OBSERVED.


RELATIVE HUMIDITY (PERCENT)
 HIGHEST   100           700 AM
 LOWEST     53           300 PM
 AVERAGE    77

..........................................................


THE OKLAHOMA CITY CLIMATE NORMALS FOR TOMORROW
                         NORMAL    RECORD    YEAR
 MAXIMUM TEMPERATURE (F)   82        97      1931
                                             1926
 MINIMUM TEMPERATURE (F)   60        38      1995


SUNRISE AND SUNSET
SEPTEMBER 22 2017.....SUNRISE   719 AM CDT   SUNSET   727 PM CDT
SEPTEMBER 23 2017.....SUNRISE   719 AM CDT   SUNSET   725 PM CDT


-  INDICATES NEGATIVE NUMBERS.
R  INDICATES RECORD WAS SET OR TIED.
MM INDICATES DATA IS MISSING.
T  INDICATES TRACE AMOUNT.

$$
