000
CDUS45 KGGW 251232
CLIOLF


CLIMATE REPORT
NATIONAL WEATHER SERVICE GLASGOW MT
631 AM MDT SAT MAR 25 2017


...................................

...THE WOLF POINT MT CLIMATE SUMMARY FOR MARCH 25 2017...
VALID AS OF 0600 AM LOCAL TIME.

CLIMATE NORMAL PERIOD 1981 TO 2010
CLIMATE RECORD PERIOD 9999 TO 9999


WEATHER ITEM   OBSERVED RECORD YEAR NORMAL DEPARTURE
                VALUE   VALUE       VALUE  FROM
                                           NORMAL
........................................................
TEMPERATURE (F)
 TODAY
  MAXIMUM         52     MM      MM  48
  MINIMUM         42     MM      MM  22
  AVERAGE         47

PRECIPITATION (IN)
  TODAY            0.00  MM      MM   0.02  -0.02
  MONTH TO DATE    0.14               0.34  -0.20
  SINCE OCT 1      2.35               2.36  -0.01
  SINCE JAN 1      0.48               0.86  -0.38

SNOWFALL (IN)
  TODAY            0.0   MM      MM  MM
  MONTH TO DATE    0.0               MM
  SINCE MAR 1      0.0               MM
  SINCE JUL 1      0.0               MM

DEGREE DAYS
 HEATING
  TODAY           18

 COOLING
  TODAY            0
........................................................







THE WOLF POINT MT CLIMATE NORMALS FOR TOMORROW
                         NORMAL    RECORD    YEAR
 MAXIMUM TEMPERATURE (F)   49        MM        MM
 MINIMUM TEMPERATURE (F)   22        MM        MM


SUNRISE AND SUNSET
MARCH 25 2017.........SUNRISE   654 AM MDT   SUNSET   723 PM MDT
MARCH 26 2017.........SUNRISE   652 AM MDT   SUNSET   724 PM MDT


-  INDICATES NEGATIVE NUMBERS.
R  INDICATES RECORD WAS SET OR TIED.
MM INDICATES DATA IS MISSING.
T  INDICATES TRACE AMOUNT.




$$
