000
CDUS46 KSEW 230827
CLIOLM


CLIMATE REPORT
NATIONAL WEATHER SERVICE SEATTLE WA
127 AM PDT TUE SEP 23 2014


...................................

...THE OLYMPIA WA AIRPORT CLIMATE SUMMARY FOR SEPTEMBER 22 2014...

CLIMATE NORMAL PERIOD 1981 TO 2010
CLIMATE RECORD PERIOD 1948 TO 2014


WEATHER ITEM   OBSERVED TIME   RECORD YEAR NORMAL DEPARTURE LAST
                VALUE   (LST)  VALUE       VALUE  FROM      YEAR
                                                  NORMAL
..................................................................
TEMPERATURE (F)
 YESTERDAY
  MAXIMUM         72    356 PM  91    1990  70      2       60
  MINIMUM         54   1105 PM  31    1961  45      9       53
  AVERAGE         63                        57      6       57

PRECIPITATION (IN)
  YESTERDAY        0.04          1.50 1978   0.06  -0.02     1.10
  MONTH TO DATE    0.17                      1.15  -0.98     3.47
  SINCE OCT 1     41.42                     49.44  -8.02    53.69
  SINCE JAN 1     32.58                     28.75   3.83    26.73

DEGREE DAYS
 HEATING
  YESTERDAY        2                         8     -6        8
  MONTH TO DATE   71                       118    -47       48
  SINCE SEP 1     71                       118    -47       48
  SINCE JUL 1    124                       268   -144      125

 COOLING
  YESTERDAY        0                         0      0        0
  MONTH TO DATE    6                         4      2       26
  SINCE SEP 1      6                         4      2       26
  SINCE JAN 1    187                       103     84      147
..................................................................


WIND (MPH)
  RESULTANT WIND SPEED   3   RESULTANT WIND DIRECTION   S (200)
  HIGHEST WIND SPEED    12   HIGHEST WIND DIRECTION     S (180)
  HIGHEST GUST SPEED    16   HIGHEST GUST DIRECTION     S (170)
  AVERAGE WIND SPEED     4.6


SKY COVER
  AVERAGE SKY COVER 0.8


WEATHER CONDITIONS
 THE FOLLOWING WEATHER WAS RECORDED YESTERDAY.
  LIGHT RAIN
  FOG


RELATIVE HUMIDITY (PERCENT)
 HIGHEST   100          1100 PM
 LOWEST     53           400 PM
 AVERAGE    77

..........................................................


THE OLYMPIA WA AIRPORT CLIMATE NORMALS FOR TODAY
                         NORMAL    RECORD    YEAR
 MAXIMUM TEMPERATURE (F)   70        91      1957
 MINIMUM TEMPERATURE (F)   45        26      2000


SUNRISE AND SUNSET
SEPTEMBER 23 2014.....SUNRISE   700 AM PDT   SUNSET   707 PM PDT
SEPTEMBER 24 2014.....SUNRISE   701 AM PDT   SUNSET   705 PM PDT


-  INDICATES NEGATIVE NUMBERS.
R  INDICATES RECORD WAS SET OR TIED.
MM INDICATES DATA IS MISSING.
T  INDICATES TRACE AMOUNT.




$$
