000
CDUS46 KSEW 260828
CLIOLM


CLIMATE REPORT
NATIONAL WEATHER SERVICE SEATTLE WA
1227 AM PST FRI DEC 26 2014


...................................

...THE OLYMPIA WA AIRPORT CLIMATE SUMMARY FOR DECEMBER 25 2014...

CLIMATE NORMAL PERIOD 1981 TO 2010
CLIMATE RECORD PERIOD 1948 TO 2014


WEATHER ITEM   OBSERVED TIME   RECORD YEAR NORMAL DEPARTURE LAST
                VALUE   (LST)  VALUE       VALUE  FROM      YEAR
                                                  NORMAL
..................................................................
TEMPERATURE (F)
 YESTERDAY
  MAXIMUM         40    803 PM  61    1980  44     -4       40
  MINIMUM         27    145 AM  17    1962  33     -6       31
  AVERAGE         34                        38     -4       36

PRECIPITATION (IN)
  YESTERDAY        0.00          2.00 1980   0.24  -0.24     0.00
  MONTH TO DATE    5.35                      6.09  -0.74     1.99
  SINCE OCT 1     18.38                     19.32  -0.94     8.81
  SINCE JAN 1     53.86                     48.63   5.23    41.43

DEGREE DAYS
 HEATING
  YESTERDAY       31                        27      4       29
  MONTH TO DATE  555                       664   -109      736
  SINCE DEC 1    555                       664   -109      736
  SINCE JUL 1   1654                      2109   -455     2132

 COOLING
  YESTERDAY        0                         0      0        0
  MONTH TO DATE    0                         0      0        0
  SINCE DEC 1      0                         0      0        0
  SINCE JAN 1    187                       106     81      147
..................................................................


WIND (MPH)
  RESULTANT WIND SPEED   1   RESULTANT WIND DIRECTION   E (90)
  HIGHEST WIND SPEED     6   HIGHEST WIND DIRECTION     N (20)
  HIGHEST GUST SPEED     7   HIGHEST GUST DIRECTION    NE (60)
  AVERAGE WIND SPEED     1.0


SKY COVER
  AVERAGE SKY COVER 1.0


WEATHER CONDITIONS
 THE FOLLOWING WEATHER WAS RECORDED YESTERDAY.
  FOG
  FOG W/VISIBILITY <= 1/4 MILE


RELATIVE HUMIDITY (PERCENT)
 HIGHEST   100           300 AM
 LOWEST     92          1200 AM
 AVERAGE    96

..........................................................


THE OLYMPIA WA AIRPORT CLIMATE NORMALS FOR TODAY
                         NORMAL    RECORD    YEAR
 MAXIMUM TEMPERATURE (F)   44        62      1980
 MINIMUM TEMPERATURE (F)   33        17      1962
                                             1948


SUNRISE AND SUNSET
DECEMBER 26 2014......SUNRISE   756 AM PST   SUNSET   428 PM PST
DECEMBER 27 2014......SUNRISE   757 AM PST   SUNSET   429 PM PST


-  INDICATES NEGATIVE NUMBERS.
R  INDICATES RECORD WAS SET OR TIED.
MM INDICATES DATA IS MISSING.
T  INDICATES TRACE AMOUNT.




$$
