000
CDUS46 KSEW 040826
CLIOLM


CLIMATE REPORT
NATIONAL WEATHER SERVICE SEATTLE WA
126 AM PDT TUE AUG 4 2015


...................................

...THE OLYMPIA WA AIRPORT CLIMATE SUMMARY FOR AUGUST 3 2015...

CLIMATE NORMAL PERIOD 1981 TO 2010
CLIMATE RECORD PERIOD 1948 TO 2015


WEATHER ITEM   OBSERVED TIME   RECORD YEAR NORMAL DEPARTURE LAST
                VALUE   (LST)  VALUE       VALUE  FROM      YEAR
                                                  NORMAL
..................................................................
TEMPERATURE (F)
 YESTERDAY
  MAXIMUM         82    313 PM  95    1993  79      3       90
  MINIMUM         57   1159 PM  40    2002  51      6       53
  AVERAGE         70                        65      5       72

PRECIPITATION (IN)
  YESTERDAY        0.00          0.44 1962   0.01  -0.01     0.00
  MONTH TO DATE    0.00                      0.04  -0.04     0.00
  SINCE OCT 1     39.81                     47.39  -7.58    39.80
  SINCE JAN 1     20.78                     26.70  -5.92    30.96

DEGREE DAYS
 HEATING
  YESTERDAY        0                         2     -2        0
  MONTH TO DATE    0                         6     -6        0
  SINCE JUN 1     80                       274   -194      188
  SINCE JUL 1     17                        86    -69       33

 COOLING
  YESTERDAY        5                         2      3        7
  MONTH TO DATE   17                         6     11       17
  SINCE JUN 1    207                        60    147      114
  SINCE JAN 1    208                        63    145      115
..................................................................


WIND (MPH)
  RESULTANT WIND SPEED   7   RESULTANT WIND DIRECTION  SW (210)
  HIGHEST WIND SPEED    17   HIGHEST WIND DIRECTION    SW (240)
  HIGHEST GUST SPEED    22   HIGHEST GUST DIRECTION    SW (240)
  AVERAGE WIND SPEED     7.6


SKY COVER
  AVERAGE SKY COVER 0.0


WEATHER CONDITIONS
 THE FOLLOWING WEATHER WAS RECORDED YESTERDAY.
  NO SIGNIFICANT WEATHER WAS OBSERVED.


RELATIVE HUMIDITY (PERCENT)
 HIGHEST    80          1100 PM
 LOWEST     40           300 PM
 AVERAGE    60

..........................................................


THE OLYMPIA WA AIRPORT CLIMATE NORMALS FOR TODAY
                         NORMAL    RECORD    YEAR
 MAXIMUM TEMPERATURE (F)   79        98      1993
 MINIMUM TEMPERATURE (F)   51        39      1954


SUNRISE AND SUNSET
AUGUST  4 2015........SUNRISE   555 AM PDT   SUNSET   840 PM PDT
AUGUST  5 2015........SUNRISE   556 AM PDT   SUNSET   838 PM PDT


-  INDICATES NEGATIVE NUMBERS.
R  INDICATES RECORD WAS SET OR TIED.
MM INDICATES DATA IS MISSING.
T  INDICATES TRACE AMOUNT.




$$
