000
CDUS46 KSEW 300123
CLIOLM


CLIMATE REPORT
NATIONAL WEATHER SERVICE SEATTLE WA
622 PM PDT FRI AUG 29 2014


...................................

...THE OLYMPIA WA AIRPORT CLIMATE SUMMARY FOR AUGUST 29 2014...
VALID TODAY AS OF 0600 PM LOCAL TIME.

CLIMATE NORMAL PERIOD 1981 TO 2010
CLIMATE RECORD PERIOD 1948 TO 2014


WEATHER ITEM   OBSERVED TIME   RECORD YEAR NORMAL DEPARTURE LAST
                VALUE   (LST)  VALUE       VALUE  FROM      YEAR
                                                  NORMAL
..................................................................
TEMPERATURE (F)
 TODAY
  MAXIMUM         73    411 PM  94    1996  76     -3       74
  MINIMUM         54    425 AM  34    1969  49      5       63
  AVERAGE         64                        63      1       69

PRECIPITATION (IN)
  TODAY            0.01          1.33 2013   0.04  -0.03     1.33
  MONTH TO DATE    0.86                      0.84   0.02     1.84
  SINCE OCT 1     40.66                     48.19  -7.53    50.22
  SINCE JAN 1     31.82                     27.50   4.32    23.26

DEGREE DAYS
 HEATING
  TODAY            1                         3     -2        0
  MONTH TO DATE   15                        63    -48       20
  SINCE JUN 1    203                       331   -128      213
  SINCE JUL 1     48                       143    -95       77

 COOLING
  TODAY            0                         1     -1        4
  MONTH TO DATE   83                        45     38       55
  SINCE JUN 1    180                        99     81      117
  SINCE JAN 1    181                       102     79      119
..................................................................


WIND (MPH)
  RESULTANT WIND SPEED   4   RESULTANT WIND DIRECTION  SW (220)
  HIGHEST WIND SPEED    17   HIGHEST WIND DIRECTION     W (250)
  HIGHEST GUST SPEED    21   HIGHEST GUST DIRECTION     W (250)
  AVERAGE WIND SPEED     5.5


SKY COVER
  AVERAGE SKY COVER 0.7


WEATHER CONDITIONS
 THE FOLLOWING WEATHER WAS RECORDED TODAY.
  LIGHT RAIN
  FOG


RELATIVE HUMIDITY (PERCENT)
 HIGHEST    93          1200 AM
 LOWEST     52           900 AM
 AVERAGE    73

..........................................................


THE OLYMPIA WA AIRPORT CLIMATE NORMALS FOR TOMORROW
                         NORMAL    RECORD    YEAR
 MAXIMUM TEMPERATURE (F)   76        90      1987
 MINIMUM TEMPERATURE (F)   49        36      1977


SUNRISE AND SUNSET
AUGUST 29 2014........SUNRISE   627 AM PDT   SUNSET   757 PM PDT
AUGUST 30 2014........SUNRISE   629 AM PDT   SUNSET   755 PM PDT


-  INDICATES NEGATIVE NUMBERS.
R  INDICATES RECORD WAS SET OR TIED.
MM INDICATES DATA IS MISSING.
T  INDICATES TRACE AMOUNT.




$$
