800
CDUS46 KSEW 300847
CLIOLM


CLIMATE REPORT
NATIONAL WEATHER SERVICE SEATTLE WA
146 AM PDT SAT JUL 30 2016


...................................

...THE OLYMPIA WA AIRPORT CLIMATE SUMMARY FOR JULY 29 2016...

CLIMATE NORMAL PERIOD 1981 TO 2010
CLIMATE RECORD PERIOD 1948 TO 2016


WEATHER ITEM   OBSERVED TIME   RECORD YEAR NORMAL DEPARTURE LAST
                VALUE   (LST)  VALUE       VALUE  FROM      YEAR
                                                  NORMAL
..................................................................
TEMPERATURE (F)
 YESTERDAY
  MAXIMUM         92    428 PM 104    2009  79     13       91
  MINIMUM         56    512 AM  41    1954  52      4       49
  AVERAGE         74                        65      9       70

PRECIPITATION (IN)
  YESTERDAY        0.00          0.12 2008   0.01  -0.01     0.00
  MONTH TO DATE    0.62                      0.60   0.02     0.15
  SINCE OCT 1     60.24                     47.32  12.92    39.81
  SINCE JAN 1     27.24                     26.63   0.61    20.78

DEGREE DAYS
 HEATING
  YESTERDAY        0                         2     -2        0
  MONTH TO DATE   55                        76    -21       17
  SINCE JUN 1    221                       264    -43       80
  SINCE JUL 1     55                        76    -21       17

 COOLING
  YESTERDAY        9                         2      7        5
  MONTH TO DATE   37                        42     -5      101
  SINCE JUN 1     71                        53     18      173
  SINCE JAN 1     72                        56     16      174
..................................................................


WIND (MPH)
  RESULTANT WIND SPEED   1   RESULTANT WIND DIRECTION   E (70)
  HIGHEST WIND SPEED    12   HIGHEST WIND DIRECTION     N (10)
  HIGHEST GUST SPEED    16   HIGHEST GUST DIRECTION    NE (30)
  AVERAGE WIND SPEED     4.0


SKY COVER
  AVERAGE SKY COVER 0.0


WEATHER CONDITIONS
 THE FOLLOWING WEATHER WAS RECORDED YESTERDAY.
  NO SIGNIFICANT WEATHER WAS OBSERVED.


RELATIVE HUMIDITY (PERCENT)
 HIGHEST    93           500 AM
 LOWEST     30           400 PM
 AVERAGE    62

..........................................................


THE OLYMPIA WA AIRPORT CLIMATE NORMALS FOR TODAY
                         NORMAL    RECORD    YEAR
 MAXIMUM TEMPERATURE (F)   79        97      1965
 MINIMUM TEMPERATURE (F)   52        42      1969
                                             1956


SUNRISE AND SUNSET
JULY 30 2016..........SUNRISE   549 AM PDT   SUNSET   846 PM PDT
JULY 31 2016..........SUNRISE   551 AM PDT   SUNSET   844 PM PDT


-  INDICATES NEGATIVE NUMBERS.
R  INDICATES RECORD WAS SET OR TIED.
MM INDICATES DATA IS MISSING.
T  INDICATES TRACE AMOUNT.




$$
