000
CDUS46 KSEW 250832
CLIOLM


CLIMATE REPORT
NATIONAL WEATHER SERVICE SEATTLE WA
130 AM PDT SUN SEP 25 2016


...................................

...THE OLYMPIA WA AIRPORT CLIMATE SUMMARY FOR SEPTEMBER 24 2016...

CLIMATE NORMAL PERIOD 1981 TO 2010
CLIMATE RECORD PERIOD 1948 TO 2016


WEATHER ITEM   OBSERVED TIME   RECORD YEAR NORMAL DEPARTURE LAST
                VALUE   (LST)  VALUE       VALUE  FROM      YEAR
                                                  NORMAL
..................................................................
TEMPERATURE (F)
 YESTERDAY
  MAXIMUM         66    324 PM  91    1974  69     -3       74
  MINIMUM         43    316 AM  30    2000  44     -1       45
  AVERAGE         55                        57     -2       60

PRECIPITATION (IN)
  YESTERDAY        0.00          1.30 1950   0.07  -0.07     0.00
  MONTH TO DATE    1.71                      1.28   0.43     0.71
  SINCE OCT 1     62.35                     49.57  12.78    43.36
  SINCE JAN 1     29.35                     28.88   0.47    24.33

DEGREE DAYS
 HEATING
  YESTERDAY       10                         8      2        5
  MONTH TO DATE  159                       134     25      142
  SINCE SEP 1    159                       134     25      142
  SINCE JUL 1    269                       284    -15      187

 COOLING
  YESTERDAY        0                         0      0        0
  MONTH TO DATE    0                         4     -4        2
  SINCE SEP 1      0                         4     -4        2
  SINCE JAN 1    145                       103     42      264
..................................................................


WIND (MPH)
  RESULTANT WIND SPEED   1   RESULTANT WIND DIRECTION   S (170)
  HIGHEST WIND SPEED     9   HIGHEST WIND DIRECTION    SW (210)
  HIGHEST GUST SPEED    12   HIGHEST GUST DIRECTION     S (200)
  AVERAGE WIND SPEED     0.9


SKY COVER
  AVERAGE SKY COVER 0.7


WEATHER CONDITIONS
 THE FOLLOWING WEATHER WAS RECORDED YESTERDAY.
  FOG
  FOG W/VISIBILITY <= 1/4 MILE


RELATIVE HUMIDITY (PERCENT)
 HIGHEST   100           500 AM
 LOWEST     52           400 PM
 AVERAGE    76

..........................................................


THE OLYMPIA WA AIRPORT CLIMATE NORMALS FOR TODAY
                         NORMAL    RECORD    YEAR
 MAXIMUM TEMPERATURE (F)   69        85      1991
 MINIMUM TEMPERATURE (F)   44        31      1972


SUNRISE AND SUNSET
SEPTEMBER 25 2016.....SUNRISE   703 AM PDT   SUNSET   702 PM PDT
SEPTEMBER 26 2016.....SUNRISE   704 AM PDT   SUNSET   700 PM PDT


-  INDICATES NEGATIVE NUMBERS.
R  INDICATES RECORD WAS SET OR TIED.
MM INDICATES DATA IS MISSING.
T  INDICATES TRACE AMOUNT.




$$
