000
CDUS46 KSEW 130842
CLIOLM


CLIMATE REPORT
NATIONAL WEATHER SERVICE SEATTLE WA
1241 AM PST SAT FEB 13 2016


...................................

...THE OLYMPIA WA AIRPORT CLIMATE SUMMARY FOR FEBRUARY 12 2016...

CLIMATE NORMAL PERIOD 1981 TO 2010
CLIMATE RECORD PERIOD 1948 TO 2016


WEATHER ITEM   OBSERVED TIME   RECORD YEAR NORMAL DEPARTURE LAST
                VALUE   (LST)  VALUE       VALUE  FROM      YEAR
                                                  NORMAL
..................................................................
TEMPERATURE (F)
 YESTERDAY
  MAXIMUM         58    304 PM  64    2015  49      9       64
  MINIMUM         43   1145 PM  16    1949  33     10       44
  AVERAGE         51                        41     10       54

PRECIPITATION (IN)
  YESTERDAY        0.59          1.59 1954   0.19   0.40     0.01
  MONTH TO DATE    2.44                      2.42   0.02     4.61
  SINCE OCT 1     43.91                     30.95  12.96    30.32
  SINCE JAN 1     10.91                     10.26   0.65    11.29

DEGREE DAYS
 HEATING
  YESTERDAY       14                        24    -10       11
  MONTH TO DATE  251                       289    -38      201
  SINCE DEC 1   1757                      1895   -138     1610
  SINCE JUL 1   3033                      3340   -307     2709

 COOLING
  YESTERDAY        0                         0      0        0
  MONTH TO DATE    0                         0      0        0
  SINCE DEC 1      0                         0      0        0
  SINCE JAN 1      0                         0      0        0
..................................................................


WIND (MPH)
  RESULTANT WIND SPEED   6   RESULTANT WIND DIRECTION  SW (210)
  HIGHEST WIND SPEED    16   HIGHEST WIND DIRECTION    SW (220)
  HIGHEST GUST SPEED    29   HIGHEST GUST DIRECTION    SW (220)
  AVERAGE WIND SPEED     6.4


SKY COVER
  AVERAGE SKY COVER 0.7


WEATHER CONDITIONS
 THE FOLLOWING WEATHER WAS RECORDED YESTERDAY.
  HEAVY RAIN
  RAIN
  LIGHT RAIN
  FOG


RELATIVE HUMIDITY (PERCENT)
 HIGHEST   100           100 AM
 LOWEST     57           400 PM
 AVERAGE    79

..........................................................


THE OLYMPIA WA AIRPORT CLIMATE NORMALS FOR TODAY
                         NORMAL    RECORD    YEAR
 MAXIMUM TEMPERATURE (F)   49        63      2015
 MINIMUM TEMPERATURE (F)   33        15      1949


SUNRISE AND SUNSET
FEBRUARY 13 2016......SUNRISE   720 AM PST   SUNSET   532 PM PST
FEBRUARY 14 2016......SUNRISE   718 AM PST   SUNSET   534 PM PST


-  INDICATES NEGATIVE NUMBERS.
R  INDICATES RECORD WAS SET OR TIED.
MM INDICATES DATA IS MISSING.
T  INDICATES TRACE AMOUNT.




$$
