000
CDUS46 KSEW 290120
CLIOLM


CLIMATE REPORT
NATIONAL WEATHER SERVICE SEATTLE WA
520 PM PST FRI NOV 28 2014


...................................

...THE OLYMPIA WA AIRPORT CLIMATE SUMMARY FOR NOVEMBER 28 2014...
VALID TODAY AS OF 0500 PM LOCAL TIME.

CLIMATE NORMAL PERIOD 1981 TO 2010
CLIMATE RECORD PERIOD 1948 TO 2014


WEATHER ITEM   OBSERVED TIME   RECORD YEAR NORMAL DEPARTURE LAST
                VALUE   (LST)  VALUE       VALUE  FROM      YEAR
                                                  NORMAL
..................................................................
TEMPERATURE (F)
 TODAY
  MAXIMUM         55   1104 AM  57    1999  47      8       55
                                      1995
  MINIMUM         43    459 PM  18    1952  34      9       27
  AVERAGE         49                        40      9       41

PRECIPITATION (IN)
  TODAY            0.31          2.11 2001   0.30   0.01     0.00
  MONTH TO DATE    6.04                      8.03  -1.99     4.51
  SINCE OCT 1     12.95                     12.63   0.32     6.64
  SINCE JAN 1     48.43                     41.94   6.49    39.26

DEGREE DAYS
 HEATING
  TODAY           16                        25     -9       24
  MONTH TO DATE  574                       601    -27      626
  SINCE SEP 1    970                      1245   -275     1274
  SINCE JUL 1   1023                      1395   -372     1351

 COOLING
  TODAY            0                         0      0        0
  MONTH TO DATE    0                         0      0        0
  SINCE SEP 1      6                         7     -1       26
  SINCE JAN 1    187                       106     81      147
..................................................................


WIND (MPH)
  RESULTANT WIND SPEED  10   RESULTANT WIND DIRECTION   S (190)
  HIGHEST WIND SPEED    18   HIGHEST WIND DIRECTION     S (180)
  HIGHEST GUST SPEED    25   HIGHEST GUST DIRECTION     S (180)
  AVERAGE WIND SPEED    11.0


SKY COVER
  AVERAGE SKY COVER 1.0


WEATHER CONDITIONS
 THE FOLLOWING WEATHER WAS RECORDED TODAY.
  RAIN
  LIGHT RAIN
  FOG


RELATIVE HUMIDITY (PERCENT)
 HIGHEST    96           100 AM
 LOWEST     89          1200 AM
 AVERAGE    93

..........................................................


THE OLYMPIA WA AIRPORT CLIMATE NORMALS FOR TOMORROW
                         NORMAL    RECORD    YEAR
 MAXIMUM TEMPERATURE (F)   47        56      2008
                                             1995
                                             1953
 MINIMUM TEMPERATURE (F)   34        14      1975


SUNRISE AND SUNSET
NOVEMBER 28 2014......SUNRISE   733 AM PST   SUNSET   426 PM PST
NOVEMBER 29 2014......SUNRISE   734 AM PST   SUNSET   426 PM PST


-  INDICATES NEGATIVE NUMBERS.
R  INDICATES RECORD WAS SET OR TIED.
MM INDICATES DATA IS MISSING.
T  INDICATES TRACE AMOUNT.




$$
