000
CDUS46 KSEW 130827
CLIOLM


CLIMATE REPORT
NATIONAL WEATHER SERVICE SEATTLE WA
127 AM PDT SUN JUL 13 2014


...................................

...THE OLYMPIA WA AIRPORT CLIMATE SUMMARY FOR JULY 12 2014...

CLIMATE NORMAL PERIOD 1981 TO 2010
CLIMATE RECORD PERIOD 1948 TO 2014


WEATHER ITEM   OBSERVED TIME   RECORD YEAR NORMAL DEPARTURE LAST
                VALUE   (LST)  VALUE       VALUE  FROM      YEAR
                                                  NORMAL
..................................................................
TEMPERATURE (F)
 YESTERDAY
  MAXIMUM         92    457 PM 100    1961  76     16       69
  MINIMUM         55    232 AM  39    1962  51      4       45
  AVERAGE         74                        64     10       57

PRECIPITATION (IN)
  YESTERDAY        0.00          0.57 1983   0.02  -0.02     0.00
                                      1972
  MONTH TO DATE    0.00                      0.33  -0.33      T
  SINCE OCT 1     39.53                     47.05  -7.52    48.38
  SINCE JAN 1     30.69                     26.36   4.33    21.42

DEGREE DAYS
 HEATING
  YESTERDAY        0                         3     -3        8
  MONTH TO DATE    5                        40    -35       27
  SINCE JUN 1    160                       228    -68      163
  SINCE JUL 1      5                        40    -35       27

 COOLING
  YESTERDAY        9                         1      8        0
  MONTH TO DATE   46                        12     34       19
  SINCE JUN 1     47                        23     24       45
  SINCE JAN 1     48                        26     22       47
..................................................................


WIND (MPH)
  RESULTANT WIND SPEED   1   RESULTANT WIND DIRECTION  NE (30)
  HIGHEST WIND SPEED    12   HIGHEST WIND DIRECTION     N (350)
  HIGHEST GUST SPEED    14   HIGHEST GUST DIRECTION     N (350)
  AVERAGE WIND SPEED     3.8


SKY COVER
  AVERAGE SKY COVER 0.0


WEATHER CONDITIONS
 THE FOLLOWING WEATHER WAS RECORDED YESTERDAY.
  NO SIGNIFICANT WEATHER WAS OBSERVED.


RELATIVE HUMIDITY (PERCENT)
 HIGHEST    93           500 AM
 LOWEST     27           300 PM
 AVERAGE    60

..........................................................


THE OLYMPIA WA AIRPORT CLIMATE NORMALS FOR TODAY
                         NORMAL    RECORD    YEAR
 MAXIMUM TEMPERATURE (F)   77        94      1961
 MINIMUM TEMPERATURE (F)   51        41      2013


SUNRISE AND SUNSET
JULY 13 2014..........SUNRISE   530 AM PDT   SUNSET   904 PM PDT
JULY 14 2014..........SUNRISE   531 AM PDT   SUNSET   903 PM PDT


-  INDICATES NEGATIVE NUMBERS.
R  INDICATES RECORD WAS SET OR TIED.
MM INDICATES DATA IS MISSING.
T  INDICATES TRACE AMOUNT.




$$
