000
CDUS43 KOAX 260650
CLIOMA


CLIMATE REPORT
NATIONAL WEATHER SERVICE OMAHA NEBRASKA
148 AM CDT TUE MAY 26 2015


...................................

...THE OMAHA EPPLEY, NEBRASKA CLIMATE SUMMARY FOR MAY 25 2015...

CLIMATE NORMAL PERIOD 1981 TO 2010
CLIMATE RECORD PERIOD 1871 TO 2015


WEATHER ITEM   OBSERVED TIME   RECORD YEAR NORMAL DEPARTURE LAST
                VALUE   (LST)  VALUE       VALUE  FROM      YEAR
                                                  NORMAL
..................................................................
TEMPERATURE (F)
 YESTERDAY
  MAXIMUM         81    447 PM  97    1967  77      4       80
  MINIMUM         61    436 AM  40    1925  54      7       65
  AVERAGE         71                        65      6       73

PRECIPITATION (IN)
  YESTERDAY        0.00          2.35 1904   0.15  -0.15     0.23
  MONTH TO DATE    4.98                      3.79   1.19     2.93
  SINCE MAR 1      9.19                      8.74   0.45     5.76
  SINCE JAN 1     10.33                     10.31   0.02     6.62

SNOWFALL (IN)
  YESTERDAY        0.0                       0.0    0.0      0.0
  MONTH TO DATE    0.0                       0.1   -0.1      0.0
  SINCE JUL 1     13.8                      26.5  -12.7     17.8
  SNOW DEPTH       0

DEGREE DAYS
 HEATING
  YESTERDAY        0                         3     -3        0
  MONTH TO DATE  125                       134     -9      143
  SINCE MAR 1   1096                      1338   -242     1425
  SINCE JUL 1   5807                      6136   -329     6530

 COOLING
  YESTERDAY        6                         3      3        8
  MONTH TO DATE   32                        44    -12       60
  SINCE MAR 1     37                        60    -23       75
  SINCE JAN 1     37                        60    -23       75
..................................................................


WIND (MPH)
  HIGHEST WIND SPEED    36   HIGHEST WIND DIRECTION     S (160)
  HIGHEST GUST SPEED    43   HIGHEST GUST DIRECTION     S (160)
  AVERAGE WIND SPEED    11.3


SKY COVER
  POSSIBLE SUNSHINE  MM
  AVERAGE SKY COVER 0.8


WEATHER CONDITIONS
 THE FOLLOWING WEATHER WAS RECORDED YESTERDAY.
  FOG


RELATIVE HUMIDITY (PERCENT)
 HIGHEST    93           200 AM
 LOWEST     48           200 PM
 AVERAGE    71

..........................................................


THE OMAHA EPPLEY, NEBRASKA CLIMATE NORMALS FOR TODAY
                         NORMAL    RECORD    YEAR
 MAXIMUM TEMPERATURE (F)   77        96      1912
 MINIMUM TEMPERATURE (F)   54        41      1992


SUNRISE AND SUNSET
MAY 26 2015...........SUNRISE   556 AM CDT   SUNSET   845 PM CDT
MAY 27 2015...........SUNRISE   556 AM CDT   SUNSET   846 PM CDT


-  INDICATES NEGATIVE NUMBERS.
R  INDICATES RECORD WAS SET OR TIED.
MM INDICATES DATA IS MISSING.
T  INDICATES TRACE AMOUNT.




$$
