000
CDUS43 KOAX 192323
CLIOMA


CLIMATE REPORT
NATIONAL WEATHER SERVICE OMAHA NEBRASKA
520 PM CST FRI DEC 19 2014


...................................

...THE OMAHA EPPLEY, NEBRASKA CLIMATE SUMMARY FOR DECEMBER 19 2014...
VALID TODAY AS OF 0500 PM LOCAL TIME.

CLIMATE NORMAL PERIOD 1981 TO 2010
CLIMATE RECORD PERIOD 1871 TO 2014


WEATHER ITEM   OBSERVED TIME   RECORD YEAR NORMAL DEPARTURE LAST
                VALUE   (LST)  VALUE       VALUE  FROM      YEAR
                                                  NORMAL
..................................................................
TEMPERATURE (F)
 TODAY
  MAXIMUM         34    225 PM  60    1966  34      0       34
  MINIMUM         31    928 AM -16    1983  16     15       20
  AVERAGE         33                        25      8       27

PRECIPITATION (IN)
  TODAY            T             0.81 2012   0.04  -0.04      T
  MONTH TO DATE    0.77                      0.71   0.06     0.16
  SINCE DEC 1      0.77                      0.71   0.06     0.16
  SINCE JAN 1     38.23                     30.29   7.94    28.96

SNOWFALL (IN)
  TODAY            0.0                       0.2   -0.2      0.0
  MONTH TO DATE    0.3                       3.8   -3.5      2.5
  SINCE JUL 1      2.7                       6.6   -3.9      2.9
  SNOW DEPTH       0

DEGREE DAYS
 HEATING
  TODAY           32                        40     -8       38
  MONTH TO DATE  582                       717   -135      801
  SINCE DEC 1    582                       717   -135      801
  SINCE JUL 1   1883                      1987   -104     2027

 COOLING
  TODAY            0                         0      0        0
  MONTH TO DATE    0                         0      0        0
  SINCE DEC 1      0                         0      0        0
  SINCE JAN 1   1149                      1113     36     1294
..................................................................


WIND (MPH)
  HIGHEST WIND SPEED    15   HIGHEST WIND DIRECTION     S (160)
  HIGHEST GUST SPEED    18   HIGHEST GUST DIRECTION     S (180)
  AVERAGE WIND SPEED     8.5


SKY COVER
  POSSIBLE SUNSHINE  MM
  AVERAGE SKY COVER 1.0


WEATHER CONDITIONS
 THE FOLLOWING WEATHER WAS RECORDED TODAY.
  LIGHT RAIN
  FOG
  HAZE


RELATIVE HUMIDITY (PERCENT)
 HIGHEST    92           200 AM
 LOWEST     82          1100 AM
 AVERAGE    87

..........................................................


THE OMAHA EPPLEY, NEBRASKA CLIMATE NORMALS FOR TOMORROW
                         NORMAL    RECORD    YEAR
 MAXIMUM TEMPERATURE (F)   34        61      1941
                                             1894
                                             1877
 MINIMUM TEMPERATURE (F)   15       -18      1983


SUNRISE AND SUNSET
DECEMBER 19 2014......SUNRISE   745 AM CST   SUNSET   457 PM CST
DECEMBER 20 2014......SUNRISE   745 AM CST   SUNSET   457 PM CST


-  INDICATES NEGATIVE NUMBERS.
R  INDICATES RECORD WAS SET OR TIED.
MM INDICATES DATA IS MISSING.
T  INDICATES TRACE AMOUNT.




$$
