000
CDUS43 KOAX 100627
CLIOMA


CLIMATE REPORT
NATIONAL WEATHER SERVICE OMAHA NEBRASKA
1225 AM CST SAT DEC 10 2016


...................................

...THE OMAHA EPPLEY, NEBRASKA CLIMATE SUMMARY FOR DECEMBER 9 2016...

CLIMATE NORMAL PERIOD 1981 TO 2010
CLIMATE RECORD PERIOD 1871 TO 2016


WEATHER ITEM   OBSERVED TIME   RECORD YEAR NORMAL DEPARTURE LAST
                VALUE   (LST)  VALUE       VALUE  FROM      YEAR
                                                  NORMAL
..................................................................
TEMPERATURE (F)
 YESTERDAY
  MAXIMUM         23   1159 PM  64    1890  37    -14       58
  MINIMUM          7    554 AM -11    1919  18    -11       32
  AVERAGE         15                        27    -12       45

PRECIPITATION (IN)
  YESTERDAY        0.00          0.81 1899   0.05  -0.05     0.00
  MONTH TO DATE    0.48                      0.37   0.11     0.03
  SINCE DEC 1      0.48                      0.37   0.11     0.03
  SINCE JAN 1     33.65                     29.95   3.70    39.29

SNOWFALL (IN)
  YESTERDAY        0.0                       0.2   -0.2      0.0
  MONTH TO DATE    1.1                       1.8   -0.7      0.6
  SINCE JUL 1      1.1                       4.6   -3.5      2.5
  SNOW DEPTH       0

DEGREE DAYS
 HEATING
  YESTERDAY       50                        38     12       20
  MONTH TO DATE  326                       325      1      229
  SINCE DEC 1    326                       325      1      229
  SINCE JUL 1   1077                      1595   -518     1107

 COOLING
  YESTERDAY        0                         0      0        0
  MONTH TO DATE    0                         0      0        0
  SINCE DEC 1      0                         0      0        0
  SINCE JAN 1   1476                      1113    363     1215
..................................................................


WIND (MPH)
  HIGHEST WIND SPEED    10   HIGHEST WIND DIRECTION    SE (140)
  HIGHEST GUST SPEED    12   HIGHEST GUST DIRECTION    SE (120)
  AVERAGE WIND SPEED     4.8


SKY COVER
  POSSIBLE SUNSHINE  MM
  AVERAGE SKY COVER 0.7


WEATHER CONDITIONS
 THE FOLLOWING WEATHER WAS RECORDED YESTERDAY.
  NO SIGNIFICANT WEATHER WAS OBSERVED.


RELATIVE HUMIDITY (PERCENT)
 HIGHEST    80           600 AM
 LOWEST     57           400 PM
 AVERAGE    69

..........................................................


THE OMAHA EPPLEY, NEBRASKA CLIMATE NORMALS FOR TODAY
                         NORMAL    RECORD    YEAR
 MAXIMUM TEMPERATURE (F)   36        71      1890
 MINIMUM TEMPERATURE (F)   18       -16      1919


SUNRISE AND SUNSET
DECEMBER 10 2016......SUNRISE   739 AM CST   SUNSET   454 PM CST
DECEMBER 11 2016......SUNRISE   740 AM CST   SUNSET   454 PM CST


-  INDICATES NEGATIVE NUMBERS.
R  INDICATES RECORD WAS SET OR TIED.
MM INDICATES DATA IS MISSING.
T  INDICATES TRACE AMOUNT.




$$
