000
CDUS43 KOAX 282125
CLIOMA


CLIMATE REPORT
NATIONAL WEATHER SERVICE OMAHA NEBRASKA
424 PM CDT MON JUL 28 2014


...................................

...THE OMAHA EPPLEY, NEBRASKA CLIMATE SUMMARY FOR JULY 28 2014...
VALID TODAY AS OF 0400 PM LOCAL TIME.

CLIMATE NORMAL PERIOD 1981 TO 2010
CLIMATE RECORD PERIOD 1871 TO 2014


WEATHER ITEM   OBSERVED TIME   RECORD YEAR NORMAL DEPARTURE LAST
                VALUE   (LST)  VALUE       VALUE  FROM      YEAR
                                                  NORMAL
..................................................................
TEMPERATURE (F)
 TODAY
  MAXIMUM         79    259 PM 105    1931  87     -8       79
  MINIMUM         58    614 AM  48    2013  66     -8       48
  AVERAGE         69                        77     -8       64

PRECIPITATION (IN)
  TODAY            0.00          1.43 1927   0.13  -0.13     0.00
  MONTH TO DATE    1.72                      3.45  -1.73     0.38
  SINCE JUN 1     12.24                      7.63   4.61     5.12
  SINCE JAN 1     19.06                     18.91   0.15    19.46

SNOWFALL (IN)
  TODAY            0.0                       0.0    0.0      0.0
  MONTH TO DATE    0.0                       0.0    0.0      0.0
  SINCE JUL 1      0.0                       0.0    0.0      0.0
  SNOW DEPTH       0

DEGREE DAYS
 HEATING
  TODAY            0                         0      0        1
  MONTH TO DATE    4                         0      4        2
  SINCE JUN 1     10                        17     -7       18
  SINCE JUL 1      4                         0      4        2

 COOLING
  TODAY            4                        12     -8        0
  MONTH TO DATE  266                       332    -66      347
  SINCE JUN 1    533                       562    -29      582
  SINCE JAN 1    676                       644     32      678
..................................................................


WIND (MPH)
  HIGHEST WIND SPEED    14   HIGHEST WIND DIRECTION     N (340)
  HIGHEST GUST SPEED    18   HIGHEST GUST DIRECTION    NW (330)
  AVERAGE WIND SPEED     7.6


SKY COVER
  POSSIBLE SUNSHINE  MM
  AVERAGE SKY COVER 0.4


WEATHER CONDITIONS
 THE FOLLOWING WEATHER WAS RECORDED TODAY.
  NO SIGNIFICANT WEATHER WAS OBSERVED.


RELATIVE HUMIDITY (PERCENT)
 HIGHEST    93           600 AM
 LOWEST     42           300 PM
 AVERAGE    68

..........................................................


THE OMAHA EPPLEY, NEBRASKA CLIMATE NORMALS FOR TOMORROW
                         NORMAL    RECORD    YEAR
 MAXIMUM TEMPERATURE (F)   87       104      1917
 MINIMUM TEMPERATURE (F)   66        50      1971


SUNRISE AND SUNSET
JULY 28 2014..........SUNRISE   615 AM CDT   SUNSET   845 PM CDT
JULY 29 2014..........SUNRISE   616 AM CDT   SUNSET   844 PM CDT


-  INDICATES NEGATIVE NUMBERS.
R  INDICATES RECORD WAS SET OR TIED.
MM INDICATES DATA IS MISSING.
T  INDICATES TRACE AMOUNT.




$$
