000
CDUS43 KOAX 040635
CLIOMA


CLIMATE REPORT
NATIONAL WEATHER SERVICE OMAHA NEBRASKA
134 AM CDT WED MAY 4 2016


...................................

...THE OMAHA EPPLEY, NEBRASKA CLIMATE SUMMARY FOR MAY 3 2016...

CLIMATE NORMAL PERIOD 1981 TO 2010
CLIMATE RECORD PERIOD 1871 TO 2016


WEATHER ITEM   OBSERVED TIME   RECORD YEAR NORMAL DEPARTURE LAST
                VALUE   (LST)  VALUE       VALUE  FROM      YEAR
                                                  NORMAL
..................................................................
TEMPERATURE (F)
 YESTERDAY
  MAXIMUM         73    449 PM  92    1949  70      3       82
  MINIMUM         42    540 AM  26    1907  47     -5       60
  AVERAGE         58                        58      0       71

PRECIPITATION (IN)
  YESTERDAY        0.00          1.92 1981   0.13  -0.13     0.36
  MONTH TO DATE    0.07                      0.39  -0.32     0.91
  SINCE MAR 1      6.50                      5.34   1.16     5.12
  SINCE JAN 1      8.22                      6.91   1.31     6.26

SNOWFALL (IN)
  YESTERDAY        0.0                       0.0    0.0      0.0
  MONTH TO DATE    0.0                       0.0    0.0      0.0
  SINCE JUL 1     27.4                      26.4    1.0     13.8
  SNOW DEPTH       0

DEGREE DAYS
 HEATING
  YESTERDAY        7                         8     -1        0
  MONTH TO DATE   34                        24     10        6
  SINCE MAR 1    874                      1228   -354      977
  SINCE JUL 1   4840                      6026  -1186     5688

 COOLING
  YESTERDAY        0                         1     -1        6
  MONTH TO DATE    0                         3     -3        6
  SINCE MAR 1     13                        19     -6       11
  SINCE JAN 1     13                        19     -6       11
..................................................................


WIND (MPH)
  HIGHEST WIND SPEED    22   HIGHEST WIND DIRECTION     W (260)
  HIGHEST GUST SPEED    27   HIGHEST GUST DIRECTION     W (250)
  AVERAGE WIND SPEED     7.8


SKY COVER
  POSSIBLE SUNSHINE  MM
  AVERAGE SKY COVER 0.3


WEATHER CONDITIONS
 THE FOLLOWING WEATHER WAS RECORDED YESTERDAY.
  FOG
  HAZE


RELATIVE HUMIDITY (PERCENT)
 HIGHEST    96           600 AM
 LOWEST     34           300 PM
 AVERAGE    65

..........................................................


THE OMAHA EPPLEY, NEBRASKA CLIMATE NORMALS FOR TODAY
                         NORMAL    RECORD    YEAR
 MAXIMUM TEMPERATURE (F)   70        93      1952
 MINIMUM TEMPERATURE (F)   47        30      2005
                                             1944


SUNRISE AND SUNSET
MAY  4 2016...........SUNRISE   617 AM CDT   SUNSET   825 PM CDT
MAY  5 2016...........SUNRISE   615 AM CDT   SUNSET   826 PM CDT


-  INDICATES NEGATIVE NUMBERS.
R  INDICATES RECORD WAS SET OR TIED.
MM INDICATES DATA IS MISSING.
T  INDICATES TRACE AMOUNT.




$$
