000
CDUS43 KOAX 162124
CLIOMA


CLIMATE REPORT
NATIONAL WEATHER SERVICE OMAHA NEBRASKA
423 PM CDT WED APR 16 2014


...................................

...THE OMAHA EPPLEY, NEBRASKA CLIMATE SUMMARY FOR APRIL 16 2014...
VALID TODAY AS OF 0400 PM LOCAL TIME.

CLIMATE NORMAL PERIOD 1981 TO 2010
CLIMATE RECORD PERIOD 1871 TO 2014


WEATHER ITEM   OBSERVED TIME   RECORD YEAR NORMAL DEPARTURE LAST
                VALUE   (LST)  VALUE       VALUE  FROM      YEAR
                                                  NORMAL
..................................................................
TEMPERATURE (F)
 TODAY
  MAXIMUM         69    235 PM  90    2004  64      5       54
                                      1964
  MINIMUM         45    524 AM  21    1875  40      5       35
  AVERAGE         57                        52      5       45

PRECIPITATION (IN)
  TODAY            0.00          1.07 2000   0.10  -0.10     0.00
  MONTH TO DATE    1.56                      1.41   0.15     2.18
  SINCE MAR 1      1.77                      3.40  -1.63     4.16
  SINCE JAN 1      2.63                      4.97  -2.34     5.45

SNOWFALL (IN)
  TODAY            0.0                       0.0    0.0      0.0
  MONTH TO DATE    0.6                       0.7   -0.1      0.1
  SINCE JUL 1     17.8                      26.1   -8.3     32.6
  SNOW DEPTH       0

DEGREE DAYS
 HEATING
  TODAY            8                        13     -5       20
  MONTH TO DATE  275                       259     16      314
  SINCE MAR 1   1154                      1050    104     1260
  SINCE JUL 1   6259                      5848    411     5741

 COOLING
  TODAY            0                         0      0        0
  MONTH TO DATE    6                         0      6        0
  SINCE MAR 1      6                         1      5        0
  SINCE JAN 1      6                         1      5        0
..................................................................


WIND (MPH)
  HIGHEST WIND SPEED    35   HIGHEST WIND DIRECTION    SW (220)
  HIGHEST GUST SPEED    42   HIGHEST GUST DIRECTION    SW (220)
  AVERAGE WIND SPEED    23.5


SKY COVER
  POSSIBLE SUNSHINE  MM
  AVERAGE SKY COVER 0.9


WEATHER CONDITIONS
 THE FOLLOWING WEATHER WAS RECORDED TODAY.
  NO SIGNIFICANT WEATHER WAS OBSERVED.


RELATIVE HUMIDITY (PERCENT)
 HIGHEST    53           300 AM
 LOWEST     20           200 PM
 AVERAGE    37

..........................................................


THE OMAHA EPPLEY, NEBRASKA CLIMATE NORMALS FOR TOMORROW
                         NORMAL    RECORD    YEAR
 MAXIMUM TEMPERATURE (F)   64        89      2004
                                             1994
 MINIMUM TEMPERATURE (F)   40        22      1910


SUNRISE AND SUNSET
APRIL 16 2014.........SUNRISE   643 AM CDT   SUNSET   805 PM CDT
APRIL 17 2014.........SUNRISE   641 AM CDT   SUNSET   806 PM CDT


-  INDICATES NEGATIVE NUMBERS.
R  INDICATES RECORD WAS SET OR TIED.
MM INDICATES DATA IS MISSING.
T  INDICATES TRACE AMOUNT.




$$
