000
CDUS43 KOAX 182236
CLIOMA


CLIMATE REPORT
NATIONAL WEATHER SERVICE OMAHA NEBRASKA
434 PM CST SUN FEB 18 2018


...................................

...THE OMAHA EPPLEY, NEBRASKA CLIMATE SUMMARY FOR FEBRUARY 18 2018...
VALID TODAY AS OF 0400 PM LOCAL TIME.

CLIMATE NORMAL PERIOD 1981 TO 2010
CLIMATE RECORD PERIOD 1871 TO 2018


WEATHER ITEM   OBSERVED TIME   RECORD YEAR NORMAL DEPARTURE LAST
                VALUE   (LST)  VALUE       VALUE  FROM      YEAR
                                                  NORMAL
..................................................................
TEMPERATURE (F)
 TODAY
  MAXIMUM         56    353 PM  70    1930  39     17       67
  MINIMUM         27    144 AM -15    1903  19      8       30
  AVERAGE         42                        29     13       49

PRECIPITATION (IN)
  TODAY            0.00          0.68 1908   0.03  -0.03     0.00
  MONTH TO DATE    0.40                      0.50  -0.10     0.17
  SINCE DEC 1      1.59                      2.26  -0.67     2.50
  SINCE JAN 1      1.17                      1.22  -0.05     1.03

SNOWFALL (IN)
  TODAY            0.0                       0.3   -0.3      0.0
  MONTH TO DATE    6.0                       4.2    1.8      2.8
  SINCE JUL 1     12.9                      19.3   -6.4      8.7
  SNOW DEPTH       0

DEGREE DAYS
 HEATING
  TODAY           23                        36    -13       16
  MONTH TO DATE  789                       692     97      532
  SINCE DEC 1   3235                      3187     48     2852
  SINCE JUL 1   4295                      4457   -162     3603

 COOLING
  TODAY            0                         0      0        0
  MONTH TO DATE    0                         0      0        0
  SINCE DEC 1      0                         0      0        0
  SINCE JAN 1      0                         0      0        0
..................................................................


WIND (MPH)
  HIGHEST WIND SPEED    40   HIGHEST WIND DIRECTION     S (180)
  HIGHEST GUST SPEED    57   HIGHEST GUST DIRECTION     S (180)
  AVERAGE WIND SPEED    20.4


SKY COVER
  POSSIBLE SUNSHINE  MM
  AVERAGE SKY COVER 0.4


WEATHER CONDITIONS
 THE FOLLOWING WEATHER WAS RECORDED TODAY.
  NO SIGNIFICANT WEATHER WAS OBSERVED.


RELATIVE HUMIDITY (PERCENT)
 HIGHEST    85           200 AM
 LOWEST     32           100 PM
 AVERAGE    59

..........................................................


THE OMAHA EPPLEY, NEBRASKA CLIMATE NORMALS FOR TOMORROW
                         NORMAL    RECORD    YEAR
 MAXIMUM TEMPERATURE (F)   39        71      2017
 MINIMUM TEMPERATURE (F)   19       -16      1936


SUNRISE AND SUNSET
FEBRUARY 18 2018......SUNRISE   714 AM CST   SUNSET   601 PM CST
FEBRUARY 19 2018......SUNRISE   713 AM CST   SUNSET   603 PM CST


-  INDICATES NEGATIVE NUMBERS.
R  INDICATES RECORD WAS SET OR TIED.
MM INDICATES DATA IS MISSING.
T  INDICATES TRACE AMOUNT.




$$
