000
CDUS43 KOAX 230643
CLIOMA


CLIMATE REPORT
NATIONAL WEATHER SERVICE OMAHA NEBRASKA
142 AM CDT SUN APR 23 2017


...................................

...THE OMAHA EPPLEY, NEBRASKA CLIMATE SUMMARY FOR APRIL 22 2017...

CLIMATE NORMAL PERIOD 1981 TO 2010
CLIMATE RECORD PERIOD 1871 TO 2017


WEATHER ITEM   OBSERVED TIME   RECORD YEAR NORMAL DEPARTURE LAST
                VALUE   (LST)  VALUE       VALUE  FROM      YEAR
                                                  NORMAL
..................................................................
TEMPERATURE (F)
 YESTERDAY
  MAXIMUM         69    404 PM  96    1989  66      3       69
  MINIMUM         39    558 AM  23    1992  42     -3       48
  AVERAGE         54                        54      0       59

PRECIPITATION (IN)
  YESTERDAY        0.00          1.25 2013   0.11  -0.11     0.00
  MONTH TO DATE    0.93                      2.01  -1.08     2.30
  SINCE MAR 1      3.32                      4.00  -0.68     3.33
  SINCE JAN 1      5.22                      5.57  -0.35     5.05

SNOWFALL (IN)
  YESTERDAY        0.0                       0.0    0.0      0.0
  MONTH TO DATE    0.0                       0.9   -0.9       T
  SINCE JUL 1     11.4                      26.3  -14.9     27.4
  SNOW DEPTH       0

DEGREE DAYS
 HEATING
  YESTERDAY       11                        11      0        6
  MONTH TO DATE  191                       333   -142      242
  SINCE MAR 1    854                      1124   -270      779
  SINCE JUL 1   4681                      5922  -1241     4745

 COOLING
  YESTERDAY        0                         1     -1        0
  MONTH TO DATE    8                         6      2        5
  SINCE MAR 1      8                         7      1        7
  SINCE JAN 1      8                         7      1        7
..................................................................


WIND (MPH)
  HIGHEST WIND SPEED    18   HIGHEST WIND DIRECTION     N (360)
  HIGHEST GUST SPEED    24   HIGHEST GUST DIRECTION     N (360)
  AVERAGE WIND SPEED     8.2


SKY COVER
  POSSIBLE SUNSHINE  MM
  AVERAGE SKY COVER 0.7


WEATHER CONDITIONS
 THE FOLLOWING WEATHER WAS RECORDED YESTERDAY.
  NO SIGNIFICANT WEATHER WAS OBSERVED.


RELATIVE HUMIDITY (PERCENT)
 HIGHEST    89           700 AM
 LOWEST     22           500 PM
 AVERAGE    56

..........................................................


THE OMAHA EPPLEY, NEBRASKA CLIMATE NORMALS FOR TODAY
                         NORMAL    RECORD    YEAR
 MAXIMUM TEMPERATURE (F)   66        90      1950
 MINIMUM TEMPERATURE (F)   43        28      2013
                                             1893


SUNRISE AND SUNSET
APRIL 23 2017.........SUNRISE   632 AM CDT   SUNSET   813 PM CDT
APRIL 24 2017.........SUNRISE   630 AM CDT   SUNSET   814 PM CDT


-  INDICATES NEGATIVE NUMBERS.
R  INDICATES RECORD WAS SET OR TIED.
MM INDICATES DATA IS MISSING.
T  INDICATES TRACE AMOUNT.




$$
