000
CDAK49 PAOM 041215
CLIOME

CLIMATE REPORT
NATIONAL WEATHER SERVICE NOME, AK
415 AM AKDT TUE AUG 4 2015

...................................
...THE NOME WSO AP CLIMATE SUMMARY FOR AUGUST 3 2015...

CLIMATE NORMAL PERIOD  1981 TO  2010
CLIMATE RECORD PERIOD  1906 TO  2015

WEATHER ITEM   OBSERVED TIME    RECORD YEAR NORMAL DEPARTURE LAST
               VALUE    (LST)   VALUE       VALUE  FROM      YEAR
                                                   NORMAL
...................................................................
TEMPERATURE
YESTERDAY
 MAXIMUM            51  0457 PM    78  1972     57      -6     65
 MINIMUM            46  1159 PM    33  1970     46       0     49
 AVERAGE            49                          51      -2     57

PRECIPITATION
(INCHES)
 YESTERDAY           T           0.98  1924   0.10   -0.10   0.00
 MONTH TO DATE    0.10                        0.31   -0.21      T
 SINCE JUN 1      2.20                        3.40   -1.20   2.84
 SINCE JAN 1      6.64                        7.54   -0.90   7.31

SNOWFALL
(INCHES)
 YESTERDAY         0.0            0.0  2015    0.0     0.0    0.0
 MONTH TO DATE     0.0                         0.0     0.0    0.0
 SINCE JUN 1       0.0                         0.3    -0.3    0.0
 SINCE JUL 1       0.0                         0.0     0.0    0.0
 SNOW DEPTH (IN)     0                                          0

DEGREE DAYS
 HEATING
  YESTERDAY         16                          14       2      8
  MONTH TO DATE     45                          42       3     24
  SINCE JUN 1      877                         958     -81   1015
  SINCE JUL 1      352                         442     -90    447

 COOLING
  YESTERDAY          0                           0       0      0
  MONTH TO DATE      0                           0       0      0
  SINCE JUN 1        5                           0       5      2
  SINCE JAN 1        5                           0       5      2
...................................................................

WIND (MPH)
 HIGHEST WIND SPEED    21     HIGHEST WIND DIRECTION    280
 HIGHEST GUST SPEED    25     HIGHEST GUST DIRECTION    280
 AVERAGE WIND SPEED  13.1

SKY COVER
  POSSIBLE SUNSHINE    MM          AVERAGE SKY COVER     MM

WEATHER CONDITIONS
 THE FOLLOWING WEATHER WAS RECORDED YESTERDAY.
  PATCHY FOG
  LIGHT DRIZZLE
  LIGHT RAINFALL

RELATIVE HUMIDITY
 HIGHEST RH     MM PERCENT       MM
 LOWEST  RH     MM PERCENT       MM
 AVERAGE RH     MM PERCENT       MM
...................................................................

THE NOME CLIMATE NORMALS FOR TODAY
                           NORMAL    RECORD   YEAR
 MAXIMUM TEMPERATURE (F)     57        74     2002
 MINIMUM TEMPERATURE (F)     46        29     1922

SUNRISE AND SUNSET
 AUG 4 2015..........SUNRISE  6:15 AM      SUNSET 11:59 PM
 AUG 5 2015..........SUNRISE  6:18 AM      SUNSET 11:55 PM

-  INDICATES NEGATIVE NUMBERS.
R  INDICATES RECORD HAS BEEN SET OR TIED.
MM INDICATES DATA IS MISSING.
T  INDICATES TRACE OF PRECIPITATION.

&&
-------------------------------------------------------------------

AMOUNT OF DAYLIGHT TODAY  (HOUR:MIN)........17 HOURS 44 MINUTES
GAIN/LOSS SINCE YESTERDAY (HOUR:MIN:SEC)....-0:08:17

NOME TIDAL INFORMATION FOR THE 4TH OF AUGUST 2015

0213  -0.3
0901  +1.5
1443  +0.6
2031  +1.4

$$

CKC AUG 15
