450
CDAK49 PAFG 240946
CLIOME

CLIMATE REPORT
NATIONAL WEATHER SERVICE FAIRBANKS AK
146 AM AKDT SUN SEP 24 2017


...................................

...THE NOME AK CLIMATE SUMMARY FOR SEPTEMBER 23 2017...

CLIMATE NORMAL PERIOD 1981 TO 2010
CLIMATE RECORD PERIOD 1906 TO 2017


WEATHER ITEM   OBSERVED TIME   RECORD YEAR NORMAL DEPARTURE LAST
                VALUE   (LST)  VALUE       VALUE  FROM      YEAR
                                                  NORMAL
..................................................................
TEMPERATURE (F)
 YESTERDAY
  MAXIMUM         50    208 PM  58    1929  46      4       46
                                      1926
  MINIMUM         36    702 AM  15    1992  34      2       30
  AVERAGE         43                        40      3       38

PRECIPITATION (IN)
  YESTERDAY        T             1.03 1942   0.08  -0.08     0.01
  MONTH TO DATE    2.73                      1.96   0.77     1.16
  SINCE SEP 1      2.73                      1.96   0.77     1.16
  SINCE JAN 1     12.46                     12.41   0.05    11.42

SNOWFALL (IN)
  YESTERDAY        0.0           4.0  1920   0.0    0.0      0.0
  MONTH TO DATE    T                         0.3   -0.3      0.0
  SINCE SEP 1      T                         0.3   -0.3      0.0
  SINCE JUL 1      T                         0.3   -0.3      0.0
  SNOW DEPTH       0

DEGREE DAYS
 HEATING
  YESTERDAY       22                        25     -3       27
  MONTH TO DATE  496                       475     21      470
  SINCE SEP 1    496                       475     21      470
  SINCE JUL 1   1342                      1335      7     1155

 COOLING
  YESTERDAY        0                         0      0        0
  MONTH TO DATE    0                         0      0        0
  SINCE SEP 1      0                         0      0        0
  SINCE JAN 1      4                         3      1        0
..................................................................


WIND (MPH)
  HIGHEST GUST SPEED    31   HIGHEST GUST DIRECTION    NE (30)


SKY COVER
  AVERAGE SKY COVER 0.9


WEATHER CONDITIONS
 THE FOLLOWING WEATHER WAS RECORDED YESTERDAY.
  NO SIGNIFICANT WEATHER WAS OBSERVED.


RELATIVE HUMIDITY (PERCENT)
 HIGHEST    85
 LOWEST     56
 AVERAGE    71

..........................................................


THE NOME AK CLIMATE NORMALS FOR TODAY
                         NORMAL    RECORD    YEAR
 MAXIMUM TEMPERATURE (F)   45        61      1976
 MINIMUM TEMPERATURE (F)   34        16      1992


SUNRISE AND SUNSET
SEPTEMBER 24 2017.....SUNRISE   852 AM AKDT  SUNSET   854 PM AKDT
SEPTEMBER 25 2017.....SUNRISE   855 AM AKDT  SUNSET   850 PM AKDT

-  INDICATES NEGATIVE NUMBERS.
R  INDICATES RECORD WAS SET OR TIED.
MM INDICATES DATA IS MISSING.
T  INDICATES TRACE AMOUNT.

&&

SNOW DEPTH IS MEASURED AT 3AM AKST/4AM AKDT.

----------------------------
AVAILABLE DAYLIGHT

AMOUNT OF DAYLIGHT TODAY  (HOUR:MIN)........12:01
GAIN/LOSS SINCE YESTERDAY (HOUR:MIN:SEC)....-0:06:32

NOME TIDAL INFORMATION FOR 24 SEPTEMBER 2017
0152  +0.6
0832  +1.7
1443  +0.7
2105  +1.5

$$
CCC SEP 17
