528
CDAK49 PAFG 210948
CLIOME

CLIMATE REPORT
NATIONAL WEATHER SERVICE FAIRBANKS AK
1248 AM AKST SUN JAN 21 2018


...................................

...THE NOME AK CLIMATE SUMMARY FOR JANUARY 20 2018...

CLIMATE NORMAL PERIOD 1981 TO 2010
CLIMATE RECORD PERIOD 1906 TO 2018


WEATHER ITEM   OBSERVED TIME   RECORD YEAR NORMAL DEPARTURE LAST
                VALUE   (LST)  VALUE       VALUE  FROM      YEAR
                                                  NORMAL
..................................................................
TEMPERATURE (F)
 YESTERDAY
  MAXIMUM         -2   1048 AM  40    1940  13    -15       -8
  MINIMUM        -21   1159 PM -40    1989  -3    -18      -24
  AVERAGE        -11                         5    -16      -16

PRECIPITATION (IN)
  YESTERDAY        0.01          0.66 1937   0.03  -0.02     0.00
  MONTH TO DATE    0.46                      0.62  -0.16     0.32
  SINCE DEC 1      2.02                      1.70   0.32     1.39
  SINCE JAN 1      0.46                      0.62  -0.16     0.32

SNOWFALL (IN)
  YESTERDAY        0.1           6.8  1937   0.4   -0.3      0.0
  MONTH TO DATE    5.8                       8.4   -2.6      3.0
  SINCE DEC 1     24.5                      22.9    1.6     19.0
  SINCE JUL 1     56.1                      40.2   15.9     27.6
  SNOW DEPTH      27

DEGREE DAYS
 HEATING
  YESTERDAY       76                        60     16       81
  MONTH TO DATE  968                      1193   -225     1224
  SINCE DEC 1   2300                      2913   -613     2826
  SINCE JUL 1   6088                      7006   -918     6441

 COOLING
  YESTERDAY        0                         0      0        0
  MONTH TO DATE    0                         0      0        0
  SINCE DEC 1      0                         0      0        0
  SINCE JAN 1      0                         0      0        0
..................................................................


WIND (MPH)
  HIGHEST GUST SPEED     9   HIGHEST GUST DIRECTION     N (10)


SKY COVER
  AVERAGE SKY COVER 0.4


WEATHER CONDITIONS
 THE FOLLOWING WEATHER WAS RECORDED YESTERDAY.
  LIGHT SNOW
  FOG


RELATIVE HUMIDITY (PERCENT)
 HIGHEST    92
 LOWEST     74
 AVERAGE    83

..........................................................


THE NOME AK CLIMATE NORMALS FOR TODAY
                         NORMAL    RECORD    YEAR
 MAXIMUM TEMPERATURE (F)   13        39      1963
 MINIMUM TEMPERATURE (F)   -3       -44      1989


SUNRISE AND SUNSET
JANUARY 21 2018.......SUNRISE  1117 AM AKST  SUNSET   511 PM AKST
JANUARY 22 2018.......SUNRISE  1114 AM AKST  SUNSET   514 PM AKST

-  INDICATES NEGATIVE NUMBERS.
R  INDICATES RECORD WAS SET OR TIED.
MM INDICATES DATA IS MISSING.
T  INDICATES TRACE AMOUNT.

&&

SNOW DEPTH IS MEASURED AT 3AM AKST/4AM AKDT.

----------------------------
AVAILABLE DAYLIGHT

AMOUNT OF DAYLIGHT TODAY  (HOUR:MIN)........5:53
GAIN/LOSS SINCE YESTERDAY (HOUR:MIN:SEC)....+0:06:06

NOME TIDAL INFORMATION FOR 21 JANUARY 2018
0119  +1.3
0719  +1.6
1401  +0.5
2106  +1.6

$$
JAN 18
