757
CDAK49 PAFG 241002
CLIOME

CLIMATE REPORT
NATIONAL WEATHER SERVICE FAIRBANKS AK
202 AM AKDT FRI MAR 24 2017


...................................

...THE NOME AK CLIMATE SUMMARY FOR MARCH 23 2017...

CLIMATE NORMAL PERIOD 1981 TO 2010
CLIMATE RECORD PERIOD 1906 TO 2017


WEATHER ITEM   OBSERVED TIME   RECORD YEAR NORMAL DEPARTURE LAST
                VALUE   (LST)  VALUE       VALUE  FROM      YEAR
                                                  NORMAL
..................................................................
TEMPERATURE (F)
 YESTERDAY
  MAXIMUM         15    207 PM  41    1990  19     -4       23
  MINIMUM          5    740 AM -35    1975   3      2        6
  AVERAGE         10                        11     -1       15

PRECIPITATION (IN)
  YESTERDAY        T             0.25 1942   0.02  -0.02     0.00
  MONTH TO DATE    0.01                      0.49  -0.48     0.02
  SINCE MAR 1      0.01                      0.49  -0.48     0.02
  SINCE JAN 1      1.76                      2.36  -0.60     1.05

SNOWFALL (IN)
  YESTERDAY        0.1           2.6  1942   0.3   -0.2      0.0
  MONTH TO DATE    0.9                       6.9   -6.0      0.0
  SINCE MAR 1      0.9                       6.9   -6.0      0.0
  SINCE JUL 1     53.1                      63.6  -10.5     15.5
  SNOW DEPTH      37

DEGREE DAYS
 HEATING
  YESTERDAY       55                        54      1       50
  MONTH TO DATE 1499                      1270    229     1199
  SINCE MAR 1   1499                      1270    229     1199
  SINCE JUL 1  10294                     10549   -255     3990

 COOLING
  YESTERDAY        0                         0      0        0
  MONTH TO DATE    0                         0      0        0
  SINCE MAR 1      0                         0      0        0
  SINCE JAN 1      0                         0      0        0
..................................................................


WIND (MPH)
  HIGHEST GUST SPEED    11   HIGHEST GUST DIRECTION     E (100)


SKY COVER
  AVERAGE SKY COVER 1.0


WEATHER CONDITIONS
 THE FOLLOWING WEATHER WAS RECORDED YESTERDAY.
  LIGHT SNOW


RELATIVE HUMIDITY (PERCENT)
 HIGHEST    92
 LOWEST     76
 AVERAGE    84

..........................................................


THE NOME AK CLIMATE NORMALS FOR TODAY
                         NORMAL    RECORD    YEAR
 MAXIMUM TEMPERATURE (F)   19        42      1965
 MINIMUM TEMPERATURE (F)    3       -30      1977
                                             1959


SUNRISE AND SUNSET
MARCH 24 2017.........SUNRISE   846 AM AKDT  SUNSET   932 PM AKDT
MARCH 25 2017.........SUNRISE   843 AM AKDT  SUNSET   935 PM AKDT

-  INDICATES NEGATIVE NUMBERS.
R  INDICATES RECORD WAS SET OR TIED.
MM INDICATES DATA IS MISSING.
T  INDICATES TRACE AMOUNT.

&&

SNOW DEPTH IS MEASURED AT 3AM AKST/4AM AKDT.

----------------------------
AVAILABLE DAYLIGHT

AMOUNT OF DAYLIGHT TODAY  (HOUR:MIN)........12:46
GAIN/LOSS SINCE YESTERDAY (HOUR:MIN:SEC)....+0:06:38

NOME TIDAL INFORMATION FOR 24 MARCH 2017
0138  +0.6
0857  -0.1
1558  +0.8
2113  +0.7

$$
MAR 17
