690
CDAK49 PAOM 042229
CLIOME

CLIMATE REPORT
NATIONAL WEATHER SERVICE NOME, AK
229 PM AKDT WED MAY 4 2016

...................................
...THE NOME WSO AP CLIMATE SUMMARY FOR MAY 4 2016...
VALID TODAY AS OF 2:00 PM LOCAL TIME

CLIMATE NORMAL PERIOD  1981 TO  2010
CLIMATE RECORD PERIOD  1906 TO  2016

WEATHER ITEM   OBSERVED TIME    RECORD YEAR NORMAL DEPARTURE LAST
               VALUE    (LST)   VALUE       VALUE  FROM      YEAR
                                                   NORMAL
...................................................................
TEMPERATURE
TODAY
 MAXIMUM            41  1251 PM    49  1969     37       4     48
 MINIMUM            28  0646 AM    -4  1984     25       3     28
 AVERAGE            35                          31       4     38

PRECIPITATION
(INCHES)
 TODAY            0.00           0.53  1952   0.03   -0.03   0.00
 MONTH TO DATE       T                        0.11   -0.11   0.00
 SINCE MAR 1      0.84                        1.52   -0.68   1.31
 SINCE JAN 1      1.87                        3.39   -1.52   2.95

SNOWFALL
(INCHES)
 TODAY             0.0            4.2  1952    0.1    -0.1    0.0
 MONTH TO DATE     0.0                         0.5    -0.5    0.0
 SINCE MAR 1       6.6                        16.9   -10.3   16.4
 SINCE JUL 1      48.9                        73.6   -24.7   59.7
 SNOW DEPTH (IN)     0                                          1

DEGREE DAYS
 HEATING
  TODAY             30                          34      -4     27
  MONTH TO DATE    115                         138     -23    135
  SINCE MAR 1     2672                        3169    -497   3242
  SINCE JUL 1    10909                       12451   -1542  11420

 COOLING
  TODAY              0                           0       0      0
  MONTH TO DATE      0                           0       0      0
  SINCE MAR 1        0                           0       0      0
  SINCE JAN 1        0                           0       0      0
...................................................................

WIND (MPH)
 HIGHEST WIND SPEED     8     HIGHEST WIND DIRECTION    160
 HIGHEST GUST SPEED    11     HIGHEST GUST DIRECTION    200
 AVERAGE WIND SPEED    MM

SKY COVER
  POSSIBLE SUNSHINE  MM            AVERAGE SKY COVER MM

WEATHER CONDITIONS
 THE FOLLOWING WEATHER WAS RECORDED TODAY.
NO SIGNIFICANT WEATHER WAS OBSERVED.

RELATIVE HUMIDITY
 HIGHEST RH     MM PERCENT       MM
 LOWEST  RH     MM PERCENT       MM
 AVERAGE RH     MM PERCENT       MM
...................................................................

THE NOME CLIMATE NORMALS FOR TOMORROW
                        NORMAL    RECORD   YEAR
 MAXIMUM TEMPERATURE      38        53     1960
 MINIMUM TEMPERATURE      26        -4     1984

SUNRISE AND SUNSET
 MAY 4 2016..........SUNRISE  6:18 AM      SUNSET 11:42 PM
 MAY 5 2016..........SUNRISE  6:15 AM      SUNSET 11:45 PM

-  INDICATES NEGATIVE NUMBERS.
R  INDICATES RECORD HAS BEEN SET OR TIED.
MM INDICATES DATA IS MISSING.
T  INDICATES TRACE OF PRECIPITATION.

&&
-------------------------------------------------------------------

AMOUNT OF DAYLIGHT TODAY  (HOUR:MIN)........17 HOURS 24 MINUTES
GAIN/LOSS SINCE YESTERDAY (HOUR:MIN:SEC)....+0:06:51

$$
RWM MAY 16
