000
CDAK49 PAFG 180045
CLIOME

CLIMATE REPORT
NATIONAL WEATHER SERVICE FAIRBANKS AK
345 PM AKST FRI NOV 17 2017


...................................

...THE NOME AK CLIMATE SUMMARY FOR NOVEMBER 17 2017...
VALID TODAY AS OF 0300 PM LOCAL TIME.

CLIMATE NORMAL PERIOD 1981 TO 2010
CLIMATE RECORD PERIOD 1906 TO 2017


WEATHER ITEM   OBSERVED TIME   RECORD YEAR NORMAL DEPARTURE LAST
                VALUE   (LST)  VALUE       VALUE  FROM      YEAR
                                                  NORMAL
..................................................................
TEMPERATURE (F)
 TODAY
  MAXIMUM         27    104 AM  38    1916  22      5       29
  MINIMUM         19    248 PM -17    1969  10      9       21
                                      1955
  AVERAGE         23                        16      7       25

PRECIPITATION (IN)
  TODAY            0.00          0.27 1938   0.04  -0.04     0.17
  MONTH TO DATE    1.42                      0.73   0.69     0.68
  SINCE SEP 1      7.24                      4.79   2.45     4.67
  SINCE JAN 1     16.97                     15.24   1.73    14.93

SNOWFALL (IN)
  TODAY            0.0           3.1  1977   0.4   -0.4      2.6
  MONTH TO DATE   13.9                       6.6    7.3      7.9
  SINCE SEP 1     23.3                      11.8   11.5      8.0
  SINCE JUL 1     23.3                      11.8   11.5      8.0
  SNOW DEPTH       4

DEGREE DAYS
 HEATING
  TODAY           42                        49     -7       40
  MONTH TO DATE  612                       784   -172      680
  SINCE SEP 1   2321                      2574   -253     2145
  SINCE JUL 1   3167                      3434   -267     2830

 COOLING
  TODAY            0                         0      0        0
  MONTH TO DATE    0                         0      0        0
  SINCE SEP 1      0                         0      0        0
  SINCE JAN 1      4                         3      1        0
..................................................................


WIND (MPH)
  HIGHEST GUST SPEED    27   HIGHEST GUST DIRECTION    NW (310)


SKY COVER
  AVERAGE SKY COVER 0.6


WEATHER CONDITIONS
 THE FOLLOWING WEATHER WAS RECORDED TODAY.
  FOG


RELATIVE HUMIDITY (PERCENT)
 HIGHEST    96
 LOWEST     81
 AVERAGE    89

..........................................................


THE NOME AK CLIMATE NORMALS FOR TOMORROW
                         NORMAL    RECORD    YEAR
 MAXIMUM TEMPERATURE (F)   22        44      2014
 MINIMUM TEMPERATURE (F)   10       -20      1969


SUNRISE AND SUNSET
NOVEMBER 17 2017......SUNRISE  1043 AM AKST  SUNSET   451 PM AKST
NOVEMBER 18 2017......SUNRISE  1046 AM AKST  SUNSET   448 PM AKST

-  INDICATES NEGATIVE NUMBERS.
R  INDICATES RECORD WAS SET OR TIED.
MM INDICATES DATA IS MISSING.
T  INDICATES TRACE AMOUNT.

&&

SNOW DEPTH IS MEASURED AT 3AM AKST/4AM AKDT.

----------------------------
AVAILABLE DAYLIGHT

AMOUNT OF DAYLIGHT TODAY  (HOUR:MIN)........6:08
GAIN/LOSS SINCE YESTERDAY (HOUR:MIN:SEC)....-0:06:14

NOME TIDAL INFORMATION FOR 18 NOVEMBER 2017
UNABLE TO RETRIEVE TIDE INFORMATION FOR NOME.
YOU CAN DELETE THIS SECTION, OR YOU CAN TRY TO
RETRIEVE THE TIDE DATA YOURSELF. THE URL IS
HTTPS://TIDESANDCURRENTS.NOAA.GOV/NOAATIDEPREDICTIONS.HTML?ID=9468756

$$
AY NOV 17
