000
CDAK49 PAFG 290952
CLIOME

CLIMATE REPORT
NATIONAL WEATHER SERVICE FAIRBANKS AK
152 AM AKDT SAT APR 29 2017


...................................

...THE NOME AK CLIMATE SUMMARY FOR APRIL 28 2017...

CLIMATE NORMAL PERIOD 1981 TO 2010
CLIMATE RECORD PERIOD 1906 TO 2017


WEATHER ITEM   OBSERVED TIME   RECORD YEAR NORMAL DEPARTURE LAST
                VALUE   (LST)  VALUE       VALUE  FROM      YEAR
                                                  NORMAL
..................................................................
TEMPERATURE (F)
 YESTERDAY
  MAXIMUM         38    646 PM  50    2016  34      4       50
  MINIMUM         28   1209 AM -12    1964  22      6       30
  AVERAGE         33                        28      5       40

PRECIPITATION (IN)
  YESTERDAY        T             0.43 1995   0.02  -0.02     0.00
  MONTH TO DATE    0.12                      0.70  -0.58     0.80
  SINCE MAR 1      0.13                      1.35  -1.22     0.84
  SINCE JAN 1      1.88                      3.22  -1.34     1.87

SNOWFALL (IN)
  YESTERDAY        T             4.2  1995   0.2   -0.2      0.0
  MONTH TO DATE    1.1                       7.1   -6.0      0.7
  SINCE MAR 1      2.0                      16.0  -14.0      0.7
  SINCE JUL 1     54.2                      72.7  -18.5     16.2
  SNOW DEPTH       0

DEGREE DAYS
 HEATING
  YESTERDAY       32                        37     -5       25
  MONTH TO DATE  978                      1262   -284      832
  SINCE MAR 1   2966                      2958      8     2474
  SINCE JUL 1  11761                     12237   -476     5265

 COOLING
  YESTERDAY        0                         0      0        0
  MONTH TO DATE    0                         0      0        0
  SINCE MAR 1      0                         0      0        0
  SINCE JAN 1      0                         0      0        0
..................................................................


WIND (MPH)
  HIGHEST GUST SPEED    20   HIGHEST GUST DIRECTION    SE (120)


SKY COVER
  AVERAGE SKY COVER 1.0


WEATHER CONDITIONS
 THE FOLLOWING WEATHER WAS RECORDED YESTERDAY.
  LIGHT SNOW
  FOG
  FOG W/VISIBILITY <= 1/4 MILE


RELATIVE HUMIDITY (PERCENT)
 HIGHEST   100
 LOWEST     92
 AVERAGE    96

..........................................................


THE NOME AK CLIMATE NORMALS FOR TODAY
                         NORMAL    RECORD    YEAR
 MAXIMUM TEMPERATURE (F)   35        48      1941
 MINIMUM TEMPERATURE (F)   22        -7      1982


SUNRISE AND SUNSET
APRIL 29 2017.........SUNRISE   637 AM AKDT  SUNSET  1125 PM AKDT
APRIL 30 2017.........SUNRISE   633 AM AKDT  SUNSET  1128 PM AKDT

-  INDICATES NEGATIVE NUMBERS.
R  INDICATES RECORD WAS SET OR TIED.
MM INDICATES DATA IS MISSING.
T  INDICATES TRACE AMOUNT.

&&

SNOW DEPTH IS MEASURED AT 3AM AKST/4AM AKDT.

----------------------------
AVAILABLE DAYLIGHT

AMOUNT OF DAYLIGHT TODAY  (HOUR:MIN)........16:48
GAIN/LOSS SINCE YESTERDAY (HOUR:MIN:SEC)....+0:06:50

NOME TIDAL INFORMATION FOR 29 APRIL 2017
0118  -0.4
0821  +1.2
1326  +0.4
1913  +1.2

$$
APR 17
