183
CDAK49 PAOM 252224
CLIOME

CLIMATE REPORT
NATIONAL WEATHER SERVICE NOME, AK
224 PM AKDT WED MAY 25 2016

...................................
...THE NOME WSO AP CLIMATE SUMMARY FOR MAY 25 2016...
VALID TODAY AS OF 2:00 PM LOCAL TIME

CLIMATE NORMAL PERIOD  1981 TO  2010
CLIMATE RECORD PERIOD  1906 TO  2016

WEATHER ITEM   OBSERVED TIME    RECORD YEAR NORMAL DEPARTURE LAST
               VALUE    (LST)   VALUE       VALUE  FROM      YEAR
                                                   NORMAL
...................................................................
TEMPERATURE
TODAY
 MAXIMUM            38  1131 AM    75  1969     47      -9     50
 MINIMUM            36  1246 PM    21  1976     34       2     38
 AVERAGE            37                          41      -4     44

PRECIPITATION
(INCHES)
 TODAY            0.31R          0.25  2001   0.03    0.28   0.00
 MONTH TO DATE    1.10                        0.69    0.41   1.40
 SINCE MAR 1      1.94                        2.10   -0.16   2.71
 SINCE JAN 1      2.97                        3.97   -1.00   4.35

SNOWFALL
(INCHES)
 TODAY             0.0            2.5  2001    0.0     0.0    0.0
 MONTH TO DATE       T                         2.1    -2.1      T
 SINCE MAR 1       6.6                        18.5   -11.9   16.4
 SINCE JUL 1      48.9                        75.2   -26.3   59.7
 SNOW DEPTH (IN)     0                                          0

DEGREE DAYS
 HEATING
  TODAY             28                          24       4     21
  MONTH TO DATE    614                         736    -122    652
  SINCE MAR 1     3171                        3767    -596   3759
  SINCE JUL 1    11408                       13049   -1641  11937

 COOLING
  TODAY              0                           0       0      0
  MONTH TO DATE      0                           0       0      0
  SINCE MAR 1        0                           0       0      0
  SINCE JAN 1        0                           0       0      0
...................................................................

WIND (MPH)
 HIGHEST WIND SPEED    13     HIGHEST WIND DIRECTION    200
 HIGHEST GUST SPEED    15     HIGHEST GUST DIRECTION    180
 AVERAGE WIND SPEED    MM

SKY COVER
  POSSIBLE SUNSHINE  MM            AVERAGE SKY COVER MM

WEATHER CONDITIONS
 THE FOLLOWING WEATHER WAS RECORDED TODAY.
FOG
RAIN


RELATIVE HUMIDITY
 HIGHEST RH     MM PERCENT       MM
 LOWEST  RH     MM PERCENT       MM
 AVERAGE RH     MM PERCENT       MM
...................................................................

THE NOME CLIMATE NORMALS FOR TOMORROW
                        NORMAL    RECORD   YEAR
 MAXIMUM TEMPERATURE      48        72     1997
 MINIMUM TEMPERATURE      34        19     1952

SUNRISE AND SUNSET
 MAY 25 2016..........SUNRISE  5:08 AM      SUNSET 12:53 AM
 MAY 26 2016..........SUNRISE  5:05 AM      SUNSET 12:56 AM

-  INDICATES NEGATIVE NUMBERS.
R  INDICATES RECORD HAS BEEN SET OR TIED.
MM INDICATES DATA IS MISSING.
T  INDICATES TRACE OF PRECIPITATION.

&&
-------------------------------------------------------------------

AMOUNT OF DAYLIGHT TODAY  (HOUR:MIN)........19 HOURS 45 MINUTES
GAIN/LOSS SINCE YESTERDAY (HOUR:MIN:SEC)....+0:06:22

$$
RWM MAY 16
