000
CDUS46 KOTX 300837
CLIOMK


CLIMATE REPORT
NATIONAL WEATHER SERVICE SPOKANE, WA
137 AM PDT SAT APR 30 2016


...................................

...THE OMAK WA AIRPORT CLIMATE SUMMARY FOR APRIL 29 2016...

CLIMATE NORMAL PERIOD 1981 TO 2010
CLIMATE RECORD PERIOD 9999 TO 9999


WEATHER ITEM   OBSERVED TIME   RECORD YEAR NORMAL DEPARTURE LAST
                VALUE   (LST)  VALUE       VALUE  FROM      YEAR
                                                  NORMAL
..................................................................
TEMPERATURE (F)
 YESTERDAY
  MAXIMUM         65    336 PM  85    1931  67     -2       69
  MINIMUM         51    702 AM  22    1972  39     12       44
  AVERAGE         58                        53      5       57

PRECIPITATION (IN)
  YESTERDAY        0.13          1.08 1948   0.04   0.09     0.00
  MONTH TO DATE    0.53                      1.01  -0.48     0.10
  SINCE OCT 1     11.74                     10.39   1.35     9.32
  SINCE JAN 1      6.38                      5.50   0.88     2.75

SNOWFALL (IN)
  YESTERDAY       MM

DEGREE DAYS
 HEATING
  YESTERDAY        7                        12     -5        8
  MONTH TO DATE  243                       438   -195      443
  SINCE MAR 1    863                      1167   -304      991
  SINCE JUL 1   5269                      6028   -759     5177

 COOLING
  YESTERDAY        0                         0      0        0
  MONTH TO DATE    5                         0      5        0
  SINCE MAR 1      5                         0      5        0
  SINCE JAN 1      5                         0      5        0
..................................................................


WIND (MPH)
  HIGHEST WIND SPEED    22   HIGHEST WIND DIRECTION     W (290)
  HIGHEST GUST SPEED    28   HIGHEST GUST DIRECTION     W (290)
  AVERAGE WIND SPEED     7.1


SKY COVER
  POSSIBLE SUNSHINE  MM
  AVERAGE SKY COVER 0.8


WEATHER CONDITIONS
 THE FOLLOWING WEATHER WAS RECORDED YESTERDAY.
  LIGHT RAIN
  FOG


RELATIVE HUMIDITY (PERCENT)
 HIGHEST    83           600 AM
 LOWEST     43           100 PM
 AVERAGE    63

..........................................................


THE OMAK WA AIRPORT CLIMATE NORMALS FOR TODAY
                         NORMAL    RECORD    YEAR
 MAXIMUM TEMPERATURE (F)   67        85      1957
 MINIMUM TEMPERATURE (F)   39        24      2013


SUNRISE AND SUNSET
APRIL 30 2016.........SUNRISE   539 AM PDT   SUNSET   812 PM PDT
MAY  1 2016...........SUNRISE   538 AM PDT   SUNSET   813 PM PDT


-  INDICATES NEGATIVE NUMBERS.
R  INDICATES RECORD WAS SET OR TIED.
MM INDICATES DATA IS MISSING.
T  INDICATES TRACE AMOUNT.




$$
