000
CDUS46 KOTX 230843
CLIOMK


CLIMATE REPORT
NATIONAL WEATHER SERVICE SPOKANE, WA
136 AM PDT THU OCT 23 2014


...................................

...THE OMAK WA AIRPORT CLIMATE SUMMARY FOR OCTOBER 22 2014...

CLIMATE NORMAL PERIOD 1981 TO 2010
CLIMATE RECORD PERIOD 9999 TO 9999


WEATHER ITEM   OBSERVED TIME   RECORD YEAR NORMAL DEPARTURE LAST
                VALUE   (LST)  VALUE       VALUE  FROM      YEAR
                                                  NORMAL
..................................................................
TEMPERATURE (F)
 YESTERDAY
  MAXIMUM         55   1013 PM  73    1939  58     -3       67
  MINIMUM         47    701 AM  19    1961  34     13       31
  AVERAGE         51                        46      5       49

PRECIPITATION (IN)
  YESTERDAY        0.86R         0.49 1931   0.05   0.81     0.00
  MONTH TO DATE    1.12                      0.67   0.45     0.05
  SINCE OCT 1      1.12                      0.67   0.45     0.05
  SINCE JAN 1      8.13                     10.27  -2.14     8.88

SNOWFALL (IN)
  YESTERDAY       MM

DEGREE DAYS
 HEATING
  YESTERDAY       14                        19     -5       16
  MONTH TO DATE  213                       309    -96      352
  SINCE SEP 1    297                       439   -142      485
  SINCE JUL 1    302                       470   -168      485

 COOLING
  YESTERDAY        0                         0      0        0
  MONTH TO DATE    3                         0      3        0
  SINCE SEP 1     49                        58     -9      128
  SINCE JAN 1    873                       664    209      814
..................................................................


WIND (MPH)
  HIGHEST WIND SPEED    17   HIGHEST WIND DIRECTION     S (190)
  HIGHEST GUST SPEED    23   HIGHEST GUST DIRECTION     S (190)
  AVERAGE WIND SPEED     6.9


SKY COVER
  POSSIBLE SUNSHINE  MM
  AVERAGE SKY COVER 0.9


WEATHER CONDITIONS
 THE FOLLOWING WEATHER WAS RECORDED YESTERDAY.
  RAIN
  LIGHT RAIN
  FOG


RELATIVE HUMIDITY (PERCENT)
 HIGHEST    96           700 PM
 LOWEST     68          1200 AM
 AVERAGE    82

..........................................................


THE OMAK WA AIRPORT CLIMATE NORMALS FOR TODAY
                         NORMAL    RECORD    YEAR
 MAXIMUM TEMPERATURE (F)   57        74      1944
 MINIMUM TEMPERATURE (F)   34        13      1945


SUNRISE AND SUNSET
OCTOBER 23 2014.......SUNRISE   730 AM PDT   SUNSET   554 PM PDT
OCTOBER 24 2014.......SUNRISE   732 AM PDT   SUNSET   552 PM PDT


-  INDICATES NEGATIVE NUMBERS.
R  INDICATES RECORD WAS SET OR TIED.
MM INDICATES DATA IS MISSING.
T  INDICATES TRACE AMOUNT.




$$
