000
CDUS46 KOTX 240847
CLIOMK


CLIMATE REPORT
NATIONAL WEATHER SERVICE SPOKANE, WA
147 AM PDT SUN SEP 24 2017


...................................

...THE OMAK WA AIRPORT CLIMATE SUMMARY FOR SEPTEMBER 23 2017...

CLIMATE NORMAL PERIOD 1981 TO 2010
CLIMATE RECORD PERIOD 9999 TO 9999


WEATHER ITEM   OBSERVED TIME   RECORD YEAR NORMAL DEPARTURE LAST
                VALUE   (LST)  VALUE       VALUE  FROM      YEAR
                                                  NORMAL
..................................................................
TEMPERATURE (F)
 YESTERDAY
  MAXIMUM         69    443 PM  90    2009  75     -6       66
  MINIMUM         45    532 AM  26    2008  45      0       44
  AVERAGE         57                        60     -3       55

PRECIPITATION (IN)
  YESTERDAY        0.00                      0.02  -0.02      T
  MONTH TO DATE    0.10                      0.42  -0.32      T
  SINCE OCT 1     16.97                     14.59   2.38    14.83
  SINCE JAN 1     10.49                      9.70   0.79     9.47

SNOWFALL (IN)
  YESTERDAY       MM

DEGREE DAYS
 HEATING
  YESTERDAY        8                         6      2       10
  MONTH TO DATE   96                        78     18       89
  SINCE SEP 1     96                        78     18       89
  SINCE JUL 1     96                       109    -13       97

 COOLING
  YESTERDAY        0                         1     -1        0
  MONTH TO DATE   93                        55     38       10
  SINCE SEP 1     93                        55     38       10
  SINCE JAN 1    885                       661    224      636
..................................................................


WIND (MPH)
  HIGHEST WIND SPEED    12   HIGHEST WIND DIRECTION    NW (300)
  HIGHEST GUST SPEED    14   HIGHEST GUST DIRECTION    NW (300)
  AVERAGE WIND SPEED     3.2


SKY COVER
  POSSIBLE SUNSHINE  MM
  AVERAGE SKY COVER 0.7


WEATHER CONDITIONS
 THE FOLLOWING WEATHER WAS RECORDED YESTERDAY.
  HAZE


RELATIVE HUMIDITY (PERCENT)
 HIGHEST    83           500 AM
 LOWEST     34           400 PM
 AVERAGE    59

..........................................................


THE OMAK WA AIRPORT CLIMATE NORMALS FOR TODAY
                         NORMAL    RECORD    YEAR
 MAXIMUM TEMPERATURE (F)   74        90      2011
 MINIMUM TEMPERATURE (F)   44        28      1958


SUNRISE AND SUNSET
SEPTEMBER 24 2017.....SUNRISE   648 AM PDT   SUNSET   651 PM PDT
SEPTEMBER 25 2017.....SUNRISE   649 AM PDT   SUNSET   649 PM PDT


-  INDICATES NEGATIVE NUMBERS.
R  INDICATES RECORD WAS SET OR TIED.
MM INDICATES DATA IS MISSING.
T  INDICATES TRACE AMOUNT.




$$
