000
CDUS46 KOTX 280821
CLIOMK


CLIMATE REPORT
NATIONAL WEATHER SERVICE SPOKANE, WA
120 AM PDT THU MAY 28 2015


...................................

...THE OMAK WA AIRPORT CLIMATE SUMMARY FOR MAY 27 2015...

CLIMATE NORMAL PERIOD 1981 TO 2010
CLIMATE RECORD PERIOD 9999 TO 9999


WEATHER ITEM   OBSERVED TIME   RECORD YEAR NORMAL DEPARTURE LAST
                VALUE   (LST)  VALUE       VALUE  FROM      YEAR
                                                  NORMAL
..................................................................
TEMPERATURE (F)
 YESTERDAY
  MAXIMUM         83    245 PM  96    1958  75      8       74
  MINIMUM         48    415 AM  29    1955  48      0       48
  AVERAGE         66                        61      5       61

PRECIPITATION (IN)
  YESTERDAY        0.00          1.75 1998   0.05  -0.05     0.00
  MONTH TO DATE    0.90                      1.11  -0.21     0.38
  SINCE OCT 1     10.22                     11.77  -1.55     5.71
  SINCE JAN 1      3.65                      6.32  -2.67     4.54

SNOWFALL (IN)
  YESTERDAY       MM

DEGREE DAYS
 HEATING
  YESTERDAY        0                         5     -5        4
  MONTH TO DATE  130                       217    -87      161
  SINCE MAR 1   1133                      1395   -262     1374
  SINCE JUL 1   5319                      6256   -937     6364

 COOLING
  YESTERDAY        1                         1      0        0
  MONTH TO DATE   27                        17     10       12
  SINCE MAR 1     27                        18      9       12
  SINCE JAN 1     27                        18      9       12
..................................................................


WIND (MPH)
  HIGHEST WIND SPEED    13   HIGHEST WIND DIRECTION     N (10)
  HIGHEST GUST SPEED    19   HIGHEST GUST DIRECTION     N (360)
  AVERAGE WIND SPEED     5.3


SKY COVER
  POSSIBLE SUNSHINE  MM
  AVERAGE SKY COVER 0.1


WEATHER CONDITIONS
 THE FOLLOWING WEATHER WAS RECORDED YESTERDAY.
  NO SIGNIFICANT WEATHER WAS OBSERVED.


RELATIVE HUMIDITY (PERCENT)
 HIGHEST    89           500 AM
 LOWEST     26           200 PM
 AVERAGE    58

..........................................................


THE OMAK WA AIRPORT CLIMATE NORMALS FOR TODAY
                         NORMAL    RECORD    YEAR
 MAXIMUM TEMPERATURE (F)   75        98      1934
 MINIMUM TEMPERATURE (F)   48        32      1977


SUNRISE AND SUNSET
MAY 28 2015...........SUNRISE   504 AM PDT   SUNSET   847 PM PDT
MAY 29 2015...........SUNRISE   503 AM PDT   SUNSET   848 PM PDT


-  INDICATES NEGATIVE NUMBERS.
R  INDICATES RECORD WAS SET OR TIED.
MM INDICATES DATA IS MISSING.
T  INDICATES TRACE AMOUNT.




$$
