000
CDUS46 KOTX 240825
CLIOMK


CLIMATE REPORT
NATIONAL WEATHER SERVICE SPOKANE, WA
125 AM PDT WED MAY 24 2017


...................................

...THE OMAK WA AIRPORT CLIMATE SUMMARY FOR MAY 23 2017...

CLIMATE NORMAL PERIOD 1981 TO 2010
CLIMATE RECORD PERIOD 9999 TO 9999


WEATHER ITEM   OBSERVED TIME   RECORD YEAR NORMAL DEPARTURE LAST
                VALUE   (LST)  VALUE       VALUE  FROM      YEAR
                                                  NORMAL
..................................................................
TEMPERATURE (F)
 YESTERDAY
  MAXIMUM         88    353 PM  96    2001  74     14       68
  MINIMUM         52    451 AM  29    1964  47      5       52
  AVERAGE         70                        60     10       60

PRECIPITATION (IN)
  YESTERDAY        0.00                      0.03  -0.03      T
  MONTH TO DATE    1.45                      0.91   0.54     0.69
  SINCE OCT 1     16.53                     11.33   5.20    12.43
  SINCE JAN 1     10.05                      6.44   3.61     7.07

SNOWFALL (IN)
  YESTERDAY       MM

DEGREE DAYS
 HEATING
  YESTERDAY        0                         6     -6        5
  MONTH TO DATE  188                       197     -9       83
  SINCE MAR 1   1451                      1375     76      952
  SINCE JUL 1   6386                      6236    150     5358

 COOLING
  YESTERDAY        5                         1      4        0
  MONTH TO DATE   13                        13      0       18
  SINCE MAR 1     13                        14     -1       23
  SINCE JAN 1     13                        14     -1       23
..................................................................


WIND (MPH)
  HIGHEST WIND SPEED    26   HIGHEST WIND DIRECTION     W (250)
  HIGHEST GUST SPEED    37   HIGHEST GUST DIRECTION     W (270)
  AVERAGE WIND SPEED     9.2


SKY COVER
  POSSIBLE SUNSHINE  MM
  AVERAGE SKY COVER 0.0


WEATHER CONDITIONS
 THE FOLLOWING WEATHER WAS RECORDED YESTERDAY.
  NO SIGNIFICANT WEATHER WAS OBSERVED.


RELATIVE HUMIDITY (PERCENT)
 HIGHEST    71           400 AM
 LOWEST     15           600 PM
 AVERAGE    43

..........................................................


THE OMAK WA AIRPORT CLIMATE NORMALS FOR TODAY
                         NORMAL    RECORD    YEAR
 MAXIMUM TEMPERATURE (F)   74        94      1958
 MINIMUM TEMPERATURE (F)   47        31      2010


SUNRISE AND SUNSET
MAY 24 2017...........SUNRISE   507 AM PDT   SUNSET   843 PM PDT
MAY 25 2017...........SUNRISE   506 AM PDT   SUNSET   845 PM PDT


-  INDICATES NEGATIVE NUMBERS.
R  INDICATES RECORD WAS SET OR TIED.
MM INDICATES DATA IS MISSING.
T  INDICATES TRACE AMOUNT.




$$
