000
CDUS46 KOTX 220824
CLIOMK


CLIMATE REPORT
NATIONAL WEATHER SERVICE SPOKANE, WA
120 AM PDT TUE JUL 22 2014


...................................

...THE OMAK WA AIRPORT CLIMATE SUMMARY FOR JULY 21 2014...

CLIMATE NORMAL PERIOD 1981 TO 2010
CLIMATE RECORD PERIOD 9999 TO 9999


WEATHER ITEM   OBSERVED TIME   RECORD YEAR NORMAL DEPARTURE LAST
                VALUE   (LST)  VALUE       VALUE  FROM      YEAR
                                                  NORMAL
..................................................................
TEMPERATURE (F)
 YESTERDAY
  MAXIMUM         86    325 PM 105    1938  90     -4       98
  MINIMUM         61    438 AM  44    1954  59      2       63
  AVERAGE         74                        74      0       81

PRECIPITATION (IN)
  YESTERDAY        0.00        0.29   1965  0.02  -0.02     0.00
  MONTH TO DATE    0.08                     0.59  -0.51     0.26
  SINCE OCT 1      6.47                    13.79  -7.32    13.09
  SINCE JAN 1      5.30                     8.34  -3.04     6.10

SNOWFALL (IN)
  YESTERDAY       MM            MM     MM    MM     MM       MM
  MONTH TO DATE   MM                         MM     MM       MM
  SINCE JUN 1     MM                         MM     MM       MM
  SINCE JUL 1     MM                         MM     MM       MM
  SNOW DEPTH      MM

DEGREE DAYS
 HEATING
  YESTERDAY        0                         0      0        0
  MONTH TO DATE    0                        11    -11        0
  SINCE JUN 1     38                        80    -42       67
  SINCE JUL 1      0                        11    -11        0

 COOLING
  YESTERDAY        9                         9      0       16
  MONTH TO DATE  303                       153    150      215
  SINCE JUN 1    368                       237    131      280
  SINCE JAN 1    382                       260    122      303
..................................................................


WIND (MPH)
  HIGHEST WIND SPEED    17   HIGHEST WIND DIRECTION    SE (150)
  HIGHEST GUST SPEED    24   HIGHEST GUST DIRECTION    SE (140)
  AVERAGE WIND SPEED     9.1


SKY COVER
  POSSIBLE SUNSHINE  MM
  AVERAGE SKY COVER 0.1


WEATHER CONDITIONS
 THE FOLLOWING WEATHER WAS RECORDED YESTERDAY.
  NO SIGNIFICANT WEATHER WAS OBSERVED.


RELATIVE HUMIDITY (PERCENT)
 HIGHEST    48           300 AM
 LOWEST     19           200 PM
 AVERAGE    34

..........................................................


THE OMAK WA AIRPORT CLIMATE NORMALS FOR TODAY
                         NORMAL    RECORD    YEAR
 MAXIMUM TEMPERATURE (F)   90       108      2006
 MINIMUM TEMPERATURE (F)   59        40      1945


SUNRISE AND SUNSET
JULY 22 2014..........SUNRISE   520 AM PDT   SUNSET   848 PM PDT
JULY 23 2014..........SUNRISE   521 AM PDT   SUNSET   847 PM PDT


-  INDICATES NEGATIVE NUMBERS.
R  INDICATES RECORD WAS SET OR TIED.
MM INDICATES DATA IS MISSING.
T  INDICATES TRACE AMOUNT.

$$
