000
CDUS45 KBOI 230931
CLIONO


CLIMATE REPORT
NATIONAL WEATHER SERVICE BOISE ID
330 AM MDT SAT MAY 23 2015


...................................

...THE ONTARIO OR CLIMATE SUMMARY FOR MAY 22 2015...

CLIMATE NORMAL PERIOD 1981 TO 2010
CLIMATE RECORD PERIOD 1948 TO 2015


WEATHER ITEM   OBSERVED TIME   RECORD YEAR NORMAL DEPARTURE LAST
                VALUE   (LST)  VALUE       VALUE  FROM      YEAR
                                                  NORMAL
..................................................................
TEMPERATURE (F)
 YESTERDAY
  MAXIMUM         77    550 PM  95    1967  77      0       87
  MINIMUM         51    419 AM  26    1960  46      5       46
  AVERAGE         64                        61      3       67

PRECIPITATION (IN)
  YESTERDAY        0.10          1.56 1998   0.04   0.06     0.00
  MONTH TO DATE    1.59                      0.89   0.70     0.42
  SINCE OCT 1      8.45                      8.09   0.36     6.24
  SINCE JAN 1      3.99                      4.68  -0.69     4.73

DEGREE DAYS
 HEATING
  YESTERDAY        1                         5     -4        0
  MONTH TO DATE   86                       170    -84      117
  SINCE MAR 1    996                      1281   -285     1108
  SINCE JUL 1   4790                      5911  -1121     5864

 COOLING
  YESTERDAY        0                         1     -1        2
  MONTH TO DATE    1                        17    -16       22
  SINCE MAR 1      1                        18    -17       22
  SINCE JAN 1      1                        18    -17       22
..................................................................


WIND (MPH)
  HIGHEST WIND SPEED    22   HIGHEST WIND DIRECTION    NW (310)
  HIGHEST GUST SPEED    27   HIGHEST GUST DIRECTION    NW (310)
  AVERAGE WIND SPEED     5.0


SKY COVER
  AVERAGE SKY COVER 0.5


WEATHER CONDITIONS
 THE FOLLOWING WEATHER WAS RECORDED YESTERDAY.
  THUNDERSTORM
  LIGHT RAIN
  FOG


RELATIVE HUMIDITY (PERCENT)
 HIGHEST    89           400 AM
 LOWEST     33           600 PM
 AVERAGE    61

..........................................................


THE ONTARIO OR CLIMATE NORMALS FOR TODAY
                         NORMAL    RECORD    YEAR
 MAXIMUM TEMPERATURE (F)   77        94      1969
 MINIMUM TEMPERATURE (F)   47        27      1966


SUNRISE AND SUNSET
MAY 23 2015...........SUNRISE   614 AM MDT   SUNSET   916 PM MDT
MAY 24 2015...........SUNRISE   614 AM MDT   SUNSET   917 PM MDT


-  INDICATES NEGATIVE NUMBERS.
R  INDICATES RECORD WAS SET OR TIED.
MM INDICATES DATA IS MISSING.
T  INDICATES TRACE AMOUNT.




$$
