327
CDUS45 KBOI 060931
CLIONO


CLIMATE REPORT
NATIONAL WEATHER SERVICE BOISE ID
231 AM MST TUE DEC 6 2016


...................................

...THE ONTARIO OR CLIMATE SUMMARY FOR DECEMBER 5 2016...

CLIMATE NORMAL PERIOD 1981 TO 2010
CLIMATE RECORD PERIOD 1948 TO 2016


WEATHER ITEM   OBSERVED TIME   RECORD YEAR NORMAL DEPARTURE LAST
                VALUE   (LST)  VALUE       VALUE  FROM      YEAR
                                                  NORMAL
..................................................................
TEMPERATURE (F)
 YESTERDAY
  MAXIMUM         38    339 PM  60    2012  38      0       48
  MINIMUM         18    838 AM -11    1992  21     -3       21
  AVERAGE         28                        30     -2       35

PRECIPITATION (IN)
  YESTERDAY        0.00          0.74 1996   0.05  -0.05     0.00
  MONTH TO DATE    T                         0.24  -0.24     0.02
  SINCE OCT 1      1.37                      1.97  -0.60     1.92
  SINCE JAN 1      3.99                      8.62  -4.63     7.16

DEGREE DAYS
 HEATING
  YESTERDAY       37                        35      2       30
  MONTH TO DATE  156                       173    -17      179
  SINCE DEC 1    156                       173    -17      179
  SINCE JUL 1   1247                      1601   -354     1304

 COOLING
  YESTERDAY        0                         0      0        0
  MONTH TO DATE    0                         0      0        0
  SINCE DEC 1      0                         0      0        0
  SINCE JAN 1    976                       852    124     1171
..................................................................


WIND (MPH)
  HIGHEST WIND SPEED    14   HIGHEST WIND DIRECTION     W (250)
  HIGHEST GUST SPEED    16   HIGHEST GUST DIRECTION     W (290)
  AVERAGE WIND SPEED     4.2


SKY COVER
  AVERAGE SKY COVER 0.2


WEATHER CONDITIONS
 THE FOLLOWING WEATHER WAS RECORDED YESTERDAY.
  NO SIGNIFICANT WEATHER WAS OBSERVED.


RELATIVE HUMIDITY (PERCENT)
 HIGHEST    77           700 AM
 LOWEST     44           300 PM
 AVERAGE    61

..........................................................


THE ONTARIO OR CLIMATE NORMALS FOR TODAY
                         NORMAL    RECORD    YEAR
 MAXIMUM TEMPERATURE (F)   38        63      1987
 MINIMUM TEMPERATURE (F)   21        -5      1992


SUNRISE AND SUNSET
DECEMBER  6 2016......SUNRISE   809 AM MST   SUNSET   510 PM MST
DECEMBER  7 2016......SUNRISE   810 AM MST   SUNSET   510 PM MST


-  INDICATES NEGATIVE NUMBERS.
R  INDICATES RECORD WAS SET OR TIED.
MM INDICATES DATA IS MISSING.
T  INDICATES TRACE AMOUNT.




$$
