000
CDUS45 KBOI 050932
CLIONO


CLIMATE REPORT
NATIONAL WEATHER SERVICE BOISE ID
331 AM MDT WED AUG 5 2015


...................................

...THE ONTARIO OR CLIMATE SUMMARY FOR AUGUST 4 2015...

CLIMATE NORMAL PERIOD 1981 TO 2010
CLIMATE RECORD PERIOD 1948 TO 2015


WEATHER ITEM   OBSERVED TIME   RECORD YEAR NORMAL DEPARTURE LAST
                VALUE   (LST)  VALUE       VALUE  FROM      YEAR
                                                  NORMAL
..................................................................
TEMPERATURE (F)
 YESTERDAY
  MAXIMUM         93    531 PM 113    1961  95     -2       91
  MINIMUM         60    621 AM  46    1980  58      2       69
  AVERAGE         77                        77      0       80

PRECIPITATION (IN)
  YESTERDAY        0.01          0.19 1962   0.01   0.00     0.02
  MONTH TO DATE    0.01                      0.02  -0.01     0.02
  SINCE OCT 1      9.24                      9.49  -0.25     6.54
  SINCE JAN 1      4.78                      6.08  -1.30     5.03

DEGREE DAYS
 HEATING
  YESTERDAY        0                         0      0        0
  MONTH TO DATE    0                         0      0        0
  SINCE JUN 1      3                        57    -54       28
  SINCE JUL 1      2                         5     -3        0

 COOLING
  YESTERDAY       12                        12      0       15
  MONTH TO DATE   67                        48     19       61
  SINCE JUN 1    797                       535    262      714
  SINCE JAN 1    830                       571    259      762
..................................................................


WIND (MPH)
  HIGHEST WIND SPEED    33   HIGHEST WIND DIRECTION     W (270)
  HIGHEST GUST SPEED    44   HIGHEST GUST DIRECTION     W (280)
  AVERAGE WIND SPEED     5.5


SKY COVER
  AVERAGE SKY COVER 0.1


WEATHER CONDITIONS
 THE FOLLOWING WEATHER WAS RECORDED YESTERDAY.
  LIGHT RAIN
  HAZE


RELATIVE HUMIDITY (PERCENT)
 HIGHEST    84           500 AM
 LOWEST     22           400 PM
 AVERAGE    53

..........................................................


THE ONTARIO OR CLIMATE NORMALS FOR TODAY
                         NORMAL    RECORD    YEAR
 MAXIMUM TEMPERATURE (F)   95       110      1961
 MINIMUM TEMPERATURE (F)   58        45      1980


SUNRISE AND SUNSET
AUGUST  5 2015........SUNRISE   640 AM MDT   SUNSET   907 PM MDT
AUGUST  6 2015........SUNRISE   642 AM MDT   SUNSET   906 PM MDT


-  INDICATES NEGATIVE NUMBERS.
R  INDICATES RECORD WAS SET OR TIED.
MM INDICATES DATA IS MISSING.
T  INDICATES TRACE AMOUNT.




$$
