000
CDUS45 KBOI 270945
CLIONO


CLIMATE REPORT
NATIONAL WEATHER SERVICE BOISE ID
245 AM MST THU NOV 27 2014


...................................

...THE ONTARIO OR CLIMATE SUMMARY FOR NOVEMBER 26 2014...

CLIMATE NORMAL PERIOD 1981 TO 2010
CLIMATE RECORD PERIOD 1948 TO 2014


WEATHER ITEM   OBSERVED TIME   RECORD YEAR NORMAL DEPARTURE LAST
                VALUE   (LST)  VALUE       VALUE  FROM      YEAR
                                                  NORMAL
..................................................................
TEMPERATURE (F)
 YESTERDAY
  MAXIMUM         54    342 PM  61    1998  42     12       44
  MINIMUM         33    813 AM  -4    1993  24      9       20
  AVERAGE         44                        33     11       32

PRECIPITATION (IN)
  YESTERDAY        0.00          0.70 1971   0.04  -0.04     0.00
  MONTH TO DATE    1.32                      0.94   0.38     0.80
  SINCE OCT 1      1.85                      1.57   0.28     1.06
  SINCE JAN 1      7.81                      8.22  -0.41     4.83

DEGREE DAYS
 HEATING
  YESTERDAY       21                        32    -11       33
  MONTH TO DATE  834                       703    131      691
  SINCE SEP 1   1181                      1280    -99     1269
  SINCE JUL 1   1182                      1296   -114     1269

 COOLING
  YESTERDAY        0                         0      0        0
  MONTH TO DATE    0                         0      0        0
  SINCE SEP 1     91                        59     32      127
  SINCE JAN 1   1088                       852    236     1299
..................................................................


WIND (MPH)
  HIGHEST WIND SPEED     9   HIGHEST WIND DIRECTION    NE (30)
  HIGHEST GUST SPEED    10   HIGHEST GUST DIRECTION    NE (30)
  AVERAGE WIND SPEED     3.5


SKY COVER
  AVERAGE SKY COVER 0.0


WEATHER CONDITIONS
 THE FOLLOWING WEATHER WAS RECORDED YESTERDAY.
  FOG
  HAZE


RELATIVE HUMIDITY (PERCENT)
 HIGHEST    96           800 AM
 LOWEST     59           200 PM
 AVERAGE    78

..........................................................


THE ONTARIO OR CLIMATE NORMALS FOR TODAY
                         NORMAL    RECORD    YEAR
 MAXIMUM TEMPERATURE (F)   42        71      1949
 MINIMUM TEMPERATURE (F)   23        -2      1993


SUNRISE AND SUNSET
NOVEMBER 27 2014......SUNRISE   758 AM MST   SUNSET   513 PM MST
NOVEMBER 28 2014......SUNRISE   759 AM MST   SUNSET   512 PM MST


-  INDICATES NEGATIVE NUMBERS.
R  INDICATES RECORD WAS SET OR TIED.
MM INDICATES DATA IS MISSING.
T  INDICATES TRACE AMOUNT.




$$
