000
CDUS45 KBOI 240933
CLIONO


CLIMATE REPORT
NATIONAL WEATHER SERVICE BOISE ID
332 AM MDT THU JUL 24 2014


...................................

...THE ONTARIO OR CLIMATE SUMMARY FOR JULY 23 2014...

CLIMATE NORMAL PERIOD 1981 TO 2010
CLIMATE RECORD PERIOD 1948 TO 2014


WEATHER ITEM   OBSERVED TIME   RECORD YEAR NORMAL DEPARTURE LAST
                VALUE   (LST)  VALUE       VALUE  FROM      YEAR
                                                  NORMAL
..................................................................
TEMPERATURE (F)
 YESTERDAY
  MAXIMUM         93    534 PM 111    2003  96     -3      102
  MINIMUM         61    604 AM  44    1972  59      2       57
  AVERAGE         77                        77      0       80

PRECIPITATION (IN)
  YESTERDAY        0.01          0.11 1983   0.01   0.00     0.00
  MONTH TO DATE    0.01                      0.26  -0.25     0.00
  SINCE OCT 1      6.52                      9.43  -2.91     5.55
  SINCE JAN 1      5.01                      6.02  -1.01     2.61

DEGREE DAYS
 HEATING
  YESTERDAY        0                         0      0        0
  MONTH TO DATE    0                         0      0        0
  SINCE JUN 1     28                        52    -24       39
  SINCE JUL 1      0                         0      0        0

 COOLING
  YESTERDAY       12                        13     -1       15
  MONTH TO DATE  395                       247    148      382
  SINCE JUN 1    552                       386    166      586
  SINCE JAN 1    600                       422    178      633
..................................................................


WIND (MPH)
  HIGHEST WIND SPEED    28   HIGHEST WIND DIRECTION    NW (310)
  HIGHEST GUST SPEED    36   HIGHEST GUST DIRECTION    NW (310)
  AVERAGE WIND SPEED     8.7


SKY COVER
  AVERAGE SKY COVER 0.1


WEATHER CONDITIONS
 THE FOLLOWING WEATHER WAS RECORDED YESTERDAY.
  THUNDERSTORM
  LIGHT RAIN


RELATIVE HUMIDITY (PERCENT)
 HIGHEST    84           300 AM
 LOWEST     17           800 PM
 AVERAGE    51

..........................................................


THE ONTARIO OR CLIMATE NORMALS FOR TODAY
                         NORMAL    RECORD    YEAR
 MAXIMUM TEMPERATURE (F)   96       110      2003
 MINIMUM TEMPERATURE (F)   59        45      1970


SUNRISE AND SUNSET
JULY 24 2014..........SUNRISE   628 AM MDT   SUNSET   921 PM MDT
JULY 25 2014..........SUNRISE   629 AM MDT   SUNSET   920 PM MDT


-  INDICATES NEGATIVE NUMBERS.
R  INDICATES RECORD WAS SET OR TIED.
MM INDICATES DATA IS MISSING.
T  INDICATES TRACE AMOUNT.




$$
