000
CDUS45 KBOI 050932
CLIONO


CLIMATE REPORT
NATIONAL WEATHER SERVICE BOISE ID
331 AM MDT SAT SEP 5 2015


...................................

...THE ONTARIO OR CLIMATE SUMMARY FOR SEPTEMBER 4 2015...

CLIMATE NORMAL PERIOD 1981 TO 2010
CLIMATE RECORD PERIOD 1948 TO 2015


WEATHER ITEM   OBSERVED TIME   RECORD YEAR NORMAL DEPARTURE LAST
                VALUE   (LST)  VALUE       VALUE  FROM      YEAR
                                                  NORMAL
..................................................................
TEMPERATURE (F)
 YESTERDAY
  MAXIMUM         75    222 PM 101    1998  86    -11       78
  MINIMUM         45    648 AM  34    1980  49     -4       45
  AVERAGE         60                        67     -7       62

PRECIPITATION (IN)
  YESTERDAY        0.02          0.56 1970   0.01   0.01     0.00
  MONTH TO DATE    0.09                      0.04   0.05     0.00
  SINCE OCT 1      9.34                      9.69  -0.35     7.05
  SINCE JAN 1      4.88                      6.28  -1.40     5.54

DEGREE DAYS
 HEATING
  YESTERDAY        5                         1      4        3
  MONTH TO DATE    8                         4      4        3
  SINCE SEP 1      8                         4      4        3
  SINCE JUL 1     10                        20    -10        4

 COOLING
  YESTERDAY        0                         4     -4        0
  MONTH TO DATE   10                        16     -6        3
  SINCE SEP 1     10                        16     -6        3
  SINCE JAN 1   1114                       809    305     1000
..................................................................


WIND (MPH)
  HIGHEST WIND SPEED    38   HIGHEST WIND DIRECTION    SW (240)
  HIGHEST GUST SPEED    46   HIGHEST GUST DIRECTION    SW (240)
  AVERAGE WIND SPEED     7.5


SKY COVER
  AVERAGE SKY COVER 0.3


WEATHER CONDITIONS
 THE FOLLOWING WEATHER WAS RECORDED YESTERDAY.
  HAZE


RELATIVE HUMIDITY (PERCENT)
 HIGHEST    77           900 PM
 LOWEST     19           300 PM
 AVERAGE    48

..........................................................


THE ONTARIO OR CLIMATE NORMALS FOR TODAY
                         NORMAL    RECORD    YEAR
 MAXIMUM TEMPERATURE (F)   85       100      1966
 MINIMUM TEMPERATURE (F)   49        36      1956


SUNRISE AND SUNSET
SEPTEMBER  5 2015.....SUNRISE   716 AM MDT   SUNSET   817 PM MDT
SEPTEMBER  6 2015.....SUNRISE   717 AM MDT   SUNSET   815 PM MDT


-  INDICATES NEGATIVE NUMBERS.
R  INDICATES RECORD WAS SET OR TIED.
MM INDICATES DATA IS MISSING.
T  INDICATES TRACE AMOUNT.




$$
