000
CDUS45 KBOI 010932
CLIONO


CLIMATE REPORT
NATIONAL WEATHER SERVICE BOISE ID
232 AM MST SUN FEB 1 2015


...................................

...THE ONTARIO OR CLIMATE SUMMARY FOR JANUARY 31 2015...

CLIMATE NORMAL PERIOD 1981 TO 2010
CLIMATE RECORD PERIOD 1948 TO 2015


WEATHER ITEM   OBSERVED TIME   RECORD YEAR NORMAL DEPARTURE LAST
                VALUE   (LST)  VALUE       VALUE  FROM      YEAR
                                                  NORMAL
..................................................................
TEMPERATURE (F)
 YESTERDAY
  MAXIMUM         53    341 PM  57    1953  38     15       36
  MINIMUM         20    739 AM -19    1979  21     -1       20
  AVERAGE         37                        29      8       28

PRECIPITATION (IN)
  YESTERDAY        0.00          0.72 1963   0.03  -0.03     0.00
  MONTH TO DATE    0.56                      1.18  -0.62     0.64
  SINCE OCT 1      5.02                      4.59   0.43     2.15
  SINCE JAN 1      0.56                      1.18  -0.62     0.64

DEGREE DAYS
 HEATING
  YESTERDAY       28                        36     -8       37
  MONTH TO DATE 1033                      1163   -130     1155
  SINCE DEC 1   1914                      2315   -401     2552
  SINCE JUL 1   3195                      3743   -548     3947

 COOLING
  YESTERDAY        0                         0      0        0
  MONTH TO DATE    0                         0      0        0
  SINCE DEC 1      0                         0      0        0
  SINCE JAN 1      0                         0      0        0
..................................................................


WIND (MPH)
  HIGHEST WIND SPEED     7   HIGHEST WIND DIRECTION    SW (220)
  HIGHEST GUST SPEED    24   HIGHEST GUST DIRECTION    NE (30)
  AVERAGE WIND SPEED     1.9


SKY COVER
  AVERAGE SKY COVER 0.1


WEATHER CONDITIONS
 THE FOLLOWING WEATHER WAS RECORDED YESTERDAY.
  FOG
  FOG W/VISIBILITY <= 1/4 MILE


RELATIVE HUMIDITY (PERCENT)
 HIGHEST    92          1200 AM
 LOWEST     50           400 PM
 AVERAGE    71

..........................................................


THE ONTARIO OR CLIMATE NORMALS FOR TODAY
                         NORMAL    RECORD    YEAR
 MAXIMUM TEMPERATURE (F)   38        63      2003
 MINIMUM TEMPERATURE (F)   21       -11      1950


SUNRISE AND SUNSET
FEBRUARY  1 2015......SUNRISE   806 AM MST   SUNSET   558 PM MST
FEBRUARY  2 2015......SUNRISE   804 AM MST   SUNSET   600 PM MST


-  INDICATES NEGATIVE NUMBERS.
R  INDICATES RECORD WAS SET OR TIED.
MM INDICATES DATA IS MISSING.
T  INDICATES TRACE AMOUNT.




$$
