000
CDUS45 KBOI 060931
CLIONO


CLIMATE REPORT
NATIONAL WEATHER SERVICE BOISE ID
230 AM MST SAT FEB 6 2016


...................................

...THE ONTARIO OR CLIMATE SUMMARY FOR FEBRUARY 5 2016...

CLIMATE NORMAL PERIOD 1981 TO 2010
CLIMATE RECORD PERIOD 1948 TO 2016


WEATHER ITEM   OBSERVED TIME   RECORD YEAR NORMAL DEPARTURE LAST
                VALUE   (LST)  VALUE       VALUE  FROM      YEAR
                                                  NORMAL
..................................................................
TEMPERATURE (F)
 YESTERDAY
  MAXIMUM         34    735 PM  62    1963  39     -5       46
  MINIMUM         24    848 AM -21    1989  21      3       38
  AVERAGE         29                        30     -1       42

PRECIPITATION (IN)
  YESTERDAY        0.00          0.26 1953   0.03  -0.03     0.00
  MONTH TO DATE    0.09                      0.14  -0.05     0.49
  SINCE OCT 1      5.59                      4.73   0.86     5.51
  SINCE JAN 1      0.84                      1.32  -0.48     1.05

DEGREE DAYS
 HEATING
  YESTERDAY       36                        35      1       23
  MONTH TO DATE  172                       175     -3      125
  SINCE DEC 1   2297                      2490   -193     2039
  SINCE JUL 1   3422                      3918   -496     3320

 COOLING
  YESTERDAY        0                         0      0        0
  MONTH TO DATE    0                         0      0        0
  SINCE DEC 1      0                         0      0        0
  SINCE JAN 1      0                         0      0        0
..................................................................


WIND (MPH)
  HIGHEST WIND SPEED    12   HIGHEST WIND DIRECTION     W (250)
  HIGHEST GUST SPEED    13   HIGHEST GUST DIRECTION    SW (240)
  AVERAGE WIND SPEED     4.5


SKY COVER
  AVERAGE SKY COVER 0.9


WEATHER CONDITIONS
 THE FOLLOWING WEATHER WAS RECORDED YESTERDAY.
  FOG
  FOG W/VISIBILITY <= 1/4 MILE


RELATIVE HUMIDITY (PERCENT)
 HIGHEST   100           500 AM
 LOWEST     85           100 AM
 AVERAGE    93

..........................................................


THE ONTARIO OR CLIMATE NORMALS FOR TODAY
                         NORMAL    RECORD    YEAR
 MAXIMUM TEMPERATURE (F)   40        63      2015
 MINIMUM TEMPERATURE (F)   22       -23      1989


SUNRISE AND SUNSET
FEBRUARY  6 2016......SUNRISE   800 AM MST   SUNSET   605 PM MST
FEBRUARY  7 2016......SUNRISE   759 AM MST   SUNSET   606 PM MST


-  INDICATES NEGATIVE NUMBERS.
R  INDICATES RECORD WAS SET OR TIED.
MM INDICATES DATA IS MISSING.
T  INDICATES TRACE AMOUNT.




$$
