000
CDUS45 KBOI 200934
CLIONO


CLIMATE REPORT
NATIONAL WEATHER SERVICE BOISE ID
234 AM MST MON FEB 20 2017


...................................

...THE ONTARIO OR CLIMATE SUMMARY FOR FEBRUARY 19 2017...

CLIMATE NORMAL PERIOD 1981 TO 2010
CLIMATE RECORD PERIOD 1948 TO 2017


WEATHER ITEM   OBSERVED TIME   RECORD YEAR NORMAL DEPARTURE LAST
                VALUE   (LST)  VALUE       VALUE  FROM      YEAR
                                                  NORMAL
..................................................................
TEMPERATURE (F)
 YESTERDAY
  MAXIMUM         44    448 PM  62    1996  45     -1       59
  MINIMUM         31    749 AM   8    2006  24      7       37
  AVERAGE         38                        35      3       48

PRECIPITATION (IN)
  YESTERDAY        0.09          0.41 1959   0.03   0.06     0.04
  MONTH TO DATE    1.36                      0.52   0.84     0.27
  SINCE OCT 1      7.99                      5.11   2.88     5.77
  SINCE JAN 1      4.67                      1.70   2.97     1.02

DEGREE DAYS
 HEATING
  YESTERDAY       27                        30     -3       17
  MONTH TO DATE  629                       629      0      504
  SINCE DEC 1   3493                      2944    549     2629
  SINCE JUL 1   4584                      4372    212     3754

 COOLING
  YESTERDAY        0                         0      0        0
  MONTH TO DATE    0                         0      0        0
  SINCE DEC 1      0                         0      0        0
  SINCE JAN 1      0                         0      0        0
..................................................................


WIND (MPH)
  HIGHEST WIND SPEED    18   HIGHEST WIND DIRECTION     W (250)
  HIGHEST GUST SPEED    22   HIGHEST GUST DIRECTION     W (250)
  AVERAGE WIND SPEED     3.0


SKY COVER
  AVERAGE SKY COVER 0.9


WEATHER CONDITIONS
 THE FOLLOWING WEATHER WAS RECORDED YESTERDAY.
  LIGHT RAIN
  FOG
  FOG W/VISIBILITY <= 1/4 MILE


RELATIVE HUMIDITY (PERCENT)
 HIGHEST   100           400 AM
 LOWEST     76           400 PM
 AVERAGE    88

..........................................................


THE ONTARIO OR CLIMATE NORMALS FOR TODAY
                         NORMAL    RECORD    YEAR
 MAXIMUM TEMPERATURE (F)   46        64      1995
 MINIMUM TEMPERATURE (F)   24         8      2006


SUNRISE AND SUNSET
FEBRUARY 20 2017......SUNRISE   739 AM MST   SUNSET   625 PM MST
FEBRUARY 21 2017......SUNRISE   738 AM MST   SUNSET   626 PM MST


-  INDICATES NEGATIVE NUMBERS.
R  INDICATES RECORD WAS SET OR TIED.
MM INDICATES DATA IS MISSING.
T  INDICATES TRACE AMOUNT.




$$
