390
CDUS46 KSGX 230025
CLIONT


CLIMATE REPORT
NATIONAL WEATHER SERVICE SAN DIEGO, CA
425 PM PST WED FEB 22 2017


...................................

...THE ONTARIO INTL AIRPORT CA CLIMATE SUMMARY FOR FEBRUARY 22 2017...
VALID TODAY AS OF 0400 PM LOCAL TIME.

CLIMATE NORMAL PERIOD 1981 TO 2010
CLIMATE RECORD PERIOD 1998 TO 2017


WEATHER ITEM   OBSERVED TIME   RECORD YEAR NORMAL DEPARTURE LAST
                VALUE   (LST)  VALUE       VALUE  FROM      YEAR
                                                  NORMAL
..................................................................
TEMPERATURE (F)
 TODAY
  MAXIMUM         62    212 PM  89    2002  67     -5       84
  MINIMUM         51    605 AM  37    2006  46      5       46
  AVERAGE         57                        56      1       65

PRECIPITATION (IN)
  TODAY            0.00          1.47 2004   0.14  -0.14     0.00
  MONTH TO DATE    2.20                      2.68  -0.48     0.43
  SINCE OCT 1     14.46                     10.16   4.30     4.74
  SINCE JAN 1      9.58                      5.99   3.59     2.62

DEGREE DAYS
 HEATING
  TODAY            8                         9     -1        0
  MONTH TO DATE  163                       215    -52      102
  SINCE DEC 1    873                       882     -9      811
  SINCE JUL 1   1003                      1104   -101     1008

 COOLING
  TODAY            0                         0      0        0
  MONTH TO DATE    1                         0      1       35
  SINCE DEC 1      1                         5     -4       37
  SINCE JAN 1      1                         3     -2       35
..................................................................


WIND (MPH)
  RESULTANT WIND SPEED   7   RESULTANT WIND DIRECTION  SW (240)
  HIGHEST WIND SPEED    20   HIGHEST WIND DIRECTION    SW (210)
  HIGHEST GUST SPEED    24   HIGHEST GUST DIRECTION    SW (210)
  AVERAGE WIND SPEED     8.0


SKY COVER
  POSSIBLE SUNSHINE  MM
  AVERAGE SKY COVER 0.7


WEATHER CONDITIONS
 THE FOLLOWING WEATHER WAS RECORDED TODAY.
  FOG


RELATIVE HUMIDITY (PERCENT)
 HIGHEST   100           500 AM
 LOWEST     43           100 PM
 AVERAGE    72

..........................................................


THE ONTARIO INTL AIRPORT CA CLIMATE NORMALS FOR TOMORROW
                         NORMAL    RECORD    YEAR
 MAXIMUM TEMPERATURE (F)   67        82      2016
 MINIMUM TEMPERATURE (F)   46        37      2010


SUNRISE AND SUNSET
FEBRUARY 22 2017......SUNRISE   627 AM PST   SUNSET   541 PM PST
FEBRUARY 23 2017......SUNRISE   626 AM PST   SUNSET   542 PM PST


-  INDICATES NEGATIVE NUMBERS.
R  INDICATES RECORD WAS SET OR TIED.
MM INDICATES DATA IS MISSING.
T  INDICATES TRACE AMOUNT.




$$
