000
CDUS46 KSGX 220016
CLIONT


CLIMATE REPORT
NATIONAL WEATHER SERVICE SAN DIEGO, CA
516 PM PDT TUE OCT 21 2014


...................................

...THE ONTARIO INTL AIRPORT CA CLIMATE SUMMARY FOR OCTOBER 21 2014...
VALID TODAY AS OF 0500 PM LOCAL TIME.

CLIMATE NORMAL PERIOD 1981 TO 2010
CLIMATE RECORD PERIOD 1998 TO 2014


WEATHER ITEM   OBSERVED TIME   RECORD YEAR NORMAL DEPARTURE LAST
                VALUE   (LST)  VALUE       VALUE  FROM      YEAR
                                                  NORMAL
..................................................................
TEMPERATURE (F)
 TODAY
  MAXIMUM         81    310 PM 101    2003  80      1       84
  MINIMUM         58    443 AM  50    2004  54      4       52
  AVERAGE         70                        67      3       68

PRECIPITATION (IN)
  TODAY            0.00          0.03 2010   0.03  -0.03     0.00
  MONTH TO DATE    0.00                      0.34  -0.34     0.09
  SINCE JUL 1      0.25                      0.83  -0.58     0.13
  SINCE JAN 1      3.74                     11.21  -7.47     2.92

SNOWFALL (IN)
  TODAY            0.0
  MONTH TO DATE    0.0
  SINCE JAN 1      0.0
  SINCE JUL 1      0.0
  SNOW DEPTH       0

DEGREE DAYS
 HEATING
  TODAY            0                         2     -2        0
  MONTH TO DATE    0                        19    -19       19
  SINCE SEP 1      0                        22    -22       19
  SINCE JUL 1      0                        22    -22       19

 COOLING
  TODAY            5                         3      2        3
  MONTH TO DATE  194                       105     89       92
  SINCE SEP 1    668                       433    235      488
  SINCE JAN 1   2287                      1656    631     1961
..................................................................


WIND (MPH)
  RESULTANT WIND SPEED   2   RESULTANT WIND DIRECTION  SW (240)
  HIGHEST WIND SPEED    14   HIGHEST WIND DIRECTION     W (280)
  HIGHEST GUST SPEED    16   HIGHEST GUST DIRECTION     W (280)
  AVERAGE WIND SPEED     3.5


SKY COVER
  POSSIBLE SUNSHINE  MM
  AVERAGE SKY COVER 0.6


WEATHER CONDITIONS
 THE FOLLOWING WEATHER WAS RECORDED TODAY.
  FOG
  HAZE


RELATIVE HUMIDITY (PERCENT)
 HIGHEST    97           300 AM
 LOWEST     35           200 PM
 AVERAGE    66

..........................................................


THE ONTARIO INTL AIRPORT CA CLIMATE NORMALS FOR TOMORROW
                         NORMAL    RECORD    YEAR
 MAXIMUM TEMPERATURE (F)   79       100      2003
 MINIMUM TEMPERATURE (F)   54        50      2004


SUNRISE AND SUNSET
OCTOBER 21 2014.......SUNRISE   701 AM PDT   SUNSET   609 PM PDT
OCTOBER 22 2014.......SUNRISE   701 AM PDT   SUNSET   608 PM PDT


-  INDICATES NEGATIVE NUMBERS.
R  INDICATES RECORD WAS SET OR TIED.
MM INDICATES DATA IS MISSING.
T  INDICATES TRACE AMOUNT.




$$
