000
CDUS41 KAKQ 210529
CLIORF


CLIMATE REPORT
NATIONAL WEATHER SERVICE WAKEFIELD, VA
129 AM EDT SAT OCT 21 2017


...................................

...THE NORFOLK VA CLIMATE SUMMARY FOR OCTOBER 20 2017...

CLIMATE NORMAL PERIOD 1981 TO 2010
CLIMATE RECORD PERIOD 1871 TO 2017


WEATHER ITEM   OBSERVED TIME   RECORD YEAR NORMAL DEPARTURE LAST
                VALUE   (LST)  VALUE       VALUE  FROM      YEAR
                                                  NORMAL
..................................................................
TEMPERATURE (F)
 YESTERDAY
  MAXIMUM         75    118 PM  87    1984  69      6       83
  MINIMUM         52    615 AM  34    1981  52      0       65
  AVERAGE         64                        61      3       74

PRECIPITATION (IN)
  YESTERDAY        0.00          2.51 1944   0.11  -0.11     0.00
  MONTH TO DATE    2.89                      2.22   0.67     9.34
  SINCE SEP 1      4.88                      6.98  -2.10    22.88
  SINCE JAN 1     43.42                     38.92   4.50    65.25

SNOWFALL (IN)
  YESTERDAY        0.0           0.0  2002   0.0    0.0
                                      2001
  MONTH TO DATE    0.0                       0.0    0.0
  SINCE NOV 1      5.4                       5.8   -0.4
  SINCE JUL 1      0.0                       0.0    0.0
  SNOW DEPTH       0

DEGREE DAYS
 HEATING
  YESTERDAY        1                         6     -5        0
  MONTH TO DATE   23                        69    -46       26
  SINCE SEP 1     23                        80    -57       26
  SINCE JUL 1     23                        80    -57       26

 COOLING
  YESTERDAY        0                         1     -1        9
  MONTH TO DATE  122                        45     77       93
  SINCE SEP 1    389                       275    114      424
  SINCE JAN 1   2081                      1610    471     1976
..................................................................


WIND (MPH)
  HIGHEST WIND SPEED    10   HIGHEST WIND DIRECTION     N (360)
  HIGHEST GUST SPEED    13   HIGHEST GUST DIRECTION     N (10)
  AVERAGE WIND SPEED     3.5


SKY COVER
  POSSIBLE SUNSHINE  MM
  AVERAGE SKY COVER 0.0


WEATHER CONDITIONS
 THE FOLLOWING WEATHER WAS RECORDED YESTERDAY.
  NO SIGNIFICANT WEATHER WAS OBSERVED.


RELATIVE HUMIDITY (PERCENT)
 HIGHEST   100           100 AM
 LOWEST     49           400 PM
 AVERAGE    75

..........................................................


THE NORFOLK VA CLIMATE NORMALS FOR TODAY
                         NORMAL    RECORD    YEAR
 MAXIMUM TEMPERATURE (F)   69        85      1993
                                             1984
 MINIMUM TEMPERATURE (F)   52        37      1974
                                             1952


SUNRISE AND SUNSET
OCTOBER 21 2017.......SUNRISE   718 AM EDT   SUNSET   620 PM EDT
OCTOBER 22 2017.......SUNRISE   719 AM EDT   SUNSET   619 PM EDT


-  INDICATES NEGATIVE NUMBERS.
R  INDICATES RECORD WAS SET OR TIED.
MM INDICATES DATA IS MISSING.
T  INDICATES TRACE AMOUNT.




$$
