000
CDUS41 KAKQ 190645
CLIORF


CLIMATE REPORT
NATIONAL WEATHER SERVICE WAKEFIELD, VA
145 AM EST THU JAN 19 2017


...................................

...THE NORFOLK VA CLIMATE SUMMARY FOR JANUARY 18 2017...

CLIMATE NORMAL PERIOD 1981 TO 2010
CLIMATE RECORD PERIOD 1871 TO 2017


WEATHER ITEM   OBSERVED TIME   RECORD YEAR NORMAL DEPARTURE LAST
                VALUE   (LST)  VALUE       VALUE  FROM      YEAR
                                                  NORMAL
..................................................................
TEMPERATURE (F)
 YESTERDAY
  MAXIMUM         61    932 AM  77    1937  48     13       35
  MINIMUM         45   1159 PM  12    1893  33     12       22
  AVERAGE         53                        40     13       29

PRECIPITATION (IN)
  YESTERDAY        0.09          1.94 1987   0.11  -0.02     0.00
  MONTH TO DATE    3.23                      1.99   1.24     1.70
  SINCE DEC 1      5.77                      5.25   0.52     5.07
  SINCE JAN 1      3.23                      1.99   1.24     1.70

SNOWFALL (IN)
  YESTERDAY       MM             2.2  1911   0.1   MM
  MONTH TO DATE    5.3                       1.5    3.8
  SINCE NOV 1      5.3                       2.7    2.6
  SINCE JUL 1      5.3                       2.7    2.6
  SNOW DEPTH       0

DEGREE DAYS
 HEATING
  YESTERDAY       12                        25    -13       36
  MONTH TO DATE  381                       445    -64      397
  SINCE DEC 1    988                      1094   -106      652
  SINCE JUL 1   1451                      1624   -173      991

 COOLING
  YESTERDAY        0                         0      0        0
  MONTH TO DATE    0                         0      0        0
  SINCE DEC 1      0                         1     -1       29
  SINCE JAN 1      0                         0      0        0
..................................................................


WIND (MPH)
  HIGHEST WIND SPEED    18   HIGHEST WIND DIRECTION     N (10)
  HIGHEST GUST SPEED    26   HIGHEST GUST DIRECTION     N (10)
  AVERAGE WIND SPEED     7.6


SKY COVER
  POSSIBLE SUNSHINE  MM
  AVERAGE SKY COVER 0.5


WEATHER CONDITIONS
 THE FOLLOWING WEATHER WAS RECORDED YESTERDAY.
  LIGHT RAIN
  FOG


RELATIVE HUMIDITY (PERCENT)
 HIGHEST    93          1200 AM
 LOWEST     76          1100 PM
 AVERAGE    85

..........................................................


THE NORFOLK VA CLIMATE NORMALS FOR TODAY
                         NORMAL    RECORD    YEAR
 MAXIMUM TEMPERATURE (F)   48        73      1907
 MINIMUM TEMPERATURE (F)   33         5      1994


SUNRISE AND SUNSET
JANUARY 19 2017.......SUNRISE   715 AM EST   SUNSET   516 PM EST
JANUARY 20 2017.......SUNRISE   715 AM EST   SUNSET   517 PM EST


-  INDICATES NEGATIVE NUMBERS.
R  INDICATES RECORD WAS SET OR TIED.
MM INDICATES DATA IS MISSING.
T  INDICATES TRACE AMOUNT.




$$
