000
CDUS41 KAKQ 260529
CLIORF


CLIMATE REPORT
NATIONAL WEATHER SERVICE WAKEFIELD, VA
128 AM EDT THU MAY 26 2016


...................................

...THE NORFOLK VA CLIMATE SUMMARY FOR MAY 25 2016...

CLIMATE NORMAL PERIOD 1981 TO 2010
CLIMATE RECORD PERIOD 1871 TO 2016


WEATHER ITEM   OBSERVED TIME   RECORD YEAR NORMAL DEPARTURE LAST
                VALUE   (LST)  VALUE       VALUE  FROM      YEAR
                                                  NORMAL
..................................................................
TEMPERATURE (F)
 YESTERDAY
  MAXIMUM         86   1201 PM  95    1880  78      8       85
  MINIMUM         63    434 AM  44    1956  61      2       60
  AVERAGE         75                        69      6       73

PRECIPITATION (IN)
  YESTERDAY        0.00          2.39 1895   0.12  -0.12     0.00
  MONTH TO DATE    4.32                      2.67   1.65     1.25
  SINCE MAR 1     10.56                      9.76   0.80     8.56
  SINCE JAN 1     21.43                     16.28   5.15    14.74

SNOWFALL (IN)
  YESTERDAY        0.0           0.0  2002   0.0    0.0
                                      2001
  MONTH TO DATE    0.0                       0.0    0.0
  SINCE NOV 1      5.0                       5.8   -0.8
  SINCE JUL 1      5.0                       5.8   -0.8
  SNOW DEPTH       0

DEGREE DAYS
 HEATING
  YESTERDAY        0                         1     -1        0
  MONTH TO DATE   70                        65      5       30
  SINCE MAR 1    606                       796   -190      763
  SINCE JUL 1   2522                      3365   -843     3599

 COOLING
  YESTERDAY       10                         5      5        8
  MONTH TO DATE   47                        85    -38      132
  SINCE MAR 1     95                       128    -33      157
  SINCE JAN 1     95                       129    -34      157
..................................................................


WIND (MPH)
  HIGHEST WIND SPEED    12   HIGHEST WIND DIRECTION    SW (210)
  HIGHEST GUST SPEED    16   HIGHEST GUST DIRECTION    NE (60)
  AVERAGE WIND SPEED     6.0


SKY COVER
  POSSIBLE SUNSHINE  MM
  AVERAGE SKY COVER 0.1


WEATHER CONDITIONS
 THE FOLLOWING WEATHER WAS RECORDED YESTERDAY.
  NO SIGNIFICANT WEATHER WAS OBSERVED.


RELATIVE HUMIDITY (PERCENT)
 HIGHEST    73          1200 AM
 LOWEST     37          1200 PM
 AVERAGE    55

..........................................................


THE NORFOLK VA CLIMATE NORMALS FOR TODAY
                         NORMAL    RECORD    YEAR
 MAXIMUM TEMPERATURE (F)   78        98      1880
 MINIMUM TEMPERATURE (F)   61        47      1967


SUNRISE AND SUNSET
MAY 26 2016...........SUNRISE   549 AM EDT   SUNSET   815 PM EDT
MAY 27 2016...........SUNRISE   549 AM EDT   SUNSET   816 PM EDT


-  INDICATES NEGATIVE NUMBERS.
R  INDICATES RECORD WAS SET OR TIED.
MM INDICATES DATA IS MISSING.
T  INDICATES TRACE AMOUNT.




$$
