897
CDUS41 KAKQ 220529
CLIORF


CLIMATE REPORT
NATIONAL WEATHER SERVICE WAKEFIELD, VA
128 AM EDT TUE AUG 22 2017


...................................

...THE NORFOLK VA CLIMATE SUMMARY FOR AUGUST 21 2017...

CLIMATE NORMAL PERIOD 1981 TO 2010
CLIMATE RECORD PERIOD 1871 TO 2017


WEATHER ITEM   OBSERVED TIME   RECORD YEAR NORMAL DEPARTURE LAST
                VALUE   (LST)  VALUE       VALUE  FROM      YEAR
                                                  NORMAL
..................................................................
TEMPERATURE (F)
 YESTERDAY
  MAXIMUM         90    102 PM  96    1874  85      5       93
  MINIMUM         75    248 AM  60    1998  70      5       73
  AVERAGE         83                        78      5       83

PRECIPITATION (IN)
  YESTERDAY        0.00          5.69 1933   0.18  -0.18     0.54
  MONTH TO DATE    4.81                      3.87   0.94     4.75
  SINCE JUN 1     12.49                     13.27  -0.78    20.14
  SINCE JAN 1     34.31                     30.29   4.02    42.37

SNOWFALL (IN)
  YESTERDAY        0.0           0.0  2002   0.0    0.0
                                      2001
  MONTH TO DATE    0.0                       0.0    0.0
  SINCE NOV 1      5.4                       5.8   -0.4
  SINCE JUL 1      0.0                       0.0    0.0
  SNOW DEPTH       0

DEGREE DAYS
 HEATING
  YESTERDAY        0                         0      0        0
  MONTH TO DATE    0                         0      0        0
  SINCE JUN 1      2                         6     -4        0
  SINCE JUL 1      0                         0      0        0

 COOLING
  YESTERDAY       18                        13      5       18
  MONTH TO DATE  314                       283     31      372
  SINCE JUN 1   1244                      1052    192     1250
  SINCE JAN 1   1565                      1218    347     1407
..................................................................


WIND (MPH)
  HIGHEST WIND SPEED    13   HIGHEST WIND DIRECTION     S (160)
  HIGHEST GUST SPEED    20   HIGHEST GUST DIRECTION    SE (140)
  AVERAGE WIND SPEED     5.8


SKY COVER
  POSSIBLE SUNSHINE  MM
  AVERAGE SKY COVER 0.1


WEATHER CONDITIONS
 THE FOLLOWING WEATHER WAS RECORDED YESTERDAY.
  FOG


RELATIVE HUMIDITY (PERCENT)
 HIGHEST   100           300 AM
 LOWEST     57           200 PM
 AVERAGE    79

..........................................................


THE NORFOLK VA CLIMATE NORMALS FOR TODAY
                         NORMAL    RECORD    YEAR
 MAXIMUM TEMPERATURE (F)   84       100      1983
 MINIMUM TEMPERATURE (F)   70        59      2000
                                             1969


SUNRISE AND SUNSET
AUGUST 22 2017........SUNRISE   628 AM EDT   SUNSET   747 PM EDT
AUGUST 23 2017........SUNRISE   629 AM EDT   SUNSET   745 PM EDT


-  INDICATES NEGATIVE NUMBERS.
R  INDICATES RECORD WAS SET OR TIED.
MM INDICATES DATA IS MISSING.
T  INDICATES TRACE AMOUNT.




$$
