000
CDUS41 KAKQ 312128
CLIORF


CLIMATE REPORT
NATIONAL WEATHER SERVICE WAKEFIELD, VA
528 PM EDT WED AUG 31 2016


...................................

...THE NORFOLK VA CLIMATE SUMMARY FOR AUGUST 31 2016...
VALID TODAY AS OF 0500 PM LOCAL TIME.

CLIMATE NORMAL PERIOD 1981 TO 2010
CLIMATE RECORD PERIOD 1871 TO 2016


WEATHER ITEM   OBSERVED TIME   RECORD YEAR NORMAL DEPARTURE LAST
                VALUE   (LST)  VALUE       VALUE  FROM      YEAR
                                                  NORMAL
..................................................................
TEMPERATURE (F)
 TODAY
  MAXIMUM         86    357 PM 100    1932  83      3       80
  MINIMUM         75    126 AM  56    1976  69      6       72
                                      1965
  AVERAGE         81

PRECIPITATION (IN)
  TODAY            0.00          7.41 1964   0.15  -0.15     0.11
  MONTH TO DATE    4.75                      5.52  -0.77     1.85
  SINCE JUN 1     20.14                     14.92   5.22    18.12
  SINCE JAN 1     42.37                     31.94  10.43    33.12

SNOWFALL (IN)
  TODAY            0.0
  MONTH TO DATE    0.0
  SINCE NOV 1      5.0
  SINCE JUL 1      0.0
  SNOW DEPTH       0

DEGREE DAYS
 HEATING
  TODAY            0                         0      0        0
  MONTH TO DATE    0                         0      0        0
  SINCE JUN 1      0                         6     -6        0
  SINCE JUL 1      0                         0      0        0

 COOLING
  TODAY           16                        11      5       11
  MONTH TO DATE  517                       400    117      418
  SINCE JUN 1   1395                      1169    226     1322
  SINCE JAN 1   1552                      1335    217     1558
..................................................................


WIND (MPH)
  RESULTANT WIND SPEED   5   RESULTANT WIND DIRECTION  NE (50)
  HIGHEST WIND SPEED    10   HIGHEST WIND DIRECTION    NE (30)
  HIGHEST GUST SPEED    14   HIGHEST GUST DIRECTION    SE (120)


SKY COVER
  POSSIBLE SUNSHINE  MM
  AVERAGE SKY COVER 0.1


WEATHER CONDITIONS
 THE FOLLOWING WEATHER WAS RECORDED TODAY.
  NO SIGNIFICANT WEATHER WAS OBSERVED.


RELATIVE HUMIDITY (PERCENT)
 HIGHEST    94
 LOWEST     57
 AVERAGE    76

..........................................................


THE NORFOLK VA CLIMATE NORMALS FOR TOMORROW
                         NORMAL    RECORD    YEAR
 MAXIMUM TEMPERATURE (F)   83        97      1993
                                             1980
 MINIMUM TEMPERATURE (F)   69        53      1946


SUNRISE AND SUNSET
AUGUST 31 2016........SUNRISE   635 AM EDT   SUNSET   734 PM EDT
SEPTEMBER  1 2016.....SUNRISE   636 AM EDT   SUNSET   732 PM EDT


-  INDICATES NEGATIVE NUMBERS.
R  INDICATES RECORD WAS SET OR TIED.
MM INDICATES DATA IS MISSING.
T  INDICATES TRACE AMOUNT.




$$
