000
CDUS41 KAKQ 260845
CLIORF


CLIMATE REPORT
NATIONAL WEATHER SERVICE WAKEFIELD, VA
345 AM EST FRI DEC 26 2014


...................................

...THE NORFOLK VA CLIMATE SUMMARY FOR DECEMBER 25 2014...

CLIMATE NORMAL PERIOD 1981 TO 2010
CLIMATE RECORD PERIOD 1871 TO 2014


WEATHER ITEM   OBSERVED TIME   RECORD YEAR NORMAL DEPARTURE LAST
                VALUE   (LST)  VALUE       VALUE  FROM      YEAR
                                                  NORMAL
..................................................................
TEMPERATURE (F)
 YESTERDAY
  MAXIMUM         67    107 AM  75    1964  50     17       35
  MINIMUM         38   1159 PM   7    1983  34      4       28
  AVERAGE         53                        42     11       32

PRECIPITATION (IN)
  YESTERDAY        0.00          1.55 1921   0.11  -0.11     0.00
  MONTH TO DATE    3.21                      2.67   0.54     3.95
  SINCE DEC 1      3.21                      2.67   0.54     3.95
  SINCE JAN 1     49.80                     45.94   3.86    44.85

SNOWFALL (IN)
  YESTERDAY        0.0           2.4  1947   0.1   -0.1
  MONTH TO DATE    0.0                       0.8   -0.8
  SINCE NOV 1      0.0                       0.8   -0.8
  SINCE JUL 1      0.0                       0.8   -0.8
  SNOW DEPTH       0

DEGREE DAYS
 HEATING
  YESTERDAY       12                        23    -11       33
  MONTH TO DATE  475                       508    -33      445
  SINCE DEC 1    475                       508    -33      445
  SINCE JUL 1   1038                      1038      0      976

 COOLING
  YESTERDAY        0                         0      0        0
  MONTH TO DATE    0                         0      0        5
  SINCE DEC 1      0                         0      0        5
  SINCE JAN 1   1724                      1628     96     1759
..................................................................


WIND (MPH)
  HIGHEST WIND SPEED    21   HIGHEST WIND DIRECTION     S (200)
  HIGHEST GUST SPEED    27   HIGHEST GUST DIRECTION     W (250)
  AVERAGE WIND SPEED     8.0


SKY COVER
  POSSIBLE SUNSHINE  MM
  AVERAGE SKY COVER 0.3


WEATHER CONDITIONS
 THE FOLLOWING WEATHER WAS RECORDED YESTERDAY.
  NO SIGNIFICANT WEATHER WAS OBSERVED.


RELATIVE HUMIDITY (PERCENT)
 HIGHEST    90           700 AM
 LOWEST     39           400 PM
 AVERAGE    65

..........................................................


THE NORFOLK VA CLIMATE NORMALS FOR TODAY
                         NORMAL    RECORD    YEAR
 MAXIMUM TEMPERATURE (F)   50        75      1891
 MINIMUM TEMPERATURE (F)   34         8      1983


SUNRISE AND SUNSET
DECEMBER 26 2014......SUNRISE   716 AM EST   SUNSET   455 PM EST
DECEMBER 27 2014......SUNRISE   717 AM EST   SUNSET   455 PM EST


-  INDICATES NEGATIVE NUMBERS.
R  INDICATES RECORD WAS SET OR TIED.
MM INDICATES DATA IS MISSING.
T  INDICATES TRACE AMOUNT.




$$
