469
CDUS41 KAKQ 160629
CLIORF


CLIMATE REPORT
NATIONAL WEATHER SERVICE WAKEFIELD, VA
128 AM EST SAT DEC 16 2017


...................................

...THE NORFOLK VA CLIMATE SUMMARY FOR DECEMBER 15 2017...

CLIMATE NORMAL PERIOD 1981 TO 2010
CLIMATE RECORD PERIOD 1871 TO 2017


WEATHER ITEM   OBSERVED TIME   RECORD YEAR NORMAL DEPARTURE LAST
                VALUE   (LST)  VALUE       VALUE  FROM      YEAR
                                                  NORMAL
..................................................................
TEMPERATURE (F)
 YESTERDAY
  MAXIMUM         53    139 PM  73    1971  52      1       44
  MINIMUM         32   1159 PM  16    1962  36     -4       24
  AVERAGE         43                        44     -1       34

PRECIPITATION (IN)
  YESTERDAY        0.00          1.87 1972   0.10  -0.10     0.00
  MONTH TO DATE    2.40                      1.59   0.81     1.93
  SINCE DEC 1      2.40                      1.59   0.81     1.93
  SINCE JAN 1     49.16                     44.86   4.30    68.25

SNOWFALL (IN)
  YESTERDAY        0.0           3.8  1904   0.1   -0.1
  MONTH TO DATE    T                         0.3   -0.3
  SINCE NOV 1      T                         0.3   -0.3
  SINCE JUL 1      T                         0.3   -0.3
  SNOW DEPTH       0

DEGREE DAYS
 HEATING
  YESTERDAY       22                        21      1       31
  MONTH TO DATE  304                       286     18      286
  SINCE DEC 1    304                       286     18      286
  SINCE JUL 1    730                       816    -86      749

 COOLING
  YESTERDAY        0                         0      0        0
  MONTH TO DATE    0                         0      0        0
  SINCE DEC 1      0                         0      0        0
  SINCE JAN 1   2107                      1628    479     1998
..................................................................


WIND (MPH)
  HIGHEST WIND SPEED    20   HIGHEST WIND DIRECTION    NE (30)
  HIGHEST GUST SPEED    23   HIGHEST GUST DIRECTION    NE (40)
  AVERAGE WIND SPEED     8.7


SKY COVER
  POSSIBLE SUNSHINE  MM
  AVERAGE SKY COVER 0.2


WEATHER CONDITIONS
 THE FOLLOWING WEATHER WAS RECORDED YESTERDAY.
  NO SIGNIFICANT WEATHER WAS OBSERVED.


RELATIVE HUMIDITY (PERCENT)
 HIGHEST    82           800 AM
 LOWEST     52          1200 AM
 AVERAGE    67

..........................................................


THE NORFOLK VA CLIMATE NORMALS FOR TODAY
                         NORMAL    RECORD    YEAR
 MAXIMUM TEMPERATURE (F)   52        79      1971
 MINIMUM TEMPERATURE (F)   36        15      1958


SUNRISE AND SUNSET
DECEMBER 16 2017......SUNRISE   711 AM EST   SUNSET   450 PM EST
DECEMBER 17 2017......SUNRISE   712 AM EST   SUNSET   450 PM EST


-  INDICATES NEGATIVE NUMBERS.
R  INDICATES RECORD WAS SET OR TIED.
MM INDICATES DATA IS MISSING.
T  INDICATES TRACE AMOUNT.




$$
