000
CDUS41 KAKQ 110632
CLIORF


CLIMATE REPORT
NATIONAL WEATHER SERVICE WAKEFIELD, VA
130 AM EST THU FEB 11 2016


...................................

...THE NORFOLK VA CLIMATE SUMMARY FOR FEBRUARY 10 2016...

CLIMATE NORMAL PERIOD 1981 TO 2010
CLIMATE RECORD PERIOD 1871 TO 2016


WEATHER ITEM   OBSERVED TIME   RECORD YEAR NORMAL DEPARTURE LAST
                VALUE   (LST)  VALUE       VALUE  FROM      YEAR
                                                  NORMAL
..................................................................
TEMPERATURE (F)
 YESTERDAY
  MAXIMUM         42    419 PM  76    1990  50     -8       38
  MINIMUM         30   1159 PM   5    1899  34     -4       33
  AVERAGE         36                        42     -6       36

PRECIPITATION (IN)
  YESTERDAY        0.00          1.87 1946   0.11  -0.11     0.07
  MONTH TO DATE    4.20                      1.09   3.11     0.65
  SINCE DEC 1     12.19                      7.75   4.44     7.99
  SINCE JAN 1      8.82                      4.49   4.33     4.29

SNOWFALL (IN)
  YESTERDAY        0.0           8.7  1948   0.1   -0.1
  MONTH TO DATE    0.2                       0.8   -0.6
  SINCE NOV 1      3.0                       4.4   -1.4
  SINCE JUL 1      3.0                       4.4   -1.4
  SNOW DEPTH       0

DEGREE DAYS
 HEATING
  YESTERDAY       29                        23      6       29
  MONTH TO DATE  192                       237    -45      246
  SINCE DEC 1   1180                      1649   -469     1617
  SINCE JUL 1   1519                      2179   -660     2180

 COOLING
  YESTERDAY        0                         0      0        0
  MONTH TO DATE    0                         0      0        0
  SINCE DEC 1     29                         1     28        0
  SINCE JAN 1      0                         0      0        0
..................................................................


WIND (MPH)
  HIGHEST WIND SPEED    18   HIGHEST WIND DIRECTION    SW (240)
  HIGHEST GUST SPEED    26   HIGHEST GUST DIRECTION     W (260)
  AVERAGE WIND SPEED     9.3


SKY COVER
  POSSIBLE SUNSHINE  MM
  AVERAGE SKY COVER 0.4


WEATHER CONDITIONS
 THE FOLLOWING WEATHER WAS RECORDED YESTERDAY.
  NO SIGNIFICANT WEATHER WAS OBSERVED.


RELATIVE HUMIDITY (PERCENT)
 HIGHEST    58           700 AM
 LOWEST     32           500 PM
 AVERAGE    45

..........................................................


THE NORFOLK VA CLIMATE NORMALS FOR TODAY
                         NORMAL    RECORD    YEAR
 MAXIMUM TEMPERATURE (F)   50        80      1932
 MINIMUM TEMPERATURE (F)   34         8      1899


SUNRISE AND SUNSET
FEBRUARY 11 2016......SUNRISE   658 AM EST   SUNSET   540 PM EST
FEBRUARY 12 2016......SUNRISE   657 AM EST   SUNSET   541 PM EST


-  INDICATES NEGATIVE NUMBERS.
R  INDICATES RECORD WAS SET OR TIED.
MM INDICATES DATA IS MISSING.
T  INDICATES TRACE AMOUNT.




$$
