000
CDUS41 KAKQ 030626
CLIORF


CLIMATE REPORT
NATIONAL WEATHER SERVICE WAKEFIELD, VA
126 AM EST SAT DEC 3 2016


...................................

...THE NORFOLK VA CLIMATE SUMMARY FOR DECEMBER 2 2016...

CLIMATE NORMAL PERIOD 1981 TO 2010
CLIMATE RECORD PERIOD 1871 TO 2016


WEATHER ITEM   OBSERVED TIME   RECORD YEAR NORMAL DEPARTURE LAST
                VALUE   (LST)  VALUE       VALUE  FROM      YEAR
                                                  NORMAL
..................................................................
TEMPERATURE (F)
 YESTERDAY
  MAXIMUM         55    330 PM  71    1998  56     -1       66
                                      1991
  MINIMUM         43    721 AM  20    1876  40      3       56
  AVERAGE         49                        48      1       61

PRECIPITATION (IN)
  YESTERDAY        0.00          1.34 1925   0.11  -0.11     0.01
  MONTH TO DATE    0.00                      0.22  -0.22     0.10
  SINCE DEC 1      0.00                      0.22  -0.22     0.10
  SINCE JAN 1     66.32                     43.49  22.83    46.92

SNOWFALL (IN)
  YESTERDAY        0.0           8.0  1896   0.0    0.0
  MONTH TO DATE    0.0                       0.0    0.0
  SINCE NOV 1      0.0                       T      0.0
  SINCE JUL 1      0.0                       T      0.0
  SNOW DEPTH       0

DEGREE DAYS
 HEATING
  YESTERDAY       16                        17     -1        4
  MONTH TO DATE   20                        34    -14       16
  SINCE DEC 1     20                        34    -14       16
  SINCE JUL 1    483                       564    -81      355

 COOLING
  YESTERDAY        0                         0      0        0
  MONTH TO DATE    0                         0      0        0
  SINCE DEC 1      0                         0      0        0
  SINCE JAN 1   1998                      1628    370     1945
..................................................................


WIND (MPH)
  HIGHEST WIND SPEED    20   HIGHEST WIND DIRECTION     N (360)
  HIGHEST GUST SPEED    27   HIGHEST GUST DIRECTION     N (350)
  AVERAGE WIND SPEED     6.7


SKY COVER
  POSSIBLE SUNSHINE  MM
  AVERAGE SKY COVER 0.0


WEATHER CONDITIONS
 THE FOLLOWING WEATHER WAS RECORDED YESTERDAY.
  NO SIGNIFICANT WEATHER WAS OBSERVED.


RELATIVE HUMIDITY (PERCENT)
 HIGHEST    76           700 AM
 LOWEST     38          1200 PM
 AVERAGE    57

..........................................................


THE NORFOLK VA CLIMATE NORMALS FOR TODAY
                         NORMAL    RECORD    YEAR
 MAXIMUM TEMPERATURE (F)   56        80      1991
 MINIMUM TEMPERATURE (F)   39        21      1886


SUNRISE AND SUNSET
DECEMBER  3 2016......SUNRISE   701 AM EST   SUNSET   448 PM EST
DECEMBER  4 2016......SUNRISE   702 AM EST   SUNSET   448 PM EST


-  INDICATES NEGATIVE NUMBERS.
R  INDICATES RECORD WAS SET OR TIED.
MM INDICATES DATA IS MISSING.
T  INDICATES TRACE AMOUNT.




$$
