000
CDUS41 KBOX 240547
CLIORH


CLIMATE REPORT
NATIONAL WEATHER SERVICE TAUNTON MA
136 AM EDT MON JUL 24 2017


...................................

...THE WORCESTER MA CLIMATE SUMMARY FOR JULY 23 2017...

CLIMATE NORMAL PERIOD 1981 TO 2010
CLIMATE RECORD PERIOD 1892 TO 2017


WEATHER ITEM   OBSERVED TIME   RECORD YEAR NORMAL DEPARTURE LAST
                VALUE   (LST)  VALUE       VALUE  FROM      YEAR
                                                  NORMAL
..................................................................
TEMPERATURE (F)
 YESTERDAY
  MAXIMUM         74    330 PM  96    1952  79     -5       89
  MINIMUM         62   1159 PM  48    1939  62      0       67
  AVERAGE         68                        71     -3       78

PRECIPITATION (IN)
  YESTERDAY        0.00          1.75 1946   0.14  -0.14     0.00
  MONTH TO DATE    1.31                      3.09  -1.78     1.52
  SINCE JUN 1      5.64                      7.28  -1.64     3.18
  SINCE JAN 1     26.72                     26.51   0.21    18.90

SNOWFALL (IN)
  YESTERDAY        0.0           0.0  2002   0.0    0.0      0.0
                                      2001
                                      2000
  MONTH TO DATE    0.0                       0.0    0.0      0.0
  SINCE JUN 1      0.0                       0.0    0.0      0.0
  SINCE JUL 1      0.0                       0.0    0.0      0.0
  SNOW DEPTH      MM

DEGREE DAYS
 HEATING
  YESTERDAY        0                         0      0        0
  MONTH TO DATE   10                         9      1        9
  SINCE JUN 1     96                        92      4       60
  SINCE JUL 1     10                         9      1        9

 COOLING
  YESTERDAY        3                         6     -3       13
  MONTH TO DATE  153                       129     24      160
  SINCE JUN 1    259                       213     46      232
  SINCE JAN 1    293                       235     58      274
..................................................................


WIND (MPH)
  RESULTANT WIND SPEED   6   RESULTANT WIND DIRECTION   E (70)
  HIGHEST WIND SPEED    16   HIGHEST WIND DIRECTION    NE (30)
  HIGHEST GUST SPEED    24   HIGHEST GUST DIRECTION    NE (50)
  AVERAGE WIND SPEED     8.2


SKY COVER
  POSSIBLE SUNSHINE  MM
  AVERAGE SKY COVER 0.4


WEATHER CONDITIONS
 THE FOLLOWING WEATHER WAS RECORDED YESTERDAY.
  NO SIGNIFICANT WEATHER WAS OBSERVED.


RELATIVE HUMIDITY (PERCENT)
 HIGHEST    78          1200 AM
 LOWEST     38           100 PM
 AVERAGE    58

..........................................................


THE WORCESTER MA CLIMATE NORMALS FOR TODAY
                         NORMAL    RECORD    YEAR
 MAXIMUM TEMPERATURE (F)   79        94      1910
 MINIMUM TEMPERATURE (F)   62        48      1934


SUNRISE AND SUNSET
JULY 24 2017..........SUNRISE   533 AM EDT   SUNSET   815 PM EDT
JULY 25 2017..........SUNRISE   534 AM EDT   SUNSET   814 PM EDT


-  INDICATES NEGATIVE NUMBERS.
R  INDICATES RECORD WAS SET OR TIED.
MM INDICATES DATA IS MISSING.
T  INDICATES TRACE AMOUNT.




$$
