000
CDUS41 KBOX 010548
CLIORH


CLIMATE REPORT
NATIONAL WEATHER SERVICE TAUNTON MA
1238 AM EST SUN FEB 1 2015


...................................

...THE WORCESTER MA CLIMATE SUMMARY FOR JANUARY 31 2015...

CLIMATE NORMAL PERIOD 1981 TO 2010
CLIMATE RECORD PERIOD 1892 TO 2015


WEATHER ITEM   OBSERVED TIME   RECORD YEAR NORMAL DEPARTURE LAST
                VALUE   (LST)  VALUE       VALUE  FROM      YEAR
                                                  NORMAL
..................................................................
TEMPERATURE (F)
 YESTERDAY
  MAXIMUM         16    154 PM  59    2013  32    -16       35
  MINIMUM         MM        MM -10    1920  17     MM       17
  AVERAGE         MM                        25     MM       26

PRECIPITATION (IN)
  YESTERDAY        T             0.84 1914   0.11  -0.11     0.00
  MONTH TO DATE    5.03                      3.49   1.54     3.10
  SINCE DEC 1      9.93                      7.31   2.62     7.53
  SINCE JAN 1      5.03                      3.49   1.54     3.10

SNOWFALL (IN)
  YESTERDAY        T             5.5  1931   0.6   -0.6      0.0
  MONTH TO DATE   46.5                      17.1   29.4     20.0
  SINCE DEC 1     48.0                      31.5   16.5     38.9
  SINCE JUL 1     55.2                      34.3   20.9     39.4
  SNOW DEPTH      MM

DEGREE DAYS
 HEATING
  YESTERDAY       MM                        40     MM       39
  MONTH TO DATE 1304                      1266     38     1330
  SINCE DEC 1   2268                      2371   -103     2477
  SINCE JUL 1   3646                      3773   -127     3889

 COOLING
  YESTERDAY       MM                         0     MM        0
  MONTH TO DATE    0                         0      0        0
  SINCE DEC 1      0                         0      0        0
  SINCE JAN 1      0                         0      0        0
..................................................................


WIND (MPH)
  RESULTANT WIND SPEED  24   RESULTANT WIND DIRECTION  NW (310)
  HIGHEST WIND SPEED    33   HIGHEST WIND DIRECTION    NW (310)
  HIGHEST GUST SPEED    53   HIGHEST GUST DIRECTION    NW (300)
  AVERAGE WIND SPEED    24.5


SKY COVER
  POSSIBLE SUNSHINE  MM
  AVERAGE SKY COVER 0.3


WEATHER CONDITIONS
 THE FOLLOWING WEATHER WAS RECORDED YESTERDAY.
  LIGHT SNOW
  BLOWING SNOW


RELATIVE HUMIDITY (PERCENT)
 HIGHEST    69           100 AM
 LOWEST     40           200 PM
 AVERAGE    55

..........................................................


THE WORCESTER MA CLIMATE NORMALS FOR TODAY
                         NORMAL    RECORD    YEAR
 MAXIMUM TEMPERATURE (F)   32        61      1989
 MINIMUM TEMPERATURE (F)   17       -11      1935


SUNRISE AND SUNSET
FEBRUARY  1 2015......SUNRISE   701 AM EST   SUNSET   501 PM EST
FEBRUARY  2 2015......SUNRISE   700 AM EST   SUNSET   503 PM EST


-  INDICATES NEGATIVE NUMBERS.
R  INDICATES RECORD WAS SET OR TIED.
MM INDICATES DATA IS MISSING.
T  INDICATES TRACE AMOUNT.




$$
