000
CDUS41 KBOX 230538
CLIORH


CLIMATE REPORT
NATIONAL WEATHER SERVICE TAUNTON MA
1237 AM EST FRI FEB 23 2018


...................................

...THE WORCESTER MA CLIMATE SUMMARY FOR FEBRUARY 22 2018...

CLIMATE NORMAL PERIOD 1981 TO 2010
CLIMATE RECORD PERIOD 1892 TO 2018


WEATHER ITEM   OBSERVED TIME   RECORD YEAR NORMAL DEPARTURE LAST
                VALUE   (LST)  VALUE       VALUE  FROM      YEAR
                                                  NORMAL
..................................................................
TEMPERATURE (F)
 YESTERDAY
  MAXIMUM         55   1201 AM  57    1991  36     19       56
  MINIMUM         28   1123 PM  -2    1963  21      7       33
                                      1928
  AVERAGE         42                        28     14       45

PRECIPITATION (IN)
  YESTERDAY        0.12          3.02 1898   0.11   0.01      T
  MONTH TO DATE    4.00                      2.49   1.51     2.12
  SINCE DEC 1     10.47                      9.80   0.67     9.83
  SINCE JAN 1      7.62                      5.98   1.64     6.03

SNOWFALL (IN)
  YESTERDAY        0.8          14.0  1893   0.5    0.3      0.0
  MONTH TO DATE   10.8                      12.6   -1.8     25.4
  SINCE DEC 1     46.3                      44.1    2.2     57.8
  SINCE JUL 1     46.3                      46.9   -0.6     57.8
  SNOW DEPTH      MM

DEGREE DAYS
 HEATING
  YESTERDAY       23                        37    -14       20
  MONTH TO DATE  715                       849   -134      804
  SINCE DEC 1   3207                      3220    -13     2978
  SINCE JUL 1   4343                      4622   -279     4165

 COOLING
  YESTERDAY        0                         0      0        0
  MONTH TO DATE    0                         0      0        0
  SINCE DEC 1      0                         0      0        0
  SINCE JAN 1      0                         0      0        0
..................................................................


WIND (MPH)
  RESULTANT WIND SPEED   6   RESULTANT WIND DIRECTION   N (10)
  HIGHEST WIND SPEED    17   HIGHEST WIND DIRECTION    NW (320)
  HIGHEST GUST SPEED    23   HIGHEST GUST DIRECTION    NW (320)
  AVERAGE WIND SPEED     6.0


SKY COVER
  POSSIBLE SUNSHINE  MM
  AVERAGE SKY COVER 1.0


WEATHER CONDITIONS
 THE FOLLOWING WEATHER WAS RECORDED YESTERDAY.
  LIGHT RAIN
  LIGHT SNOW
  FOG


RELATIVE HUMIDITY (PERCENT)
 HIGHEST    92           400 PM
 LOWEST     37           900 AM
 AVERAGE    65

..........................................................


THE WORCESTER MA CLIMATE NORMALS FOR TODAY
                         NORMAL    RECORD    YEAR
 MAXIMUM TEMPERATURE (F)   36        64      2017
 MINIMUM TEMPERATURE (F)   21        -9      1972


SUNRISE AND SUNSET
FEBRUARY 23 2018......SUNRISE   632 AM EST   SUNSET   530 PM EST
FEBRUARY 24 2018......SUNRISE   631 AM EST   SUNSET   531 PM EST


-  INDICATES NEGATIVE NUMBERS.
R  INDICATES RECORD WAS SET OR TIED.
MM INDICATES DATA IS MISSING.
T  INDICATES TRACE AMOUNT.




$$
