000
CDUS41 KBOX 230549
CLIORH


CLIMATE REPORT
NATIONAL WEATHER SERVICE TAUNTON MA
138 AM EDT WED APR 23 2014


...................................

...THE WORCESTER MA CLIMATE SUMMARY FOR APRIL 22 2014...

CLIMATE NORMAL PERIOD 1981 TO 2010
CLIMATE RECORD PERIOD 1892 TO 2014


WEATHER ITEM   OBSERVED TIME   RECORD YEAR NORMAL DEPARTURE LAST
                VALUE   (LST)  VALUE       VALUE  FROM      YEAR
                                                  NORMAL
..................................................................
TEMPERATURE (F)
 YESTERDAY
  MAXIMUM         71    212 PM  84    1973  58     13       48
  MINIMUM         46    546 AM  23    1989  39      7       33
                                      1981
                                      1947
  AVERAGE         59                        49     10       41

PRECIPITATION (IN)
  YESTERDAY        0.01          2.05 1937   0.13  -0.12     0.00
  MONTH TO DATE    2.36                      3.08  -0.72     1.76
  SINCE MAR 1      7.78                      7.29   0.49     5.44
  SINCE JAN 1     14.96                     14.01   0.95    12.32

SNOWFALL (IN)
  YESTERDAY        0.0           2.2  1940   0.1   -0.1      0.0
  MONTH TO DATE    0.6                       2.5   -1.9      0.0
  SINCE MAR 1      4.3                      13.9   -9.6     30.9
  SINCE JUL 1     85.2                      63.8   21.4    108.9
  SNOW DEPTH      MM

DEGREE DAYS
 HEATING
  YESTERDAY        6                        17    -11       24
  MONTH TO DATE  419                       452    -33      452
  SINCE MAR 1   1547                      1391    156     1416
  SINCE JUL 1   6601                      6228    373     5853

 COOLING
  YESTERDAY        0                         0      0        0
  MONTH TO DATE    0                         0      0        0
  SINCE MAR 1      0                         0      0        0
  SINCE JAN 1      0                         0      0        0
..................................................................


WIND (MPH)
  RESULTANT WIND SPEED  12   RESULTANT WIND DIRECTION  SW (230)
  HIGHEST WIND SPEED    21   HIGHEST WIND DIRECTION    SW (210)
  HIGHEST GUST SPEED    28   HIGHEST GUST DIRECTION    SW (220)
  AVERAGE WIND SPEED    12.8


SKY COVER
  POSSIBLE SUNSHINE  MM
  AVERAGE SKY COVER 0.3


WEATHER CONDITIONS
 THE FOLLOWING WEATHER WAS RECORDED YESTERDAY.
  LIGHT RAIN


RELATIVE HUMIDITY (PERCENT)
 HIGHEST    96          1000 PM
 LOWEST     26          1200 PM
 AVERAGE    61

..........................................................


THE WORCESTER MA CLIMATE NORMALS FOR TODAY
                         NORMAL    RECORD    YEAR
 MAXIMUM TEMPERATURE (F)   58        84      2007
                                             1902
 MINIMUM TEMPERATURE (F)   40        20      1933


SUNRISE AND SUNSET
APRIL 23 2014.........SUNRISE   554 AM EDT   SUNSET   738 PM EDT
APRIL 24 2014.........SUNRISE   553 AM EDT   SUNSET   739 PM EDT


-  INDICATES NEGATIVE NUMBERS.
R  INDICATES RECORD WAS SET OR TIED.
MM INDICATES DATA IS MISSING.
T  INDICATES TRACE AMOUNT.




$$
