000
CDUS41 KBOX 312148
CLIORH


CLIMATE REPORT
NATIONAL WEATHER SERVICE TAUNTON MA
548 PM EDT THU JUL 31 2014


...................................

...THE WORCESTER MA CLIMATE SUMMARY FOR JULY 31 2014...
VALID AS OF 0500 PM LOCAL TIME.

CLIMATE NORMAL PERIOD 1981 TO 2010
CLIMATE RECORD PERIOD 1892 TO 2014


WEATHER ITEM   OBSERVED TIME   RECORD YEAR NORMAL DEPARTURE LAST
                VALUE   (LST)  VALUE       VALUE  FROM      YEAR
                                                  NORMAL
..................................................................
TEMPERATURE (F)
 TODAY
  MAXIMUM         77    241 PM  95    1917  79     -2       78
  MINIMUM         56    454 AM  45    1932  62     -6       59
  AVERAGE         67                        70     -3       69

PRECIPITATION (IN)
  TODAY            0.00          3.87 1985   0.15  -0.15     0.00
  MONTH TO DATE    6.28                      4.23   2.05     2.97
  SINCE JUN 1      7.84                      8.42  -0.58    13.03
  SINCE JAN 1     29.03                     27.65   1.38    29.84

SNOWFALL (IN)
  TODAY            0.0           T    1934   0.0    0.0      0.0
  MONTH TO DATE    0.0                       0.0    0.0      0.0
  SINCE JUN 1      0.0                       0.0    0.0      0.0
  SINCE JUL 1      0.0                       0.0    0.0      0.0
  SNOW DEPTH      MM

DEGREE DAYS
 HEATING
  TODAY            0                         0      0        0
  MONTH TO DATE    0                         9     -9        7
  SINCE JUN 1     45                        97    -52       74
  SINCE JUL 1      0                        14    -14        7

 COOLING
  TODAY            2                         6     -4        4
  MONTH TO DATE  174                       175     -1      298
  SINCE JUN 1    258                       259     -1      401
  SINCE JAN 1    266                       281    -15      425
..................................................................


WIND (MPH)
  HIGHEST WIND SPEED    17   HIGHEST WIND DIRECTION    SW (220)
  HIGHEST GUST SPEED    22   HIGHEST GUST DIRECTION    SW (230)
  AVERAGE WIND SPEED     9.1


SKY COVER
  POSSIBLE SUNSHINE  MM
  AVERAGE SKY COVER 0.1


WEATHER CONDITIONS
 THE FOLLOWING WEATHER WAS RECORDED TODAY.
  NO SIGNIFICANT WEATHER WAS OBSERVED.


RELATIVE HUMIDITY (PERCENT)
 HIGHEST    93           500 AM
 LOWEST     50          1200 PM
 AVERAGE    72

..........................................................


THE WORCESTER MA CLIMATE NORMALS FOR TOMORROW
                         NORMAL    RECORD    YEAR
 MAXIMUM TEMPERATURE (F)   79        96      1933
                                             1917
 MINIMUM TEMPERATURE (F)   62        50      1936


SUNRISE AND SUNSET
JULY 31 2014..........SUNRISE   539 AM EDT   SUNSET   808 PM EDT
AUGUST  1 2014........SUNRISE   540 AM EDT   SUNSET   807 PM EDT


-  INDICATES NEGATIVE NUMBERS.
R  INDICATES RECORD WAS SET OR TIED.
MM INDICATES DATA IS MISSING.
T  INDICATES TRACE AMOUNT.




$$
