000
CDUS41 KBOX 060546
CLIORH


CLIMATE REPORT
NATIONAL WEATHER SERVICE TAUNTON MA
145 AM EDT FRI MAY 6 2016


...................................

...THE WORCESTER MA CLIMATE SUMMARY FOR MAY 5 2016...

CLIMATE NORMAL PERIOD 1981 TO 2010
CLIMATE RECORD PERIOD 1892 TO 2016


WEATHER ITEM   OBSERVED TIME   RECORD YEAR NORMAL DEPARTURE LAST
                VALUE   (LST)  VALUE       VALUE  FROM      YEAR
                                                  NORMAL
..................................................................
TEMPERATURE (F)
 YESTERDAY
  MAXIMUM         45   1240 PM  89    1949  63    -18       78
                                      1944
  MINIMUM         39    556 AM  28    1926  44     -5       57
  AVERAGE         42                        53    -11       68

PRECIPITATION (IN)
  YESTERDAY        0.17          0.92 1922   0.13   0.04     0.02
  MONTH TO DATE    1.07                      0.63   0.44     0.02
  SINCE MAR 1      7.19                      8.95  -1.76     5.41
  SINCE JAN 1     14.58                     15.67  -1.09    13.72

SNOWFALL (IN)
  YESTERDAY        0.0           T    1978   0.0    0.0      0.0
  MONTH TO DATE    0.0                       0.0    0.0      0.0
  SINCE MAR 1     15.5                      14.2    1.3     11.1
  SINCE JUL 1     47.2                      64.1  -16.9    119.7
  SNOW DEPTH      MM

DEGREE DAYS
 HEATING
  YESTERDAY       23                        12     11        0
  MONTH TO DATE  107                        64     43       35
  SINCE MAR 1   1479                      1574    -95     1679
  SINCE JUL 1   5538                      6411   -873     6793

 COOLING
  YESTERDAY        0                         0      0        3
  MONTH TO DATE    0                         0      0        5
  SINCE MAR 1      4                         3      1        5
  SINCE JAN 1      4                         3      1        5
..................................................................


WIND (MPH)
  RESULTANT WIND SPEED  11   RESULTANT WIND DIRECTION  NE (40)
  HIGHEST WIND SPEED    18   HIGHEST WIND DIRECTION    NE (30)
  HIGHEST GUST SPEED    29   HIGHEST GUST DIRECTION    NE (30)
  AVERAGE WIND SPEED    11.7


SKY COVER
  POSSIBLE SUNSHINE  MM
  AVERAGE SKY COVER 1.0


WEATHER CONDITIONS
 THE FOLLOWING WEATHER WAS RECORDED YESTERDAY.
  RAIN
  LIGHT RAIN
  FOG


RELATIVE HUMIDITY (PERCENT)
 HIGHEST   100           700 AM
 LOWEST     89           900 AM
 AVERAGE    95

..........................................................


THE WORCESTER MA CLIMATE NORMALS FOR TODAY
                         NORMAL    RECORD    YEAR
 MAXIMUM TEMPERATURE (F)   63        87      1930
 MINIMUM TEMPERATURE (F)   44        29      1992


SUNRISE AND SUNSET
MAY  6 2016...........SUNRISE   536 AM EDT   SUNSET   753 PM EDT
MAY  7 2016...........SUNRISE   535 AM EDT   SUNSET   754 PM EDT


-  INDICATES NEGATIVE NUMBERS.
R  INDICATES RECORD WAS SET OR TIED.
MM INDICATES DATA IS MISSING.
T  INDICATES TRACE AMOUNT.




$$
