784
CDUS41 KBOX 310552
CLIORH


CLIMATE REPORT
NATIONAL WEATHER SERVICE TAUNTON MA
152 AM EDT TUE MAY 31 2016


...................................

...THE WORCESTER MA CLIMATE SUMMARY FOR MAY 30 2016...

CLIMATE NORMAL PERIOD 1981 TO 2010
CLIMATE RECORD PERIOD 1892 TO 2016


WEATHER ITEM   OBSERVED TIME   RECORD YEAR NORMAL DEPARTURE LAST
                VALUE   (LST)  VALUE       VALUE  FROM      YEAR
                                                  NORMAL
..................................................................
TEMPERATURE (F)
 YESTERDAY
  MAXIMUM         76    421 PM  91    1929  70      6       83
  MINIMUM         52    122 AM  36    1961  51      1       58
                                      1946
                                      1940
  AVERAGE         64                        60      4       71

PRECIPITATION (IN)
  YESTERDAY        0.25          1.85 1908   0.15   0.10     0.00
  MONTH TO DATE    2.21                      4.04  -1.83     0.15
  SINCE MAR 1      8.33                     12.36  -4.03     5.54
  SINCE JAN 1     15.72                     19.08  -3.36    13.85

SNOWFALL (IN)
  YESTERDAY        0.0           0.0  2015   0.0    0.0      0.0
  MONTH TO DATE    0.0                       0.0    0.0      0.0
  SINCE MAR 1     15.5                      14.2    1.3     11.1
  SINCE JUL 1     47.2                      64.1  -16.9    119.7
  SNOW DEPTH      MM

DEGREE DAYS
 HEATING
  YESTERDAY        1                         6     -5        0
  MONTH TO DATE  279                       281     -2      129
  SINCE MAR 1   1651                      1791   -140     1773
  SINCE JUL 1   5710                      6628   -918     6887

 COOLING
  YESTERDAY        0                         1     -1        6
  MONTH TO DATE   30                        15     15       66
  SINCE MAR 1     34                        18     16       66
  SINCE JAN 1     34                        18     16       66
..................................................................


WIND (MPH)
  RESULTANT WIND SPEED   5   RESULTANT WIND DIRECTION  SW (210)
  HIGHEST WIND SPEED    18   HIGHEST WIND DIRECTION    SW (240)
  HIGHEST GUST SPEED    22   HIGHEST GUST DIRECTION    SW (230)
  AVERAGE WIND SPEED     7.5


SKY COVER
  POSSIBLE SUNSHINE  MM
  AVERAGE SKY COVER 0.7


WEATHER CONDITIONS
 THE FOLLOWING WEATHER WAS RECORDED YESTERDAY.
  RAIN
  LIGHT RAIN
  FOG
  FOG W/VISIBILITY <= 1/4 MILE


RELATIVE HUMIDITY (PERCENT)
 HIGHEST   100           100 AM
 LOWEST     64           400 PM
 AVERAGE    82

..........................................................


THE WORCESTER MA CLIMATE NORMALS FOR TODAY
                         NORMAL    RECORD    YEAR
 MAXIMUM TEMPERATURE (F)   70        92      1944
 MINIMUM TEMPERATURE (F)   51        32      1938


SUNRISE AND SUNSET
MAY 31 2016...........SUNRISE   514 AM EDT   SUNSET   817 PM EDT
JUNE  1 2016..........SUNRISE   513 AM EDT   SUNSET   818 PM EDT


-  INDICATES NEGATIVE NUMBERS.
R  INDICATES RECORD WAS SET OR TIED.
MM INDICATES DATA IS MISSING.
T  INDICATES TRACE AMOUNT.




$$
