000
CDUS41 KBOX 270527
CLIORH


CLIMATE REPORT
NATIONAL WEATHER SERVICE TAUNTON MA
126 AM EDT THU APR 27 2017


...................................

...THE WORCESTER MA CLIMATE SUMMARY FOR APRIL 26 2017...

CLIMATE NORMAL PERIOD 1981 TO 2010
CLIMATE RECORD PERIOD 1892 TO 2017


WEATHER ITEM   OBSERVED TIME   RECORD YEAR NORMAL DEPARTURE LAST
                VALUE   (LST)  VALUE       VALUE  FROM      YEAR
                                                  NORMAL
..................................................................
TEMPERATURE (F)
 YESTERDAY
  MAXIMUM         55    413 PM  85    1915  60     -5       50
  MINIMUM         42    240 AM  24    1919  41      1       32
  AVERAGE         49                        50     -1       41

PRECIPITATION (IN)
  YESTERDAY        0.45          1.59 1945   0.13   0.32     0.32
  MONTH TO DATE    4.70                      3.59   1.11     2.63
  SINCE MAR 1      8.71                      7.80   0.91     6.12
  SINCE JAN 1     15.06                     14.52   0.54    13.51

SNOWFALL (IN)
  YESTERDAY        0.0           0.4  1993   0.0    0.0      0.0
  MONTH TO DATE    2.9                       2.6    0.3     10.0
  SINCE MAR 1     20.5                      14.0    6.5     15.5
  SINCE JUL 1     78.3                      63.9   14.4     47.2
  SNOW DEPTH      MM

DEGREE DAYS
 HEATING
  YESTERDAY       16                        15      1       24
  MONTH TO DATE  440                       514    -74      529
  SINCE MAR 1   1520                      1453     67     1298
  SINCE JUL 1   5797                      6290   -493     5357

 COOLING
  YESTERDAY        0                         0      0        0
  MONTH TO DATE    6                         0      6        4
  SINCE MAR 1      6                         0      6        4
  SINCE JAN 1      6                         0      6        4
..................................................................


WIND (MPH)
  RESULTANT WIND SPEED   9   RESULTANT WIND DIRECTION   N (20)
  HIGHEST WIND SPEED    16   HIGHEST WIND DIRECTION     N (20)
  HIGHEST GUST SPEED    23   HIGHEST GUST DIRECTION     N (360)
  AVERAGE WIND SPEED     9.1


SKY COVER
  POSSIBLE SUNSHINE  MM
  AVERAGE SKY COVER 1.0


WEATHER CONDITIONS
 THE FOLLOWING WEATHER WAS RECORDED YESTERDAY.
  HEAVY RAIN
  RAIN
  LIGHT RAIN
  FOG
  FOG W/VISIBILITY <= 1/4 MILE


RELATIVE HUMIDITY (PERCENT)
 HIGHEST   100           400 AM
 LOWEST     92           500 AM
 AVERAGE    96

..........................................................


THE WORCESTER MA CLIMATE NORMALS FOR TODAY
                         NORMAL    RECORD    YEAR
 MAXIMUM TEMPERATURE (F)   60        88      1962
 MINIMUM TEMPERATURE (F)   41        25      1928


SUNRISE AND SUNSET
APRIL 27 2017.........SUNRISE   548 AM EDT   SUNSET   743 PM EDT
APRIL 28 2017.........SUNRISE   547 AM EDT   SUNSET   744 PM EDT


-  INDICATES NEGATIVE NUMBERS.
R  INDICATES RECORD WAS SET OR TIED.
MM INDICATES DATA IS MISSING.
T  INDICATES TRACE AMOUNT.




$$
