000
CDUS46 KMFR 040836
CLIOTH


CLIMATE REPORT
NATIONAL WEATHER SERVICE MEDFORD, OR
136 AM PDT WED MAY 4 2016


...................................

...THE NORTH BEND OR CLIMATE SUMMARY FOR MAY 3 2016...

CLIMATE NORMAL PERIOD 1981 TO 2010
CLIMATE RECORD PERIOD 1902 TO 2016


WEATHER ITEM   OBSERVED TIME   RECORD YEAR NORMAL DEPARTURE LAST
                VALUE   (LST)  VALUE       VALUE  FROM      YEAR
                                                  NORMAL
..................................................................
TEMPERATURE (F)
 YESTERDAY
  MAXIMUM         61        MM  85    1944  58      3       57
  MINIMUM         55        MM  31    1918  45     10       43
                                      2001
  AVERAGE         58                        51      7       50

PRECIPITATION (IN)
  YESTERDAY        0.01          1.09 1993   0.12  -0.11     0.00
  MONTH TO DATE    0.01                      0.36  -0.35     0.00
  SINCE OCT 1     55.57                     57.23  -1.66    41.94
  SINCE JAN 1     29.94                     31.14  -1.20    18.64

SNOWFALL (IN)
  YESTERDAY       MM
  SNOW DEPTH      MM

DEGREE DAYS
 HEATING
  YESTERDAY        7                        14     -7       15
  MONTH TO DATE   14                        42    -28       40
  SINCE MAR 1    747                      1054   -307      893
  SINCE JUL 1   3072                      4228  -1156     2997

 COOLING
  YESTERDAY        0                         0      0        0
  MONTH TO DATE    0                         0      0        0
  SINCE MAR 1      6                         0      6        0
  SINCE JAN 1      8                         0      8        0
..................................................................


WIND (MPH)
  HIGHEST WIND SPEED    18   HIGHEST WIND DIRECTION     N (360)
  HIGHEST GUST SPEED    23   HIGHEST GUST DIRECTION     N (360)
  AVERAGE WIND SPEED     5.8


SKY COVER
  POSSIBLE SUNSHINE  MM
  AVERAGE SKY COVER 1.0


WEATHER CONDITIONS
 THE FOLLOWING WEATHER WAS RECORDED YESTERDAY.
  NO SIGNIFICANT WEATHER WAS OBSERVED.


RELATIVE HUMIDITY (PERCENT)
 HIGHEST    93           500 PM
 LOWEST     72           200 PM

..........................................................


THE NORTH BEND OR CLIMATE NORMALS FOR TODAY
                         NORMAL    RECORD    YEAR
 MAXIMUM TEMPERATURE (F)   58        86      2013
 MINIMUM TEMPERATURE (F)   45        29      1918


SUNRISE AND SUNSET
MAY  4 2016...........SUNRISE   605 AM PDT   SUNSET   823 PM PDT
MAY  5 2016...........SUNRISE   604 AM PDT   SUNSET   824 PM PDT


-  INDICATES NEGATIVE NUMBERS.
R  INDICATES RECORD WAS SET OR TIED.
MM INDICATES DATA IS MISSING.
T  INDICATES TRACE AMOUNT.




$$
