000
CDUS46 KMFR 190836
CLIOTH


CLIMATE REPORT
NATIONAL WEATHER SERVICE MEDFORD, OR
136 AM PDT THU OCT 19 2017


...................................

...THE NORTH BEND OR CLIMATE SUMMARY FOR OCTOBER 18 2017...

CLIMATE NORMAL PERIOD 1981 TO 2010
CLIMATE RECORD PERIOD 1902 TO 2017


WEATHER ITEM   OBSERVED TIME   RECORD YEAR NORMAL DEPARTURE LAST
                VALUE   (LST)  VALUE       VALUE  FROM      YEAR
                                                  NORMAL
..................................................................
TEMPERATURE (F)
 YESTERDAY
  MAXIMUM         63        MM  85    1964  61      2       63
  MINIMUM         49        MM  31    1908  46      3       48
  AVERAGE         56                        53      3       56

PRECIPITATION (IN)
  YESTERDAY        0.00          2.96 1990   0.16  -0.16     0.14
  MONTH TO DATE    0.80                      2.09  -1.29     8.59
  SINCE OCT 1      0.80                      2.09  -1.29     8.59
  SINCE JAN 1     49.15                     40.91   8.24    41.17

SNOWFALL (IN)
  YESTERDAY       MM
  SNOW DEPTH      MM

DEGREE DAYS
 HEATING
  YESTERDAY        9                        12     -3        9
  MONTH TO DATE  193                       194     -1      114
  SINCE SEP 1    343                       423    -80      280
  SINCE JUL 1    650                       802   -152      568

 COOLING
  YESTERDAY        0                         0      0        0
  MONTH TO DATE    0                         0      0        0
  SINCE SEP 1      6                         1      5        0
  SINCE JAN 1      9                         2      7       15
..................................................................


WIND (MPH)
  HIGHEST WIND SPEED    18   HIGHEST WIND DIRECTION     S (160)
  HIGHEST GUST SPEED    32   HIGHEST GUST DIRECTION    SW (220)
  AVERAGE WIND SPEED    10.8


SKY COVER
  POSSIBLE SUNSHINE  MM
  AVERAGE SKY COVER 0.8


WEATHER CONDITIONS
 THE FOLLOWING WEATHER WAS RECORDED YESTERDAY.
  FOG


RELATIVE HUMIDITY (PERCENT)
 HIGHEST   100           500 AM
 LOWEST     72          1000 PM

..........................................................


THE NORTH BEND OR CLIMATE NORMALS FOR TODAY
                         NORMAL    RECORD    YEAR
 MAXIMUM TEMPERATURE (F)   61        85      1913
 MINIMUM TEMPERATURE (F)   46        32      1949


SUNRISE AND SUNSET
OCTOBER 19 2017.......SUNRISE   736 AM PDT   SUNSET   627 PM PDT
OCTOBER 20 2017.......SUNRISE   738 AM PDT   SUNSET   625 PM PDT


-  INDICATES NEGATIVE NUMBERS.
R  INDICATES RECORD WAS SET OR TIED.
MM INDICATES DATA IS MISSING.
T  INDICATES TRACE AMOUNT.




$$
