000
CDUS46 KMFR 060846
CLIOTH


CLIMATE REPORT
NATIONAL WEATHER SERVICE MEDFORD, OR
146 AM PDT MON JUL 6 2015


...................................

...THE NORTH BEND OR CLIMATE SUMMARY FOR JULY 5 2015...

CLIMATE NORMAL PERIOD 1981 TO 2010
CLIMATE RECORD PERIOD 1902 TO 2015


WEATHER ITEM   OBSERVED TIME   RECORD YEAR NORMAL DEPARTURE LAST
                VALUE   (LST)  VALUE       VALUE  FROM      YEAR
                                                  NORMAL
..................................................................
TEMPERATURE (F)
 YESTERDAY
  MAXIMUM         64        MM  74    1913  64      0       70
  MINIMUM         55        MM  42    1914  52      3       54
  AVERAGE         60                        58      2       62

PRECIPITATION (IN)
  YESTERDAY        0.00          0.78 1948   0.02  -0.02     0.00
  MONTH TO DATE    0.00                      0.11  -0.11     0.00
  SINCE OCT 1     42.54                     62.32 -19.78    28.05
  SINCE JAN 1     19.24                     36.23 -16.99    22.43

SNOWFALL (IN)
  YESTERDAY       MM
  SNOW DEPTH      MM

DEGREE DAYS
 HEATING
  YESTERDAY        5                         7     -2        3
  MONTH TO DATE   24                        35    -11       15
  SINCE JUN 1    248                       302    -54      212
  SINCE JUL 1     24                        35    -11       15

 COOLING
  YESTERDAY        0                         0      0        0
  MONTH TO DATE    0                         0      0        0
  SINCE JUN 1      0                         0      0        0
  SINCE JAN 1      0                         0      0       12
..................................................................


WIND (MPH)
  HIGHEST WIND SPEED    15   HIGHEST WIND DIRECTION     W (260)
  HIGHEST GUST SPEED    MM   HIGHEST GUST DIRECTION    MM
  AVERAGE WIND SPEED     5.6


SKY COVER
  POSSIBLE SUNSHINE   0 PERCENT
  AVERAGE SKY COVER 0.0


WEATHER CONDITIONS
 THE FOLLOWING WEATHER WAS RECORDED YESTERDAY.
  NO SIGNIFICANT WEATHER WAS OBSERVED.


RELATIVE HUMIDITY (PERCENT)
 HIGHEST     0          1200 AM
 LOWEST      0          1200 AM

..........................................................


THE NORTH BEND OR CLIMATE NORMALS FOR TODAY
                         NORMAL    RECORD    YEAR
 MAXIMUM TEMPERATURE (F)   64        96      1931
 MINIMUM TEMPERATURE (F)   52        41      1921


SUNRISE AND SUNSET
JULY  6 2015..........SUNRISE   543 AM PDT   SUNSET   900 PM PDT
JULY  7 2015..........SUNRISE   544 AM PDT   SUNSET   900 PM PDT


-  INDICATES NEGATIVE NUMBERS.
R  INDICATES RECORD WAS SET OR TIED.
MM INDICATES DATA IS MISSING.
T  INDICATES TRACE AMOUNT.




$$
