000
CDUS46 KMFR 240836
CLIOTH


CLIMATE REPORT
NATIONAL WEATHER SERVICE MEDFORD, OR
136 AM PDT THU APR 24 2014


...................................

...THE NORTH BEND OR CLIMATE SUMMARY FOR APRIL 23 2014...

CLIMATE NORMAL PERIOD 1981 TO 2010
CLIMATE RECORD PERIOD 1902 TO 2014


WEATHER ITEM   OBSERVED TIME   RECORD YEAR NORMAL DEPARTURE LAST
                VALUE   (LST)  VALUE       VALUE  FROM      YEAR
                                                  NORMAL
..................................................................
TEMPERATURE (F)
 YESTERDAY
  MAXIMUM         57        MM  74    1992  56      1       63
  MINIMUM         46        MM  29    1923  44      2       43
  AVERAGE         52                        50      2       53

PRECIPITATION (IN)
  YESTERDAY        0.34          1.36 2003   0.15   0.19     0.00
  MONTH TO DATE    2.38                      4.22  -1.84     2.68
  SINCE SEP 1     30.02                     57.50 -27.48    38.42
  SINCE JAN 1     18.45                     29.83 -11.38    12.32

SNOWFALL (IN)
  YESTERDAY       MM
  SNOW DEPTH      MM

DEGREE DAYS
 HEATING
  YESTERDAY       13                        15     -2       12
  MONTH TO DATE  321                       373    -52      338
  SINCE MAR 1    757                       911   -154      850
  SINCE JUL 1   3554                      4085   -531     3888

 COOLING
  YESTERDAY        0                         0      0        0
  MONTH TO DATE    0                         0      0        0
  SINCE MAR 1      0                         0      0        0
  SINCE JAN 1      0                         0      0        0
..................................................................


WIND (MPH)
  HIGHEST WIND SPEED    21   HIGHEST WIND DIRECTION     S (200)
  HIGHEST GUST SPEED    30   HIGHEST GUST DIRECTION     S (200)
  AVERAGE WIND SPEED    10.9


SKY COVER
  POSSIBLE SUNSHINE  MM
  AVERAGE SKY COVER 1.0


WEATHER CONDITIONS
 THE FOLLOWING WEATHER WAS RECORDED YESTERDAY.
  NO SIGNIFICANT WEATHER WAS OBSERVED.


RELATIVE HUMIDITY (PERCENT)
 HIGHEST   100          1200 AM
 LOWEST     86          1100 AM

..........................................................


THE NORTH BEND OR CLIMATE NORMALS FOR TODAY
                         NORMAL    RECORD    YEAR
 MAXIMUM TEMPERATURE (F)   56        75      2013
                                             1926
 MINIMUM TEMPERATURE (F)   44        28      1924


SUNRISE AND SUNSET
APRIL 24 2014.........SUNRISE   620 AM PDT   SUNSET   811 PM PDT
APRIL 25 2014.........SUNRISE   619 AM PDT   SUNSET   812 PM PDT


-  INDICATES NEGATIVE NUMBERS.
R  INDICATES RECORD WAS SET OR TIED.
MM INDICATES DATA IS MISSING.
T  INDICATES TRACE AMOUNT.




$$
