000
CDUS46 KMFR 300840
CLIOTH


CLIMATE REPORT
NATIONAL WEATHER SERVICE MEDFORD, OR
139 AM PDT TUE AUG 30 2016


...................................

...THE NORTH BEND OR CLIMATE SUMMARY FOR AUGUST 29 2016...

CLIMATE NORMAL PERIOD 1981 TO 2010
CLIMATE RECORD PERIOD 1902 TO 2016


WEATHER ITEM   OBSERVED TIME   RECORD YEAR NORMAL DEPARTURE LAST
                VALUE   (LST)  VALUE       VALUE  FROM      YEAR
                                                  NORMAL
..................................................................
TEMPERATURE (F)
 YESTERDAY
  MAXIMUM         64        MM  83    1944  66     -2       73
  MINIMUM         54        MM  40    1902  52      2       63
  AVERAGE         59                        59      0       68

PRECIPITATION (IN)
  YESTERDAY        0.01          1.51 1983   0.03  -0.02    MM
  MONTH TO DATE    0.01                      0.56  -0.55     0.20
  SINCE OCT 1     57.86                     63.27  -5.41    42.74
  SINCE JAN 1     32.23                     37.18  -4.95    19.44

SNOWFALL (IN)
  YESTERDAY       MM
  SNOW DEPTH      MM

DEGREE DAYS
 HEATING
  YESTERDAY        6                         6      0        0
  MONTH TO DATE  167                       174     -7       97
  SINCE JUN 1    473                       638   -165      401
  SINCE JUL 1    283                       371    -88      177

 COOLING
  YESTERDAY        0                         0      0        3
  MONTH TO DATE    6                         0      6       10
  SINCE JUN 1      7                         0      7       14
  SINCE JAN 1     15                         0     15       14
..................................................................


WIND (MPH)
  HIGHEST WIND SPEED    14   HIGHEST WIND DIRECTION     W (260)
  HIGHEST GUST SPEED    MM   HIGHEST GUST DIRECTION    MM
  AVERAGE WIND SPEED     5.2


SKY COVER
  POSSIBLE SUNSHINE   0 PERCENT
  AVERAGE SKY COVER 0.0


WEATHER CONDITIONS
 THE FOLLOWING WEATHER WAS RECORDED YESTERDAY.
  NO SIGNIFICANT WEATHER WAS OBSERVED.


RELATIVE HUMIDITY (PERCENT)
 HIGHEST     0          1200 AM
 LOWEST      0          1200 AM

..........................................................


THE NORTH BEND OR CLIMATE NORMALS FOR TODAY
                         NORMAL    RECORD    YEAR
 MAXIMUM TEMPERATURE (F)   66        91      1968
 MINIMUM TEMPERATURE (F)   52        32      1906


SUNRISE AND SUNSET
AUGUST 30 2016........SUNRISE   639 AM PDT   SUNSET   755 PM PDT
AUGUST 31 2016........SUNRISE   640 AM PDT   SUNSET   753 PM PDT


-  INDICATES NEGATIVE NUMBERS.
R  INDICATES RECORD WAS SET OR TIED.
MM INDICATES DATA IS MISSING.
T  INDICATES TRACE AMOUNT.




$$
