000
CDUS46 KMFR 310842
CLIOTH


CLIMATE REPORT
NATIONAL WEATHER SERVICE MEDFORD, OR
1242 AM PST SAT JAN 31 2015


...................................

...THE NORTH BEND OR CLIMATE SUMMARY FOR JANUARY 30 2015...

CLIMATE NORMAL PERIOD 1981 TO 2010
CLIMATE RECORD PERIOD 1902 TO 2015


WEATHER ITEM   OBSERVED TIME   RECORD YEAR NORMAL DEPARTURE LAST
                VALUE   (LST)  VALUE       VALUE  FROM      YEAR
                                                  NORMAL
..................................................................
TEMPERATURE (F)
 YESTERDAY
  MAXIMUM         57        MM  68    1931  52      5       52
  MINIMUM         36        MM  21    1950  40     -4       37
  AVERAGE         47                        46      1       45

PRECIPITATION (IN)
  YESTERDAY        0.00          2.93 1961   0.29  -0.29     0.01
  MONTH TO DATE    1.89                      9.90  -8.01     2.53
  SINCE OCT 1     25.19                     35.99 -10.80     8.15
  SINCE JAN 1      1.89                      9.90  -8.01     2.53

SNOWFALL (IN)
  YESTERDAY       MM
  SNOW DEPTH      MM

DEGREE DAYS
 HEATING
  YESTERDAY       18                        19     -1       20
  MONTH TO DATE  425                       572   -147      505
  SINCE DEC 1    854                      1181   -327     1217
  SINCE JUL 1   1730                      2633   -903     2332

 COOLING
  YESTERDAY        0                         0      0        0
  MONTH TO DATE    0                         0      0        0
  SINCE DEC 1      0                         0      0        0
  SINCE JAN 1      0                         0      0        0
..................................................................


WIND (MPH)
  HIGHEST WIND SPEED    18   HIGHEST WIND DIRECTION     N (350)
  HIGHEST GUST SPEED    25   HIGHEST GUST DIRECTION     N (350)
  AVERAGE WIND SPEED     4.6


SKY COVER
  POSSIBLE SUNSHINE  MM
  AVERAGE SKY COVER 0.1


WEATHER CONDITIONS
 THE FOLLOWING WEATHER WAS RECORDED YESTERDAY.
  NO SIGNIFICANT WEATHER WAS OBSERVED.


RELATIVE HUMIDITY (PERCENT)
 HIGHEST   100          1200 AM
 LOWEST     72          1200 PM

..........................................................


THE NORTH BEND OR CLIMATE NORMALS FOR TODAY
                         NORMAL    RECORD    YEAR
 MAXIMUM TEMPERATURE (F)   52        67      1934
 MINIMUM TEMPERATURE (F)   40        19      1950


SUNRISE AND SUNSET
JANUARY 31 2015.......SUNRISE   734 AM PST   SUNSET   527 PM PST
FEBRUARY  1 2015......SUNRISE   733 AM PST   SUNSET   529 PM PST


-  INDICATES NEGATIVE NUMBERS.
R  INDICATES RECORD WAS SET OR TIED.
MM INDICATES DATA IS MISSING.
T  INDICATES TRACE AMOUNT.




$$
