000
CDUS46 KMFR 290035
CLIOTH


CLIMATE REPORT
NATIONAL WEATHER SERVICE MEDFORD, OR
535 PM PDT THU JUL 28 2016


...................................

...THE NORTH BEND OR CLIMATE SUMMARY FOR JULY 28 2016...
VALID TODAY AS OF 0500 PM LOCAL TIME.

CLIMATE NORMAL PERIOD 1981 TO 2010
CLIMATE RECORD PERIOD 1902 TO 2016


WEATHER ITEM   OBSERVED TIME   RECORD YEAR NORMAL DEPARTURE LAST
                VALUE   (LST)  VALUE       VALUE  FROM      YEAR
                                                  NORMAL
..................................................................
TEMPERATURE (F)
 TODAY
  MAXIMUM         64        MM  74    1926  65     -1       72
  MINIMUM         54        MM  43    1924  53      1       54
  AVERAGE         59                        59      0       63

PRECIPITATION (IN)
  TODAY            0.00          0.27 1993   0.01  -0.01     0.00
  MONTH TO DATE    0.90                      0.47   0.43     0.00
  SINCE OCT 1     57.85                     62.68  -4.83    42.54
  SINCE JAN 1     32.22                     36.59  -4.37    19.24

SNOWFALL (IN)
  TODAY           MM                         0.0   MM       MM
  MONTH TO DATE   MM                         0.0   MM        0.0
  SINCE JUL 1     MM                         0.0   MM        0.0
  SNOW DEPTH      MM

DEGREE DAYS
 HEATING
  TODAY            6                         6      0        2
  MONTH TO DATE  103                       179    -76       75
  SINCE JUN 1    293                       446   -153      299
  SINCE JUL 1    103                       179    -76       75

 COOLING
  TODAY            0                         0      0        0
  MONTH TO DATE    1                         0      1        4
  SINCE JUN 1      1                         0      1        4
  SINCE JAN 1      9                         0      9        4
..................................................................


WIND (MPH)
  HIGHEST WIND SPEED    33   HIGHEST WIND DIRECTION     N (360)
  HIGHEST GUST SPEED    39   HIGHEST GUST DIRECTION     N (360)
  AVERAGE WIND SPEED    16.4


SKY COVER
  POSSIBLE SUNSHINE  MM
  AVERAGE SKY COVER 0.6


WEATHER CONDITIONS
 THE FOLLOWING WEATHER WAS RECORDED TODAY.
  NO SIGNIFICANT WEATHER WAS OBSERVED.


RELATIVE HUMIDITY (PERCENT)
 HIGHEST   100           200 AM
 LOWEST     73           900 AM

..........................................................


THE NORTH BEND OR CLIMATE NORMALS FOR TOMORROW
                         NORMAL    RECORD    YEAR
 MAXIMUM TEMPERATURE (F)   65        75      2015
                                             1926
 MINIMUM TEMPERATURE (F)   53        42      1926


SUNRISE AND SUNSET
JULY 28 2016..........SUNRISE   603 AM PDT   SUNSET   843 PM PDT
JULY 29 2016..........SUNRISE   604 AM PDT   SUNSET   842 PM PDT


-  INDICATES NEGATIVE NUMBERS.
R  INDICATES RECORD WAS SET OR TIED.
MM INDICATES DATA IS MISSING.
T  INDICATES TRACE AMOUNT.




$$
