000
CDUS46 KMFR 210836
CLIOTH


CLIMATE REPORT
NATIONAL WEATHER SERVICE MEDFORD, OR
1236 AM PST SUN DEC 21 2014


...................................

...THE NORTH BEND OR CLIMATE SUMMARY FOR DECEMBER 20 2014...

CLIMATE NORMAL PERIOD 1981 TO 2010
CLIMATE RECORD PERIOD 1902 TO 2014


WEATHER ITEM   OBSERVED TIME   RECORD YEAR NORMAL DEPARTURE LAST
                VALUE   (LST)  VALUE       VALUE  FROM      YEAR
                                                  NORMAL
..................................................................
TEMPERATURE (F)
 YESTERDAY
  MAXIMUM         59        MM  65    1994  51      8       50
  MINIMUM         52        MM  15    1990  39     13       34
  AVERAGE         56                        45     11       42

PRECIPITATION (IN)
  YESTERDAY        1.47          3.66 1940   0.36   1.11     0.72
  MONTH TO DATE   10.34                      7.28   3.06     2.05
  SINCE SEP 1     22.73                     23.82  -1.09    11.46
  SINCE JAN 1     45.18                     61.06 -15.88    29.39

SNOWFALL (IN)
  YESTERDAY       MM
  SNOW DEPTH      MM

DEGREE DAYS
 HEATING
  YESTERDAY        9                        20    -11       23
  MONTH TO DATE  241                       393   -152      494
  SINCE DEC 1    241                       393   -152      494
  SINCE JUL 1   1117                      1845   -728     1609

 COOLING
  YESTERDAY        0                         0      0        0
  MONTH TO DATE    0                         0      0        0
  SINCE DEC 1      0                         0      0        0
  SINCE JAN 1     28                         2     26       13
..................................................................


WIND (MPH)
  HIGHEST WIND SPEED    25   HIGHEST WIND DIRECTION     S (200)
  HIGHEST GUST SPEED    41   HIGHEST GUST DIRECTION     S (200)
  AVERAGE WIND SPEED    16.1


SKY COVER
  POSSIBLE SUNSHINE  MM
  AVERAGE SKY COVER 1.0


WEATHER CONDITIONS
 THE FOLLOWING WEATHER WAS RECORDED YESTERDAY.
  NO SIGNIFICANT WEATHER WAS OBSERVED.


RELATIVE HUMIDITY (PERCENT)
 HIGHEST   100          1200 AM
 LOWEST     93           200 AM

..........................................................


THE NORTH BEND OR CLIMATE NORMALS FOR TODAY
                         NORMAL    RECORD    YEAR
 MAXIMUM TEMPERATURE (F)   51        68      1940
 MINIMUM TEMPERATURE (F)   39        13      1990


SUNRISE AND SUNSET
DECEMBER 21 2014......SUNRISE   746 AM PST   SUNSET   444 PM PST
DECEMBER 22 2014......SUNRISE   747 AM PST   SUNSET   444 PM PST


-  INDICATES NEGATIVE NUMBERS.
R  INDICATES RECORD WAS SET OR TIED.
MM INDICATES DATA IS MISSING.
T  INDICATES TRACE AMOUNT.




$$
