000
CDUS46 KMFR 130839
CLIOTH


CLIMATE REPORT
NATIONAL WEATHER SERVICE MEDFORD, OR
1238 AM PST WED DEC 13 2017


...................................

...THE NORTH BEND OR CLIMATE SUMMARY FOR DECEMBER 12 2017...

CLIMATE NORMAL PERIOD 1981 TO 2010
CLIMATE RECORD PERIOD 1902 TO 2017


WEATHER ITEM   OBSERVED TIME   RECORD YEAR NORMAL DEPARTURE LAST
                VALUE   (LST)  VALUE       VALUE  FROM      YEAR
                                                  NORMAL
..................................................................
TEMPERATURE (F)
 YESTERDAY
  MAXIMUM         55        MM  66    1966  51      4       52
  MINIMUM         37        MM  21    1919  40     -3       37
  AVERAGE         46                        45      1       45

PRECIPITATION (IN)
  YESTERDAY        0.00          1.76 1933   0.35  -0.35     0.14
  MONTH TO DATE    1.20                      4.42  -3.22     3.74
  SINCE OCT 1     17.03                     19.38  -2.35    30.99
  SINCE JAN 1     65.38                     58.20   7.18    63.57

SNOWFALL (IN)
  YESTERDAY       MM
  SNOW DEPTH      MM

DEGREE DAYS
 HEATING
  YESTERDAY       19                        20     -1       20
  MONTH TO DATE  209                       233    -24      230
  SINCE DEC 1    209                       233    -24      230
  SINCE JUL 1   1364                      1685   -321     1226

 COOLING
  YESTERDAY        0                         0      0        0
  MONTH TO DATE    0                         0      0        0
  SINCE DEC 1      0                         0      0        0
  SINCE JAN 1     10                         2      8       15
..................................................................


WIND (MPH)
  HIGHEST WIND SPEED    12   HIGHEST WIND DIRECTION    SE (130)
  HIGHEST GUST SPEED    MM   HIGHEST GUST DIRECTION    MM
  AVERAGE WIND SPEED     5.8


SKY COVER
  POSSIBLE SUNSHINE   0 PERCENT
  AVERAGE SKY COVER 0.0


WEATHER CONDITIONS
 THE FOLLOWING WEATHER WAS RECORDED YESTERDAY.
  NO SIGNIFICANT WEATHER WAS OBSERVED.


RELATIVE HUMIDITY (PERCENT)
 HIGHEST     0          1200 AM
 LOWEST      0          1200 AM

..........................................................


THE NORTH BEND OR CLIMATE NORMALS FOR TODAY
                         NORMAL    RECORD    YEAR
 MAXIMUM TEMPERATURE (F)   51        67      1969
 MINIMUM TEMPERATURE (F)   40        19      1919


SUNRISE AND SUNSET
DECEMBER 13 2017......SUNRISE   741 AM PST   SUNSET   441 PM PST
DECEMBER 14 2017......SUNRISE   742 AM PST   SUNSET   441 PM PST


-  INDICATES NEGATIVE NUMBERS.
R  INDICATES RECORD WAS SET OR TIED.
MM INDICATES DATA IS MISSING.
T  INDICATES TRACE AMOUNT.




$$
