665
CDUS46 KMFR 240839
CLIOTH


CLIMATE REPORT
NATIONAL WEATHER SERVICE MEDFORD, OR
1239 AM PST SAT FEB 24 2018


...................................

...THE NORTH BEND OR CLIMATE SUMMARY FOR FEBRUARY 23 2018...

CLIMATE NORMAL PERIOD 1981 TO 2010
CLIMATE RECORD PERIOD 1902 TO 2018


WEATHER ITEM   OBSERVED TIME   RECORD YEAR NORMAL DEPARTURE LAST
                VALUE   (LST)  VALUE       VALUE  FROM      YEAR
                                                  NORMAL
..................................................................
TEMPERATURE (F)
 YESTERDAY
  MAXIMUM         48        MM  72    1921  53     -5       46
  MINIMUM         26        MM  24    1920  40    -14       34
  AVERAGE         37                        47    -10       40

PRECIPITATION (IN)
  YESTERDAY        0.08          1.16 2010   0.27  -0.19     0.01
  MONTH TO DATE    2.49                      6.21  -3.72    13.17
  SINCE OCT 1     29.22                     42.49 -13.27    56.20
  SINCE JAN 1     10.32                     16.40  -6.08    22.05

SNOWFALL (IN)
  YESTERDAY       MM
  SNOW DEPTH      MM

DEGREE DAYS
 HEATING
  YESTERDAY       28                        18     10       25
  MONTH TO DATE  444                       431     13      366
  SINCE DEC 1   1423                      1634   -211     1668
  SINCE JUL 1   2578                      3086   -508     2664

 COOLING
  YESTERDAY        0                         0      0        0
  MONTH TO DATE    0                         0      0        0
  SINCE DEC 1      0                         0      0        0
  SINCE JAN 1      0                         0      0        0
..................................................................


WIND (MPH)
  HIGHEST WIND SPEED    14   HIGHEST WIND DIRECTION    SE (130)
  HIGHEST GUST SPEED    MM   HIGHEST GUST DIRECTION    MM
  AVERAGE WIND SPEED     6.8


SKY COVER
  POSSIBLE SUNSHINE  MM
  AVERAGE SKY COVER 0.4


WEATHER CONDITIONS
 THE FOLLOWING WEATHER WAS RECORDED YESTERDAY.
  LIGHT RAIN
  FOG


RELATIVE HUMIDITY (PERCENT)
 HIGHEST   100           300 AM
 LOWEST     49           100 PM

..........................................................


THE NORTH BEND OR CLIMATE NORMALS FOR TODAY
                         NORMAL    RECORD    YEAR
 MAXIMUM TEMPERATURE (F)   53        71      1991
 MINIMUM TEMPERATURE (F)   41        23      1920


SUNRISE AND SUNSET
FEBRUARY 24 2018......SUNRISE   701 AM PST   SUNSET   600 PM PST
FEBRUARY 25 2018......SUNRISE   700 AM PST   SUNSET   601 PM PST


-  INDICATES NEGATIVE NUMBERS.
R  INDICATES RECORD WAS SET OR TIED.
MM INDICATES DATA IS MISSING.
T  INDICATES TRACE AMOUNT.




$$
