000
CDUS43 KDMX 220638 RRB
CLIOTM

CLIMATE REPORT
NATIONAL WEATHER SERVICE DES MOINES IA
135 AM CDT TUE JUL 22 2014


...................................

...THE OTTUMWA IA CLIMATE SUMMARY FOR JULY 21 2014...

CLIMATE NORMAL PERIOD 1981 TO 2010
CLIMATE RECORD PERIOD 1920 TO 2014


WEATHER ITEM   OBSERVED TIME   RECORD YEAR NORMAL DEPARTURE LAST
                VALUE   (LST)  VALUE       VALUE  FROM      YEAR
                                                  NORMAL
..................................................................
TEMPERATURE (F)
 YESTERDAY
  MAXIMUM         87    510 PM 110    1934  86      1       83
  MINIMUM         67    430 AM  47    1944  65      2       65
  AVERAGE         77                        75      2       74

PRECIPITATION (IN)
  YESTERDAY        0.00          2.52 1978   0.13  -0.13     0.72
  MONTH TO DATE    2.98                      3.13  -0.15     0.88
  SINCE JUN 1     11.00                      8.22   2.78     3.27
  SINCE JAN 1     21.84                     20.75   1.09    27.59

DEGREE DAYS
 HEATING
  YESTERDAY        0                         0      0        0
  MONTH TO DATE   13                         0     13        0
  SINCE JUN 1     22                        21      1       26
  SINCE JUL 1     13                         0     13        0

 COOLING
  YESTERDAY       12                        10      2        9
  MONTH TO DATE  108                       210   -102      224
  SINCE JUN 1    322                       411    -89      422
  SINCE JAN 1    433                       475    -42      499
..................................................................


WIND (MPH)
  HIGHEST WIND SPEED    20   HIGHEST WIND DIRECTION     S (160)
  HIGHEST GUST SPEED    28   HIGHEST GUST DIRECTION     S (160)
  AVERAGE WIND SPEED    11.5


SKY COVER
  POSSIBLE SUNSHINE  MM
  AVERAGE SKY COVER 0.2


WEATHER CONDITIONS
 THE FOLLOWING WEATHER WAS RECORDED YESTERDAY.
  NO SIGNIFICANT WEATHER WAS OBSERVED.


RELATIVE HUMIDITY (PERCENT)
 HIGHEST    87          1200 AM
 LOWEST     68           200 PM
 AVERAGE    78

..........................................................


THE OTTUMWA IA CLIMATE NORMALS FOR TODAY
                         NORMAL    RECORD    YEAR
 MAXIMUM TEMPERATURE (F)   86       108      1934
 MINIMUM TEMPERATURE (F)   65        46      1947


SUNRISE AND SUNSET
JULY 22 2014..........SUNRISE   556 AM CDT   SUNSET   836 PM CDT
JULY 23 2014..........SUNRISE   557 AM CDT   SUNSET   835 PM CDT


-  INDICATES NEGATIVE NUMBERS.
R  INDICATES RECORD WAS SET OR TIED.
MM INDICATES DATA IS MISSING.
T  INDICATES TRACE AMOUNT.

$$
