000
CDUS43 KDMX 140633
CLIOTM

CLIMATE REPORT
NATIONAL WEATHER SERVICE DES MOINES IA
1230 AM CST SUN FEB 14 2016

...................................

...THE OTTUMWA IA CLIMATE SUMMARY FOR FEBRUARY 13 2016...

CLIMATE NORMAL PERIOD 1981 TO 2010
CLIMATE RECORD PERIOD 1920 TO 2016


WEATHER ITEM   OBSERVED TIME   RECORD YEAR NORMAL DEPARTURE LAST
                VALUE   (LST)  VALUE       VALUE  FROM      YEAR
                                                  NORMAL
..................................................................
TEMPERATURE (F)
 YESTERDAY
  MAXIMUM         17    820 PM  65    1938  35    -18       35
  MINIMUM          1    418 AM  -7    1986  17    -16       14
  AVERAGE          9                        26    -17       25

PRECIPITATION (IN)
  YESTERDAY        0.01          1.24 1978   0.04  -0.03      T
  MONTH TO DATE    0.30                      0.46  -0.16     0.64
  SINCE DEC 1      4.37                      2.73   1.64     2.85
  SINCE JAN 1      0.34                      1.36  -1.02     1.87

DEGREE DAYS
 HEATING
  YESTERDAY       56                        39     17       40
  MONTH TO DATE  537                       524     13      572
  SINCE DEC 1   2603                      3048   -445     2851
  SINCE JUL 1   3614                      4346   -732     4359

 COOLING
  YESTERDAY        0                         0      0        0
  MONTH TO DATE    0                         0      0        0
  SINCE DEC 1      0                         0      0        0
  SINCE JAN 1      0                         0      0        0
..................................................................


WIND (MPH)
  HIGHEST WIND SPEED    13   HIGHEST WIND DIRECTION     S (160)
  HIGHEST GUST SPEED    16   HIGHEST GUST DIRECTION    SE (150)
  AVERAGE WIND SPEED     6.4


SKY COVER
  POSSIBLE SUNSHINE  MM
  AVERAGE SKY COVER 0.5


WEATHER CONDITIONS
 THE FOLLOWING WEATHER WAS RECORDED YESTERDAY.
  LIGHT SNOW
  FOG


RELATIVE HUMIDITY (PERCENT)
 HIGHEST    88          1000 PM
 LOWEST     50          1100 AM
 AVERAGE    69

..........................................................


THE OTTUMWA IA CLIMATE NORMALS FOR TODAY
                         NORMAL    RECORD    YEAR
 MAXIMUM TEMPERATURE (F)   36        69      1954
 MINIMUM TEMPERATURE (F)   17        -6      1936


SUNRISE AND SUNSET
FEBRUARY 14 2016......SUNRISE   706 AM CST   SUNSET   542 PM CST
FEBRUARY 15 2016......SUNRISE   705 AM CST   SUNSET   544 PM CST


-  INDICATES NEGATIVE NUMBERS.
R  INDICATES RECORD WAS SET OR TIED.
MM INDICATES DATA IS MISSING.
T  INDICATES TRACE AMOUNT.

$$

REV
