000
CDUS43 KDMX 170630 RRB
CLIOTM

CLIMATE REPORT
NATIONAL WEATHER SERVICE DES MOINES IA
128 AM CDT THU APR 17 2014


...................................

...THE OTTUMWA IA CLIMATE SUMMARY FOR APRIL 16 2014...

CLIMATE NORMAL PERIOD 1981 TO 2010
CLIMATE RECORD PERIOD 1920 TO 2014


WEATHER ITEM   OBSERVED TIME   RECORD YEAR NORMAL DEPARTURE LAST
                VALUE   (LST)  VALUE       VALUE  FROM      YEAR
                                                  NORMAL
..................................................................
TEMPERATURE (F)
 YESTERDAY
  MAXIMUM         62    337 PM  88    2004  63     -1       49
  MINIMUM         37    618 AM  24    1961  40     -3       32
  AVERAGE         50                        51     -1       41

PRECIPITATION (IN)
  YESTERDAY        0.00          1.35 1945   0.12  -0.12      T
  MONTH TO DATE    1.49                      1.61  -0.12     2.56
  SINCE MAR 1      2.02                      3.85  -1.83     5.02
  SINCE JAN 1      3.35                      6.03  -2.68     8.48

DEGREE DAYS
 HEATING
  YESTERDAY       15                        14      1       24
  MONTH TO DATE  298                       271     27      308
  SINCE MAR 1   1277                      1082    195     1319
  SINCE JUL 1   6789                      5967    822     5846

 COOLING
  YESTERDAY        0                         0      0        0
  MONTH TO DATE    5                         0      5        0
  SINCE MAR 1      5                         1      4        0
  SINCE JAN 1      5                         1      4        0
..................................................................


WIND (MPH)
  HIGHEST WIND SPEED    38   HIGHEST WIND DIRECTION     S (170)
  HIGHEST GUST SPEED    47   HIGHEST GUST DIRECTION     S (170)
  AVERAGE WIND SPEED    20.7


SKY COVER
  POSSIBLE SUNSHINE  MM
  AVERAGE SKY COVER 0.2


WEATHER CONDITIONS
 THE FOLLOWING WEATHER WAS RECORDED YESTERDAY.
  NO SIGNIFICANT WEATHER WAS OBSERVED.


RELATIVE HUMIDITY (PERCENT)
 HIGHEST    59           200 AM
 LOWEST     29           400 PM
 AVERAGE    44

..........................................................


THE OTTUMWA IA CLIMATE NORMALS FOR TODAY
                         NORMAL    RECORD    YEAR
 MAXIMUM TEMPERATURE (F)   63        86      2004
 MINIMUM TEMPERATURE (F)   40        24      1907


SUNRISE AND SUNSET
APRIL 17 2014.........SUNRISE   627 AM CDT   SUNSET   752 PM CDT
APRIL 18 2014.........SUNRISE   626 AM CDT   SUNSET   753 PM CDT


-  INDICATES NEGATIVE NUMBERS.
R  INDICATES RECORD WAS SET OR TIED.
MM INDICATES DATA IS MISSING.
T  INDICATES TRACE AMOUNT.

$$
