000
CDUS43 KDMX 210752 RRB
CLIOTM

CLIMATE REPORT
NATIONAL WEATHER SERVICE DES MOINES IA
150 AM CST SAT JAN 21 2017

...................................

...THE OTTUMWA IA CLIMATE SUMMARY FOR JANUARY 20 2017...

CLIMATE NORMAL PERIOD 1981 TO 2010
CLIMATE RECORD PERIOD 1920 TO 2017


WEATHER ITEM   OBSERVED TIME   RECORD YEAR NORMAL DEPARTURE LAST
                VALUE   (LST)  VALUE       VALUE  FROM      YEAR
                                                  NORMAL
..................................................................
TEMPERATURE (F)
 YESTERDAY
  MAXIMUM         44   1159 PM  57    1934  32     12       25
  MINIMUM         36    816 AM -25    1936  13     23       11
  AVERAGE         40                        22     18       18

PRECIPITATION (IN)
  YESTERDAY        0.02          2.05 1904   0.03  -0.01     0.00
  MONTH TO DATE    1.08                      0.61   0.47     0.48
  SINCE DEC 1      2.45                      1.98   0.47     4.51
  SINCE JAN 1      1.08                      0.61   0.47     0.48

DEGREE DAYS
 HEATING
  YESTERDAY       25                        43    -18       47
  MONTH TO DATE  795                       854    -59      891
  SINCE DEC 1   1951                      2061   -110     1737
  SINCE JUL 1   2744                      3359   -615     2748

 COOLING
  YESTERDAY        0                         0      0        0
  MONTH TO DATE    0                         0      0        0
  SINCE DEC 1      0                         0      0        0
  SINCE JAN 1      0                         0      0        0
..................................................................


WIND (MPH)
  HIGHEST WIND SPEED    12   HIGHEST WIND DIRECTION    SE (130)
  HIGHEST GUST SPEED    15   HIGHEST GUST DIRECTION     E (110)
  AVERAGE WIND SPEED     5.2


SKY COVER
  POSSIBLE SUNSHINE  MM
  AVERAGE SKY COVER 1.0


WEATHER CONDITIONS
 THE FOLLOWING WEATHER WAS RECORDED YESTERDAY.
  LIGHT RAIN
  FOG
  FOG W/VISIBILITY <= 1/4 MILE


RELATIVE HUMIDITY (PERCENT)
 HIGHEST   100          1200 AM
 LOWEST     89           800 PM
 AVERAGE    95

..........................................................


THE OTTUMWA IA CLIMATE NORMALS FOR TODAY
                         NORMAL    RECORD    YEAR
 MAXIMUM TEMPERATURE (F)   32        63      1957
 MINIMUM TEMPERATURE (F)   13       -21      1970


SUNRISE AND SUNSET
JANUARY 21 2017.......SUNRISE   729 AM CST   SUNSET   513 PM CST
JANUARY 22 2017.......SUNRISE   729 AM CST   SUNSET   515 PM CST


-  INDICATES NEGATIVE NUMBERS.
R  INDICATES RECORD WAS SET OR TIED.
MM INDICATES DATA IS MISSING.
T  INDICATES TRACE AMOUNT.




$$
