000
CDUS43 KDMX 310636 RRA
CLIOTM

CLIMATE REPORT
NATIONAL WEATHER SERVICE DES MOINES IA
134 AM CDT WED AUG 31 2016


...................................

...THE OTTUMWA IA CLIMATE SUMMARY FOR AUGUST 30 2016...

CLIMATE NORMAL PERIOD 1981 TO 2010
CLIMATE RECORD PERIOD 1920 TO 2016


WEATHER ITEM   OBSERVED TIME   RECORD YEAR NORMAL DEPARTURE LAST
                VALUE   (LST)  VALUE       VALUE  FROM      YEAR
                                                  NORMAL
..................................................................
TEMPERATURE (F)
 YESTERDAY
  MAXIMUM         82    440 PM 104    1947  82      0       79
  MINIMUM         66    415 AM  42    1915  60      6       64
  AVERAGE         74                        71      3       72

PRECIPITATION (IN)
  YESTERDAY        0.22          2.49 1965   0.14   0.08     0.00
  MONTH TO DATE    5.81                      4.46   1.35     1.30
  SINCE JUN 1     12.28                     14.02  -1.74    15.84
  SINCE JAN 1     20.32                     26.55  -6.23    25.71

DEGREE DAYS
 HEATING
  YESTERDAY        0                         1     -1        0
  MONTH TO DATE    0                         3     -3       16
  SINCE JUN 1      8                        26    -18       32
  SINCE JUL 1      7                         5      2       22

 COOLING
  YESTERDAY        9                         6      3        7
  MONTH TO DATE  275                       249     26      177
  SINCE JUN 1    823                       764     59      657
  SINCE JAN 1    894                       828     66      718
..................................................................


WIND (MPH)
  HIGHEST WIND SPEED    12   HIGHEST WIND DIRECTION     N (10)
  HIGHEST GUST SPEED    15   HIGHEST GUST DIRECTION     N (360)
  AVERAGE WIND SPEED     3.9


SKY COVER
  POSSIBLE SUNSHINE  MM
  AVERAGE SKY COVER 0.4


WEATHER CONDITIONS
 THE FOLLOWING WEATHER WAS RECORDED YESTERDAY.
  THUNDERSTORM
  HEAVY RAIN
  LIGHT RAIN
  FOG


RELATIVE HUMIDITY (PERCENT)
 HIGHEST   100           400 AM
 LOWEST     69           500 PM
 AVERAGE    85

..........................................................


THE OTTUMWA IA CLIMATE NORMALS FOR TODAY
                         NORMAL    RECORD    YEAR
 MAXIMUM TEMPERATURE (F)   81       100      1912
                                             1947
 MINIMUM TEMPERATURE (F)   59        42      1915


SUNRISE AND SUNSET
AUGUST 31 2016........SUNRISE   636 AM CDT   SUNSET   743 PM CDT
SEPTEMBER  1 2016.....SUNRISE   637 AM CDT   SUNSET   741 PM CDT


-  INDICATES NEGATIVE NUMBERS.
R  INDICATES RECORD WAS SET OR TIED.
MM INDICATES DATA IS MISSING.
T  INDICATES TRACE AMOUNT.




$$
