000
CDUS43 KDMX 220654 RRC
CLIOTM

CLIMATE REPORT
NATIONAL WEATHER SERVICE DES MOINES IA
151 AM CDT FRI AUG 22 2014


...................................

...THE OTTUMWA IA CLIMATE SUMMARY FOR AUGUST 21 2014...

CLIMATE NORMAL PERIOD 1981 TO 2010
CLIMATE RECORD PERIOD 1920 TO 2014


WEATHER ITEM   OBSERVED TIME   RECORD YEAR NORMAL DEPARTURE LAST
                VALUE   (LST)  VALUE       VALUE  FROM      YEAR
                                                  NORMAL
..................................................................
TEMPERATURE (F)
 YESTERDAY
  MAXIMUM         86    346 PM 104    1936  83      3       89
  MINIMUM         73    644 AM  48    1950  62     11       65
  AVERAGE         80                        73      7       77

PRECIPITATION (IN)
  YESTERDAY        T             1.55 1955   0.15  -0.15     0.00
  MONTH TO DATE    1.32                      3.14  -1.82     0.96
  SINCE JUN 1     14.59                     12.70   1.89     4.79
  SINCE JAN 1     25.43                     25.23   0.20    29.11

DEGREE DAYS
 HEATING
  YESTERDAY        0                         0      0        0
  MONTH TO DATE    0                         0      0        6
  SINCE JUN 1     22                        23     -1       42
  SINCE JUL 1     13                         2     11       16

 COOLING
  YESTERDAY       15                         8      7       12
  MONTH TO DATE  129                       185    -56      116
  SINCE JUN 1    507                       700   -193      580
  SINCE JAN 1    618                       764   -146      657
..................................................................


WIND (MPH)
  HIGHEST WIND SPEED    15   HIGHEST WIND DIRECTION     W (280)
  HIGHEST GUST SPEED    19   HIGHEST GUST DIRECTION    SW (230)
  AVERAGE WIND SPEED     6.7


SKY COVER
  POSSIBLE SUNSHINE  MM
  AVERAGE SKY COVER 0.3


WEATHER CONDITIONS
 THE FOLLOWING WEATHER WAS RECORDED YESTERDAY.
  THUNDERSTORM
  LIGHT RAIN


RELATIVE HUMIDITY (PERCENT)
 HIGHEST    94          1200 AM
 LOWEST     69          1000 AM
 AVERAGE    82

..........................................................


THE OTTUMWA IA CLIMATE NORMALS FOR TODAY
                         NORMAL    RECORD    YEAR
 MAXIMUM TEMPERATURE (F)   83       104      1936
 MINIMUM TEMPERATURE (F)   62        44      1923


SUNRISE AND SUNSET
AUGUST 22 2014........SUNRISE   626 AM CDT   SUNSET   758 PM CDT
AUGUST 23 2014........SUNRISE   627 AM CDT   SUNSET   757 PM CDT


-  INDICATES NEGATIVE NUMBERS.
R  INDICATES RECORD WAS SET OR TIED.
MM INDICATES DATA IS MISSING.
T  INDICATES TRACE AMOUNT.




$$
