000
CDUS43 KDMX 200630 RRD
CLIOTM

CLIMATE REPORT
NATIONAL WEATHER SERVICE DES MOINES IA
1227 AM CST MON FEB 20 2017


...................................

...THE OTTUMWA IA CLIMATE SUMMARY FOR FEBRUARY 19 2017...

CLIMATE NORMAL PERIOD 1981 TO 2010
CLIMATE RECORD PERIOD 1920 TO 2017


WEATHER ITEM   OBSERVED TIME   RECORD YEAR NORMAL DEPARTURE LAST
                VALUE   (LST)  VALUE       VALUE  FROM      YEAR
                                                  NORMAL
..................................................................
TEMPERATURE (F)
 YESTERDAY
  MAXIMUM         74R   309 PM  72    1930  38     36       60
  MINIMUM         32    722 AM -23    1936  19     13       39
  AVERAGE         53                        28     25       50

PRECIPITATION (IN)
  YESTERDAY        0.00          0.63 1994   0.05  -0.05     0.00
  MONTH TO DATE    0.06                      0.73  -0.67     0.80
  SINCE DEC 1      2.58                      3.00  -0.42     5.33
  SINCE JAN 1      1.21                      1.63  -0.42     1.30

DEGREE DAYS
 HEATING
  YESTERDAY       12                        37    -25       15
  MONTH TO DATE  550                       749   -199      728
  SINCE DEC 1   2845                      3273   -428     2794
  SINCE JUL 1   3638                      4571   -933     3805

 COOLING
  YESTERDAY        0                         0      0        0
  MONTH TO DATE    0                         0      0        0
  SINCE DEC 1      0                         0      0        0
  SINCE JAN 1      0                         0      0        0
..................................................................


WIND (MPH)
  HIGHEST WIND SPEED    20   HIGHEST WIND DIRECTION     S (170)
  HIGHEST GUST SPEED    24   HIGHEST GUST DIRECTION    SE (150)
  AVERAGE WIND SPEED     9.5


SKY COVER
  POSSIBLE SUNSHINE  MM
  AVERAGE SKY COVER 0.0


WEATHER CONDITIONS
 THE FOLLOWING WEATHER WAS RECORDED YESTERDAY.
  NO SIGNIFICANT WEATHER WAS OBSERVED.


RELATIVE HUMIDITY (PERCENT)
 HIGHEST    89           300 AM
 LOWEST     35           200 PM
 AVERAGE    62

..........................................................


THE OTTUMWA IA CLIMATE NORMALS FOR TODAY
                         NORMAL    RECORD    YEAR
 MAXIMUM TEMPERATURE (F)   38        65      1930
 MINIMUM TEMPERATURE (F)   19       -16      1929


SUNRISE AND SUNSET
FEBRUARY 20 2017......SUNRISE   657 AM CST   SUNSET   550 PM CST
FEBRUARY 21 2017......SUNRISE   656 AM CST   SUNSET   552 PM CST


-  INDICATES NEGATIVE NUMBERS.
R  INDICATES RECORD WAS SET OR TIED.
MM INDICATES DATA IS MISSING.
T  INDICATES TRACE AMOUNT.




$$
