134
CDUS46 KOTX 220820
CLIOTX


CLIMATE REPORT
NATIONAL WEATHER SERVICE SPOKANE, WA
1219 AM PST MON JAN 22 2018


...................................

...THE SPOKANE  WA WFO CLIMATE SUMMARY FOR JANUARY 21 2018...

CLIMATE NORMAL PERIOD 1981 TO 2010
CLIMATE RECORD PERIOD 1881 TO 2018


WEATHER ITEM   OBSERVED TIME   RECORD YEAR NORMAL DEPARTURE LAST
                VALUE   (LST)  VALUE       VALUE  FROM      YEAR
                                                  NORMAL
..................................................................
TEMPERATURE (F)
 YESTERDAY
  MAXIMUM         38        MM  MM      MM  34      4       38
  MINIMUM         26        MM  MM      MM  23      3       32
  AVERAGE         32                        28      4       35

PRECIPITATION (IN)
  YESTERDAY        0.07         MM      MM   0.05   0.02     0.07
  MONTH TO DATE    1.75                      1.37   0.38     1.43
  SINCE OCT 1      9.03                      7.40   1.63    11.80
  SINCE JAN 1      1.75                      1.37   0.38     1.43

SNOWFALL (IN)
  YESTERDAY        0.1          MM      MM   0.4   -0.3      0.0
  MONTH TO DATE    8.1                      11.6   -3.5     12.1
  SINCE DEC 1     24.2                      28.6   -4.4     31.0
  SINCE JUL 1     29.9                      36.5   -6.6     33.2
  SNOW DEPTH       1

DEGREE DAYS
 HEATING
  YESTERDAY       33                        37     -4       30
  MONTH TO DATE  712                       800    -88     1038
  SINCE DEC 1   1931                      2016    -85     2382
  SINCE JUL 1   3695                      3898   -203     3938

 COOLING
  YESTERDAY        0                         0      0        0
  MONTH TO DATE    0                         0      0        0
  SINCE DEC 1      0                         0      0        0
  SINCE JAN 1      0                         0      0        0
..................................................................


WIND (MPH)
  HIGHEST WIND SPEED    MM   HIGHEST WIND DIRECTION    MM
  HIGHEST GUST SPEED    MM   HIGHEST GUST DIRECTION    MM
  AVERAGE WIND SPEED    MM


SKY COVER
  POSSIBLE SUNSHINE  MM
  AVERAGE SKY COVER  MM


WEATHER CONDITIONS
 THE FOLLOWING WEATHER WAS RECORDED YESTERDAY.
  LIGHT RAIN
  LIGHT SNOW


RELATIVE HUMIDITY (PERCENT)
 HIGHEST    MM
 LOWEST     MM
 AVERAGE    MM

..........................................................


THE SPOKANE  WA WFO CLIMATE NORMALS FOR TODAY
                         NORMAL    RECORD    YEAR
 MAXIMUM TEMPERATURE (F)   34        MM        MM
 MINIMUM TEMPERATURE (F)   23        MM        MM


SUNRISE AND SUNSET
JANUARY 22 2018.......SUNRISE   728 AM PST   SUNSET   436 PM PST
JANUARY 23 2018.......SUNRISE   727 AM PST   SUNSET   438 PM PST


-  INDICATES NEGATIVE NUMBERS.
R  INDICATES RECORD WAS SET OR TIED.
MM INDICATES DATA IS MISSING.
T  INDICATES TRACE AMOUNT.




$$
