000
CDUS46 KOTX 110841
CLIOTX


CLIMATE REPORT
NATIONAL WEATHER SERVICE SPOKANE, WA
1241 AM PST SUN DEC 11 2016


...................................

...THE SPOKANE  WA WFO CLIMATE SUMMARY FOR DECEMBER 10 2016...

CLIMATE NORMAL PERIOD 1981 TO 2010
CLIMATE RECORD PERIOD 1881 TO 2016


WEATHER ITEM   OBSERVED TIME   RECORD YEAR NORMAL DEPARTURE LAST
                VALUE   (LST)  VALUE       VALUE  FROM      YEAR
                                                  NORMAL
..................................................................
TEMPERATURE (F)
 YESTERDAY
  MAXIMUM         22        MM  MM      MM  32    -10       43
  MINIMUM         18        MM  MM      MM  21     -3       30
  AVERAGE         20                        26     -6       37

PRECIPITATION (IN)
  YESTERDAY        0.21         MM      MM   0.08   0.13     0.13
  MONTH TO DATE    0.45                      0.85  -0.40     2.45
  SINCE OCT 1      9.22                      4.35   4.87     4.81
  SINCE JAN 1     19.45                     15.40   4.05    12.89

SNOWFALL (IN)
  YESTERDAY        2.8          MM      MM   0.5    2.3       T
  MONTH TO DATE    4.7                       4.8   -0.1      1.0
  SINCE DEC 1      4.7                       4.8   -0.1      1.0
  SINCE JUL 1      6.9                      12.7   -5.8      2.5
  SNOW DEPTH       4

DEGREE DAYS
 HEATING
  YESTERDAY       45                        39      6       28
  MONTH TO DATE  391                       379     12      287
  SINCE DEC 1    391                       379     12      287
  SINCE JUL 1   1947                      2261   -314     1947

 COOLING
  YESTERDAY        0                         0      0        0
  MONTH TO DATE    0                         0      0        0
  SINCE DEC 1      0                         0      0        0
  SINCE JAN 1    229                       249    -20      518
..................................................................


WIND (MPH)
  HIGHEST WIND SPEED    10   HIGHEST WIND DIRECTION    MM
  HIGHEST GUST SPEED     0   HIGHEST GUST DIRECTION    MM
  AVERAGE WIND SPEED     5.0


SKY COVER
  POSSIBLE SUNSHINE  MM
  AVERAGE SKY COVER  MM


WEATHER CONDITIONS
 THE FOLLOWING WEATHER WAS RECORDED YESTERDAY.
  NO SIGNIFICANT WEATHER WAS OBSERVED.


RELATIVE HUMIDITY (PERCENT)
 HIGHEST    98
 LOWEST     91
 AVERAGE    95

..........................................................


THE SPOKANE  WA WFO CLIMATE NORMALS FOR TODAY
                         NORMAL    RECORD    YEAR
 MAXIMUM TEMPERATURE (F)   31        MM        MM
 MINIMUM TEMPERATURE (F)   20        MM        MM


SUNRISE AND SUNSET
DECEMBER 11 2016......SUNRISE   729 AM PST   SUNSET   359 PM PST
DECEMBER 12 2016......SUNRISE   730 AM PST   SUNSET   359 PM PST


-  INDICATES NEGATIVE NUMBERS.
R  INDICATES RECORD WAS SET OR TIED.
MM INDICATES DATA IS MISSING.
T  INDICATES TRACE AMOUNT.




$$
