313
CDUS46 KOTX 250832
CLIOTX


CLIMATE REPORT
NATIONAL WEATHER SERVICE SPOKANE, WA
132 AM PDT TUE APR 25 2017


...................................

...THE SPOKANE  WA WFO CLIMATE SUMMARY FOR APRIL 24 2017...

CLIMATE NORMAL PERIOD 1981 TO 2010
CLIMATE RECORD PERIOD 1881 TO 2017


WEATHER ITEM   OBSERVED TIME   RECORD YEAR NORMAL DEPARTURE LAST
                VALUE   (LST)  VALUE       VALUE  FROM      YEAR
                                                  NORMAL
..................................................................
TEMPERATURE (F)
 YESTERDAY
  MAXIMUM         51        MM  MM      MM  60     -9       59
  MINIMUM         39        MM  MM      MM  36      3       34
  AVERAGE         45                        48     -3       47

PRECIPITATION (IN)
  YESTERDAY        0.12         MM      MM   0.04   0.08     0.00
  MONTH TO DATE    1.86                      1.02   0.84     0.31
  SINCE OCT 1     22.02                     12.09   9.93    14.02
  SINCE JAN 1     11.65                      6.06   5.59     7.27

SNOWFALL (IN)
  YESTERDAY        0.0          MM      MM   0.0    0.0      0.0
  MONTH TO DATE    0.3                       1.8   -1.5      0.0
  SINCE MAR 1      5.3                       7.1   -1.8       T
  SINCE JUL 1     54.1                      53.5    0.6     32.6
  SNOW DEPTH       0

DEGREE DAYS
 HEATING
  YESTERDAY       20                        17      3       18
  MONTH TO DATE  492                       472     20      277
  SINCE MAR 1   1276                      1281     -5     1009
  SINCE JUL 1   6645                      6480    165     5665

 COOLING
  YESTERDAY        0                         0      0        0
  MONTH TO DATE    0                         0      0        0
  SINCE MAR 1      0                         0      0        0
  SINCE JAN 1      0                         0      0        0
..................................................................


WIND (MPH)
  HIGHEST WIND SPEED    17   HIGHEST WIND DIRECTION    MM
  HIGHEST GUST SPEED    21   HIGHEST GUST DIRECTION    MM
  AVERAGE WIND SPEED     9.0


SKY COVER
  POSSIBLE SUNSHINE  MM
  AVERAGE SKY COVER  MM


WEATHER CONDITIONS
 THE FOLLOWING WEATHER WAS RECORDED YESTERDAY.
  NO SIGNIFICANT WEATHER WAS OBSERVED.


RELATIVE HUMIDITY (PERCENT)
 HIGHEST    93
 LOWEST     61
 AVERAGE    77

..........................................................


THE SPOKANE  WA WFO CLIMATE NORMALS FOR TODAY
                         NORMAL    RECORD    YEAR
 MAXIMUM TEMPERATURE (F)   60        MM        MM
 MINIMUM TEMPERATURE (F)   36        MM        MM


SUNRISE AND SUNSET
APRIL 25 2017.........SUNRISE   543 AM PDT   SUNSET   755 PM PDT
APRIL 26 2017.........SUNRISE   541 AM PDT   SUNSET   756 PM PDT


-  INDICATES NEGATIVE NUMBERS.
R  INDICATES RECORD WAS SET OR TIED.
MM INDICATES DATA IS MISSING.
T  INDICATES TRACE AMOUNT.




$$
