000
CDAK49 PAOT 271206
CLIOTZ

CLIMATE REPORT
NATIONAL WEATHER SERVICE KOTZEBUE, AK
306 AM AKST THU NOV 27 2014

...................................
...THE KOTZEBUE WSO AP CLIMATE SUMMARY FOR NOVEMBER 26 2014...

CLIMATE NORMAL PERIOD  1981 TO  2010
CLIMATE RECORD PERIOD  1897 TO  2014

WEATHER ITEM   OBSERVED TIME    RECORD YEAR NORMAL DEPARTURE LAST
               VALUE    (LST)   VALUE       VALUE  FROM      YEAR
                                                   NORMAL
...................................................................
TEMPERATURE
YESTERDAY
 MAXIMUM            13  1159 PM    33  1958     12       1      8
 MINIMUM             2  0206 AM   -28  1928      0       2     -8
 AVERAGE             8                           6       2      0

PRECIPITATION
(INCHES)
 YESTERDAY        0.03           0.18  1981   0.03    0.00   0.01
 MONTH TO DATE    0.21                        0.67   -0.46   1.16
 SINCE SEP 1      2.45                        3.26   -0.81   4.79
 SINCE JAN 1      9.19                       10.14   -0.95  11.25

SNOWFALL
(INCHES)
 YESTERDAY         0.3            1.9  1956    0.4    -0.1    0.1
 MONTH TO DATE     0.4                         8.9    -8.5    9.2
 SINCE SEP 1       4.0                        15.8   -11.8   10.1
 SINCE JUL 1       4.0                        15.8   -11.8   10.1
 SNOW DEPTH (IN)     1                                          3

DEGREE DAYS
 HEATING
  YESTERDAY         57                          59      -2     65
  MONTH TO DATE   1176                        1439    -263   1329
  SINCE SEP 1     2927                        3383    -456   3027
  SINCE JUL 1     3487                        4121    -634   3623

 COOLING
  YESTERDAY          0                           0       0      0
  MONTH TO DATE      0                           0       0      0
  SINCE SEP 1        0                           0       0      0
  SINCE JAN 1       19                           0      19     13
...................................................................

WIND (MPH)
 HIGHEST WIND SPEED    33     HIGHEST WIND DIRECTION    100
 HIGHEST GUST SPEED    39     HIGHEST GUST DIRECTION    100
 AVERAGE WIND SPEED  24.4

SKY COVER
  POSSIBLE SUNSHINE    MM          AVERAGE SKY COVER     MM

WEATHER CONDITIONS
 THE FOLLOWING WEATHER WAS RECORDED YESTERDAY.
 FOG
 SNOW


RELATIVE HUMIDITY
 HIGHEST RH     MM PERCENT       MM
 LOWEST  RH     MM PERCENT       MM
 AVERAGE RH     MM PERCENT       MM
...................................................................

THE KOTZEBUE CLIMATE NORMALS FOR TODAY
                           NORMAL    RECORD   YEAR
 MAXIMUM TEMPERATURE (F)     12        36     1943
 MINIMUM TEMPERATURE (F)      0       -28     1928

SUNRISE AND SUNSET
 NOV 27 2014..........SUNRISE 11:40 AM      SUNSET  3:36 PM
 NOV 28 2014..........SUNRISE 11:45 AM      SUNSET  3:33 PM

-  INDICATES NEGATIVE NUMBERS.
R  INDICATES RECORD HAS BEEN SET OR TIED.
MM INDICATES DATA IS MISSING.
T  INDICATES TRACE OF PRECIPITATION.

&&
-------------------------------------------------------------------

AMOUNT OF DAYLIGHT TODAY  (HOUR:MIN)........3 HOURS 56 MINUTES
LOSS SINCE YESTERDAY (HOUR:MIN:SEC).........-0:07:47

$$
TGH NOV 14
