000
CDAK49 PAOT 270042
CLIOTZ

CLIMATE REPORT
NATIONAL WEATHER SERVICE KOTZEBUE, AK
342 PM AKST MON JAN 26 2015

...................................
...THE KOTZEBUE WSO AP CLIMATE SUMMARY FOR JANUARY 26 2015...
VALID TODAY AS OF 2:00 PM LOCAL TIME

CLIMATE NORMAL PERIOD  1981 TO  2010
CLIMATE RECORD PERIOD  1897 TO  2015

WEATHER ITEM   OBSERVED TIME    RECORD YEAR NORMAL DEPARTURE LAST
               VALUE    (LST)   VALUE       VALUE  FROM      YEAR
                                                   NORMAL
...................................................................
TEMPERATURE
TODAY
 MAXIMUM           -25  0315 PM    37  2014      4     -29     37
 MINIMUM           -30  0603 AM   -45  1934    -10     -20     32
 AVERAGE           -28                          -3     -25     35

PRECIPITATION
(INCHES)
 TODAY            0.00           0.23  2001   0.01   -0.01   0.00
 MONTH TO DATE    0.31                        0.52   -0.21   0.52
 SINCE DEC 1      0.66                        1.28   -0.62   1.29
 SINCE JAN 1      0.31                        0.52   -0.21   0.52

SNOWFALL
(INCHES)
 TODAY             0.0            5.0  1936    0.3    -0.3    0.0
 MONTH TO DATE     2.9                         7.7    -4.8    4.8
 SINCE DEC 1       5.9                        19.2   -13.3   12.0
 SINCE JUL 1      10.6                        36.6   -26.0   23.7
 SNOW DEPTH (IN)     4                                          9

DEGREE DAYS
 HEATING
  TODAY             93                          68      25     30
  MONTH TO DATE   1503                        1757    -254   1391
  SINCE DEC 1     3263                        3700    -437   3213
  SINCE JUL 1     6938                        8059   -1121   7102

 COOLING
  TODAY              0                           0       0      0
  MONTH TO DATE      0                           0       0      0
  SINCE DEC 1        0                           0       0      0
  SINCE JAN 1        0                           0       0      0
...................................................................

WIND (MPH)
 HIGHEST WIND SPEED    15     HIGHEST WIND DIRECTION    110
 HIGHEST GUST SPEED    17     HIGHEST GUST DIRECTION    120
 AVERAGE WIND SPEED    MM

SKY COVER
  POSSIBLE SUNSHINE  MM            AVERAGE SKY COVER MM

WEATHER CONDITIONS
 THE FOLLOWING WEATHER WAS RECORDED TODAY.
NO SIGNIFICANT WEATHER WAS OBSERVED.

RELATIVE HUMIDITY
 HIGHEST RH     MM PERCENT       MM
 LOWEST  RH     MM PERCENT       MM
 AVERAGE RH     MM PERCENT       MM
...................................................................

THE KOTZEBUE CLIMATE NORMALS FOR TOMORROW
                        NORMAL    RECORD   YEAR
 MAXIMUM TEMPERATURE       4        40     2014
 MINIMUM TEMPERATURE     -10       -49     1989

SUNRISE AND SUNSET
 JAN 26 2015..........SUNRISE 11:18 AM      SUNSET  4:50 PM
 JAN 27 2015..........SUNRISE 11:14 AM      SUNSET  4:54 PM

-  INDICATES NEGATIVE NUMBERS.
R  INDICATES RECORD HAS BEEN SET OR TIED.
MM INDICATES DATA IS MISSING.
T  INDICATES TRACE OF PRECIPITATION.

&&
-------------------------------------------------------------------

AMOUNT OF DAYLIGHT TODAY  (HOUR:MIN)........5 HOURS 32 MINUTES
GAIN/LOSS SINCE YESTERDAY (HOUR:MIN:SEC)....+0:07:59

$$
*** JAN 15
