532
CDAK49 PAFG 300940
CLIOTZ

CLIMATE REPORT
NATIONAL WEATHER SERVICE FAIRBANKS AK
140 AM AKDT FRI SEP 30 2016


...................................

...THE KOTZEBUE AK CLIMATE SUMMARY FOR SEPTEMBER 29 2016...

CLIMATE NORMAL PERIOD 1981 TO 2010
CLIMATE RECORD PERIOD 1920 TO 2016


WEATHER ITEM   OBSERVED TIME   RECORD YEAR NORMAL DEPARTURE LAST
                VALUE   (LST)  VALUE       VALUE  FROM      YEAR
                                                  NORMAL
..................................................................
TEMPERATURE (F)
 YESTERDAY
  MAXIMUM         48    602 PM  52    1984  40      8       40
  MINIMUM         40    824 AM  13    1992  31      9       35
  AVERAGE         44                        35      9       38

PRECIPITATION (IN)
  YESTERDAY        0.04          0.57 1983   0.04   0.00     0.09
  MONTH TO DATE    2.02                      1.53   0.49     0.66
  SINCE SEP 1      2.02                      1.53   0.49     0.66
  SINCE JAN 1      7.76                      8.41  -0.65     7.70

SNOWFALL (IN)
  YESTERDAY        0.0           2.0  1956   0.1   -0.1     MM
  MONTH TO DATE    0.2                       0.7   -0.5       T
  SINCE SEP 1      0.2                       0.7   -0.5       T
  SINCE JUL 1      0.2                       0.7   -0.5       T
  SNOW DEPTH       0

DEGREE DAYS
 HEATING
  YESTERDAY       21                        30     -9       27
  MONTH TO DATE  600                       650    -50      690
  SINCE SEP 1    600                       650    -50      690
  SINCE JUL 1   1092                      1388   -296     1310

 COOLING
  YESTERDAY        0                         0      0        0
  MONTH TO DATE    0                         0      0        0
  SINCE SEP 1      0                         0      0        0
  SINCE JAN 1      5                         5      0       16
..................................................................


WIND (MPH)
  HIGHEST GUST SPEED    29   HIGHEST GUST DIRECTION    SE (140)


SKY COVER
  AVERAGE SKY COVER 0.7


WEATHER CONDITIONS
 THE FOLLOWING WEATHER WAS RECORDED YESTERDAY.
  LIGHT RAIN
  FOG


RELATIVE HUMIDITY (PERCENT)
 HIGHEST    93
 LOWEST     82
 AVERAGE    88

..........................................................


THE KOTZEBUE AK CLIMATE NORMALS FOR TODAY
                         NORMAL    RECORD    YEAR
 MAXIMUM TEMPERATURE (F)   39        52      1929
 MINIMUM TEMPERATURE (F)   31        17      1992
                                             1970


SUNRISE AND SUNSET
SEPTEMBER 30 2016.....SUNRISE   902 AM AKDT  SUNSET   818 PM AKDT
OCTOBER 01 2016.......SUNRISE   905 AM AKDT  SUNSET   814 PM AKDT

-  INDICATES NEGATIVE NUMBERS.
R  INDICATES RECORD WAS SET OR TIED.
MM INDICATES DATA IS MISSING.
T  INDICATES TRACE AMOUNT.

&&

SNOW DEPTH IS MEASURED AT 3AM AKST/4AM AKDT.

----------------------------
AVAILABLE DAYLIGHT

AMOUNT OF DAYLIGHT TODAY  (HOUR:MIN)........11:16
GAIN/LOSS SINCE YESTERDAY (HOUR:MIN:SEC)....-0:07:18

$$
SDB SEP 16
