000
CDAK49 PAOT 041143
CLIOTZ

CLIMATE REPORT
NATIONAL WEATHER SERVICE KOTZEBUE, AK
343 AM AKDT TUE AUG 4 2015

...................................
...THE KOTZEBUE WSO AP CLIMATE SUMMARY FOR AUGUST 3 2015...

CLIMATE NORMAL PERIOD  1981 TO  2010
CLIMATE RECORD PERIOD  1897 TO  2015

WEATHER ITEM   OBSERVED TIME    RECORD YEAR NORMAL DEPARTURE LAST
               VALUE    (LST)   VALUE       VALUE  FROM      YEAR
                                                   NORMAL
...................................................................
TEMPERATURE
YESTERDAY
 MAXIMUM            62  0729 PM    74  1977     58       4     66
 MINIMUM            54  0629 AM    38  2001     50       4     52
 AVERAGE            58                          54       4     59

PRECIPITATION
(INCHES)
 YESTERDAY        0.00           0.61  2008   0.07   -0.07   0.00
 MONTH TO DATE    0.60                        0.21    0.39   0.00
 SINCE JUN 1      1.16                        2.24   -1.08   2.97
 SINCE JAN 1      3.67                        4.91   -1.24   5.23

SNOWFALL
(INCHES)
 YESTERDAY         0.0            0.0  2015    0.0     0.0    0.0
 MONTH TO DATE     0.0                         0.0     0.0    0.0
 SINCE JUN 1       0.0                         0.0     0.0    0.0
 SINCE JUL 1       0.0                         0.0     0.0    0.0
 SNOW DEPTH (IN)     0                                          0

DEGREE DAYS
 HEATING
  YESTERDAY          7                          11      -4      6
  MONTH TO DATE     25                          33      -8     21
  SINCE JUN 1      630                         940    -310    992
  SINCE JUL 1      221                         359    -138    375

 COOLING
  YESTERDAY          0                           0       0      0
  MONTH TO DATE      0                           0       0      0
  SINCE JUN 1       14                           0      14      8
  SINCE JAN 1       14                           0      14      8
...................................................................

WIND (MPH)
 HIGHEST WIND SPEED    14     HIGHEST WIND DIRECTION    230
 HIGHEST GUST SPEED    15     HIGHEST GUST DIRECTION    210
 AVERAGE WIND SPEED   9.1

SKY COVER
  POSSIBLE SUNSHINE    MM          AVERAGE SKY COVER     MM

WEATHER CONDITIONS
 THE FOLLOWING WEATHER WAS RECORDED YESTERDAY.
 NO SIGNIFICANT WEATHER WAS OBSERVED.

RELATIVE HUMIDITY
 HIGHEST RH     MM PERCENT       MM
 LOWEST  RH     MM PERCENT       MM
 AVERAGE RH     MM PERCENT       MM
...................................................................

THE KOTZEBUE CLIMATE NORMALS FOR TODAY
                           NORMAL    RECORD   YEAR
 MAXIMUM TEMPERATURE (F)     58        73     1985
 MINIMUM TEMPERATURE (F)     50        32     1902

SUNRISE AND SUNSET
 AUG 4 2015..........SUNRISE  5:37 AM      SUNSET 12:13 AM
 AUG 5 2015..........SUNRISE  5:42 AM      SUNSET 12:09 AM

-  INDICATES NEGATIVE NUMBERS.
R  INDICATES RECORD HAS BEEN SET OR TIED.
MM INDICATES DATA IS MISSING.
T  INDICATES TRACE OF PRECIPITATION.

&&
-------------------------------------------------------------------

AMOUNT OF DAYLIGHT TODAY  (HOUR:MIN)........18 HOURS 36 MINUTES
LOSS SINCE YESTERDAY (HOUR:MIN:SEC).........-0:08:33

$$
TGH AUG 15
