000
CDAK49 PAOT 292322
CLIOTZ

CLIMATE REPORT
NATIONAL WEATHER SERVICE KOTZEBUE, AK
322 PM AKDT FRI JUL 29 2016

...................................
...THE KOTZEBUE WSO AP CLIMATE SUMMARY FOR JULY 29 2016...
VALID TODAY AS OF 2:00 PM LOCAL TIME

CLIMATE NORMAL PERIOD  1981 TO  2010
CLIMATE RECORD PERIOD  1897 TO  2016

WEATHER ITEM   OBSERVED TIME    RECORD YEAR NORMAL DEPARTURE LAST
               VALUE    (LST)   VALUE       VALUE  FROM      YEAR
                                                   NORMAL
...................................................................
TEMPERATURE
TODAY
 MAXIMUM            52  0159 PM    73  2009     59      -7     61
 MINIMUM            47  0651 AM    37  1975     50      -3     50
 AVERAGE            50                          55      -5     56

PRECIPITATION
(INCHES)
 TODAY            0.00           1.04  2012   0.07   -0.07   0.00
 MONTH TO DATE    1.44                        1.32    0.12   0.28
 SINCE JUN 1      1.69                        1.90   -0.21   0.49
 SINCE JAN 1      3.80                        4.57   -0.77   3.00

SNOWFALL
(INCHES)
 TODAY             0.0            0.0  2016    0.0     0.0    0.0
 MONTH TO DATE     0.0                         0.0     0.0    0.0
 SINCE JUN 1       0.0                         0.0     0.0    0.0
 SINCE JUL 1       0.0                         0.0     0.0    0.0
 SNOW DEPTH (IN)     0                                          0

DEGREE DAYS
 HEATING
  TODAY             15                          10       5      9
  MONTH TO DATE    224                         305     -81    176
  SINCE JUN 1      628                         886    -258    585
  SINCE JUL 1      224                         305     -81    176

 COOLING
  TODAY              0                           0       0      0
  MONTH TO DATE      5                           0       5     10
  SINCE JUN 1        5                           0       5     14
  SINCE JAN 1        5                           0       5     14
...................................................................

WIND (MPH)
 HIGHEST WIND SPEED    16     HIGHEST WIND DIRECTION    310
 HIGHEST GUST SPEED    19     HIGHEST GUST DIRECTION    310
 AVERAGE WIND SPEED    MM

WEATHER CONDITIONS
 THE FOLLOWING WEATHER WAS RECORDED TODAY.
 NO SIGNIFICANT WEATHER WAS OBSERVED.
...................................................................

THE KOTZEBUE CLIMATE NORMALS FOR TOMORROW
                        NORMAL    RECORD   YEAR
 MAXIMUM TEMPERATURE      59        76     1953
 MINIMUM TEMPERATURE      50        38     1931

SUNRISE AND SUNSET
 JUL 29 2016..........SUNRISE  5:15 AM      SUNSET 12:36 AM
 JUL 30 2016..........SUNRISE  5:19 AM      SUNSET 12:32 AM

-  INDICATES NEGATIVE NUMBERS.
R  INDICATES RECORD HAS BEEN SET OR TIED.
MM INDICATES DATA IS MISSING.
T  INDICATES TRACE OF PRECIPITATION.

&&
-------------------------------------------------------------------

AMOUNT OF DAYLIGHT TODAY  (HOUR:MIN)........19 HOURS 21 MINUTES
LOSS SINCE YESTERDAY (HOUR:MIN:SEC).........-0:08:59

$$
CRG JUL 16
