000
CDUS43 KDDC 240708
CLIP28


CLIMATE REPORT
NATIONAL WEATHER SERVICE DODGE CITY KS
207 AM CDT SUN JUL 24 2016


...................................

...THE MEDICINE LODGE KS CLIMATE SUMMARY FOR JULY 23 2016...

CLIMATE NORMAL PERIOD 1981 TO 2010
CLIMATE RECORD PERIOD 1893 TO 2016


WEATHER ITEM   OBSERVED TIME   RECORD YEAR NORMAL DEPARTURE LAST
                VALUE   (LST)  VALUE       VALUE  FROM      YEAR
                                                  NORMAL
..................................................................
TEMPERATURE (F)
 YESTERDAY
  MAXIMUM        104    444 PM 113    1936  95      9       95
  MINIMUM         74    607 AM  51    1970  70      4       71
  AVERAGE         89                        83      6       83

PRECIPITATION (IN)
  YESTERDAY        0.00          1.25 1958   0.10  -0.10     0.00
  MONTH TO DATE    1.56                      2.64  -1.08     8.30
  SINCE JUN 1      3.46                      6.75  -3.29    10.56
  SINCE JAN 1     12.24                     16.49  -4.25    22.52

SNOWFALL (IN)
  YESTERDAY        0.0          MM      MM   0.0             0.0
  MONTH TO DATE    0.0                       0.0             0.0
  SINCE JUN 1      0.0                       0.0             0.0
  SINCE JUL 1      0.0                       0.0             0.0
  SNOW DEPTH       0

DEGREE DAYS
 HEATING
  YESTERDAY        0                         0      0        0
  MONTH TO DATE    0                         0      0        0
  SINCE JUN 1      0                         3     -3        0
  SINCE JUL 1      0                         0      0        0

 COOLING
  YESTERDAY       24                        18      6       18
  MONTH TO DATE  432                       388     44      382
  SINCE JUN 1    891                       741    150      814
  SINCE JAN 1   1028                       897    131      921
..................................................................


WIND (MPH)
  HIGHEST WIND SPEED    23   HIGHEST WIND DIRECTION     S (190)
  HIGHEST GUST SPEED    30   HIGHEST GUST DIRECTION     S (180)
  AVERAGE WIND SPEED    11.2




RELATIVE HUMIDITY (PERCENT)
 HIGHEST    69           400 AM
 LOWEST     21           100 PM
 AVERAGE    45

..........................................................


THE MEDICINE LODGE KS CLIMATE NORMALS FOR TODAY
                         NORMAL    RECORD    YEAR
 MAXIMUM TEMPERATURE (F)   95       110      1936
 MINIMUM TEMPERATURE (F)   70        54      1978


SUNRISE AND SUNSET
JULY 24 2016..........SUNRISE   633 AM CDT   SUNSET   848 PM CDT
JULY 25 2016..........SUNRISE   634 AM CDT   SUNSET   848 PM CDT


-  INDICATES NEGATIVE NUMBERS.
R  INDICATES RECORD WAS SET OR TIED.
MM INDICATES DATA IS MISSING.
T  INDICATES TRACE AMOUNT.




$$
