000
CDUS43 KDDC 211427
CLIP28


CLIMATE REPORT
NATIONAL WEATHER SERVICE DODGE CITY KS
925 AM CDT SAT OCT 21 2017


...................................

...THE MEDICINE LODGE KS CLIMATE SUMMARY FOR OCTOBER 21 2017...
VALID AS OF 0800 AM LOCAL TIME.

CLIMATE NORMAL PERIOD 1981 TO 2010
CLIMATE RECORD PERIOD 1893 TO 2017


WEATHER ITEM   OBSERVED TIME   RECORD YEAR NORMAL DEPARTURE LAST
                VALUE   (LST)  VALUE       VALUE  FROM      YEAR
                                                  NORMAL
..................................................................
TEMPERATURE (F)
 TODAY
  MAXIMUM         68    759 AM  93    2012  69     -1       71
                                      1975
  MINIMUM         66    219 AM  19    1910  44     22       34
  AVERAGE         67                        57     10       53

PRECIPITATION (IN)
  TODAY            0.00          1.25 1906   0.08  -0.08     0.00
  MONTH TO DATE    1.09                      2.04  -0.95     1.28
  SINCE SEP 1      7.04                      4.14   2.90     8.46
  SINCE JAN 1     29.17                     24.49   4.68    28.89

..................................................................


WIND (MPH)
  HIGHEST WIND SPEED    24   HIGHEST WIND DIRECTION     S (180)
  HIGHEST GUST SPEED    36   HIGHEST GUST DIRECTION     S (180)



WEATHER CONDITIONS
 THE FOLLOWING WEATHER WAS RECORDED TODAY.
  NO SIGNIFICANT WEATHER WAS OBSERVED.


RELATIVE HUMIDITY (PERCENT)
 HIGHEST    87           200 AM
 LOWEST     76          1200 AM

..........................................................


THE MEDICINE LODGE KS CLIMATE NORMALS FOR TOMORROW
                         NORMAL    RECORD    YEAR
 MAXIMUM TEMPERATURE (F)   69        92      1927
 MINIMUM TEMPERATURE (F)   44        23      1982


SUNRISE AND SUNSET
OCTOBER 21 2017.......SUNRISE   748 AM CDT   SUNSET   649 PM CDT
OCTOBER 22 2017.......SUNRISE   749 AM CDT   SUNSET   648 PM CDT


-  INDICATES NEGATIVE NUMBERS.
R  INDICATES RECORD WAS SET OR TIED.
MM INDICATES DATA IS MISSING.
T  INDICATES TRACE AMOUNT.




$$
