000
CDUS43 KDDC 282336
CLIP28


CLIMATE REPORT
NATIONAL WEATHER SERVICE DODGE CITY KS
635 PM CDT FRI AUG 28 2015


...................................

...THE MEDICINE LODGE KS CLIMATE SUMMARY FOR AUGUST 28 2015...
VALID TODAY AS OF 0500 PM LOCAL TIME.

CLIMATE NORMAL PERIOD 1981 TO 2010
CLIMATE RECORD PERIOD 1893 TO 2015


WEATHER ITEM   OBSERVED TIME   RECORD YEAR NORMAL DEPARTURE LAST
                VALUE   (LST)  VALUE       VALUE  FROM      YEAR
                                                  NORMAL
..................................................................
TEMPERATURE (F)
 TODAY
  MAXIMUM         94    332 PM 109    1984  90      4       87
  MINIMUM         72    740 AM  47    1916  66      6       67
  AVERAGE         83                        78      5       77

PRECIPITATION (IN)
  TODAY            0.09          2.07 1977   0.10  -0.01     0.47
  MONTH TO DATE    1.30                      2.79  -1.49     1.65
  SINCE JUN 1     14.21                     10.28   3.93    14.26
  SINCE JAN 1     26.17                     20.02   6.15    17.15

DEGREE DAYS
 HEATING
  TODAY            0                         0      0        0
  MONTH TO DATE    0                         0      0        0
  SINCE JUN 1      0                         3     -3        5
  SINCE JUL 1      0                         0      0        5

 COOLING
  TODAY           18                        13      5       12
  MONTH TO DATE  378                       436    -58      462
  SINCE JUN 1   1339                      1317     22     1173
  SINCE JAN 1   1446                      1473    -27     1442
..................................................................


WIND (MPH)
  HIGHEST WIND SPEED    16   HIGHEST WIND DIRECTION     S (180)
  HIGHEST GUST SPEED    21   HIGHEST GUST DIRECTION     S (190)
  AVERAGE WIND SPEED     7.7




RELATIVE HUMIDITY (PERCENT)
 HIGHEST    90           200 AM
 LOWEST     41           300 PM
 AVERAGE    66

..........................................................


THE MEDICINE LODGE KS CLIMATE NORMALS FOR TOMORROW
                         NORMAL    RECORD    YEAR
 MAXIMUM TEMPERATURE (F)   90       113      1984
 MINIMUM TEMPERATURE (F)   65        47      1976


SUNRISE AND SUNSET
AUGUST 28 2015........SUNRISE   701 AM CDT   SUNSET   809 PM CDT
AUGUST 29 2015........SUNRISE   702 AM CDT   SUNSET   808 PM CDT


-  INDICATES NEGATIVE NUMBERS.
R  INDICATES RECORD WAS SET OR TIED.
MM INDICATES DATA IS MISSING.
T  INDICATES TRACE AMOUNT.




$$
