000
CDUS43 KDDC 282330
CLIP28


CLIMATE REPORT
NATIONAL WEATHER SERVICE DODGE CITY KS
630 PM CDT THU APR 28 2016


...................................

...THE MEDICINE LODGE KS CLIMATE SUMMARY FOR APRIL 28 2016...
VALID TODAY AS OF 0500 PM LOCAL TIME.

CLIMATE NORMAL PERIOD 1981 TO 2010
CLIMATE RECORD PERIOD 1893 TO 2016


WEATHER ITEM   OBSERVED TIME   RECORD YEAR NORMAL DEPARTURE LAST
                VALUE   (LST)  VALUE       VALUE  FROM      YEAR
                                                  NORMAL
..................................................................
TEMPERATURE (F)
 TODAY
  MAXIMUM         69    348 PM  96    1910  73     -4       70
  MINIMUM         45    620 AM  31    1979  48     -3       43
  AVERAGE         57                        60     -3       57

PRECIPITATION (IN)
  TODAY            0.00          1.21 1994   0.10  -0.10     0.00
  MONTH TO DATE    3.78                      2.24   1.54     3.48
  SINCE MAR 1      4.45                      4.50  -0.05     3.86
  SINCE JAN 1      5.34                      6.25  -0.91     5.17

DEGREE DAYS
 HEATING
  TODAY            8                         6      2        8
  MONTH TO DATE  165                       278   -113      174
  SINCE MAR 1    576                       846   -270      634
  SINCE JUL 1   3465                      4375   -910     4208

 COOLING
  TODAY            0                         1     -1        0
  MONTH TO DATE   26                        20      6       32
  SINCE MAR 1     36                        22     14       32
  SINCE JAN 1     36                        22     14       32
..................................................................


WIND (MPH)
  HIGHEST WIND SPEED    21   HIGHEST WIND DIRECTION     N (350)
  HIGHEST GUST SPEED    25   HIGHEST GUST DIRECTION     N (350)
  AVERAGE WIND SPEED     8.2




RELATIVE HUMIDITY (PERCENT)
 HIGHEST    89           300 AM
 LOWEST     35           300 PM
 AVERAGE    62

..........................................................


THE MEDICINE LODGE KS CLIMATE NORMALS FOR TOMORROW
                         NORMAL    RECORD    YEAR
 MAXIMUM TEMPERATURE (F)   73       100      1910
 MINIMUM TEMPERATURE (F)   49        32      1907


SUNRISE AND SUNSET
APRIL 28 2016.........SUNRISE   642 AM CDT   SUNSET   822 PM CDT
APRIL 29 2016.........SUNRISE   641 AM CDT   SUNSET   823 PM CDT


-  INDICATES NEGATIVE NUMBERS.
R  INDICATES RECORD WAS SET OR TIED.
MM INDICATES DATA IS MISSING.
T  INDICATES TRACE AMOUNT.




$$
