000
CDUS43 KDDC 062327
CLIP28


CLIMATE REPORT
NATIONAL WEATHER SERVICE DODGE CITY KS
626 PM CDT MON JUL 6 2015


...................................

...THE MEDICINE LODGE KS CLIMATE SUMMARY FOR JULY 6 2015...
VALID TODAY AS OF 0500 PM LOCAL TIME.

CLIMATE NORMAL PERIOD 1981 TO 2010
CLIMATE RECORD PERIOD 1893 TO 2015


WEATHER ITEM   OBSERVED TIME   RECORD YEAR NORMAL DEPARTURE LAST
                VALUE   (LST)  VALUE       VALUE  FROM      YEAR
                                                  NORMAL
..................................................................
TEMPERATURE (F)
 TODAY
  MAXIMUM         98    237 PM 106    1897  94      4       97
                                      1996
  MINIMUM         75    557 AM  54    1985  69      6       71
  AVERAGE         87                        81      6       84

PRECIPITATION (IN)
  TODAY            0.00          1.55 1947   0.11  -0.11     0.00
  MONTH TO DATE    0.00                      0.76  -0.76     0.37
  SINCE JUN 1      2.26                      4.87  -2.61     8.26
  SINCE JAN 1     14.22                     14.61  -0.39    11.15

DEGREE DAYS
 HEATING
  TODAY            0                         0      0        0
  MONTH TO DATE    0                         0      0        0
  SINCE JUN 1      0                         3     -3        0
  SINCE JUL 1      0                         0      0        0

 COOLING
  TODAY           22                        16      6       19
  MONTH TO DATE  104                        95      9       65
  SINCE JUN 1    536                       448     88      407
  SINCE JAN 1    643                       604     39      676
..................................................................


WIND (MPH)
  HIGHEST WIND SPEED    25   HIGHEST WIND DIRECTION     W (260)
  HIGHEST GUST SPEED    33   HIGHEST GUST DIRECTION    SW (240)
  AVERAGE WIND SPEED    14.1




RELATIVE HUMIDITY (PERCENT)
 HIGHEST    74           400 AM
 LOWEST     42           100 PM
 AVERAGE    58

..........................................................


THE MEDICINE LODGE KS CLIMATE NORMALS FOR TOMORROW
                         NORMAL    RECORD    YEAR
 MAXIMUM TEMPERATURE (F)   94       108      1917
 MINIMUM TEMPERATURE (F)   69        53      1908


SUNRISE AND SUNSET
JULY  6 2015..........SUNRISE   620 AM CDT   SUNSET   858 PM CDT
JULY  7 2015..........SUNRISE   620 AM CDT   SUNSET   858 PM CDT


-  INDICATES NEGATIVE NUMBERS.
R  INDICATES RECORD WAS SET OR TIED.
MM INDICATES DATA IS MISSING.
T  INDICATES TRACE AMOUNT.




$$
