000
CDUS43 KDDC 011021
CLIP28


CLIMATE REPORT
NATIONAL WEATHER SERVICE DODGE CITY KS
516 AM CDT WED OCT 1 2014


...................................

...THE MEDICINE LODGE KS CLIMATE SUMMARY FOR SEPTEMBER 30 2014...

CLIMATE NORMAL PERIOD 1981 TO 2010
CLIMATE RECORD PERIOD 1893 TO 2014


WEATHER ITEM   OBSERVED TIME   RECORD YEAR NORMAL DEPARTURE LAST
                VALUE   (LST)  VALUE       VALUE  FROM      YEAR
                                                  NORMAL
..................................................................
TEMPERATURE (F)
 YESTERDAY
  MAXIMUM         88    216 PM 105    1984  78     10       81
  MINIMUM         65    634 AM  34    1946  53     12       50
  AVERAGE         77                        65     12       66

PRECIPITATION (IN)
  YESTERDAY        0.01          9.00 1923   0.06  -0.05     0.00
  MONTH TO DATE    0.85                      2.10  -1.25     1.09
  SINCE SEP 1      0.85                      2.10  -1.25     1.09
  SINCE JAN 1     18.36                     22.45  -4.09    22.73

SNOWFALL (IN)
  YESTERDAY        0.0          MM      MM   0.0             0.0
  MONTH TO DATE    0.0                       0.0             0.0
  SINCE SEP 1      0.0                       0.0             0.0
  SINCE JUL 1      0.0                       0.0             0.0
  SNOW DEPTH       0

DEGREE DAYS
 HEATING
  YESTERDAY        0                         3     -3
  MONTH TO DATE   19                        32    -13
  SINCE SEP 1     19                        34    -15
  SINCE JUL 1     24                        34    -10

 COOLING
  YESTERDAY       12                         3      9        1
  MONTH TO DATE  253                       220     33      292
  SINCE SEP 1    253                       220     33      292
  SINCE JAN 1   1737                      1731      6     1741
..................................................................


WIND (MPH)
  HIGHEST WIND SPEED    24   HIGHEST WIND DIRECTION     S (190)
  HIGHEST GUST SPEED    34   HIGHEST GUST DIRECTION     S (170)
  AVERAGE WIND SPEED    12.6




RELATIVE HUMIDITY (PERCENT)
 HIGHEST    81           800 AM
 LOWEST     37           100 PM
 AVERAGE    59

..........................................................


THE MEDICINE LODGE KS CLIMATE NORMALS FOR TODAY
                         NORMAL    RECORD    YEAR
 MAXIMUM TEMPERATURE (F)   77        97      1979
 MINIMUM TEMPERATURE (F)   52        32      1958


SUNRISE AND SUNSET
OCTOBER  1 2014.......SUNRISE   730 AM CDT   SUNSET   717 PM CDT
OCTOBER  2 2014.......SUNRISE   731 AM CDT   SUNSET   716 PM CDT


-  INDICATES NEGATIVE NUMBERS.
R  INDICATES RECORD WAS SET OR TIED.
MM INDICATES DATA IS MISSING.
T  INDICATES TRACE AMOUNT.




$$
