000
CDUS43 KDDC 242331
CLIP28


CLIMATE REPORT
NATIONAL WEATHER SERVICE DODGE CITY KS
631 PM CDT FRI MAR 24 2017


...................................

...THE MEDICINE LODGE KS CLIMATE SUMMARY FOR MARCH 24 2017...
VALID TODAY AS OF 0500 PM LOCAL TIME.

CLIMATE NORMAL PERIOD 1981 TO 2010
CLIMATE RECORD PERIOD 1893 TO 2017


WEATHER ITEM   OBSERVED TIME   RECORD YEAR NORMAL DEPARTURE LAST
                VALUE   (LST)  VALUE       VALUE  FROM      YEAR
                                                  NORMAL
..................................................................
TEMPERATURE (F)
 TODAY
  MAXIMUM         74    327 PM  90    1929  62     12       57
  MINIMUM         59    731 AM  12    1966  37     22       30
  AVERAGE         67                        49     18       44

PRECIPITATION (IN)
  TODAY            0.00          1.67 1939   0.07  -0.07     0.00
  MONTH TO DATE    0.00                      1.75  -1.75     0.22
  SINCE MAR 1      0.00                      1.75  -1.75     0.22
  SINCE JAN 1      3.92                      3.50   0.42     1.11

DEGREE DAYS
 HEATING
  TODAY            0                        16    -16       21
  MONTH TO DATE  326                       465   -139      315
  SINCE MAR 1    326                       465   -139      315
  SINCE JUL 1   3327                      3994   -667     3204

 COOLING
  TODAY            2                         0      2        0
  MONTH TO DATE   14                         0     14        6
  SINCE MAR 1     14                         0     14        6
  SINCE JAN 1     14                         0     14        6
..................................................................


WIND (MPH)
  HIGHEST WIND SPEED    24   HIGHEST WIND DIRECTION     S (170)
  HIGHEST GUST SPEED    32   HIGHEST GUST DIRECTION     S (180)
  AVERAGE WIND SPEED    14.5




RELATIVE HUMIDITY (PERCENT)
 HIGHEST    46           700 AM
 LOWEST     16           300 PM
 AVERAGE    31

..........................................................


THE MEDICINE LODGE KS CLIMATE NORMALS FOR TOMORROW
                         NORMAL    RECORD    YEAR
 MAXIMUM TEMPERATURE (F)   62        94      1907
 MINIMUM TEMPERATURE (F)   37        15      1996


SUNRISE AND SUNSET
MARCH 24 2017.........SUNRISE   731 AM CDT   SUNSET   750 PM CDT
MARCH 25 2017.........SUNRISE   730 AM CDT   SUNSET   751 PM CDT


-  INDICATES NEGATIVE NUMBERS.
R  INDICATES RECORD WAS SET OR TIED.
MM INDICATES DATA IS MISSING.
T  INDICATES TRACE AMOUNT.




$$
