000
CDUS43 KDDC 250706
CLIP28


CLIMATE REPORT
NATIONAL WEATHER SERVICE DODGE CITY KS
105 AM CST SAT FEB 25 2017


...................................

...THE MEDICINE LODGE KS CLIMATE SUMMARY FOR FEBRUARY 24 2017...

CLIMATE NORMAL PERIOD 1981 TO 2010
CLIMATE RECORD PERIOD 1893 TO 2017


WEATHER ITEM   OBSERVED TIME   RECORD YEAR NORMAL DEPARTURE LAST
                VALUE   (LST)  VALUE       VALUE  FROM      YEAR
                                                  NORMAL
..................................................................
TEMPERATURE (F)
 YESTERDAY
  MAXIMUM         42   1258 PM  84    1930  53    -11       62
  MINIMUM         19   1159 PM  -6    1913  28     -9       26
  AVERAGE         31                        41    -10       44

PRECIPITATION (IN)
  YESTERDAY        0.00          1.40 2001   0.04  -0.04     0.00
  MONTH TO DATE    0.22                      0.85  -0.63     0.38
  SINCE DEC 1      4.62                      2.48   2.14     3.26
  SINCE JAN 1      3.92                      1.56   2.36     0.89

SNOWFALL (IN)
  YESTERDAY        0.0          MM      MM   0.0             0.0
  MONTH TO DATE    0.0                       2.0             0.0
  SINCE DEC 1      1.4                       8.0             1.0
  SINCE JUL 1      1.4                       8.2             1.0
  SNOW DEPTH       0

DEGREE DAYS
 HEATING
  YESTERDAY       34                        24     10       21
  MONTH TO DATE  459                       658   -199      516
  SINCE DEC 1   2383                      2577   -194     2204
  SINCE JUL 1   2919                      3435   -516     2799

 COOLING
  YESTERDAY        0                         0      0        0
  MONTH TO DATE    0                         0      0        0
  SINCE DEC 1      0                         0      0        0
  SINCE JAN 1      0                         0      0        0
..................................................................


WIND (MPH)
  HIGHEST WIND SPEED    28   HIGHEST WIND DIRECTION    NW (320)
  HIGHEST GUST SPEED    36   HIGHEST GUST DIRECTION     N (360)
  AVERAGE WIND SPEED    15.7




RELATIVE HUMIDITY (PERCENT)
 HIGHEST    76          1200 AM
 LOWEST     40           200 PM
 AVERAGE    58

..........................................................


THE MEDICINE LODGE KS CLIMATE NORMALS FOR TODAY
                         NORMAL    RECORD    YEAR
 MAXIMUM TEMPERATURE (F)   53        86      1904
 MINIMUM TEMPERATURE (F)   29        -2      1960


SUNRISE AND SUNSET
FEBRUARY 25 2017......SUNRISE   710 AM CST   SUNSET   625 PM CST
FEBRUARY 26 2017......SUNRISE   709 AM CST   SUNSET   626 PM CST


-  INDICATES NEGATIVE NUMBERS.
R  INDICATES RECORD WAS SET OR TIED.
MM INDICATES DATA IS MISSING.
T  INDICATES TRACE AMOUNT.




$$
