000
CDUS43 KDDC 241010
CLIP28


CLIMATE REPORT
NATIONAL WEATHER SERVICE DODGE CITY KS
508 AM CDT FRI OCT 24 2014


...................................

...THE MEDICINE LODGE KS CLIMATE SUMMARY FOR OCTOBER 23 2014...

CLIMATE NORMAL PERIOD 1981 TO 2010
CLIMATE RECORD PERIOD 1893 TO 2014


WEATHER ITEM   OBSERVED TIME   RECORD YEAR NORMAL DEPARTURE LAST
                VALUE   (LST)  VALUE       VALUE  FROM      YEAR
                                                  NORMAL
..................................................................
TEMPERATURE (F)
 YESTERDAY
  MAXIMUM         76    404 PM  93    1939  68      8       69
  MINIMUM         57    231 AM  21    1938  43     14       38
  AVERAGE         67                        56     11       54

PRECIPITATION (IN)
  YESTERDAY        0.03          1.15 1943   0.08  -0.05     0.00
  MONTH TO DATE    0.70                      2.21  -1.51     0.79
  SINCE SEP 1      1.55                      4.31  -2.76     1.88
  SINCE JAN 1     19.06                     24.66  -5.60    23.52

SNOWFALL (IN)
  YESTERDAY        0.0          MM      MM   0.0             0.0
  MONTH TO DATE    0.0                       0.0             0.0
  SINCE SEP 1      0.0                       0.0             0.0
  SINCE JUL 1      0.0                       0.0             0.0
  SNOW DEPTH       0

DEGREE DAYS
 HEATING
  YESTERDAY        0                        10    -10
  MONTH TO DATE  101                       147    -46
  SINCE SEP 1    120                       181    -61
  SINCE JUL 1    125                       181    -56

 COOLING
  YESTERDAY        2                         0      2        0
  MONTH TO DATE   45                        37      8       45
  SINCE SEP 1    298                       257     41      337
  SINCE JAN 1   1782                      1768     14     1786
..................................................................


WIND (MPH)
  HIGHEST WIND SPEED    20   HIGHEST WIND DIRECTION     S (200)
  HIGHEST GUST SPEED    24   HIGHEST GUST DIRECTION     S (200)
  AVERAGE WIND SPEED     5.4




RELATIVE HUMIDITY (PERCENT)
 HIGHEST    93          1200 AM
 LOWEST     60           300 PM
 AVERAGE    77

..........................................................


THE MEDICINE LODGE KS CLIMATE NORMALS FOR TODAY
                         NORMAL    RECORD    YEAR
 MAXIMUM TEMPERATURE (F)   68        95      1939
 MINIMUM TEMPERATURE (F)   43        23      1938


SUNRISE AND SUNSET
OCTOBER 24 2014.......SUNRISE   751 AM CDT   SUNSET   646 PM CDT
OCTOBER 25 2014.......SUNRISE   752 AM CDT   SUNSET   644 PM CDT


-  INDICATES NEGATIVE NUMBERS.
R  INDICATES RECORD WAS SET OR TIED.
MM INDICATES DATA IS MISSING.
T  INDICATES TRACE AMOUNT.




$$
