607
CDUS43 KDDC 170708
CLIP28


CLIMATE REPORT
NATIONAL WEATHER SERVICE DODGE CITY KS
108 AM CST TUE JAN 17 2017


...................................

...THE MEDICINE LODGE KS CLIMATE SUMMARY FOR JANUARY 16 2017...

CLIMATE NORMAL PERIOD 1981 TO 2010
CLIMATE RECORD PERIOD 1893 TO 2017


WEATHER ITEM   OBSERVED TIME   RECORD YEAR NORMAL DEPARTURE LAST
                VALUE   (LST)  VALUE       VALUE  FROM      YEAR
                                                  NORMAL
..................................................................
TEMPERATURE (F)
 YESTERDAY
  MAXIMUM         38    251 PM  74    1951  45     -7       43
  MINIMUM         32    708 AM  -3    1984  21     11       26
  AVERAGE         35                        33      2       35

PRECIPITATION (IN)
  YESTERDAY        0.53R         0.44 1895   0.02   0.51     0.00
  MONTH TO DATE    3.45                      0.29   3.16     0.50
  SINCE DEC 1      4.15                      1.21   2.94     2.87
  SINCE JAN 1      3.45                      0.29   3.16     0.50

SNOWFALL (IN)
  YESTERDAY        0.0          MM      MM   0.1             0.0
  MONTH TO DATE    T                         1.0             0.0
  SINCE DEC 1      1.4                       3.7             1.0
  SINCE JUL 1      1.4                       3.9             1.0
  SNOW DEPTH       0

DEGREE DAYS
 HEATING
  YESTERDAY       30                        32     -2       30
  MONTH TO DATE  544                       512     32      494
  SINCE DEC 1   1565                      1453    112     1234
  SINCE JUL 1   2101                      2311   -210     1829

 COOLING
  YESTERDAY        0                         0      0        0
  MONTH TO DATE    0                         0      0        0
  SINCE DEC 1      0                         0      0        0
  SINCE JAN 1      0                         0      0        0
..................................................................


WIND (MPH)
  HIGHEST WIND SPEED    16   HIGHEST WIND DIRECTION    NW (300)
  HIGHEST GUST SPEED    21   HIGHEST GUST DIRECTION    NW (300)
  AVERAGE WIND SPEED     8.3




RELATIVE HUMIDITY (PERCENT)
 HIGHEST   100           700 AM
 LOWEST     82           300 PM
 AVERAGE    91

..........................................................


THE MEDICINE LODGE KS CLIMATE NORMALS FOR TODAY
                         NORMAL    RECORD    YEAR
 MAXIMUM TEMPERATURE (F)   45        79      1923
 MINIMUM TEMPERATURE (F)   21        -6      1978


SUNRISE AND SUNSET
JANUARY 17 2017.......SUNRISE   746 AM CST   SUNSET   543 PM CST
JANUARY 18 2017.......SUNRISE   746 AM CST   SUNSET   544 PM CST


-  INDICATES NEGATIVE NUMBERS.
R  INDICATES RECORD WAS SET OR TIED.
MM INDICATES DATA IS MISSING.
T  INDICATES TRACE AMOUNT.




$$
