000
CDUS45 KRIW 020028
CLIP60


CLIMATE REPORT
NATIONAL WEATHER SERVICE RIVERTON WY
628 PM MDT FRI AUG 1 2014


...................................

...THE LAKE YELLOWSTONE WY CLIMATE SUMMARY FOR AUGUST 1 2014...
VALID TODAY AS OF 0500 PM LOCAL TIME.

CLIMATE NORMAL PERIOD 1981 TO 2010
CLIMATE RECORD PERIOD 1998 TO 2014


WEATHER ITEM   OBSERVED TIME   RECORD YEAR NORMAL DEPARTURE LAST
                VALUE   (LST)  VALUE       VALUE  FROM      YEAR
                                                  NORMAL
..................................................................
TEMPERATURE (F)
 TODAY
  MAXIMUM         73        MM  86    2000  74     -1       76
  MINIMUM         37        MM  30    2001  41     -4       47
  AVERAGE         55

PRECIPITATION (IN)
  TODAY            0.00          0.35 2006   0.04  -0.04     0.11
  MONTH TO DATE    0.00                      0.04  -0.04     0.11
  SINCE JUN 1      3.69                      3.51   0.18     2.47
  SINCE JAN 1     18.83                     12.59   6.24    11.46

DEGREE DAYS
 HEATING
  TODAY           10                         8      2        3
  MONTH TO DATE   10                         8      2        3
  SINCE JUN 1    861                       784     77      634
  SINCE JUL 1    275                       291    -16      201

 COOLING
  TODAY            0                         0      0        0
  MONTH TO DATE    0                         0      0        0
  SINCE JUN 1      0                         0      0        0
  SINCE JAN 1      0                         0      0        0
..................................................................


WIND (MPH)
  HIGHEST WIND SPEED     7   HIGHEST WIND DIRECTION    SE (120)
  HIGHEST GUST SPEED    MM   HIGHEST GUST DIRECTION    MM
  AVERAGE WIND SPEED     2.5


SKY COVER
  POSSIBLE SUNSHINE  MM
  AVERAGE SKY COVER 0.0


WEATHER CONDITIONS
 THE FOLLOWING WEATHER WAS RECORDED TODAY.
  NO SIGNIFICANT WEATHER WAS OBSERVED.


RELATIVE HUMIDITY (PERCENT)
 HIGHEST    92           300 AM
 LOWEST     28          1100 AM
 AVERAGE    60

..........................................................


THE LAKE YELLOWSTONE WY CLIMATE NORMALS FOR TOMORROW
                         NORMAL    RECORD    YEAR
 MAXIMUM TEMPERATURE (F)   74        81      2001
 MINIMUM TEMPERATURE (F)   41        36      2006


SUNRISE AND SUNSET
AUGUST  1 2014........SUNRISE   608 AM MDT   SUNSET   847 PM MDT
AUGUST  2 2014........SUNRISE   609 AM MDT   SUNSET   846 PM MDT


-  INDICATES NEGATIVE NUMBERS.
R  INDICATES RECORD WAS SET OR TIED.
MM INDICATES DATA IS MISSING.
T  INDICATES TRACE AMOUNT.




$$
