343
CDUS45 KRIW 270040
CLIP60


CLIMATE REPORT
NATIONAL WEATHER SERVICE RIVERTON WY
639 PM MDT THU MAY 26 2016


...................................

...THE LAKE YELLOWSTONE WY CLIMATE SUMMARY FOR MAY 26 2016...
VALID TODAY AS OF 0500 PM LOCAL TIME.

CLIMATE NORMAL PERIOD 1981 TO 2010
CLIMATE RECORD PERIOD 1998 TO 2016


WEATHER ITEM   OBSERVED TIME   RECORD YEAR NORMAL DEPARTURE LAST
                VALUE   (LST)  VALUE       VALUE  FROM      YEAR
                                                  NORMAL
..................................................................
TEMPERATURE (F)
 TODAY
  MAXIMUM         51        MM  68    2003  55     -4       52
  MINIMUM         30    400 AM  22    2005  31     -1       33
  AVERAGE         41

PRECIPITATION (IN)
  TODAY            0.19          0.49 2012   0.08   0.11     0.07
  MONTH TO DATE    2.40                      1.83   0.57     2.31
  SINCE MAR 1      6.00                      5.12   0.88     4.05
  SINCE JAN 1      8.65                      8.64   0.01     6.94

DEGREE DAYS
 HEATING
  TODAY           24                        22      2       22
  MONTH TO DATE  643                       669    -26      613
  SINCE MAR 1   2854                      2983   -129     2775
  SINCE JUL 1  10638                     10920   -282    10339

 COOLING
  TODAY            0                         0      0        0
  MONTH TO DATE    0                         0      0        0
  SINCE MAR 1      0                         0      0        0
  SINCE JAN 1      0                         0      0        0
..................................................................


WIND (MPH)
  HIGHEST WIND SPEED     8   HIGHEST WIND DIRECTION     W (290)
  HIGHEST GUST SPEED    MM   HIGHEST GUST DIRECTION    MM
  AVERAGE WIND SPEED     2.3


SKY COVER
  POSSIBLE SUNSHINE  MM
  AVERAGE SKY COVER 0.0


WEATHER CONDITIONS
 THE FOLLOWING WEATHER WAS RECORDED TODAY.
  NO SIGNIFICANT WEATHER WAS OBSERVED.


RELATIVE HUMIDITY (PERCENT)
 HIGHEST    92           100 AM
 LOWEST     54          1200 PM
 AVERAGE    73

..........................................................


THE LAKE YELLOWSTONE WY CLIMATE NORMALS FOR TOMORROW
                         NORMAL    RECORD    YEAR
 MAXIMUM TEMPERATURE (F)   55        70      2003
 MINIMUM TEMPERATURE (F)   31        23      2011
                                             2005


SUNRISE AND SUNSET
MAY 26 2016...........SUNRISE   543 AM MDT   SUNSET   855 PM MDT
MAY 27 2016...........SUNRISE   543 AM MDT   SUNSET   856 PM MDT


-  INDICATES NEGATIVE NUMBERS.
R  INDICATES RECORD WAS SET OR TIED.
MM INDICATES DATA IS MISSING.
T  INDICATES TRACE AMOUNT.




$$
