000
CDUS45 KRIW 280734
CLIP60


CLIMATE REPORT
NATIONAL WEATHER SERVICE RIVERTON WY
1234 AM MST SAT FEB 28 2015


...................................

...THE LAKE YELLOWSTONE WY CLIMATE SUMMARY FOR FEBRUARY 27 2015...

CLIMATE NORMAL PERIOD 1981 TO 2010
CLIMATE RECORD PERIOD 1998 TO 2015


WEATHER ITEM   OBSERVED TIME   RECORD YEAR NORMAL DEPARTURE LAST
                VALUE   (LST)  VALUE       VALUE  FROM      YEAR
                                                  NORMAL
..................................................................
TEMPERATURE (F)
 YESTERDAY
  MAXIMUM         21    421 PM  42    2014  31    -10       42
  MINIMUM        -13R   318 AM -11    2009   5    -18        2
  AVERAGE          4                        18    -14       22

PRECIPITATION (IN)
  YESTERDAY        0.00          0.16 2007   0.06  -0.06     0.01
  MONTH TO DATE    0.86                      1.36  -0.50     2.88
  SINCE DEC 1      5.39                      4.97   0.42     6.74
  SINCE JAN 1      2.89                      3.47  -0.58     4.79

DEGREE DAYS
 HEATING
  YESTERDAY       61                        47     14       43
  MONTH TO DATE 1186                      1357   -171     1430
  SINCE DEC 1   4176                      4568   -392     4790
  SINCE JUL 1   7503                      7888   -385     8018

 COOLING
  YESTERDAY        0                         0      0        0
  MONTH TO DATE    0                         0      0        0
  SINCE DEC 1      0                         0      0        0
  SINCE JAN 1      0                         0      0        0
..................................................................


WIND (MPH)
  HIGHEST WIND SPEED     6   HIGHEST WIND DIRECTION    NW (320)
  HIGHEST GUST SPEED     9   HIGHEST GUST DIRECTION     E (70)
  AVERAGE WIND SPEED     1.1


SKY COVER
  POSSIBLE SUNSHINE  MM
  AVERAGE SKY COVER 0.0


WEATHER CONDITIONS
 THE FOLLOWING WEATHER WAS RECORDED YESTERDAY.
  NO SIGNIFICANT WEATHER WAS OBSERVED.


RELATIVE HUMIDITY (PERCENT)
 HIGHEST    87           900 AM
 LOWEST     67          1200 PM
 AVERAGE    77

..........................................................


THE LAKE YELLOWSTONE WY CLIMATE NORMALS FOR TODAY
                         NORMAL    RECORD    YEAR
 MAXIMUM TEMPERATURE (F)   32        38      2010
 MINIMUM TEMPERATURE (F)    5       -22      2009


SUNRISE AND SUNSET
FEBRUARY 28 2015......SUNRISE   701 AM MST   SUNSET   608 PM MST
MARCH  1 2015.........SUNRISE   659 AM MST   SUNSET   609 PM MST


-  INDICATES NEGATIVE NUMBERS.
R  INDICATES RECORD WAS SET OR TIED.
MM INDICATES DATA IS MISSING.
T  INDICATES TRACE AMOUNT.




$$
