000
CDUS45 KRIW 260037
CLIP60


CLIMATE REPORT
NATIONAL WEATHER SERVICE RIVERTON WY
628 PM MDT FRI JUL 25 2014


...................................

...THE LAKE YELLOWSTONE WY CLIMATE SUMMARY FOR JULY 25 2014...
VALID TODAY AS OF 0500 PM LOCAL TIME.

CLIMATE NORMAL PERIOD 1981 TO 2010
CLIMATE RECORD PERIOD 1998 TO 2014


WEATHER ITEM   OBSERVED TIME   RECORD YEAR NORMAL DEPARTURE LAST
                VALUE   (LST)  VALUE       VALUE  FROM      YEAR
                                                  NORMAL
..................................................................
TEMPERATURE (F)
 TODAY
  MAXIMUM         71        MM  81    2011  73     -2       76
  MINIMUM         29R       MM  35    2010  41    -12       40
                                      2000
  AVERAGE         50

PRECIPITATION (IN)
  TODAY            0.00          0.26 2005   0.05  -0.05     0.00
  MONTH TO DATE    1.24                      1.18   0.06     0.94
  SINCE JUN 1      3.58                      3.18   0.40     1.70
  SINCE JAN 1     18.72                     12.26   6.46    10.69

DEGREE DAYS
 HEATING
  TODAY           15                         8      7        7
  MONTH TO DATE  207                       235    -28      139
  SINCE JUN 1    793                       728     65      572
  SINCE JUL 1    207                       235    -28      139

 COOLING
  TODAY            0                         0      0        0
  MONTH TO DATE    0                         0      0        0
  SINCE JUN 1      0                         0      0        0
  SINCE JAN 1      0                         0      0        0
..................................................................


WIND (MPH)
  HIGHEST WIND SPEED    13   HIGHEST WIND DIRECTION     W (280)
  HIGHEST GUST SPEED    23   HIGHEST GUST DIRECTION     W (270)
  AVERAGE WIND SPEED     4.5


SKY COVER
  POSSIBLE SUNSHINE  MM
  AVERAGE SKY COVER 0.0


WEATHER CONDITIONS
 THE FOLLOWING WEATHER WAS RECORDED TODAY.
  NO SIGNIFICANT WEATHER WAS OBSERVED.


RELATIVE HUMIDITY (PERCENT)
 HIGHEST    78           500 AM
 LOWEST     10           300 PM
 AVERAGE    44

..........................................................


THE LAKE YELLOWSTONE WY CLIMATE NORMALS FOR TOMORROW
                         NORMAL    RECORD    YEAR
 MAXIMUM TEMPERATURE (F)   74        80      2013
                                             2008
 MINIMUM TEMPERATURE (F)   41        33      2005


SUNRISE AND SUNSET
JULY 25 2014..........SUNRISE   601 AM MDT   SUNSET   855 PM MDT
JULY 26 2014..........SUNRISE   602 AM MDT   SUNSET   854 PM MDT


-  INDICATES NEGATIVE NUMBERS.
R  INDICATES RECORD WAS SET OR TIED.
MM INDICATES DATA IS MISSING.
T  INDICATES TRACE AMOUNT.




$$
