000
CDUS45 KRIW 100744
CLIP60


CLIMATE REPORT
NATIONAL WEATHER SERVICE RIVERTON WY
1235 AM MST WED FEB 10 2016


...................................

...THE LAKE YELLOWSTONE WY CLIMATE SUMMARY FOR FEBRUARY 9 2016...

CLIMATE NORMAL PERIOD 1981 TO 2010
CLIMATE RECORD PERIOD 1998 TO 2016


WEATHER ITEM   OBSERVED TIME   RECORD YEAR NORMAL DEPARTURE LAST
                VALUE   (LST)  VALUE       VALUE  FROM      YEAR
                                                  NORMAL
..................................................................
TEMPERATURE (F)
 YESTERDAY
  MAXIMUM         37R   320 PM  37    2015  26     11       37
  MINIMUM          9    134 AM -32    2011   1      8       22
  AVERAGE         23                        13     10       30

PRECIPITATION (IN)
  YESTERDAY        0.00          0.26 2015   0.05  -0.05     0.26
  MONTH TO DATE    0.02                      0.45  -0.43     0.66
  SINCE DEC 1      4.27                      4.06   0.21     5.19
  SINCE JAN 1      1.23                      2.56  -1.33     2.69

DEGREE DAYS
 HEATING
  YESTERDAY       42                        52    -10       35
  MONTH TO DATE  479                       468     11      333
  SINCE DEC 1   3620                      3679    -59     3323
  SINCE JUL 1   6948                      6999    -51     6650

 COOLING
  YESTERDAY        0                         0      0        0
  MONTH TO DATE    0                         0      0        0
  SINCE DEC 1      0                         0      0        0
  SINCE JAN 1      0                         0      0        0
..................................................................


WIND (MPH)
  HIGHEST WIND SPEED     7   HIGHEST WIND DIRECTION    NW (300)
  HIGHEST GUST SPEED    10   HIGHEST GUST DIRECTION     E (80)
  AVERAGE WIND SPEED     0.6


SKY COVER
  POSSIBLE SUNSHINE  MM
  AVERAGE SKY COVER 0.0


WEATHER CONDITIONS
 THE FOLLOWING WEATHER WAS RECORDED YESTERDAY.
  NO SIGNIFICANT WEATHER WAS OBSERVED.


RELATIVE HUMIDITY (PERCENT)
 HIGHEST   100          1000 AM
 LOWEST     56           300 PM
 AVERAGE    78

..........................................................


THE LAKE YELLOWSTONE WY CLIMATE NORMALS FOR TODAY
                         NORMAL    RECORD    YEAR
 MAXIMUM TEMPERATURE (F)   26        35      2015
 MINIMUM TEMPERATURE (F)    1       -20      2006


SUNRISE AND SUNSET
FEBRUARY 10 2016......SUNRISE   729 AM MST   SUNSET   543 PM MST
FEBRUARY 11 2016......SUNRISE   728 AM MST   SUNSET   544 PM MST


-  INDICATES NEGATIVE NUMBERS.
R  INDICATES RECORD WAS SET OR TIED.
MM INDICATES DATA IS MISSING.
T  INDICATES TRACE AMOUNT.




$$
