069
CDUS45 KLKN 250038
CLIP68


CLIMATE REPORT
NATIONAL WEATHER SERVICE ELKO NV
535 PM PDT MON JUL 24 2017


...................................

...THE EUREKA AIRPORT NV CLIMATE SUMMARY FOR JULY 24 2017...
VALID TODAY AS OF 0500 PM LOCAL TIME.

CLIMATE NORMAL PERIOD 1981 TO 2010
CLIMATE RECORD PERIOD 1963 TO 2017


WEATHER ITEM   OBSERVED TIME   RECORD YEAR NORMAL DEPARTURE LAST
                VALUE   (LST)  VALUE       VALUE  FROM      YEAR
                                                  NORMAL
..................................................................
TEMPERATURE (F)
 TODAY
  MAXIMUM         89   1100 AM  97    2016  91     -2       97
                                      2010
  MINIMUM         53    353 AM  37    1993  50      3       43
  AVERAGE         71                        70      1       70

PRECIPITATION (IN)
  TODAY            0.00          0.57 2002   0.03  -0.03     0.00
  MONTH TO DATE    0.07                      0.46  -0.39     0.00
  SINCE OCT 1      9.33                      7.67   1.66    12.05
  SINCE JAN 1      7.24                      5.54   1.70     7.78

DEGREE DAYS
 HEATING
  TODAY            0                         0      0        0
  MONTH TO DATE    0                         8     -8       13
  SINCE JUN 1     74                       168    -94       67
  SINCE JUL 1      0                         8     -8       13

 COOLING
  TODAY            6                         6      0        5
  MONTH TO DATE  216                       105    111      118
  SINCE JUN 1    292                       134    158      209
  SINCE JAN 1    292                       137    155      209
..................................................................


WIND (MPH)
  HIGHEST WIND SPEED    29   HIGHEST WIND DIRECTION    SE (140)
  HIGHEST GUST SPEED    35   HIGHEST GUST DIRECTION    SE (130)




RELATIVE HUMIDITY (PERCENT)
 HIGHEST    61           300 AM
 LOWEST     20          1100 AM
 AVERAGE    41

..........................................................


THE EUREKA AIRPORT NV CLIMATE NORMALS FOR TOMORROW
                         NORMAL    RECORD    YEAR
 MAXIMUM TEMPERATURE (F)   91        99      2016
 MINIMUM TEMPERATURE (F)   50        34      1999


SUNRISE AND SUNSET
JULY 24 2017..........SUNRISE   537 AM PDT   SUNSET   804 PM PDT
JULY 25 2017..........SUNRISE   538 AM PDT   SUNSET   803 PM PDT


-  INDICATES NEGATIVE NUMBERS.
R  INDICATES RECORD WAS SET OR TIED.
MM INDICATES DATA IS MISSING.
T  INDICATES TRACE AMOUNT.




$$
