000
CDUS45 KLKN 240930
CLIP68


CLIMATE REPORT
NATIONAL WEATHER SERVICE ELKO NV
229 AM PDT WED AUG 24 2016


...................................

...THE EUREKA AIRPORT NV CLIMATE SUMMARY FOR AUGUST 23 2016...

CLIMATE NORMAL PERIOD 1981 TO 2010
CLIMATE RECORD PERIOD 1963 TO 2016


WEATHER ITEM   OBSERVED TIME   RECORD YEAR NORMAL DEPARTURE LAST
                VALUE   (LST)  VALUE       VALUE  FROM      YEAR
                                                  NORMAL
..................................................................
TEMPERATURE (F)
 YESTERDAY
  MAXIMUM         87    229 PM  94    2011  86      1       93
  MINIMUM         52   1156 PM  23    1968  46      6       47
  AVERAGE         70                        66      4       70

PRECIPITATION (IN)
  YESTERDAY        0.00          0.32 2009   0.02  -0.02     0.00
  MONTH TO DATE    0.00                      0.42  -0.42     0.72
  SINCE OCT 1     12.11                      8.26   3.85     6.74
  SINCE JAN 1      7.84                      6.13   1.71     5.62

DEGREE DAYS
 HEATING
  YESTERDAY        0                         1     -1        0
  MONTH TO DATE    1                        16    -15        7
  SINCE JUN 1     68                       189   -121       67
  SINCE JUL 1     14                        29    -15       28

 COOLING
  YESTERDAY        5                         2      3        5
  MONTH TO DATE  110                        87     23      138
  SINCE JUN 1    400                       259    141      416
  SINCE JAN 1    400                       262    138      424
..................................................................


WIND (MPH)
  HIGHEST WIND SPEED    25   HIGHEST WIND DIRECTION    NW (300)
  HIGHEST GUST SPEED    35   HIGHEST GUST DIRECTION     W (280)
  AVERAGE WIND SPEED     7.9




RELATIVE HUMIDITY (PERCENT)
 HIGHEST    38           600 AM
 LOWEST     12           200 PM
 AVERAGE    25

..........................................................


THE EUREKA AIRPORT NV CLIMATE NORMALS FOR TODAY
                         NORMAL    RECORD    YEAR
 MAXIMUM TEMPERATURE (F)   85        95      1969
 MINIMUM TEMPERATURE (F)   46        28      1968


SUNRISE AND SUNSET
AUGUST 24 2016........SUNRISE   605 AM PDT   SUNSET   726 PM PDT
AUGUST 25 2016........SUNRISE   606 AM PDT   SUNSET   725 PM PDT


-  INDICATES NEGATIVE NUMBERS.
R  INDICATES RECORD WAS SET OR TIED.
MM INDICATES DATA IS MISSING.
T  INDICATES TRACE AMOUNT.




$$
