000
CDUS45 KLKN 110939
CLIP68


CLIMATE REPORT
NATIONAL WEATHER SERVICE ELKO NV
136 AM PST SUN DEC 11 2016


...................................

...THE EUREKA AIRPORT NV CLIMATE SUMMARY FOR DECEMBER 10 2016...

CLIMATE NORMAL PERIOD 1981 TO 2010
CLIMATE RECORD PERIOD 1963 TO 2016


WEATHER ITEM   OBSERVED TIME   RECORD YEAR NORMAL DEPARTURE LAST
                VALUE   (LST)  VALUE       VALUE  FROM      YEAR
                                                  NORMAL
..................................................................
TEMPERATURE (F)
 YESTERDAY
  MAXIMUM         51   1254 PM  61    2015  39     12       61
                                      1979
  MINIMUM         26   1221 AM -16    2009  12     14       24
  AVERAGE         39                        26     13       43

PRECIPITATION (IN)
  YESTERDAY        0.42R         0.17 1965   0.02   0.40     0.02
  MONTH TO DATE    0.47                      0.18   0.29     0.02
  SINCE OCT 1      1.58                      1.70  -0.12     2.60
  SINCE JAN 1     10.49                      8.57   1.92     9.68

DEGREE DAYS
 HEATING
  YESTERDAY       26                        39    -13       22
  MONTH TO DATE  389                       381      8      295
  SINCE DEC 1    389                       381      8      295
  SINCE JUL 1   1802                      2140   -338     1781

 COOLING
  YESTERDAY        0                         0      0        0
  MONTH TO DATE    0                         0      0        0
  SINCE DEC 1      0                         0      0        0
  SINCE JAN 1    424                       288    136      516
..................................................................


WIND (MPH)
  HIGHEST WIND SPEED    26   HIGHEST WIND DIRECTION    SW (240)
  HIGHEST GUST SPEED    34   HIGHEST GUST DIRECTION     W (250)
  AVERAGE WIND SPEED     8.1




RELATIVE HUMIDITY (PERCENT)
 HIGHEST    92           800 PM
 LOWEST     46          1200 PM
 AVERAGE    69

..........................................................


THE EUREKA AIRPORT NV CLIMATE NORMALS FOR TODAY
                         NORMAL    RECORD    YEAR
 MAXIMUM TEMPERATURE (F)   39        55      1993
 MINIMUM TEMPERATURE (F)   12       -15      1985


SUNRISE AND SUNSET
DECEMBER 11 2016......SUNRISE   654 AM PST   SUNSET   420 PM PST
DECEMBER 12 2016......SUNRISE   655 AM PST   SUNSET   420 PM PST


-  INDICATES NEGATIVE NUMBERS.
R  INDICATES RECORD WAS SET OR TIED.
MM INDICATES DATA IS MISSING.
T  INDICATES TRACE AMOUNT.




$$
