000
CDUS45 KLKN 290931
CLIP68


CLIMATE REPORT
NATIONAL WEATHER SERVICE ELKO NV
230 AM PDT FRI APR 29 2016


...................................

...THE EUREKA AIRPORT NV CLIMATE SUMMARY FOR APRIL 28 2016...

CLIMATE NORMAL PERIOD 1981 TO 2010
CLIMATE RECORD PERIOD 1963 TO 2016


WEATHER ITEM   OBSERVED TIME   RECORD YEAR NORMAL DEPARTURE LAST
                VALUE   (LST)  VALUE       VALUE  FROM      YEAR
                                                  NORMAL
..................................................................
TEMPERATURE (F)
 YESTERDAY
  MAXIMUM         47    523 PM  81    2007  63    -16       77
  MINIMUM         33   1011 AM  10    1966  31      2       25
  AVERAGE         40                        47     -7       51

PRECIPITATION (IN)
  YESTERDAY        0.49R         0.39 2005   0.04   0.45     0.00
  MONTH TO DATE    2.01                      0.91   1.10     0.35
  SINCE OCT 1      9.58                      5.57   4.01     2.37
  SINCE JAN 1      5.31                      3.44   1.87     1.25

DEGREE DAYS
 HEATING
  YESTERDAY       25                        18      7       14
  MONTH TO DATE  513                       613   -100      626
  SINCE MAR 1   1262                      1484   -222     1266
  SINCE JUL 1   6365                      6769   -404     5309

 COOLING
  YESTERDAY        0                         0      0        0
  MONTH TO DATE    0                         0      0        0
  SINCE MAR 1      0                         0      0        0
  SINCE JAN 1      0                         0      0        0
..................................................................


WIND (MPH)
  HIGHEST WIND SPEED    17   HIGHEST WIND DIRECTION     N (350)
  HIGHEST GUST SPEED    21   HIGHEST GUST DIRECTION     N (360)
  AVERAGE WIND SPEED     5.5




RELATIVE HUMIDITY (PERCENT)
 HIGHEST    96          1000 AM
 LOWEST     76           400 PM
 AVERAGE    86

..........................................................


THE EUREKA AIRPORT NV CLIMATE NORMALS FOR TODAY
                         NORMAL    RECORD    YEAR
 MAXIMUM TEMPERATURE (F)   63        83      1992
 MINIMUM TEMPERATURE (F)   31        12      1990


SUNRISE AND SUNSET
APRIL 29 2016.........SUNRISE   547 AM PDT   SUNSET   736 PM PDT
APRIL 30 2016.........SUNRISE   545 AM PDT   SUNSET   737 PM PDT


-  INDICATES NEGATIVE NUMBERS.
R  INDICATES RECORD WAS SET OR TIED.
MM INDICATES DATA IS MISSING.
T  INDICATES TRACE AMOUNT.




$$
