000
CDUS45 KLKN 060939
CLIP68


CLIMATE REPORT
NATIONAL WEATHER SERVICE ELKO NV
137 AM PST FRI MAR 6 2015


...................................

...THE EUREKA AIRPORT NV CLIMATE SUMMARY FOR MARCH 5 2015...

CLIMATE NORMAL PERIOD 1981 TO 2010
CLIMATE RECORD PERIOD 1963 TO 2015


WEATHER ITEM   OBSERVED TIME   RECORD YEAR NORMAL DEPARTURE LAST
                VALUE   (LST)  VALUE       VALUE  FROM      YEAR
                                                  NORMAL
..................................................................
TEMPERATURE (F)
 YESTERDAY
  MAXIMUM         51    442 PM  64    2012  48      3       60
  MINIMUM         16    445 AM   2    1966  21     -5       28
  AVERAGE         34                        34      0       44

PRECIPITATION (IN)
  YESTERDAY        0.00          0.38 1990   0.03  -0.03     0.00
  MONTH TO DATE    0.30                      0.15   0.15     0.08
  SINCE OCT 1      2.01                      3.88  -1.87     4.22
  SINCE JAN 1      0.89                      1.75  -0.86     1.82

DEGREE DAYS
 HEATING
  YESTERDAY       31                        31      0       21
  MONTH TO DATE  185                       156     29      120
  SINCE MAR 1    185                       156     29      120
  SINCE JUL 1   4228                      5441  -1213     4924

 COOLING
  YESTERDAY        0                         0      0        0
  MONTH TO DATE    0                         0      0        0
  SINCE MAR 1      0                         0      0        0
  SINCE JAN 1      0                         0      0        0
..................................................................


WIND (MPH)
  HIGHEST WIND SPEED    12   HIGHEST WIND DIRECTION    SW (210)
  HIGHEST GUST SPEED    14   HIGHEST GUST DIRECTION    SW (210)
  AVERAGE WIND SPEED     4.5




RELATIVE HUMIDITY (PERCENT)
 HIGHEST    80           100 AM
 LOWEST     21           400 PM
 AVERAGE    51

..........................................................


THE EUREKA AIRPORT NV CLIMATE NORMALS FOR TODAY
                         NORMAL    RECORD    YEAR
 MAXIMUM TEMPERATURE (F)   48        60      2007
                                             1968
 MINIMUM TEMPERATURE (F)   21         3      1991
                                             1964


SUNRISE AND SUNSET
MARCH  6 2015.........SUNRISE   610 AM PST   SUNSET   541 PM PST
MARCH  7 2015.........SUNRISE   608 AM PST   SUNSET   542 PM PST


-  INDICATES NEGATIVE NUMBERS.
R  INDICATES RECORD WAS SET OR TIED.
MM INDICATES DATA IS MISSING.
T  INDICATES TRACE AMOUNT.




$$
