000
CDUS45 KLKN 220927
CLIP68


CLIMATE REPORT
NATIONAL WEATHER SERVICE ELKO NV
226 AM PDT FRI AUG 22 2014


...................................

...THE EUREKA AIRPORT NV CLIMATE SUMMARY FOR AUGUST 21 2014...

CLIMATE NORMAL PERIOD 1981 TO 2010
CLIMATE RECORD PERIOD 1963 TO 2014


WEATHER ITEM   OBSERVED TIME   RECORD YEAR NORMAL DEPARTURE LAST
                VALUE   (LST)  VALUE       VALUE  FROM      YEAR
                                                  NORMAL
..................................................................
TEMPERATURE (F)
 YESTERDAY
  MAXIMUM         84    313 PM  98    2009  86     -2       85
  MINIMUM         59    523 AM  34    1980  47     12       50
                                      1968
  AVERAGE         72                        66      6       68

PRECIPITATION (IN)
  YESTERDAY        0.00          0.64 2003   0.01  -0.01     0.09
  MONTH TO DATE    1.80                      0.38   1.42     0.09
  SINCE OCT 1      9.17                      8.22   0.95     6.34
  SINCE JAN 1      6.77                      6.09   0.68     4.90

DEGREE DAYS
 HEATING
  YESTERDAY        0                         1     -1        0
  MONTH TO DATE    4                        14    -10        0
  SINCE JUN 1    107                       187    -80       81
  SINCE JUL 1      4                        27    -23        1

 COOLING
  YESTERDAY        7                         2      5        3
  MONTH TO DATE   80                        83     -3      116
  SINCE JUN 1    381                       255    126      482
  SINCE JAN 1    383                       258    125      483
..................................................................


WIND (MPH)
  HIGHEST WIND SPEED    17   HIGHEST WIND DIRECTION     S (180)
  HIGHEST GUST SPEED    23   HIGHEST GUST DIRECTION     S (190)
  AVERAGE WIND SPEED     7.7




RELATIVE HUMIDITY (PERCENT)
 HIGHEST    39           500 AM
 LOWEST     15           300 PM
 AVERAGE    27

..........................................................


THE EUREKA AIRPORT NV CLIMATE NORMALS FOR TODAY
                         NORMAL    RECORD    YEAR
 MAXIMUM TEMPERATURE (F)   86        93      2011
                                             2009
                                             2007
 MINIMUM TEMPERATURE (F)   46        34      1968
                                             1963


SUNRISE AND SUNSET
AUGUST 22 2014........SUNRISE   603 AM PDT   SUNSET   730 PM PDT
AUGUST 23 2014........SUNRISE   604 AM PDT   SUNSET   728 PM PDT


-  INDICATES NEGATIVE NUMBERS.
R  INDICATES RECORD WAS SET OR TIED.
MM INDICATES DATA IS MISSING.
T  INDICATES TRACE AMOUNT.




$$
