109
CDUS45 KLKN 280949
CLIP68


CLIMATE REPORT
NATIONAL WEATHER SERVICE ELKO NV
149 AM PST TUE FEB 28 2017


...................................

...THE EUREKA AIRPORT NV CLIMATE SUMMARY FOR FEBRUARY 27 2017...

CLIMATE NORMAL PERIOD 1981 TO 2010
CLIMATE RECORD PERIOD 1963 TO 2017


WEATHER ITEM   OBSERVED TIME   RECORD YEAR NORMAL DEPARTURE LAST
                VALUE   (LST)  VALUE       VALUE  FROM      YEAR
                                                  NORMAL
..................................................................
TEMPERATURE (F)
 YESTERDAY
  MAXIMUM         32    400 PM  62    1992  46    -14       58
                                      1980
                                      1968
  MINIMUM          6   1057 PM  -8    1996  19    -13       29
                                      1969
  AVERAGE         19                        33    -14       44

PRECIPITATION (IN)
  YESTERDAY        0.10          0.30 2014   0.03   0.07     0.00
  MONTH TO DATE    0.46                      0.83  -0.37     0.33
  SINCE OCT 1      5.00                      3.70   1.30     6.24
  SINCE JAN 1      2.91                      1.57   1.34     1.97

DEGREE DAYS
 HEATING
  YESTERDAY       46                        32     14       21
  MONTH TO DATE  822                       971   -149     1040
  SINCE DEC 1   3404                      3495    -91     3575
  SINCE JUL 1   4817                      5254   -437     5061

 COOLING
  YESTERDAY        0                         0      0        0
  MONTH TO DATE    0                         0      0        0
  SINCE DEC 1      0                         0      0        0
  SINCE JAN 1      0                         0      0        0
..................................................................


WIND (MPH)
  HIGHEST WIND SPEED    14   HIGHEST WIND DIRECTION     W (270)
  HIGHEST GUST SPEED    21   HIGHEST GUST DIRECTION     W (270)
  AVERAGE WIND SPEED     6.2




RELATIVE HUMIDITY (PERCENT)
 HIGHEST    92           100 AM
 LOWEST     36           400 PM
 AVERAGE    64

..........................................................


THE EUREKA AIRPORT NV CLIMATE NORMALS FOR TODAY
                         NORMAL    RECORD    YEAR
 MAXIMUM TEMPERATURE (F)   47        65      1980
 MINIMUM TEMPERATURE (F)   20        -4      1993


SUNRISE AND SUNSET
FEBRUARY 28 2017......SUNRISE   618 AM PST   SUNSET   535 PM PST
MARCH  1 2017.........SUNRISE   616 AM PST   SUNSET   537 PM PST


-  INDICATES NEGATIVE NUMBERS.
R  INDICATES RECORD WAS SET OR TIED.
MM INDICATES DATA IS MISSING.
T  INDICATES TRACE AMOUNT.




$$
