000
CDUS43 KPAH 040632
CLIPAH


CLIMATE REPORT
NATIONAL WEATHER SERVICE PADUCAH KY
1230 AM CST WED MAR 4 2015


...................................

...THE PADUCAH KY CLIMATE SUMMARY FOR MARCH 3 2015...

CLIMATE NORMAL PERIOD 1981 TO 2010
CLIMATE RECORD PERIOD 1937 TO 2015


WEATHER ITEM   OBSERVED TIME   RECORD YEAR NORMAL DEPARTURE LAST
                VALUE   (LST)  VALUE       VALUE  FROM      YEAR
                                                  NORMAL
..................................................................
TEMPERATURE (F)
 YESTERDAY
  MAXIMUM         54    806 PM  77    1992  54      0       25
                                      1976
  MINIMUM         35    121 AM   6    1943  34      1       13
  AVERAGE         45                        44      1       19

PRECIPITATION (IN)
  YESTERDAY        1.28          2.90 2008   0.11   1.17     0.23
  MONTH TO DATE    1.35                      0.34   1.01     1.57
  SINCE MAR 1      1.35                      0.34   1.01     1.57
  SINCE JAN 1      8.64                      7.93   0.71     6.75

SNOWFALL (IN)
  YESTERDAY        0.0           4.0  1965   0.0    0.0      3.3
  MONTH TO DATE    0.0                       0.1   -0.1      5.4
  SINCE MAR 1      0.0                       0.1   -0.1      5.4
  SINCE JUL 1     16.5                       8.6    7.9     18.3
  SNOW DEPTH       1

DEGREE DAYS
 HEATING
  YESTERDAY       20                        21     -1       46
  MONTH TO DATE   81                        63     18       96
  SINCE MAR 1     81                        63     18       96
  SINCE JUL 1   3750                      3359    391     3751

 COOLING
  YESTERDAY        0                         0      0        0
  MONTH TO DATE    0                         0      0        0
  SINCE MAR 1      0                         0      0        0
  SINCE JAN 1      0                         0      0        0
..................................................................


WIND (MPH)
  HIGHEST WIND SPEED    20   HIGHEST WIND DIRECTION    SW (230)
  HIGHEST GUST SPEED    26   HIGHEST GUST DIRECTION    SW (240)
  AVERAGE WIND SPEED     8.0


SKY COVER
  POSSIBLE SUNSHINE  MM
  AVERAGE SKY COVER 1.0


WEATHER CONDITIONS
 THE FOLLOWING WEATHER WAS RECORDED YESTERDAY.
  HEAVY RAIN
  RAIN
  LIGHT RAIN
  FOG
  FOG W/VISIBILITY <= 1/4 MILE
  HAZE


RELATIVE HUMIDITY (PERCENT)
 HIGHEST   100           900 AM
 LOWEST     64          1200 AM
 AVERAGE    82

..........................................................


THE PADUCAH KY CLIMATE NORMALS FOR TODAY
                         NORMAL    RECORD    YEAR
 MAXIMUM TEMPERATURE (F)   55        79      1983
 MINIMUM TEMPERATURE (F)   34         5      1960


SUNRISE AND SUNSET
MARCH  4 2015.........SUNRISE   622 AM CST   SUNSET   552 PM CST
MARCH  5 2015.........SUNRISE   621 AM CST   SUNSET   553 PM CST


-  INDICATES NEGATIVE NUMBERS.
R  INDICATES RECORD WAS SET OR TIED.
MM INDICATES DATA IS MISSING.
T  INDICATES TRACE AMOUNT.

&&
...........................................................
***** AGRICULTURAL DATA *****

SOIL TEMPERATURES AT A DEPTH OF FOUR INCHES

UNDER GRASS...  MAX: 36  MIN: 35

$$
