000
CDUS43 KPAH 010639
CLIPAH

CLIMATE REPORT
NATIONAL WEATHER SERVICE PADUCAH KY
133 AM CDT MON MAY 1 2017

...................................

...THE PADUCAH KY CLIMATE SUMMARY FOR APRIL 30 2017...

CLIMATE NORMAL PERIOD 1981 TO 2010
CLIMATE RECORD PERIOD 1937 TO 2017

WEATHER ITEM   OBSERVED TIME   RECORD YEAR NORMAL DEPARTURE LAST
                VALUE   (LST)  VALUE       VALUE  FROM      YEAR
                                                  NORMAL
..................................................................
TEMPERATURE (F)
 YESTERDAY
  MAXIMUM         73    542 PM  88    2007  74     -1       74
  MINIMUM         59   1159 PM  35    1969  51      8       61
  AVERAGE         66                        63      3       68

PRECIPITATION (IN)
  YESTERDAY        2.77R         2.14 1983   0.17   2.60     0.76
  MONTH TO DATE    8.18                      4.76   3.42     3.26
  SINCE MAR 1     12.57                      8.69   3.88    12.47
  SINCE JAN 1     17.40                     16.28   1.12    17.93

SNOWFALL (IN)
  YESTERDAY        0.0           T    2006   0.0    0.0      0.0
                                      1990
  MONTH TO DATE    0.0                       T      0.0      0.0
  SINCE MAR 1      1.0                       0.6    0.4       T
  SINCE JUL 1      1.2                       9.1   -7.9     12.1
  SNOW DEPTH       0

DEGREE DAYS
 HEATING
  YESTERDAY        0                         4     -4        0
  MONTH TO DATE  104                       244   -140      180
  SINCE MAR 1    540                       768   -228      539
  SINCE JUL 1   3019                      4064  -1045     3201

 COOLING
  YESTERDAY        1                         2     -1        3
  MONTH TO DATE   75                        35     40       34
  SINCE MAR 1     76                        42     34       36
  SINCE JAN 1     76                        42     34       36
..................................................................

WIND (MPH)
  HIGHEST WIND SPEED    26   HIGHEST WIND DIRECTION     S (160)
  HIGHEST GUST SPEED    38   HIGHEST GUST DIRECTION    SE (140)
  AVERAGE WIND SPEED    10.5

SKY COVER
  POSSIBLE SUNSHINE  MM
  AVERAGE SKY COVER 0.7

WEATHER CONDITIONS
 THE FOLLOWING WEATHER WAS RECORDED YESTERDAY.
  THUNDERSTORM
  HEAVY RAIN
  RAIN
  LIGHT RAIN
  FOG
  HAZE

RELATIVE HUMIDITY (PERCENT)
 HIGHEST    93           500 AM
 LOWEST     69          1100 PM
 AVERAGE    81
..........................................................

THE PADUCAH KY CLIMATE NORMALS FOR TODAY
                         NORMAL    RECORD    YEAR
 MAXIMUM TEMPERATURE (F)   74        90      1951
 MINIMUM TEMPERATURE (F)   52        34      1963

SUNRISE AND SUNSET
MAY  1 2017...........SUNRISE   600 AM CDT   SUNSET   744 PM CDT
MAY  2 2017...........SUNRISE   559 AM CDT   SUNSET   745 PM CDT

-  INDICATES NEGATIVE NUMBERS.
R  INDICATES RECORD WAS SET OR TIED.
MM INDICATES DATA IS MISSING.
T  INDICATES TRACE AMOUNT.

&&
***** AGRICULTURAL DATA *****
SOIL TEMPERATURES AT A DEPTH OF FOUR INCHES

UNDER GRASS...  MAX: 64    MIN: 63

$$
