000
CDUS43 KPAH 172126
CLIPAH


CLIMATE REPORT
NATIONAL WEATHER SERVICE PADUCAH KY
425 PM CDT THU AUG 17 2017


...................................

...THE PADUCAH KY CLIMATE SUMMARY FOR AUGUST 17 2017...
VALID TODAY AS OF 0400 PM LOCAL TIME.

CLIMATE NORMAL PERIOD 1981 TO 2010
CLIMATE RECORD PERIOD 1937 TO 2017


WEATHER ITEM   OBSERVED TIME   RECORD YEAR NORMAL DEPARTURE LAST
                VALUE   (LST)  VALUE       VALUE  FROM      YEAR
                                                  NORMAL
..................................................................
TEMPERATURE (F)
 TODAY
  MAXIMUM         87   1102 AM 104    1988  89     -2       80
  MINIMUM         77    619 AM  51    2004  66     11       72
  AVERAGE         82                        78      4       76

PRECIPITATION (IN)
  TODAY            0.00          1.59 1959   0.08  -0.08     0.22
  MONTH TO DATE    0.90                      1.59  -0.69     8.05
  SINCE JUN 1      9.72                     10.09  -0.37    17.92
  SINCE JAN 1     32.07                     31.31   0.76    41.12

SNOWFALL (IN)
  TODAY            0.0                                       0.0
  MONTH TO DATE    0.0                                       0.0
  SINCE JUL 1      0.0                                       0.0
  SNOW DEPTH       0

..................................................................


WIND (MPH)
  HIGHEST WIND SPEED    16   HIGHEST WIND DIRECTION     W (250)
  HIGHEST GUST SPEED    21   HIGHEST GUST DIRECTION    SW (240)




RELATIVE HUMIDITY (PERCENT)
 HIGHEST    88
 LOWEST     61

..........................................................


THE PADUCAH KY CLIMATE NORMALS FOR TOMORROW
                         NORMAL    RECORD    YEAR
 MAXIMUM TEMPERATURE (F)   89       103      1988
 MINIMUM TEMPERATURE (F)   66        55      2012


SUNRISE AND SUNSET
AUGUST 17 2017........SUNRISE   614 AM CDT   SUNSET   744 PM CDT
AUGUST 18 2017........SUNRISE   614 AM CDT   SUNSET   743 PM CDT


-  INDICATES NEGATIVE NUMBERS.
R  INDICATES RECORD WAS SET OR TIED.
MM INDICATES DATA IS MISSING.
T  INDICATES TRACE AMOUNT.




$$
