000
CDUS43 KPAH 210627
CLIPAH


CLIMATE REPORT
NATIONAL WEATHER SERVICE PADUCAH KY
126 AM CDT SAT OCT 21 2017


...................................

...THE PADUCAH KY CLIMATE SUMMARY FOR OCTOBER 20 2017...

CLIMATE NORMAL PERIOD 1981 TO 2010
CLIMATE RECORD PERIOD 1937 TO 2017


WEATHER ITEM   OBSERVED TIME   RECORD YEAR NORMAL DEPARTURE LAST
                VALUE   (LST)  VALUE       VALUE  FROM      YEAR
                                                  NORMAL
..................................................................
TEMPERATURE (F)
 YESTERDAY
  MAXIMUM         78    226 PM  87    1953  70      8       71
  MINIMUM         45    632 AM  29    1972  46     -1       52
  AVERAGE         62                        58      4       62

PRECIPITATION (IN)
  YESTERDAY        0.00          2.41 1985   0.13  -0.13     0.21
  MONTH TO DATE    2.38                      2.61  -0.23     0.31
  SINCE SEP 1      4.93                      6.36  -1.43     1.14
  SINCE JAN 1     38.06                     38.84  -0.78    43.81

SNOWFALL (IN)
  YESTERDAY        0.0           0.0  2002   0.0    0.0      0.0
                                      2001
  MONTH TO DATE    0.0                       0.0    0.0      0.0
  SINCE SEP 1      0.0                       0.0    0.0      0.0
  SINCE JUL 1      0.0                       0.0    0.0      0.0
  SNOW DEPTH       0

DEGREE DAYS
 HEATING
  YESTERDAY        3                         8     -5        3
  MONTH TO DATE   52                       121    -69       37
  SINCE SEP 1     63                       159    -96       51
  SINCE JUL 1     63                       160    -97       51

 COOLING
  YESTERDAY        0                         1     -1        0
  MONTH TO DATE   90                        31     59      101
  SINCE SEP 1    306                       218     88      385
  SINCE JAN 1   1680                      1531    149     1915
..................................................................


WIND (MPH)
  HIGHEST WIND SPEED    10   HIGHEST WIND DIRECTION    SE (120)
  HIGHEST GUST SPEED    14   HIGHEST GUST DIRECTION    SE (120)
  AVERAGE WIND SPEED     4.0


SKY COVER
  POSSIBLE SUNSHINE  MM
  AVERAGE SKY COVER 0.0


WEATHER CONDITIONS
 THE FOLLOWING WEATHER WAS RECORDED YESTERDAY.
  FOG


RELATIVE HUMIDITY (PERCENT)
 HIGHEST    93          1200 AM
 LOWEST     38           300 PM
 AVERAGE    66

..........................................................


THE PADUCAH KY CLIMATE NORMALS FOR TODAY
                         NORMAL    RECORD    YEAR
 MAXIMUM TEMPERATURE (F)   69        88      1953
 MINIMUM TEMPERATURE (F)   45        26      1952


SUNRISE AND SUNSET
OCTOBER 21 2017.......SUNRISE   709 AM CDT   SUNSET   610 PM CDT
OCTOBER 22 2017.......SUNRISE   710 AM CDT   SUNSET   609 PM CDT


-  INDICATES NEGATIVE NUMBERS.
R  INDICATES RECORD WAS SET OR TIED.
MM INDICATES DATA IS MISSING.
T  INDICATES TRACE AMOUNT.

&&
..............................................

     ***** AGRICULTURAL DATA *****

SOIL TEMPERATURES AT A DEPTH OF FOUR INCHES

UNDER GRASS... MAX: 65     MIN: 65


$$
