000
CDUS44 KLZK 261004
CLIPBF


CLIMATE REPORT
NATIONAL WEATHER SERVICE LITTLE ROCK AR
404 AM CST FRI DEC 26 2014


...................................

...THE PINE BLUFF CLIMATE SUMMARY FOR DECEMBER 25 2014...

CLIMATE NORMAL PERIOD 1981 TO 2010
CLIMATE RECORD PERIOD 1883 TO 2014


WEATHER ITEM   OBSERVED TIME   RECORD YEAR NORMAL DEPARTURE LAST
                VALUE   (LST)  VALUE       VALUE  FROM      YEAR
                                                  NORMAL
..................................................................
TEMPERATURE (F)
 YESTERDAY
  MAXIMUM         58    230 PM  77    1922  52      6       53
  MINIMUM         30    540 AM   1    1983  33     -3       25
  AVERAGE         44                        42      2       39

PRECIPITATION (IN)
  YESTERDAY        0.00          4.70 1987   0.17  -0.17     0.00
  MONTH TO DATE    0.86                      4.51  -3.65     7.73
  SINCE DEC 1      0.86                      4.51  -3.65     7.73
  SINCE JAN 1     41.07                     50.22  -9.15    52.66

SNOWFALL (IN)
  YESTERDAY        0.0           1.5  2012   0.0    0.0      0.0
  MONTH TO DATE    0.0                       0.1   -0.1      0.2
  SINCE DEC 1      0.0                       0.1   -0.1      0.2
  SINCE JUL 1      0.1                       0.1    0.0      0.2
  SNOW DEPTH       0

DEGREE DAYS
 HEATING
  YESTERDAY       21                        23     -2       26
  MONTH TO DATE  456                       512    -56      526
  SINCE DEC 1    456                       512    -56      526
  SINCE JUL 1   1060                      1016     44     1126

 COOLING
  YESTERDAY        0                         0      0        0
  MONTH TO DATE    0                         0      0        3
  SINCE DEC 1      0                         0      0        3
  SINCE JAN 1   1901                      2131   -230     2151
..................................................................


WIND (MPH)
  HIGHEST WIND SPEED    21   HIGHEST WIND DIRECTION     S (170)
  HIGHEST GUST SPEED    24   HIGHEST GUST DIRECTION     S (170)
  AVERAGE WIND SPEED    10.0


SKY COVER
  POSSIBLE SUNSHINE  MM
  AVERAGE SKY COVER 0.0


WEATHER CONDITIONS
 THE FOLLOWING WEATHER WAS RECORDED YESTERDAY.
  NO SIGNIFICANT WEATHER WAS OBSERVED.


RELATIVE HUMIDITY (PERCENT)
 HIGHEST    92           400 AM
 LOWEST     40           200 PM
 AVERAGE    66

..........................................................


THE PINE BLUFF CLIMATE NORMALS FOR TODAY
                         NORMAL    RECORD    YEAR
 MAXIMUM TEMPERATURE (F)   51        77      1942
 MINIMUM TEMPERATURE (F)   33         3      1983


SUNRISE AND SUNSET
DECEMBER 26 2014......SUNRISE   712 AM CST   SUNSET   505 PM CST
DECEMBER 27 2014......SUNRISE   712 AM CST   SUNSET   506 PM CST


-  INDICATES NEGATIVE NUMBERS.
R  INDICATES RECORD WAS SET OR TIED.
MM INDICATES DATA IS MISSING.
T  INDICATES TRACE AMOUNT.




$$
