000
CDUS44 KLZK 020650
CLIPBF


CLIMATE REPORT
NATIONAL WEATHER SERVICE LITTLE ROCK AR
150 AM CDT MON MAY 2 2016


...................................

...THE PINE BLUFF CLIMATE SUMMARY FOR MAY 1 2016...

CLIMATE NORMAL PERIOD 1981 TO 2010
CLIMATE RECORD PERIOD 1883 TO 2016


WEATHER ITEM   OBSERVED TIME   RECORD YEAR NORMAL DEPARTURE LAST
                VALUE   (LST)  VALUE       VALUE  FROM      YEAR
                                                  NORMAL
..................................................................
TEMPERATURE (F)
 YESTERDAY
  MAXIMUM         81    322 PM  95    1901  78      3       73
  MINIMUM         67   1152 PM  38    1909  57     10       52
                                      1908
  AVERAGE         74                        67      7       63

PRECIPITATION (IN)
  YESTERDAY        0.00          5.15 1958   0.17  -0.17     0.00
  MONTH TO DATE    0.00                      0.17  -0.17     0.00
  SINCE MAR 1     20.51                     10.50  10.01    15.71
  SINCE JAN 1     26.56                     18.32   8.24    22.64

SNOWFALL (IN)
  YESTERDAY        0.0          MM      MM   0.0    0.0      0.0
  MONTH TO DATE    0.0                       0.0    0.0      0.0
  SINCE MAR 1      0.0                       0.0    0.0      2.0
  SINCE JUL 1      3.6                       3.1    0.5      9.2
  SNOW DEPTH       0

DEGREE DAYS
 HEATING
  YESTERDAY        0                         2     -2        2
  MONTH TO DATE    0                         2     -2        2
  SINCE MAR 1    299                       478   -179      504
  SINCE JUL 1   2206                      2866   -660     3238

 COOLING
  YESTERDAY        9                         4      5        0
  MONTH TO DATE    9                         4      5        0
  SINCE MAR 1     92                        88      4       85
  SINCE JAN 1     96                        91      5       85
..................................................................


WIND (MPH)
  HIGHEST WIND SPEED    14   HIGHEST WIND DIRECTION     N (340)
  HIGHEST GUST SPEED    17   HIGHEST GUST DIRECTION     N (340)
  AVERAGE WIND SPEED     6.3


SKY COVER
  POSSIBLE SUNSHINE  MM
  AVERAGE SKY COVER 0.4


WEATHER CONDITIONS
 THE FOLLOWING WEATHER WAS RECORDED YESTERDAY.
  NO SIGNIFICANT WEATHER WAS OBSERVED.


RELATIVE HUMIDITY (PERCENT)
 HIGHEST    93          1200 AM
 LOWEST     58           500 PM
 AVERAGE    76

..........................................................


THE PINE BLUFF CLIMATE NORMALS FOR TODAY
                         NORMAL    RECORD    YEAR
 MAXIMUM TEMPERATURE (F)   78        93      1946
                                             1943
 MINIMUM TEMPERATURE (F)   57        36      1909


SUNRISE AND SUNSET
MAY  2 2016...........SUNRISE   617 AM CDT   SUNSET   753 PM CDT
MAY  3 2016...........SUNRISE   616 AM CDT   SUNSET   754 PM CDT


-  INDICATES NEGATIVE NUMBERS.
R  INDICATES RECORD WAS SET OR TIED.
MM INDICATES DATA IS MISSING.
T  INDICATES TRACE AMOUNT.




$$
