000
CDUS44 KLZK 042108
CLIPBF


CLIMATE REPORT
NATIONAL WEATHER SERVICE LITTLE ROCK AR
408 PM CDT SAT JUL 4 2015


...................................

...THE PINE BLUFF CLIMATE SUMMARY FOR JULY 4 2015...
VALID TODAY AS OF 0400 PM LOCAL TIME.

CLIMATE NORMAL PERIOD 1981 TO 2010
CLIMATE RECORD PERIOD 1883 TO 2015


WEATHER ITEM   OBSERVED TIME   RECORD YEAR NORMAL DEPARTURE LAST
                VALUE   (LST)  VALUE       VALUE  FROM      YEAR
                                                  NORMAL
..................................................................
TEMPERATURE (F)
 TODAY
  MAXIMUM         80    249 PM 108    1926  92    -12       83
  MINIMUM         69    805 AM  58    1959  72     -3       60
  AVERAGE         75                        82     -7       72

PRECIPITATION (IN)
  TODAY            0.64          1.54 1985   0.11   0.53     0.00
  MONTH TO DATE    1.94                      0.46   1.48     0.00
  SINCE JUN 1      4.03                      4.04  -0.01     3.35
  SINCE JAN 1     31.68                     27.24   4.44    25.62

SNOWFALL (IN)
  TODAY            0.0          MM      MM   0.0    0.0      0.0
  MONTH TO DATE    0.0                       0.0    0.0      0.0
  SINCE JUN 1      0.0                       0.0    0.0      0.0
  SINCE JUL 1      0.0                       0.0    0.0      0.0
  SNOW DEPTH       0

DEGREE DAYS
 HEATING
  TODAY            0                         0      0        0
  MONTH TO DATE    0                         0      0        0
  SINCE JUN 1      0                         0      0        0
  SINCE JUL 1      0                         0      0        0

 COOLING
  TODAY           10                        17     -7        7
  MONTH TO DATE   56                        67    -11       48
  SINCE JUN 1    512                       489     23      466
  SINCE JAN 1    841                       796     45      729
..................................................................


WIND (MPH)
  HIGHEST WIND SPEED    18   HIGHEST WIND DIRECTION    SW (220)
  HIGHEST GUST SPEED    26   HIGHEST GUST DIRECTION    SW (220)
  AVERAGE WIND SPEED     7.5


SKY COVER
  POSSIBLE SUNSHINE  MM
  AVERAGE SKY COVER 0.5


WEATHER CONDITIONS
 THE FOLLOWING WEATHER WAS RECORDED TODAY.
  THUNDERSTORM
  HEAVY RAIN
  RAIN
  LIGHT RAIN
  FOG


RELATIVE HUMIDITY (PERCENT)
 HIGHEST    97           700 AM
 LOWEST     76           200 PM
 AVERAGE    87

..........................................................


THE PINE BLUFF CLIMATE NORMALS FOR TOMORROW
                         NORMAL    RECORD    YEAR
 MAXIMUM TEMPERATURE (F)   92       102      1954
                                             1901
                                             1897
 MINIMUM TEMPERATURE (F)   72        57      1922


SUNRISE AND SUNSET
JULY  4 2015..........SUNRISE   601 AM CDT   SUNSET   823 PM CDT
JULY  5 2015..........SUNRISE   601 AM CDT   SUNSET   823 PM CDT


-  INDICATES NEGATIVE NUMBERS.
R  INDICATES RECORD WAS SET OR TIED.
MM INDICATES DATA IS MISSING.
T  INDICATES TRACE AMOUNT.




$$
