000
CDUS44 KLZK 270644
CLIPBF


CLIMATE REPORT
NATIONAL WEATHER SERVICE LITTLE ROCK AR
144 AM CDT THU APR 27 2017


...................................

...THE PINE BLUFF CLIMATE SUMMARY FOR APRIL 26 2017...

CLIMATE NORMAL PERIOD 1981 TO 2010
CLIMATE RECORD PERIOD 1883 TO 2017


WEATHER ITEM   OBSERVED TIME   RECORD YEAR NORMAL DEPARTURE LAST
                VALUE   (LST)  VALUE       VALUE  FROM      YEAR
                                                  NORMAL
..................................................................
TEMPERATURE (F)
 YESTERDAY
  MAXIMUM         76    240 PM  92    1896  77     -1       83
  MINIMUM         53   1159 PM  34    1910  55     -2       65
  AVERAGE         65                        66     -1       74

PRECIPITATION (IN)
  YESTERDAY        1.77          4.69 1942   0.17   1.60     0.00
  MONTH TO DATE    5.84                      4.30   1.54     1.95
  SINCE MAR 1      8.94                      9.70  -0.76    17.63
  SINCE JAN 1     15.24                     17.52  -2.28    23.68

SNOWFALL (IN)
  YESTERDAY        0.0          MM      MM   0.0    0.0      0.0
  MONTH TO DATE    0.0                       0.0    0.0      0.0
  SINCE MAR 1      0.0                       0.0    0.0      0.0
  SINCE JUL 1      1.5                       3.1   -1.6      3.6
  SNOW DEPTH       0

DEGREE DAYS
 HEATING
  YESTERDAY        0                         2     -2        0
  MONTH TO DATE   45                       121    -76       73
  SINCE MAR 1    292                       468   -176      299
  SINCE JUL 1   2003                      2856   -853     2206

 COOLING
  YESTERDAY        0                         3     -3        9
  MONTH TO DATE   82                        52     30       40
  SINCE MAR 1    118                        69     49       61
  SINCE JAN 1    139                        72     67       65
..................................................................


WIND (MPH)
  HIGHEST WIND SPEED    25   HIGHEST WIND DIRECTION    NW (330)
  HIGHEST GUST SPEED    32   HIGHEST GUST DIRECTION    NW (320)
  AVERAGE WIND SPEED    11.0


SKY COVER
  POSSIBLE SUNSHINE  MM
  AVERAGE SKY COVER 1.0


WEATHER CONDITIONS
 THE FOLLOWING WEATHER WAS RECORDED YESTERDAY.
  THUNDERSTORM
  HEAVY RAIN
  RAIN
  LIGHT RAIN
  FOG


RELATIVE HUMIDITY (PERCENT)
 HIGHEST    97           500 PM
 LOWEST     73          1200 AM
 AVERAGE    85

..........................................................


THE PINE BLUFF CLIMATE NORMALS FOR TODAY
                         NORMAL    RECORD    YEAR
 MAXIMUM TEMPERATURE (F)   77        95      1987
 MINIMUM TEMPERATURE (F)   55        40      1919
                                             1910
                                             1903


SUNRISE AND SUNSET
APRIL 27 2017.........SUNRISE   622 AM CDT   SUNSET   749 PM CDT
APRIL 28 2017.........SUNRISE   621 AM CDT   SUNSET   750 PM CDT


-  INDICATES NEGATIVE NUMBERS.
R  INDICATES RECORD WAS SET OR TIED.
MM INDICATES DATA IS MISSING.
T  INDICATES TRACE AMOUNT.




$$
