000
CDUS44 KLZK 200642
CLIPBF


CLIMATE REPORT
NATIONAL WEATHER SERVICE LITTLE ROCK AR
1241 AM CST FRI JAN 20 2017


...................................

...THE PINE BLUFF CLIMATE SUMMARY FOR JANUARY 19 2017...

CLIMATE NORMAL PERIOD 1981 TO 2010
CLIMATE RECORD PERIOD 1883 TO 2017


WEATHER ITEM   OBSERVED TIME   RECORD YEAR NORMAL DEPARTURE LAST
                VALUE   (LST)  VALUE       VALUE  FROM      YEAR
                                                  NORMAL
..................................................................
TEMPERATURE (F)
 YESTERDAY
  MAXIMUM         57   1120 PM  80    1914  52      5       40
  MINIMUM         48    719 AM   1    1940  33     15       24
  AVERAGE         53                        42     11       32

PRECIPITATION (IN)
  YESTERDAY        0.04          3.01 1898   0.12  -0.08     0.00
  MONTH TO DATE    2.05                      2.26  -0.21     0.91
  SINCE DEC 1      6.63                      7.70  -1.07     6.25
  SINCE JAN 1      2.05                      2.26  -0.21     0.91

SNOWFALL (IN)
  YESTERDAY       MM             2.5  1936   0.1   MM        0.0
  MONTH TO DATE    1.5                       0.9    0.6       T
  SINCE DEC 1      1.5                       1.1    0.4       T
  SINCE JUL 1      1.5                       1.1    0.4       T
  SNOW DEPTH       0

DEGREE DAYS
 HEATING
  YESTERDAY       12                        23    -11       33
  MONTH TO DATE  351                       437    -86      450
  SINCE DEC 1    962                      1086   -124      853
  SINCE JUL 1   1259                      1590   -331     1192

 COOLING
  YESTERDAY        0                         0      0        0
  MONTH TO DATE    5                         0      5        0
  SINCE DEC 1     10                         1      9       10
  SINCE JAN 1      5                         0      5        0
..................................................................


WIND (MPH)
  HIGHEST WIND SPEED    14   HIGHEST WIND DIRECTION     W (280)
  HIGHEST GUST SPEED    18   HIGHEST GUST DIRECTION     W (270)
  AVERAGE WIND SPEED     4.5


SKY COVER
  POSSIBLE SUNSHINE  MM
  AVERAGE SKY COVER 1.0


WEATHER CONDITIONS
 THE FOLLOWING WEATHER WAS RECORDED YESTERDAY.
  THUNDERSTORM
  LIGHT RAIN
  FOG


RELATIVE HUMIDITY (PERCENT)
 HIGHEST   100          1200 AM
 LOWEST     93           100 PM
 AVERAGE    97

..........................................................


THE PINE BLUFF CLIMATE NORMALS FOR TODAY
                         NORMAL    RECORD    YEAR
 MAXIMUM TEMPERATURE (F)   52        76      1954
 MINIMUM TEMPERATURE (F)   33         2      1985


SUNRISE AND SUNSET
JANUARY 20 2017.......SUNRISE   712 AM CST   SUNSET   526 PM CST
JANUARY 21 2017.......SUNRISE   711 AM CST   SUNSET   527 PM CST


-  INDICATES NEGATIVE NUMBERS.
R  INDICATES RECORD WAS SET OR TIED.
MM INDICATES DATA IS MISSING.
T  INDICATES TRACE AMOUNT.




$$
