000
CDUS42 KMFL 212117
CLIPBI


CLIMATE REPORT
NATIONAL WEATHER SERVICE MIAMI, FL
417 PM EST SAT JAN 21 2017


...................................

...THE WEST PALM BEACH CLIMATE SUMMARY FOR JANUARY 21 2017...
VALID TODAY AS OF 0400 PM LOCAL TIME.

CLIMATE NORMAL PERIOD 1981 TO 2010
CLIMATE RECORD PERIOD 1888 TO 2017


WEATHER ITEM   OBSERVED TIME   RECORD YEAR NORMAL DEPARTURE LAST
                VALUE   (LST)  VALUE       VALUE  FROM      YEAR
                                                  NORMAL
..................................................................
TEMPERATURE (F)
 TODAY
  MAXIMUM         81    245 PM  86    1990  75      6       74
  MINIMUM         62    720 AM  32    1985  57      5       52
  AVERAGE         72                        66      6       63

PRECIPITATION (IN)
  TODAY            T             6.29 1957   0.10  -0.10     0.00
  MONTH TO DATE    0.24                      2.19  -1.95     2.81
  SINCE NOV 1      4.71                     10.32  -5.61    13.21
  SINCE JAN 1      0.24                      2.19  -1.95     2.81

SNOWFALL (IN)
  TODAY            0.0
  MONTH TO DATE    0.0
  SINCE DEC 1      0.0
  SINCE JUL 1      0.0
  SNOW DEPTH      MM

DEGREE DAYS
 HEATING
  TODAY            0                         3     -3        2
  MONTH TO DATE   15                        63    -48       27
  SINCE DEC 1     21                       122   -101       27
  SINCE JUL 1     22                       134   -112       27

 COOLING
  TODAY            7                         3      4        0
  MONTH TO DATE  143                        70     73       66
  SINCE DEC 1    436                       225    211      422
  SINCE JAN 1    143                        70     73       66
..................................................................


WIND (MPH)
  HIGHEST WIND SPEED    20   HIGHEST WIND DIRECTION     S (160)
  HIGHEST GUST SPEED    24   HIGHEST GUST DIRECTION     S (170)
  AVERAGE WIND SPEED    MM


SKY COVER
  AVERAGE SKY COVER  MM


WEATHER CONDITIONS
 THE FOLLOWING WEATHER WAS RECORDED TODAY.
  FOG


RELATIVE HUMIDITY (PERCENT)
 HIGHEST    MM
 LOWEST     MM
 AVERAGE    MM

..........................................................


THE WEST PALM BEACH CLIMATE NORMALS FOR TOMORROW
                         NORMAL    RECORD    YEAR
 MAXIMUM TEMPERATURE (F)   75        88      1926
 MINIMUM TEMPERATURE (F)   57        28      1985


SUNRISE AND SUNSET
JANUARY 21 2017.......SUNRISE   709 AM EST   SUNSET   555 PM EST
JANUARY 22 2017.......SUNRISE   709 AM EST   SUNSET   555 PM EST


-  INDICATES NEGATIVE NUMBERS.
R  INDICATES RECORD WAS SET OR TIED.
MM INDICATES DATA IS MISSING.
T  INDICATES TRACE AMOUNT.




$$
