000
CDUS42 KMFL 060925
CLIPBI


CLIMATE REPORT
NATIONAL WEATHER SERVICE MIAMI, FL
425 AM EST SAT FEB 6 2016


...................................

...THE WEST PALM BEACH CLIMATE SUMMARY FOR FEBRUARY 5 2016...

CLIMATE NORMAL PERIOD 1981 TO 2010
CLIMATE RECORD PERIOD 1888 TO 2016


WEATHER ITEM   OBSERVED TIME   RECORD YEAR NORMAL DEPARTURE LAST
                VALUE   (LST)  VALUE       VALUE  FROM      YEAR
                                                  NORMAL
..................................................................
TEMPERATURE (F)
 YESTERDAY
  MAXIMUM         72    256 AM  89    1949  76     -4       75
  MINIMUM         58   1149 AM  33    2009  58      0       58
                                      1996
  AVERAGE         65                        67     -2       67

PRECIPITATION (IN)
  YESTERDAY        0.21          1.60 1960   0.10   0.11     0.63
  MONTH TO DATE    0.21                      0.50  -0.29     0.63
  SINCE NOV 1     20.51                     11.76   8.75     5.38
  SINCE JAN 1     10.11                      3.63   6.48     1.68

SNOWFALL (IN)
  YESTERDAY        0.0
  MONTH TO DATE    0.0
  SINCE DEC 1      0.0
  SINCE JUL 1      0.0
  SNOW DEPTH       0

DEGREE DAYS
 HEATING
  YESTERDAY        0                         2     -2        0
  MONTH TO DATE    0                        10    -10        1
  SINCE DEC 1     66                       155    -89       54
  SINCE JUL 1     66                       167   -101       71

 COOLING
  YESTERDAY        0                         4     -4        2
  MONTH TO DATE   41                        20     21       25
  SINCE DEC 1    488                       283    205      387
  SINCE JAN 1    132                       128      4      189
..................................................................


WIND (MPH)
  HIGHEST WIND SPEED    25   HIGHEST WIND DIRECTION     N (360)
  HIGHEST GUST SPEED    33   HIGHEST GUST DIRECTION     N (350)
  AVERAGE WIND SPEED    14.3


SKY COVER
  AVERAGE SKY COVER 1.0


WEATHER CONDITIONS
 THE FOLLOWING WEATHER WAS RECORDED YESTERDAY.
  HEAVY RAIN
  RAIN
  LIGHT RAIN
  FOG


RELATIVE HUMIDITY (PERCENT)
 HIGHEST    87
 LOWEST     48
 AVERAGE    68

..........................................................


THE WEST PALM BEACH CLIMATE NORMALS FOR TODAY
                         NORMAL    RECORD    YEAR
 MAXIMUM TEMPERATURE (F)   76        88      1943
                                             1922
 MINIMUM TEMPERATURE (F)   58        29      1917


SUNRISE AND SUNSET
FEBRUARY  6 2016......SUNRISE   703 AM EST   SUNSET   606 PM EST
FEBRUARY  7 2016......SUNRISE   702 AM EST   SUNSET   607 PM EST


-  INDICATES NEGATIVE NUMBERS.
R  INDICATES RECORD WAS SET OR TIED.
MM INDICATES DATA IS MISSING.
T  INDICATES TRACE AMOUNT.




$$
