000
CDUS42 KMFL 242119
CLIPBI


CLIMATE REPORT
NATIONAL WEATHER SERVICE MIAMI, FL
419 PM EST FRI FEB 24 2017


...................................

...THE WEST PALM BEACH CLIMATE SUMMARY FOR FEBRUARY 24 2017...
VALID TODAY AS OF 0400 PM LOCAL TIME.

CLIMATE NORMAL PERIOD 1981 TO 2010
CLIMATE RECORD PERIOD 1888 TO 2017


WEATHER ITEM   OBSERVED TIME   RECORD YEAR NORMAL DEPARTURE LAST
                VALUE   (LST)  VALUE       VALUE  FROM      YEAR
                                                  NORMAL
..................................................................
TEMPERATURE (F)
 TODAY
  MAXIMUM         83    316 PM  88    2013  77      6       84
                                      2012
                                      1975
  MINIMUM         62    733 AM  32    1989  60      2       68
  AVERAGE         73                        69      4       76

PRECIPITATION (IN)
  TODAY            0.00          2.05 1945   0.11  -0.11     0.67
  MONTH TO DATE    1.73                      2.35  -0.62     2.66
  SINCE NOV 1      7.20                     13.61  -6.41    22.96
  SINCE JAN 1      2.73                      5.48  -2.75    12.56

SNOWFALL (IN)
  TODAY            0.0
  MONTH TO DATE    0.0
  SINCE DEC 1      0.0
  SINCE JUL 1      0.0
  SNOW DEPTH       0

DEGREE DAYS
 HEATING
  TODAY            0                         1     -1        0
  MONTH TO DATE    2                        44    -42       50
  SINCE DEC 1     51                       189   -138      116
  SINCE JUL 1     52                       201   -149      116

 COOLING
  TODAY            8                         5      3       11
  MONTH TO DATE  131                       108     23      108
  SINCE DEC 1    595                       371    224      555
  SINCE JAN 1    302                       216     86      199
..................................................................


WIND (MPH)
  HIGHEST WIND SPEED    14   HIGHEST WIND DIRECTION    NE (40)
  HIGHEST GUST SPEED    MM   HIGHEST GUST DIRECTION    MM
  AVERAGE WIND SPEED     7.9


SKY COVER
  AVERAGE SKY COVER 0.5


WEATHER CONDITIONS
 THE FOLLOWING WEATHER WAS RECORDED TODAY.
  FOG


RELATIVE HUMIDITY (PERCENT)
 HIGHEST   100
 LOWEST     51
 AVERAGE    76

..........................................................


THE WEST PALM BEACH CLIMATE NORMALS FOR TOMORROW
                         NORMAL    RECORD    YEAR
 MAXIMUM TEMPERATURE (F)   77        90      1928
 MINIMUM TEMPERATURE (F)   60        36      1989


SUNRISE AND SUNSET
FEBRUARY 24 2017......SUNRISE   649 AM EST   SUNSET   619 PM EST
FEBRUARY 25 2017......SUNRISE   648 AM EST   SUNSET   619 PM EST


-  INDICATES NEGATIVE NUMBERS.
R  INDICATES RECORD WAS SET OR TIED.
MM INDICATES DATA IS MISSING.
T  INDICATES TRACE AMOUNT.




$$
