000
CDUS42 KMFL 290822
CLIPBI


CLIMATE REPORT
NATIONAL WEATHER SERVICE MIAMI, FL
422 AM EDT FRI APR 29 2016


...................................

...THE WEST PALM BEACH CLIMATE SUMMARY FOR APRIL 28 2016...

CLIMATE NORMAL PERIOD 1981 TO 2010
CLIMATE RECORD PERIOD 1888 TO 2016


WEATHER ITEM   OBSERVED TIME   RECORD YEAR NORMAL DEPARTURE LAST
                VALUE   (LST)  VALUE       VALUE  FROM      YEAR
                                                  NORMAL
..................................................................
TEMPERATURE (F)
 YESTERDAY
  MAXIMUM         86   1150 AM  92    1965  83      3       84
                                      1939
                                      1920
  MINIMUM         69    620 AM  51    1913  68      1       71
                                      1898
  AVERAGE         78                        76      2       78

PRECIPITATION (IN)
  YESTERDAY        T             1.48 1930   0.10  -0.10     1.20
  MONTH TO DATE    1.46                      3.48  -2.02     7.56
  SINCE NOV 1     26.84                     22.15   4.69    15.40
  SINCE JAN 1     16.44                     14.02   2.42    11.70

SNOWFALL (IN)
  YESTERDAY        0.0
  MONTH TO DATE    0.0
  SINCE MAR 1      0.0
  SINCE JUL 1      0.0
  SNOW DEPTH       0

DEGREE DAYS
 HEATING
  YESTERDAY        0                         0      0        0
  MONTH TO DATE    0                         0      0        0
  SINCE MAR 1      2                        24    -22        2
  SINCE JUL 1    135                       229    -94      126

 COOLING
  YESTERDAY       13                        11      2       13
  MONTH TO DATE  306                       244     62      412
  SINCE MAR 1    621                       437    184      765
  SINCE JAN 1    823                       672    151     1043
..................................................................


WIND (MPH)
  HIGHEST WIND SPEED    15   HIGHEST WIND DIRECTION     E (110)
  HIGHEST GUST SPEED    19   HIGHEST GUST DIRECTION     E (100)
  AVERAGE WIND SPEED     7.1


SKY COVER
  AVERAGE SKY COVER 0.3


WEATHER CONDITIONS
 THE FOLLOWING WEATHER WAS RECORDED YESTERDAY.
  NO SIGNIFICANT WEATHER WAS OBSERVED.


RELATIVE HUMIDITY (PERCENT)
 HIGHEST    90
 LOWEST     44
 AVERAGE    67

..........................................................


THE WEST PALM BEACH CLIMATE NORMALS FOR TODAY
                         NORMAL    RECORD    YEAR
 MAXIMUM TEMPERATURE (F)   83        95      2011
 MINIMUM TEMPERATURE (F)   68        44      1928


SUNRISE AND SUNSET
APRIL 29 2016.........SUNRISE   644 AM EDT   SUNSET   752 PM EDT
APRIL 30 2016.........SUNRISE   643 AM EDT   SUNSET   753 PM EDT


-  INDICATES NEGATIVE NUMBERS.
R  INDICATES RECORD WAS SET OR TIED.
MM INDICATES DATA IS MISSING.
T  INDICATES TRACE AMOUNT.




$$
