000
CDUS42 KMFL 282118
CLIPBI


CLIMATE REPORT
NATIONAL WEATHER SERVICE MIAMI, FL
418 PM EST FRI NOV 28 2014


...................................

...THE WEST PALM BEACH CLIMATE SUMMARY FOR NOVEMBER 28 2014...
VALID TODAY AS OF 0400 PM LOCAL TIME.

CLIMATE NORMAL PERIOD 1981 TO 2010
CLIMATE RECORD PERIOD 1894 TO 2014


WEATHER ITEM   OBSERVED TIME   RECORD YEAR NORMAL DEPARTURE LAST
                VALUE   (LST)  VALUE       VALUE  FROM      YEAR
                                                  NORMAL
..................................................................
TEMPERATURE (F)
 TODAY
  MAXIMUM         70    203 PM  89    1948  78     -8       75
                                      1921
  MINIMUM         50    714 AM  36    1903  63    -13       47
  AVERAGE         60                        71    -11       61

PRECIPITATION (IN)
  TODAY            0.00          4.10 1947   0.13  -0.13     0.00
  MONTH TO DATE    1.94                      4.48  -2.54     2.77
  SINCE NOV 1      1.94                      4.48  -2.54     2.77
  SINCE JAN 1     59.53                     58.68   0.85    60.63

SNOWFALL (IN)
  TODAY            0.0
  MONTH TO DATE    0.0
  SINCE SEP 1      0.0
  SINCE JUL 1      0.0
  SNOW DEPTH       0

DEGREE DAYS
 HEATING
  TODAY            5                         1      4
  MONTH TO DATE   17                         7     10
  SINCE SEP 1     17                         8      9
  SINCE JUL 1     17                         8      9

 COOLING
  TODAY            0                         6     -6
  MONTH TO DATE  194                       231    -37
  SINCE SEP 1   1122                      1146    -24
  SINCE JAN 1   4130                      3852    278
..................................................................


WIND (MPH)
  HIGHEST WIND SPEED    21   HIGHEST WIND DIRECTION     N (360)
  HIGHEST GUST SPEED    26   HIGHEST GUST DIRECTION     N (350)
  AVERAGE WIND SPEED    14.3


SKY COVER
  AVERAGE SKY COVER 0.2


WEATHER CONDITIONS
 THE FOLLOWING WEATHER WAS RECORDED TODAY.
  NO SIGNIFICANT WEATHER WAS OBSERVED.


RELATIVE HUMIDITY (PERCENT)
 HIGHEST    77
 LOWEST     53
 AVERAGE    65

..........................................................


THE WEST PALM BEACH CLIMATE NORMALS FOR TOMORROW
                         NORMAL    RECORD    YEAR
 MAXIMUM TEMPERATURE (F)   78        89      1976
                                             1948
 MINIMUM TEMPERATURE (F)   63        40      1966


SUNRISE AND SUNSET
NOVEMBER 28 2014......SUNRISE   650 AM EST   SUNSET   527 PM EST
NOVEMBER 29 2014......SUNRISE   650 AM EST   SUNSET   527 PM EST


-  INDICATES NEGATIVE NUMBERS.
R  INDICATES RECORD WAS SET OR TIED.
MM INDICATES DATA IS MISSING.
T  INDICATES TRACE AMOUNT.

$$
