000
CDUS42 KMFL 260829
CLIPBI


CLIMATE REPORT
NATIONAL WEATHER SERVICE MIAMI, FL
429 AM EDT WED APR 26 2017


...................................

...THE WEST PALM BEACH CLIMATE SUMMARY FOR APRIL 25 2017...

CLIMATE NORMAL PERIOD 1981 TO 2010
CLIMATE RECORD PERIOD 1888 TO 2017


WEATHER ITEM   OBSERVED TIME   RECORD YEAR NORMAL DEPARTURE LAST
                VALUE   (LST)  VALUE       VALUE  FROM      YEAR
                                                  NORMAL
..................................................................
TEMPERATURE (F)
 YESTERDAY
  MAXIMUM         82    237 PM  97    1971  83     -1       83
  MINIMUM         61    604 AM  50    2005  67     -6       75
  AVERAGE         72                        75     -3       79

PRECIPITATION (IN)
  YESTERDAY        0.00          6.49 1979   0.11  -0.11     0.00
  MONTH TO DATE    3.61                      3.16   0.45     0.57
  SINCE NOV 1     13.14                     21.83  -8.69    25.95
  SINCE JAN 1      8.67                     13.70  -5.03    15.55

SNOWFALL (IN)
  YESTERDAY        0.0
  MONTH TO DATE    0.0
  SINCE MAR 1      0.0
  SINCE JUL 1      0.0
  SNOW DEPTH       0

DEGREE DAYS
 HEATING
  YESTERDAY        0                         0      0        0
  MONTH TO DATE    0                         0      0        0
  SINCE MAR 1     16                        24     -8        2
  SINCE JUL 1     68                       229   -161      135

 COOLING
  YESTERDAY        7                        10     -3       14
  MONTH TO DATE  268                       213     55      273
  SINCE MAR 1    462                       406     56      588
  SINCE JAN 1    802                       641    161      790
..................................................................


WIND (MPH)
  HIGHEST WIND SPEED    20   HIGHEST WIND DIRECTION     W (270)
  HIGHEST GUST SPEED    26   HIGHEST GUST DIRECTION     W (270)
  AVERAGE WIND SPEED     8.7


SKY COVER
  AVERAGE SKY COVER 0.4


WEATHER CONDITIONS
 THE FOLLOWING WEATHER WAS RECORDED YESTERDAY.
  NO SIGNIFICANT WEATHER WAS OBSERVED.


RELATIVE HUMIDITY (PERCENT)
 HIGHEST    90
 LOWEST     42
 AVERAGE    66

..........................................................


THE WEST PALM BEACH CLIMATE NORMALS FOR TODAY
                         NORMAL    RECORD    YEAR
 MAXIMUM TEMPERATURE (F)   83        96      2015
 MINIMUM TEMPERATURE (F)   67        51      1910


SUNRISE AND SUNSET
APRIL 26 2017.........SUNRISE   646 AM EDT   SUNSET   750 PM EDT
APRIL 27 2017.........SUNRISE   645 AM EDT   SUNSET   751 PM EDT


-  INDICATES NEGATIVE NUMBERS.
R  INDICATES RECORD WAS SET OR TIED.
MM INDICATES DATA IS MISSING.
T  INDICATES TRACE AMOUNT.




$$
