000
CDUS42 KMFL 312115
CLIPBI


CLIMATE REPORT
NATIONAL WEATHER SERVICE MIAMI, FL
415 PM EST SAT JAN 31 2015


...................................

...THE WEST PALM BEACH CLIMATE SUMMARY FOR JANUARY 31 2015...
VALID TODAY AS OF 0400 PM LOCAL TIME.

CLIMATE NORMAL PERIOD 1981 TO 2010
CLIMATE RECORD PERIOD 1888 TO 2015


WEATHER ITEM   OBSERVED TIME   RECORD YEAR NORMAL DEPARTURE LAST
                VALUE   (LST)  VALUE       VALUE  FROM      YEAR
                                                  NORMAL
..................................................................
TEMPERATURE (F)
 TODAY
  MAXIMUM         74    242 PM  87    1991  75     -1       82
  MINIMUM         53    704 AM  32    1966  58     -5       64
  AVERAGE         64                        66     -2       73

PRECIPITATION (IN)
  TODAY            0.00          2.13 1935   0.09  -0.09     0.49
  MONTH TO DATE    1.05                      3.13  -2.08    10.42
  SINCE NOV 1      4.75                     11.26  -6.51    17.54
  SINCE JAN 1      1.05                      3.13  -2.08    10.42

SNOWFALL (IN)
  TODAY            0.0
  MONTH TO DATE    0.0
  SINCE DEC 1      0.0
  SINCE JUL 1      0.0
  SNOW DEPTH       0

DEGREE DAYS
 HEATING
  TODAY            1                         2     -1
  MONTH TO DATE   28                        88    -60
  SINCE DEC 1     53                       145    -92
  SINCE JUL 1     70                       157    -87

 COOLING
  TODAY            0                         4     -4
  MONTH TO DATE  164                       108     56
  SINCE DEC 1    362                       263     99
  SINCE JAN 1    164                       108     56
..................................................................


WIND (MPH)
  HIGHEST WIND SPEED    18   HIGHEST WIND DIRECTION     E (70)
  HIGHEST GUST SPEED    24   HIGHEST GUST DIRECTION    NE (40)
  AVERAGE WIND SPEED    10.0


SKY COVER
  AVERAGE SKY COVER 0.6


WEATHER CONDITIONS
 THE FOLLOWING WEATHER WAS RECORDED TODAY.
  NO SIGNIFICANT WEATHER WAS OBSERVED.


RELATIVE HUMIDITY (PERCENT)
 HIGHEST    83
 LOWEST     41
 AVERAGE    62

..........................................................


THE WEST PALM BEACH CLIMATE NORMALS FOR TOMORROW
                         NORMAL    RECORD    YEAR
 MAXIMUM TEMPERATURE (F)   75        85      1917
 MINIMUM TEMPERATURE (F)   58        36      1909


SUNRISE AND SUNSET
JANUARY 31 2015.......SUNRISE   706 AM EST   SUNSET   602 PM EST
FEBRUARY  1 2015......SUNRISE   706 AM EST   SUNSET   603 PM EST


-  INDICATES NEGATIVE NUMBERS.
R  INDICATES RECORD WAS SET OR TIED.
MM INDICATES DATA IS MISSING.
T  INDICATES TRACE AMOUNT.




$$
