000
CDUS42 KMFL 240825
CLIPBI


CLIMATE REPORT
NATIONAL WEATHER SERVICE MIAMI, FL
425 AM EDT SUN MAY 24 2015


...................................

...THE WEST PALM BEACH CLIMATE SUMMARY FOR MAY 23 2015...

CLIMATE NORMAL PERIOD 1981 TO 2010
CLIMATE RECORD PERIOD 1888 TO 2015


WEATHER ITEM   OBSERVED TIME   RECORD YEAR NORMAL DEPARTURE LAST
                VALUE   (LST)  VALUE       VALUE  FROM      YEAR
                                                  NORMAL
..................................................................
TEMPERATURE (F)
 YESTERDAY
  MAXIMUM         89   1227 PM  93    1961  87      2       92
                                      1951
  MINIMUM         74    331 AM  56    1919  72      2       69
  AVERAGE         82                        80      2       81

PRECIPITATION (IN)
  YESTERDAY        0.02          5.33 2009   0.18  -0.16     0.00
  MONTH TO DATE    1.44                      2.80  -1.36     2.58
  SINCE NOV 1     17.33                     25.13  -7.80    24.62
  SINCE JAN 1     13.63                     17.00  -3.37    17.50

SNOWFALL (IN)
  YESTERDAY        0.0
  MONTH TO DATE    0.0
  SINCE MAR 1      0.0
  SINCE JUL 1      0.0
  SNOW DEPTH       0

DEGREE DAYS
 HEATING
  YESTERDAY        0                         0      0        0
  MONTH TO DATE    0                         0      0        0
  SINCE MAR 1      2                        28    -26        7
  SINCE JUL 1    126                       233   -107      122

 COOLING
  YESTERDAY       17                        14      3       16
  MONTH TO DATE  332                       292     40      330
  SINCE MAR 1   1119                       752    367      873
  SINCE JAN 1   1397                       987    410     1219
..................................................................


WIND (MPH)
  HIGHEST WIND SPEED    21   HIGHEST WIND DIRECTION     E (110)
  HIGHEST GUST SPEED    24   HIGHEST GUST DIRECTION     E (100)
  AVERAGE WIND SPEED     7.5


SKY COVER
  AVERAGE SKY COVER 0.6


WEATHER CONDITIONS
 THE FOLLOWING WEATHER WAS RECORDED YESTERDAY.
  THUNDERSTORM
  LIGHT RAIN
  FOG


RELATIVE HUMIDITY (PERCENT)
 HIGHEST    93
 LOWEST     53
 AVERAGE    73

..........................................................


THE WEST PALM BEACH CLIMATE NORMALS FOR TODAY
                         NORMAL    RECORD    YEAR
 MAXIMUM TEMPERATURE (F)   87        96      1917
 MINIMUM TEMPERATURE (F)   73        57      1892


SUNRISE AND SUNSET
MAY 24 2015...........SUNRISE   629 AM EDT   SUNSET   806 PM EDT
MAY 25 2015...........SUNRISE   629 AM EDT   SUNSET   806 PM EDT


-  INDICATES NEGATIVE NUMBERS.
R  INDICATES RECORD WAS SET OR TIED.
MM INDICATES DATA IS MISSING.
T  INDICATES TRACE AMOUNT.




$$
