000
CDUS46 KPDT 240841
CLIPDT

CLIMATE REPORT
NATIONAL WEATHER SERVICE PENDLETON OR
1238 AM PST TUE JAN 24 2017


...................................

...THE PENDLETON OR CLIMATE SUMMARY FOR JANUARY 23 2017...

CLIMATE NORMAL PERIOD 1981 TO 2010
CLIMATE RECORD PERIOD 1890 TO 2017


WEATHER ITEM   OBSERVED TIME   RECORD YEAR NORMAL DEPARTURE LAST
                VALUE   (LST)  VALUE       VALUE  FROM      YEAR
                                                  NORMAL
..................................................................
TEMPERATURE (F)
 YESTERDAY
  MAXIMUM         33   1217 AM  63    1935  43    -10       51
                                      1916
  MINIMUM         25    531 AM -20    1930  30     -5       40
  AVERAGE         29                        36     -7       46

PRECIPITATION (IN)
  YESTERDAY        T             0.67 1970   0.04  -0.04     0.08
  MONTH TO DATE    1.33                      1.10   0.23     1.13
  SINCE OCT 1      6.85                      5.10   1.75     5.40
  SINCE JAN 1      1.33                      1.10   0.23     1.13

SNOWFALL (IN)
  YESTERDAY       T              7.0  1957   0.1   MM        0.0
  MONTH TO DATE   13.3                       2.9   10.4       T
  SINCE JAN 1     13.3                       2.9   10.4       T
  SINCE JUL 1     31.8                      10.4   21.4      4.1
  SNOW DEPTH       0

DEGREE DAYS
 HEATING
  YESTERDAY       36                        29      7       19
  MONTH TO DATE 1042                       695    347      702
  SINCE DEC 1   2179                      1679    500     1562
  SINCE JUL 1   3203                      2932    271     2762

 COOLING
  YESTERDAY        0                         0      0        0
  MONTH TO DATE    0                         0      0        0
  SINCE DEC 1      0                         0      0        0
  SINCE JAN 1      0                         0      0        0
..................................................................


WIND (MPH)
  HIGHEST WIND SPEED    16   HIGHEST WIND DIRECTION     W (290)
  HIGHEST GUST SPEED    18   HIGHEST GUST DIRECTION    NW (300)
  AVERAGE WIND SPEED     4.7


SKY COVER
  POSSIBLE SUNSHINE  MM
  AVERAGE SKY COVER 0.8


WEATHER CONDITIONS
 THE FOLLOWING WEATHER WAS RECORDED YESTERDAY.
  LIGHT SNOW
  FOG
  FOG W/VISIBILITY <= 1/4 MILE


RELATIVE HUMIDITY (PERCENT)
 HIGHEST   100           600 AM
 LOWEST     75          1200 AM
 AVERAGE    88

..........................................................


THE PENDLETON OR CLIMATE NORMALS FOR TODAY
                         NORMAL    RECORD    YEAR
 MAXIMUM TEMPERATURE (F)   43        71      1935
 MINIMUM TEMPERATURE (F)   30       -15      1930


SUNRISE AND SUNSET
JANUARY 24 2017.......SUNRISE   725 AM PST   SUNSET   451 PM PST
JANUARY 25 2017.......SUNRISE   724 AM PST   SUNSET   452 PM PST


-  INDICATES NEGATIVE NUMBERS.
R  INDICATES RECORD WAS SET OR TIED.
MM INDICATES DATA IS MISSING.
T  INDICATES TRACE AMOUNT.




$$
