000
CDUS46 KPDT 290041
CLIPDT

CLIMATE REPORT
NATIONAL WEATHER SERVICE PENDLETON OR
427 PM PST FRI NOV 28 2014


...................................

...THE PENDLETON OR CLIMATE SUMMARY FOR NOVEMBER 28 2014...
VALID TODAY AS OF 0400 PM LOCAL TIME.

CLIMATE NORMAL PERIOD 1981 TO 2010
CLIMATE RECORD PERIOD 1890 TO 2014


WEATHER ITEM   OBSERVED TIME   RECORD YEAR NORMAL DEPARTURE LAST
                VALUE   (LST)  VALUE       VALUE  FROM      YEAR
                                                  NORMAL
..................................................................
TEMPERATURE (F)
 TODAY
  MAXIMUM         59    147 PM  71    1892  44     15       41
  MINIMUM         53    237 AM -13    1896  30     23       19
  AVERAGE         56                        37     19       30

PRECIPITATION (IN)
  TODAY            0.01          0.63 1893   0.05  -0.04     0.00
  MONTH TO DATE    1.23                      1.41  -0.18     0.65
  SINCE OCT 1      1.83                      2.42  -0.59     0.97
  SINCE JAN 1     10.37                     11.08  -0.71     8.46

SNOWFALL (IN)
  TODAY            0.0           1.3  1942   0.1   -0.1      0.0
  MONTH TO DATE    3.7                       1.2    2.5      0.0
  SINCE JAN 1     18.9                       9.0    9.9      0.2
  SINCE JUL 1      3.7                       1.3    2.4       T
  SNOW DEPTH       0

DEGREE DAYS
 HEATING
  TODAY            9                        28    -19       35
  MONTH TO DATE  747                       653     94      723
  SINCE SEP 1   1038                      1173   -135     1320
  SINCE JUL 1   1041                      1195   -154     1320

 COOLING
  TODAY            0                         0      0        0
  MONTH TO DATE    0                         0      0        0
  SINCE SEP 1     78                        66     12      121
  SINCE JAN 1    839                       636    203      831
..................................................................


WIND (MPH)
  HIGHEST WIND SPEED    33   HIGHEST WIND DIRECTION     S (190)
  HIGHEST GUST SPEED    45   HIGHEST GUST DIRECTION     S (190)
  AVERAGE WIND SPEED    17.9


SKY COVER
  POSSIBLE SUNSHINE  MM
  AVERAGE SKY COVER 0.9


WEATHER CONDITIONS
THE FOLLOWING WEATHER WAS RECORDED TODAY.
  LIGHT RAIN


RELATIVE HUMIDITY (PERCENT)
 HIGHEST    71           300 AM
 LOWEST     43           900 AM
 AVERAGE    57

..........................................................


THE PENDLETON OR CLIMATE NORMALS FOR TOMORROW
                         NORMAL    RECORD    YEAR
 MAXIMUM TEMPERATURE (F)   43        72      1892
 MINIMUM TEMPERATURE (F)   30       -13      1896


SUNRISE AND SUNSET
NOVEMBER 28 2014......SUNRISE   712 AM PST   SUNSET   414 PM PST
NOVEMBER 29 2014......SUNRISE   713 AM PST   SUNSET   414 PM PST


-  INDICATES NEGATIVE NUMBERS.
R  INDICATES RECORD WAS SET OR TIED.
MM INDICATES DATA IS MISSING.
T  INDICATES TRACE AMOUNT.




$$
