000
CDUS46 KPDT 120053
CLIPDT

CLIMATE REPORT
NATIONAL WEATHER SERVICE PENDLETON OR
442 PM PST THU FEB 11 2016


...................................

...THE PENDLETON OR CLIMATE SUMMARY FOR FEBRUARY 11 2016...
VALID TODAY AS OF 0400 PM LOCAL TIME.

CLIMATE NORMAL PERIOD 1981 TO 2010
CLIMATE RECORD PERIOD 1890 TO 2016


WEATHER ITEM   OBSERVED TIME   RECORD YEAR NORMAL DEPARTURE LAST
                VALUE   (LST)  VALUE       VALUE  FROM      YEAR
                                                  NORMAL
..................................................................
TEMPERATURE (F)
 TODAY
  MAXIMUM         51   1215 PM  66    1924  46      5       57
  MINIMUM         42    441 AM  -8    1929  30     12       38
  AVERAGE         47                        38      9       48

PRECIPITATION (IN)
  TODAY            0.02          0.70 1923   0.04  -0.02     0.00
  MONTH TO DATE    0.24                      0.43  -0.19     0.76
  SINCE OCT 1      6.02                      5.86   0.16     6.18
  SINCE JAN 1      1.75                      1.86  -0.11     1.48

SNOWFALL (IN)
  TODAY            0.0           4.5  1933   0.1   -0.1      0.0
  MONTH TO DATE    0.0                       1.4   -1.4      0.0
  SINCE JAN 1      T                         5.1   -5.1      0.4
  SINCE JUL 1      4.1                      12.6   -8.5      7.2
  SNOW DEPTH       0

DEGREE DAYS
 HEATING
  TODAY           18                        27     -9       17
  MONTH TO DATE  266                       304    -38      186
  SINCE DEC 1   2032                      2209   -177     1967
  SINCE JUL 1   3232                      3462   -230     3097

 COOLING
  TODAY            0                         0      0        0
  MONTH TO DATE    0                         0      0        0
  SINCE DEC 1      0                         0      0        0
  SINCE JAN 1      0                         0      0        0
..................................................................


WIND (MPH)
  HIGHEST WIND SPEED    16   HIGHEST WIND DIRECTION     W (290)
  HIGHEST GUST SPEED    18   HIGHEST GUST DIRECTION     W (290)
  AVERAGE WIND SPEED     6.6


SKY COVER
  POSSIBLE SUNSHINE  MM
  AVERAGE SKY COVER 0.5


WEATHER CONDITIONS
 THE FOLLOWING WEATHER WAS RECORDED TODAY.
  LIGHT RAIN
  FOG


RELATIVE HUMIDITY (PERCENT)
 HIGHEST    92           300 PM
 LOWEST     66          1000 AM
 AVERAGE    79

..........................................................


THE PENDLETON OR CLIMATE NORMALS FOR TOMORROW
                         NORMAL    RECORD    YEAR
 MAXIMUM TEMPERATURE (F)   46        68      1977
 MINIMUM TEMPERATURE (F)   30       -10      1929


SUNRISE AND SUNSET
FEBRUARY 11 2016......SUNRISE   704 AM PST   SUNSET   516 PM PST
FEBRUARY 12 2016......SUNRISE   703 AM PST   SUNSET   517 PM PST


-  INDICATES NEGATIVE NUMBERS.
R  INDICATES RECORD WAS SET OR TIED.
MM INDICATES DATA IS MISSING.
T  INDICATES TRACE AMOUNT.




$$
