000
CDUS46 KPDT 010847
CLIPDT

CLIMATE REPORT
NATIONAL WEATHER SERVICE PENDLETON OR
147 AM PDT SAT AUG 1 2015


...................................

...THE PENDLETON OR CLIMATE SUMMARY FOR JULY 31 2015...

CLIMATE NORMAL PERIOD 1981 TO 2010
CLIMATE RECORD PERIOD 1890 TO 2015


WEATHER ITEM   OBSERVED TIME   RECORD YEAR NORMAL DEPARTURE LAST
                VALUE   (LST)  VALUE       VALUE  FROM      YEAR
                                                  NORMAL
..................................................................
TEMPERATURE (F)
 YESTERDAY
  MAXIMUM        104    241 PM 108    1971  90     14       94
  MINIMUM         64    438 AM  42    1933  59      5       66
  AVERAGE         84                        74     10       80

PRECIPITATION (IN)
  YESTERDAY        0.00          0.34 1985   0.01  -0.01      T
  MONTH TO DATE    T                         0.32  -0.32     0.22
  SINCE OCT 1      9.70                     11.71  -2.01     9.50
  SINCE JAN 1      5.00                      7.71  -2.71     7.71

SNOWFALL (IN)
  YESTERDAY        0.0           0.0  2002   0.0    0.0      0.0
                                      2001
                                      2000
  MONTH TO DATE    0.0                       0.0    0.0      0.0
  SINCE JAN 1      0.4                       7.7   -7.3     15.2
  SINCE JUL 1      0.0                       0.0    0.0      0.0
  SNOW DEPTH       0

DEGREE DAYS
 HEATING
  YESTERDAY        0                         0      0        0
  MONTH TO DATE    0                         7     -7        2
  SINCE JUN 1     10                        94    -84       45
  SINCE JUL 1      0                        11    -11        2

 COOLING
  YESTERDAY       19                         9     10       15
  MONTH TO DATE  354                       246    108      401
  SINCE JUN 1    607                       325    282      461
  SINCE JAN 1    634                       348    286      483
..................................................................


WIND (MPH)
  HIGHEST WIND SPEED    14   HIGHEST WIND DIRECTION    NW (300)
  HIGHEST GUST SPEED    19   HIGHEST GUST DIRECTION    NW (310)
  AVERAGE WIND SPEED     7.1


SKY COVER
  POSSIBLE SUNSHINE  MM
  AVERAGE SKY COVER 0.0


WEATHER CONDITIONS
 THE FOLLOWING WEATHER WAS RECORDED YESTERDAY.
  NO SIGNIFICANT WEATHER WAS OBSERVED.


RELATIVE HUMIDITY (PERCENT)
 HIGHEST    28           500 AM
 LOWEST      8           300 PM
 AVERAGE    18

..........................................................


THE PENDLETON OR CLIMATE NORMALS FOR TODAY
                         NORMAL    RECORD    YEAR
 MAXIMUM TEMPERATURE (F)   90       108      2009
 MINIMUM TEMPERATURE (F)   59        41      1897


SUNRISE AND SUNSET
AUGUST  1 2015........SUNRISE   539 AM PDT   SUNSET   824 PM PDT
AUGUST  2 2015........SUNRISE   540 AM PDT   SUNSET   823 PM PDT


-  INDICATES NEGATIVE NUMBERS.
R  INDICATES RECORD WAS SET OR TIED.
MM INDICATES DATA IS MISSING.
T  INDICATES TRACE AMOUNT.

$$
