000
CDUS46 KPDT 170830
CLIPDT

CLIMATE REPORT
NATIONAL WEATHER SERVICE PENDLETON OR
128 AM PDT THU AUG 17 2017


...................................

...THE PENDLETON OR CLIMATE SUMMARY FOR AUGUST 16 2017...

CLIMATE NORMAL PERIOD 1981 TO 2010
CLIMATE RECORD PERIOD 1890 TO 2017


WEATHER ITEM   OBSERVED TIME   RECORD YEAR NORMAL DEPARTURE LAST
                VALUE   (LST)  VALUE       VALUE  FROM      YEAR
                                                  NORMAL
..................................................................
TEMPERATURE (F)
 YESTERDAY
  MAXIMUM         89    411 PM 108    1933  87      2       95
  MINIMUM         55    431 AM  39    1909  57     -2       59
                                      1904
  AVERAGE         72                        72      0       77

PRECIPITATION (IN)
  YESTERDAY        0.00          2.19 1993   0.01  -0.01     0.00
  MONTH TO DATE    0.07                      0.18  -0.11     0.07
  SINCE OCT 1     16.89                     11.89   5.00    11.66
  SINCE JAN 1     11.37                      7.89   3.48     7.39

SNOWFALL (IN)
  YESTERDAY        0.0           0.0  2002   0.0    0.0      0.0
                                      2001
                                      1999
  MONTH TO DATE    0.0                       0.0    0.0      0.0
  SINCE JAN 1     25.9                       7.7   18.2       T
  SINCE JUL 1      0.0                       0.0    0.0      0.0
  SNOW DEPTH       0

DEGREE DAYS
 HEATING
  YESTERDAY        0                         0      0        0
  MONTH TO DATE    1                         0      1        1
  SINCE JUN 1     76                        94    -18       70
  SINCE JUL 1      1                        11    -10        1

 COOLING
  YESTERDAY        7                         7      0       12
  MONTH TO DATE  212                       136     76      115
  SINCE JUN 1    634                       461    173      458
  SINCE JAN 1    662                       484    178      476
..................................................................


WIND (MPH)
  HIGHEST WIND SPEED    24   HIGHEST WIND DIRECTION     W (260)
  HIGHEST GUST SPEED    29   HIGHEST GUST DIRECTION     W (260)
  AVERAGE WIND SPEED     9.0


SKY COVER
  POSSIBLE SUNSHINE  MM
  AVERAGE SKY COVER 0.0


WEATHER CONDITIONS
 THE FOLLOWING WEATHER WAS RECORDED YESTERDAY.
  NO SIGNIFICANT WEATHER WAS OBSERVED.


RELATIVE HUMIDITY (PERCENT)
 HIGHEST    47           300 AM
 LOWEST     17           400 PM
 AVERAGE    32

..........................................................


THE PENDLETON OR CLIMATE NORMALS FOR TODAY
                         NORMAL    RECORD    YEAR
 MAXIMUM TEMPERATURE (F)   87       108      2008
 MINIMUM TEMPERATURE (F)   57        37      1915
                                             1904


SUNRISE AND SUNSET
AUGUST 17 2017........SUNRISE   559 AM PDT   SUNSET   759 PM PDT
AUGUST 18 2017........SUNRISE   600 AM PDT   SUNSET   758 PM PDT


-  INDICATES NEGATIVE NUMBERS.
R  INDICATES RECORD WAS SET OR TIED.
MM INDICATES DATA IS MISSING.
T  INDICATES TRACE AMOUNT.




$$
