000
CDUS46 KPQR 271147
CLIPDX


CLIMATE REPORT
NATIONAL WEATHER SERVICE PORTLAND OREGON
446 AM PDT FRI MAY 27 2016


...................................

...THE PORTLAND OR CLIMATE SUMMARY FOR MAY 26 2016...

CLIMATE NORMAL PERIOD 1981 TO 2010
CLIMATE RECORD PERIOD 1940 TO 2016


WEATHER ITEM   OBSERVED TIME   RECORD YEAR NORMAL DEPARTURE LAST
                VALUE   (LST)  VALUE       VALUE  FROM      YEAR
                                                  NORMAL
..................................................................
TEMPERATURE (F)
 YESTERDAY
  MAXIMUM         62    552 PM  92    1947  70     -8       72
  MINIMUM         54   1156 PM  41    1973  51      3       54
                                      1964
  AVERAGE         58                        60     -2       63

PRECIPITATION (IN)
  YESTERDAY        0.00          1.03 2012   0.09  -0.09     0.00
  MONTH TO DATE    1.66                      2.05  -0.39     0.59
  SINCE OCT 1     43.10                     31.12  11.98    29.07
  SINCE JAN 1     19.68                     17.00   2.68    14.09

DEGREE DAYS
 HEATING
  YESTERDAY        7                         5      2        2
  MONTH TO DATE   92                       198   -106      133
  SINCE MAR 1    768                      1103   -335      876
  SINCE JUL 1   3371                      4161   -790     3348

 COOLING
  YESTERDAY        0                         1     -1        0
  MONTH TO DATE   25                         7     18        3
  SINCE MAR 1     43                         8     35        5
  SINCE JAN 1     43                         8     35        5
..................................................................


WIND (MPH)
  HIGHEST WIND SPEED    18   HIGHEST WIND DIRECTION    NW (310)
  HIGHEST GUST SPEED    23   HIGHEST GUST DIRECTION    NW (310)
  AVERAGE WIND SPEED     6.2


SKY COVER
  POSSIBLE SUNSHINE  MM
  AVERAGE SKY COVER 0.9


WEATHER CONDITIONS
 THE FOLLOWING WEATHER WAS RECORDED YESTERDAY.
  NO SIGNIFICANT WEATHER WAS OBSERVED.


RELATIVE HUMIDITY (PERCENT)
 HIGHEST    71          1100 PM
 LOWEST     49          1200 PM
 AVERAGE    60

..........................................................


THE PORTLAND OR CLIMATE NORMALS FOR TODAY
                         NORMAL    RECORD    YEAR
 MAXIMUM TEMPERATURE (F)   70        95      2005
 MINIMUM TEMPERATURE (F)   51        39      1966


SUNRISE AND SUNSET
MAY 27 2016...........SUNRISE   528 AM PDT   SUNSET   848 PM PDT
MAY 28 2016...........SUNRISE   527 AM PDT   SUNSET   849 PM PDT


-  INDICATES NEGATIVE NUMBERS.
R  INDICATES RECORD WAS SET OR TIED.
MM INDICATES DATA IS MISSING.
T  INDICATES TRACE AMOUNT.




$$
