000
CDUS46 KPQR 251146
CLIPDX


CLIMATE REPORT
NATIONAL WEATHER SERVICE PORTLAND OREGON
446 AM PDT SUN SEP 25 2016


...................................

...THE PORTLAND OR CLIMATE SUMMARY FOR SEPTEMBER 24 2016...

CLIMATE NORMAL PERIOD 1981 TO 2010
CLIMATE RECORD PERIOD 1940 TO 2016


WEATHER ITEM   OBSERVED TIME   RECORD YEAR NORMAL DEPARTURE LAST
                VALUE   (LST)  VALUE       VALUE  FROM      YEAR
                                                  NORMAL
..................................................................
TEMPERATURE (F)
 YESTERDAY
  MAXIMUM         70    456 PM  96    1974  73     -3       78
  MINIMUM         52    838 AM  36    1970  51      1       53
  AVERAGE         61                        62     -1       66

PRECIPITATION (IN)
  YESTERDAY        0.00          0.74 1950   0.05  -0.05     0.00
  MONTH TO DATE    1.69                      1.09   0.60     0.98
  SINCE OCT 1     47.02                     35.65  11.37    31.68
  SINCE JAN 1     23.60                     21.53   2.07    16.70

DEGREE DAYS
 HEATING
  YESTERDAY        4                         4      0        0
  MONTH TO DATE   60                        49     11       60
  SINCE SEP 1     60                        49     11       60
  SINCE JUL 1     66                        76    -10       60

 COOLING
  YESTERDAY        0                         1     -1        1
  MONTH TO DATE   19                        54    -35       51
  SINCE SEP 1     19                        54    -35       51
  SINCE JAN 1    537                       417    120      780
..................................................................


WIND (MPH)
  HIGHEST WIND SPEED     9   HIGHEST WIND DIRECTION    NW (310)
  HIGHEST GUST SPEED    11   HIGHEST GUST DIRECTION    NW (300)
  AVERAGE WIND SPEED     3.1


SKY COVER
  POSSIBLE SUNSHINE  MM
  AVERAGE SKY COVER 0.5


WEATHER CONDITIONS
 THE FOLLOWING WEATHER WAS RECORDED YESTERDAY.
  FOG
  FOG W/VISIBILITY <= 1/4 MILE


RELATIVE HUMIDITY (PERCENT)
 HIGHEST   100           300 AM
 LOWEST     31           500 PM
 AVERAGE    66

..........................................................


THE PORTLAND OR CLIMATE NORMALS FOR TODAY
                         NORMAL    RECORD    YEAR
 MAXIMUM TEMPERATURE (F)   73        94      1991
 MINIMUM TEMPERATURE (F)   51        38      1955


SUNRISE AND SUNSET
SEPTEMBER 25 2016.....SUNRISE   702 AM PDT   SUNSET   701 PM PDT
SEPTEMBER 26 2016.....SUNRISE   703 AM PDT   SUNSET   659 PM PDT


-  INDICATES NEGATIVE NUMBERS.
R  INDICATES RECORD WAS SET OR TIED.
MM INDICATES DATA IS MISSING.
T  INDICATES TRACE AMOUNT.




$$
