000
CDUS46 KPQR 270024
CLIPDX


CLIMATE REPORT
NATIONAL WEATHER SERVICE PORTLAND OREGON
424 PM PST MON JAN 26 2015


...................................

...THE PORTLAND OR CLIMATE SUMMARY FOR JANUARY 26 2015...
VALID TODAY AS OF 0400 PM LOCAL TIME.

CLIMATE NORMAL PERIOD 1981 TO 2010
CLIMATE RECORD PERIOD 1940 TO 2015


WEATHER ITEM   OBSERVED TIME   RECORD YEAR NORMAL DEPARTURE LAST
                VALUE   (LST)  VALUE       VALUE  FROM      YEAR
                                                  NORMAL
..................................................................
TEMPERATURE (F)
 TODAY
  MAXIMUM         57    309 PM  62    2003  48      9       45
  MINIMUM         39    909 AM   6    1957  36      3       27
  AVERAGE         48                        42      6       36

PRECIPITATION (IN)
  TODAY            0.00          1.05 1956   0.14  -0.14     0.00
  MONTH TO DATE    3.24                      4.17  -0.93     2.00
  SINCE OCT 1     18.22                     18.29  -0.07     7.82
  SINCE JAN 1      3.24                      4.17  -0.93     2.00

DEGREE DAYS
 HEATING
  TODAY           17                        23     -6       29
  MONTH TO DATE  562                       620    -58      616
  SINCE DEC 1   1202                      1383   -181     1496
  SINCE JUL 1   1935                      2352   -417     2507

 COOLING
  TODAY            0                         0      0        0
  MONTH TO DATE    0                         0      0        0
  SINCE DEC 1      0                         0      0        0
  SINCE JAN 1      0                         0      0        0
..................................................................


WIND (MPH)
  HIGHEST WIND SPEED    13   HIGHEST WIND DIRECTION     E (110)
  HIGHEST GUST SPEED    15   HIGHEST GUST DIRECTION     E (110)
  AVERAGE WIND SPEED     3.3



WEATHER CONDITIONS
 THE FOLLOWING WEATHER WAS RECORDED TODAY.
  FOG
  FOG W/VISIBILITY <= 1/4 MILE


RELATIVE HUMIDITY (PERCENT)
 HIGHEST   100          1200 AM
 LOWEST     62           300 PM
 AVERAGE    81

..........................................................


THE PORTLAND OR CLIMATE NORMALS FOR TOMORROW
                         NORMAL    RECORD    YEAR
 MAXIMUM TEMPERATURE (F)   49        56      1984
 MINIMUM TEMPERATURE (F)   36         8      1957


SUNRISE AND SUNSET
JANUARY 26 2015.......SUNRISE   738 AM PST   SUNSET   508 PM PST
JANUARY 27 2015.......SUNRISE   737 AM PST   SUNSET   509 PM PST


-  INDICATES NEGATIVE NUMBERS.
R  INDICATES RECORD WAS SET OR TIED.
MM INDICATES DATA IS MISSING.
T  INDICATES TRACE AMOUNT.




$$
