000
CDUS46 KPQR 240244
CLIPDX


CLIMATE REPORT
NATIONAL WEATHER SERVICE PORTLAND OREGON
644 PM PST THU NOV 23 2017


...................................

...THE PORTLAND OR CLIMATE SUMMARY FOR NOVEMBER 23 2017...
VALID TODAY AS OF 0600 PM LOCAL TIME.

CLIMATE NORMAL PERIOD 1981 TO 2010
CLIMATE RECORD PERIOD 1940 TO 2017


WEATHER ITEM   OBSERVED TIME   RECORD YEAR NORMAL DEPARTURE LAST
                VALUE   (LST)  VALUE       VALUE  FROM      YEAR
                                                  NORMAL
..................................................................
TEMPERATURE (F)
 TODAY
  MAXIMUM         63R  1153 AM  63    1959  51     12       51
  MINIMUM         51    559 PM  17    1985  39     12       44
  AVERAGE         57                        45     12       48

PRECIPITATION (IN)
  TODAY            0.18          1.80 1942   0.20  -0.02     0.27
  MONTH TO DATE    5.26                      4.20   1.06     3.66
  SINCE OCT 1      9.83                      7.20   2.63    11.97
  SINCE JAN 1     41.53                     29.11  12.42    35.57

SNOWFALL (IN)
  TODAY            0.0           T    2010
  MONTH TO DATE    0.0
  SINCE SEP 1      0.0
  SINCE JUL 1      0.0

DEGREE DAYS
 HEATING
  TODAY            8                        20    -12       17
  MONTH TO DATE  384                       400    -16      258
  SINCE SEP 1    786                       791     -5      589
  SINCE JUL 1    788                       818    -30      595

 COOLING
  TODAY            0                         0      0        0
  MONTH TO DATE    0                         0      0        0
  SINCE SEP 1    132                        61     71       30
  SINCE JAN 1    700                       424    276      548
..................................................................


WIND (MPH)
  HIGHEST WIND SPEED    21   HIGHEST WIND DIRECTION    SW (210)
  HIGHEST GUST SPEED    29   HIGHEST GUST DIRECTION    SW (230)
  AVERAGE WIND SPEED     7.7



WEATHER CONDITIONS
 THE FOLLOWING WEATHER WAS RECORDED TODAY.
  RAIN
  LIGHT RAIN
  FOG
  HAZE


RELATIVE HUMIDITY (PERCENT)
 HIGHEST    97           100 AM
 LOWEST     77           400 PM
 AVERAGE    87

..........................................................


THE PORTLAND OR CLIMATE NORMALS FOR TOMORROW
                         NORMAL    RECORD    YEAR
 MAXIMUM TEMPERATURE (F)   50        64      1949
 MINIMUM TEMPERATURE (F)   39        13      1985


SUNRISE AND SUNSET
NOVEMBER 23 2017......SUNRISE   721 AM PST   SUNSET   433 PM PST
NOVEMBER 24 2017......SUNRISE   722 AM PST   SUNSET   432 PM PST


-  INDICATES NEGATIVE NUMBERS.
R  INDICATES RECORD WAS SET OR TIED.
MM INDICATES DATA IS MISSING.
T  INDICATES TRACE AMOUNT.




$$
