000
CDUS46 KPQR 250020
CLIPDX


CLIMATE REPORT
NATIONAL WEATHER SERVICE PORTLAND OREGON
420 PM PST TUE JAN 24 2017


...................................

...THE PORTLAND OR CLIMATE SUMMARY FOR JANUARY 24 2017...
VALID TODAY AS OF 0400 PM LOCAL TIME.

CLIMATE NORMAL PERIOD 1981 TO 2010
CLIMATE RECORD PERIOD 1940 TO 2017


WEATHER ITEM   OBSERVED TIME   RECORD YEAR NORMAL DEPARTURE LAST
                VALUE   (LST)  VALUE       VALUE  FROM      YEAR
                                                  NORMAL
..................................................................
TEMPERATURE (F)
 TODAY
  MAXIMUM         41    223 PM  61    1984  48     -7       50
  MINIMUM         26    802 AM   3    1943  36    -10       38
  AVERAGE         34                        42     -8       44

PRECIPITATION (IN)
  TODAY            0.00          1.20 1964   0.15  -0.15      T
  MONTH TO DATE    4.10                      3.88   0.22     6.00
  SINCE OCT 1     23.85                     18.00   5.85    29.42
  SINCE JAN 1      4.10                      3.88   0.22     6.00

SNOWFALL (IN)
  TODAY            0.0           0.7  1950
  MONTH TO DATE    8.4
  SINCE DEC 1     11.2
  SINCE JUL 1     11.2

DEGREE DAYS
 HEATING
  TODAY           31                        23      8       21
  MONTH TO DATE  790                       574    216      564
  SINCE DEC 1   1644                      1337    307     1223
  SINCE JUL 1   2354                      2306     48     2031

 COOLING
  TODAY            0                         0      0        0
  MONTH TO DATE    0                         0      0        0
  SINCE DEC 1      0                         0      0        0
  SINCE JAN 1      0                         0      0        0
..................................................................


WIND (MPH)
  HIGHEST WIND SPEED     8   HIGHEST WIND DIRECTION     W (290)
  HIGHEST GUST SPEED    10   HIGHEST GUST DIRECTION     W (290)
  AVERAGE WIND SPEED     1.8



WEATHER CONDITIONS
 THE FOLLOWING WEATHER WAS RECORDED TODAY.
  FOG


RELATIVE HUMIDITY (PERCENT)
 HIGHEST   100           200 AM
 LOWEST     79           100 PM
 AVERAGE    90

..........................................................


THE PORTLAND OR CLIMATE NORMALS FOR TOMORROW
                         NORMAL    RECORD    YEAR
 MAXIMUM TEMPERATURE (F)   48        59      1993
 MINIMUM TEMPERATURE (F)   36        11      1949


SUNRISE AND SUNSET
JANUARY 24 2017.......SUNRISE   740 AM PST   SUNSET   506 PM PST
JANUARY 25 2017.......SUNRISE   739 AM PST   SUNSET   507 PM PST


-  INDICATES NEGATIVE NUMBERS.
R  INDICATES RECORD WAS SET OR TIED.
MM INDICATES DATA IS MISSING.
T  INDICATES TRACE AMOUNT.




$$
