000
CDUS46 KPQR 241146
CLIPDX


CLIMATE REPORT
NATIONAL WEATHER SERVICE PORTLAND OREGON
445 AM PDT MON JUL 24 2017


...................................

...THE PORTLAND OR CLIMATE SUMMARY FOR JULY 23 2017...

CLIMATE NORMAL PERIOD 1981 TO 2010
CLIMATE RECORD PERIOD 1940 TO 2017


WEATHER ITEM   OBSERVED TIME   RECORD YEAR NORMAL DEPARTURE LAST
                VALUE   (LST)  VALUE       VALUE  FROM      YEAR
                                                  NORMAL
..................................................................
TEMPERATURE (F)
 YESTERDAY
  MAXIMUM         83    430 PM 103    2004  82      1       74
  MINIMUM         62   1159 PM  46    1963  59      3       61
  AVERAGE         73                        70      3       68

PRECIPITATION (IN)
  YESTERDAY        0.00          0.62 2014   0.02  -0.02     0.00
  MONTH TO DATE    T                         0.53  -0.53     0.66
  SINCE OCT 1     49.01                     33.77  15.24    45.24
  SINCE JAN 1     29.26                     19.65   9.61    21.82

SNOWFALL (IN)
  YESTERDAY        0.0          MM      MM
  MONTH TO DATE    0.0
  SINCE JUN 1      0.0
  SINCE JUL 1      0.0

DEGREE DAYS
 HEATING
  YESTERDAY        0                         0      0        0
  MONTH TO DATE    1                        15    -14        3
  SINCE JUN 1     70                       106    -36       70
  SINCE JUL 1      1                        15    -14        3

 COOLING
  YESTERDAY        8                         6      2        3
  MONTH TO DATE  105                       101      4       71
  SINCE JUN 1    193                       148     45      176
  SINCE JAN 1    234                       165     69      225
..................................................................


WIND (MPH)
  HIGHEST WIND SPEED    23   HIGHEST WIND DIRECTION    NW (310)
  HIGHEST GUST SPEED    26   HIGHEST GUST DIRECTION    NW (310)
  AVERAGE WIND SPEED    10.1


SKY COVER
  POSSIBLE SUNSHINE  MM
  AVERAGE SKY COVER 0.4


WEATHER CONDITIONS
 THE FOLLOWING WEATHER WAS RECORDED YESTERDAY.
  NO SIGNIFICANT WEATHER WAS OBSERVED.


RELATIVE HUMIDITY (PERCENT)
 HIGHEST    87           200 AM
 LOWEST     47           300 PM
 AVERAGE    67

..........................................................


THE PORTLAND OR CLIMATE NORMALS FOR TODAY
                         NORMAL    RECORD    YEAR
 MAXIMUM TEMPERATURE (F)   82       100      2004
                                             1984
 MINIMUM TEMPERATURE (F)   59        50      1973
                                             1964


SUNRISE AND SUNSET
JULY 24 2017..........SUNRISE   545 AM PDT   SUNSET   848 PM PDT
JULY 25 2017..........SUNRISE   547 AM PDT   SUNSET   847 PM PDT


-  INDICATES NEGATIVE NUMBERS.
R  INDICATES RECORD WAS SET OR TIED.
MM INDICATES DATA IS MISSING.
T  INDICATES TRACE AMOUNT.




$$
