000
CDUS46 KPQR 041143
CLIPDX


CLIMATE REPORT
NATIONAL WEATHER SERVICE PORTLAND OREGON
442 AM PDT FRI SEP 4 2015


...................................

...THE PORTLAND OR CLIMATE SUMMARY FOR SEPTEMBER 3 2015...

CLIMATE NORMAL PERIOD 1981 TO 2010
CLIMATE RECORD PERIOD 1940 TO 2015


WEATHER ITEM   OBSERVED TIME   RECORD YEAR NORMAL DEPARTURE LAST
                VALUE   (LST)  VALUE       VALUE  FROM      YEAR
                                                  NORMAL
..................................................................
TEMPERATURE (F)
 YESTERDAY
  MAXIMUM         68   1221 PM  94    2003  79    -11       73
  MINIMUM         50    602 AM  45    1980  56     -6       54
  AVERAGE         59                        67     -8       64

PRECIPITATION (IN)
  YESTERDAY        T             1.18 1945   0.03  -0.03     0.00
  MONTH TO DATE    0.11                      0.10   0.01     0.00
  SINCE OCT 1     30.81                     34.66  -3.85    29.97
  SINCE JAN 1     15.83                     20.54  -4.71    24.15

DEGREE DAYS
 HEATING
  YESTERDAY        6                         1      5        1
  MONTH TO DATE    6                         3      3        1
  SINCE SEP 1      6                         3      3        1
  SINCE JUL 1      6                        30    -24        2

 COOLING
  YESTERDAY        0                         3     -3        0
  MONTH TO DATE    3                         9     -6        5
  SINCE SEP 1      3                         9     -6        5
  SINCE JAN 1    732                       372    360      540
..................................................................


WIND (MPH)
  HIGHEST WIND SPEED    16   HIGHEST WIND DIRECTION     W (270)
  HIGHEST GUST SPEED    20   HIGHEST GUST DIRECTION     W (290)
  AVERAGE WIND SPEED     3.8


SKY COVER
  POSSIBLE SUNSHINE  MM
  AVERAGE SKY COVER 0.4


WEATHER CONDITIONS
 THE FOLLOWING WEATHER WAS RECORDED YESTERDAY.
  LIGHT RAIN


RELATIVE HUMIDITY (PERCENT)
 HIGHEST    93           600 AM
 LOWEST     48          1200 PM
 AVERAGE    71

..........................................................


THE PORTLAND OR CLIMATE NORMALS FOR TODAY
                         NORMAL    RECORD    YEAR
 MAXIMUM TEMPERATURE (F)   79        98      1955
 MINIMUM TEMPERATURE (F)   56        43      1956


SUNRISE AND SUNSET
SEPTEMBER  4 2015.....SUNRISE   635 AM PDT   SUNSET   743 PM PDT
SEPTEMBER  5 2015.....SUNRISE   636 AM PDT   SUNSET   741 PM PDT


-  INDICATES NEGATIVE NUMBERS.
R  INDICATES RECORD WAS SET OR TIED.
MM INDICATES DATA IS MISSING.
T  INDICATES TRACE AMOUNT.




$$
