000
CDUS41 KPBZ 110730
CLIPHD


CLIMATE REPORT
NATIONAL WEATHER SERVICE PITTSBURGH PA
330 AM EDT FRI JUL 11 2014


...................................

...THE NEW PHILADELPHIA OH CLIMATE SUMMARY FOR JULY 10 2014...

CLIMATE NORMAL PERIOD 1981 TO 2010
CLIMATE RECORD PERIOD 1946 TO 2014


WEATHER ITEM   OBSERVED TIME   RECORD YEAR NORMAL DEPARTURE LAST
                VALUE   (LST)  VALUE       VALUE  FROM      YEAR
                                                  NORMAL
..................................................................
TEMPERATURE (F)
 YESTERDAY
  MAXIMUM         83    231 PM  97    1988  83      0       86
  MINIMUM         58            41    1963  62     -4       MM
  AVERAGE         71                        72     -1       MM

PRECIPITATION (IN)
  YESTERDAY        0.00         MM      MM   0.12  -0.12     0.44
  MONTH TO DATE    1.26                      1.09   0.17     2.04
  SINCE JUN 1      6.13                      4.82   1.31     9.60
  SINCE JAN 1     21.31                     20.42   0.89    19.64

DEGREE DAYS
 HEATING
  YESTERDAY        0                         0      0       MM
  MONTH TO DATE    3                         0      3        0
  SINCE JUN 1     13                        35    -22       22
  SINCE JUL 1      3                         0      3        0

 COOLING
  YESTERDAY        6                         8     -2       MM
  MONTH TO DATE   62                        71     -9       84
  SINCE JUN 1    239                       214     25      229
  SINCE JAN 1    305                       257     48      327
..................................................................


WIND (MPH)
  HIGHEST WIND SPEED     8   HIGHEST WIND DIRECTION     N (350)
  HIGHEST GUST SPEED    12   HIGHEST GUST DIRECTION     N (360)
  AVERAGE WIND SPEED     2.2


SKY COVER
  POSSIBLE SUNSHINE  MM
  AVERAGE SKY COVER 0.3


WEATHER CONDITIONS
 THE FOLLOWING WEATHER WAS RECORDED YESTERDAY.
  FOG


RELATIVE HUMIDITY (PERCENT)
 HIGHEST   100           100 AM
 LOWEST     45           200 PM
 AVERAGE    73

..........................................................


THE NEW PHILADELPHIA OH CLIMATE NORMALS FOR TODAY
                         NORMAL    RECORD    YEAR
 MAXIMUM TEMPERATURE (F)   83        94      1984
 MINIMUM TEMPERATURE (F)   62        47      1996


SUNRISE AND SUNSET
JULY 11 2014..........SUNRISE   605 AM EDT   SUNSET   857 PM EDT
JULY 12 2014..........SUNRISE   606 AM EDT   SUNSET   856 PM EDT


-  INDICATES NEGATIVE NUMBERS.
R  INDICATES RECORD WAS SET OR TIED.
MM INDICATES DATA IS MISSING.
T  INDICATES TRACE AMOUNT.




$$
