000
CDUS41 KPBZ 312121
CLIPHD


CLIMATE REPORT
NATIONAL WEATHER SERVICE PITTSBURGH PA
521 PM EDT WED AUG 31 2016


...................................

...THE NEW PHILADELPHIA OH CLIMATE SUMMARY FOR AUGUST 31 2016...
VALID TODAY AS OF 0500 PM LOCAL TIME.

CLIMATE NORMAL PERIOD 1981 TO 2010
CLIMATE RECORD PERIOD 1946 TO 2016


WEATHER ITEM   OBSERVED TIME   RECORD YEAR NORMAL DEPARTURE LAST
                VALUE   (LST)  VALUE       VALUE  FROM      YEAR
                                                  NORMAL
..................................................................
TEMPERATURE (F)
 TODAY
  MAXIMUM         88   1246 PM  95    1993  81      7       89
  MINIMUM         66    316 AM  41    1986  58      8       62
  AVERAGE         77                        69      8       76

PRECIPITATION (IN)
  TODAY            0.69         MM      MM   0.13   0.56     0.00
  MONTH TO DATE    3.78                      3.59   0.19     0.16
  SINCE JUN 1      7.64                     11.35  -3.71     8.41
  SINCE JAN 1     22.29                     26.95  -4.66    21.63

DEGREE DAYS
 HEATING
  TODAY            0                         0      0        0
  MONTH TO DATE    0                         0      0       13
  SINCE JUN 1      7                        45    -38       36
  SINCE JUL 1      0                        10    -10       13

 COOLING
  TODAY           12                         5      7       11
  MONTH TO DATE  382                       202    180      152
  SINCE JUN 1   1049                       579    470      558
  SINCE JAN 1   1128                       622    506      719
..................................................................


WIND (MPH)
  HIGHEST WIND SPEED    13   HIGHEST WIND DIRECTION    NW (320)
  HIGHEST GUST SPEED    15   HIGHEST GUST DIRECTION    NW (330)
  AVERAGE WIND SPEED     2.0


SKY COVER
  POSSIBLE SUNSHINE  MM
  AVERAGE SKY COVER 0.6


WEATHER CONDITIONS
 THE FOLLOWING WEATHER WAS RECORDED TODAY.
  THUNDERSTORM
  HEAVY RAIN
  RAIN
  LIGHT RAIN
  FOG


RELATIVE HUMIDITY (PERCENT)
 HIGHEST    87           600 AM
 LOWEST     43           100 PM
 AVERAGE    65

..........................................................


THE NEW PHILADELPHIA OH CLIMATE NORMALS FOR TOMORROW
                         NORMAL    RECORD    YEAR
 MAXIMUM TEMPERATURE (F)   81        96      1993
 MINIMUM TEMPERATURE (F)   57        41      1967


SUNRISE AND SUNSET
AUGUST 31 2016........SUNRISE   652 AM EDT   SUNSET   758 PM EDT
SEPTEMBER  1 2016.....SUNRISE   653 AM EDT   SUNSET   757 PM EDT


-  INDICATES NEGATIVE NUMBERS.
R  INDICATES RECORD WAS SET OR TIED.
MM INDICATES DATA IS MISSING.
T  INDICATES TRACE AMOUNT.




$$
