000
CDUS41 KPBZ 040706
CLIPHD


CLIMATE REPORT
NATIONAL WEATHER SERVICE PITTSBURGH PA
305 AM EDT FRI SEP 4 2015


...................................

...THE NEW PHILADELPHIA OH CLIMATE SUMMARY FOR SEPTEMBER 3 2015...

CLIMATE NORMAL PERIOD 1981 TO 2010
CLIMATE RECORD PERIOD 1946 TO 2015


WEATHER ITEM   OBSERVED TIME   RECORD YEAR NORMAL DEPARTURE LAST
                VALUE   (LST)  VALUE       VALUE  FROM      YEAR
                                                  NORMAL
..................................................................
TEMPERATURE (F)
 YESTERDAY
  MAXIMUM         93R   219 PM  92    1993  80     13       82
  MINIMUM         64            41    1967  57      7       62
  AVERAGE         79                        68     11       72

PRECIPITATION (IN)
  YESTERDAY        T            MM      MM   0.13  -0.13     0.00
  MONTH TO DATE    T                         0.38  -0.38     0.23
  SINCE JUN 1      8.41                     11.73  -3.32    17.17
  SINCE JAN 1     21.63                     27.33  -5.70    32.35

DEGREE DAYS
 HEATING
  YESTERDAY        0                         1     -1        0
  MONTH TO DATE    0                         3     -3        0
  SINCE SEP 1      0                         3     -3        0
  SINCE JUL 1     13                        13      0       32

 COOLING
  YESTERDAY       14                         4     10        7
  MONTH TO DATE   40                        12     28       26
  SINCE SEP 1     40                        12     28       26
  SINCE JAN 1    759                       634    125      575
..................................................................


WIND (MPH)
  HIGHEST WIND SPEED    21   HIGHEST WIND DIRECTION    NW (300)
  HIGHEST GUST SPEED    30   HIGHEST GUST DIRECTION    NW (300)
  AVERAGE WIND SPEED     2.6


SKY COVER
  POSSIBLE SUNSHINE  MM
  AVERAGE SKY COVER 0.2


WEATHER CONDITIONS
 THE FOLLOWING WEATHER WAS RECORDED YESTERDAY.
  THUNDERSTORM
  LIGHT RAIN
  FOG
  FOG W/VISIBILITY <= 1/4 MILE


RELATIVE HUMIDITY (PERCENT)
 HIGHEST   100           300 AM
 LOWEST     47           200 PM
 AVERAGE    74

..........................................................


THE NEW PHILADELPHIA OH CLIMATE NORMALS FOR TODAY
                         NORMAL    RECORD    YEAR
 MAXIMUM TEMPERATURE (F)   80        92      2002
 MINIMUM TEMPERATURE (F)   57        42      1967


SUNRISE AND SUNSET
SEPTEMBER  4 2015.....SUNRISE   656 AM EDT   SUNSET   753 PM EDT
SEPTEMBER  5 2015.....SUNRISE   657 AM EDT   SUNSET   752 PM EDT


-  INDICATES NEGATIVE NUMBERS.
R  INDICATES RECORD WAS SET OR TIED.
MM INDICATES DATA IS MISSING.
T  INDICATES TRACE AMOUNT.




$$
