000
CDUS41 KPBZ 262228
CLIPHD


CLIMATE REPORT
NATIONAL WEATHER SERVICE PITTSBURGH PA
528 PM EST SUN FEB 26 2017


...................................

...THE NEW PHILADELPHIA OH CLIMATE SUMMARY FOR FEBRUARY 26 2017...
VALID TODAY AS OF 0500 PM LOCAL TIME.

CLIMATE NORMAL PERIOD 1981 TO 2010
CLIMATE RECORD PERIOD 1946 TO 2017


WEATHER ITEM   OBSERVED TIME   RECORD YEAR NORMAL DEPARTURE LAST
                VALUE   (LST)  VALUE       VALUE  FROM      YEAR
                                                  NORMAL
..................................................................
TEMPERATURE (F)
 TODAY
  MAXIMUM         41    359 PM  67    2001  44     -3       31
  MINIMUM         27    901 AM -14    1963  24      3       23
  AVERAGE         34                        34      0       27

PRECIPITATION (IN)
  TODAY            T            MM      MM   0.09  -0.09      T
  MONTH TO DATE    1.70                      2.17  -0.47     3.15
  SINCE JUN 1     25.84                     28.07  -2.23    22.27
  SINCE JAN 1      5.26                      4.77   0.49     4.19

DEGREE DAYS
 HEATING
  TODAY           31                        31      0       38
  MONTH TO DATE  625                       873   -248      846
  SINCE DEC 1   2582                      2987   -405     2657
  SINCE JUL 1   3449                      4145   -696     3553

 COOLING
  TODAY            0                         0      0        0
  MONTH TO DATE    0                         0      0        0
  SINCE DEC 1      0                         0      0        0
  SINCE JAN 1      0                         0      0        0
..................................................................


WIND (MPH)
  HIGHEST WIND SPEED    14   HIGHEST WIND DIRECTION     W (250)
  HIGHEST GUST SPEED    20   HIGHEST GUST DIRECTION     W (290)
  AVERAGE WIND SPEED     8.4


SKY COVER
  POSSIBLE SUNSHINE  MM
  AVERAGE SKY COVER 0.7


WEATHER CONDITIONS
 THE FOLLOWING WEATHER WAS RECORDED TODAY.
  LIGHT SNOW


RELATIVE HUMIDITY (PERCENT)
 HIGHEST    75           500 AM
 LOWEST     38           500 PM
 AVERAGE    57

..........................................................


THE NEW PHILADELPHIA OH CLIMATE NORMALS FOR TOMORROW
                         NORMAL    RECORD    YEAR
 MAXIMUM TEMPERATURE (F)   44        62      1976
 MINIMUM TEMPERATURE (F)   24       -14      1963


SUNRISE AND SUNSET
FEBRUARY 26 2017......SUNRISE   703 AM EST   SUNSET   614 PM EST
FEBRUARY 27 2017......SUNRISE   702 AM EST   SUNSET   615 PM EST


-  INDICATES NEGATIVE NUMBERS.
R  INDICATES RECORD WAS SET OR TIED.
MM INDICATES DATA IS MISSING.
T  INDICATES TRACE AMOUNT.




$$
