000
CDUS41 KPBZ 180804
CLIPHD


CLIMATE REPORT
NATIONAL WEATHER SERVICE PITTSBURGH PA
304 AM EST THU DEC 18 2014


...................................

...THE NEW PHILADELPHIA OH CLIMATE SUMMARY FOR DECEMBER 17 2014...

CLIMATE NORMAL PERIOD 1981 TO 2010
CLIMATE RECORD PERIOD 1946 TO 2014


WEATHER ITEM   OBSERVED TIME   RECORD YEAR NORMAL DEPARTURE LAST
                VALUE   (LST)  VALUE       VALUE  FROM      YEAR
                                                  NORMAL
..................................................................
TEMPERATURE (F)
 YESTERDAY
  MAXIMUM         42   1230 AM  64    1984  40      2       32
  MINIMUM         29            -8    1989  24      5       26
  AVERAGE         36                        32      4       29

PRECIPITATION (IN)
  YESTERDAY        0.03         MM      MM   0.06  -0.03     0.05
  MONTH TO DATE    1.97                      1.50   0.47     1.37
  SINCE JUN 1     23.88                     22.13   1.75    22.57
  SINCE JAN 1     39.06                     37.73   1.33    32.61

DEGREE DAYS
 HEATING
  YESTERDAY       29                        33     -4       36
  MONTH TO DATE  473                       519    -46      583
  SINCE DEC 1    473                       519    -46      583
  SINCE JUL 1   1707                      1677     30     1819

 COOLING
  YESTERDAY        0                         0      0        0
  MONTH TO DATE    0                         0      0        0
  SINCE DEC 1      0                         0      0        0
  SINCE JAN 1    630                       697    -67      755
..................................................................


WIND (MPH)
  HIGHEST WIND SPEED    17   HIGHEST WIND DIRECTION    NW (300)
  HIGHEST GUST SPEED    23   HIGHEST GUST DIRECTION    NW (310)
  AVERAGE WIND SPEED    10.5


SKY COVER
  POSSIBLE SUNSHINE  MM
  AVERAGE SKY COVER 1.0


WEATHER CONDITIONS
 THE FOLLOWING WEATHER WAS RECORDED YESTERDAY.
  LIGHT RAIN
  LIGHT SNOW
  FOG


RELATIVE HUMIDITY (PERCENT)
 HIGHEST    89           700 AM
 LOWEST     66           400 PM
 AVERAGE    78

..........................................................


THE NEW PHILADELPHIA OH CLIMATE NORMALS FOR TODAY
                         NORMAL    RECORD    YEAR
 MAXIMUM TEMPERATURE (F)   40        65      1984
 MINIMUM TEMPERATURE (F)   24        -9      1989


SUNRISE AND SUNSET
DECEMBER 18 2014......SUNRISE   744 AM EST   SUNSET   501 PM EST
DECEMBER 19 2014......SUNRISE   744 AM EST   SUNSET   501 PM EST


-  INDICATES NEGATIVE NUMBERS.
R  INDICATES RECORD WAS SET OR TIED.
MM INDICATES DATA IS MISSING.
T  INDICATES TRACE AMOUNT.




$$
