000
CDUS41 KPBZ 252121
CLIPHD


CLIMATE REPORT
NATIONAL WEATHER SERVICE PITTSBURGH PA
514 PM EDT FRI JUL 25 2014


...................................

...THE NEW PHILADELPHIA OH CLIMATE SUMMARY FOR JULY 25 2014...
VALID TODAY AS OF 0500 PM LOCAL TIME.

CLIMATE NORMAL PERIOD 1981 TO 2010
CLIMATE RECORD PERIOD 1946 TO 2014


WEATHER ITEM   OBSERVED TIME   RECORD YEAR NORMAL DEPARTURE LAST
                VALUE   (LST)  VALUE       VALUE  FROM      YEAR
                                                  NORMAL
..................................................................
TEMPERATURE (F)
 TODAY
  MAXIMUM         76    352 PM  94    1989  84     -8       77
  MINIMUM         49R   549 AM  51    2013  62    -13       51
                                      1974
  AVERAGE         63                        73    -10       64

PRECIPITATION (IN)
  TODAY            0.00         MM      MM   0.14  -0.14     0.00
  MONTH TO DATE    3.18                      3.14   0.04     4.40
  SINCE JUN 1      8.05                      6.87   1.18    11.96
  SINCE JAN 1     23.23                     22.47   0.76    22.00

DEGREE DAYS
 HEATING
  TODAY            2                         0      2        1
  MONTH TO DATE   10                         0     10        2
  SINCE JUN 1     20                        35    -15       24
  SINCE JUL 1     10                         0     10        2

 COOLING
  TODAY            0                         8     -8        0
  MONTH TO DATE  134                       191    -57      230
  SINCE JUN 1    311                       334    -23      375
  SINCE JAN 1    377                       377      0      473
..................................................................


WIND (MPH)
  HIGHEST WIND SPEED     9   HIGHEST WIND DIRECTION    SW (230)
  HIGHEST GUST SPEED    12   HIGHEST GUST DIRECTION    SW (210)
  AVERAGE WIND SPEED     1.7


SKY COVER
  POSSIBLE SUNSHINE  MM
  AVERAGE SKY COVER 0.1


WEATHER CONDITIONS
 THE FOLLOWING WEATHER WAS RECORDED TODAY.
  FOG
  FOG W/VISIBILITY <= 1/4 MILE


RELATIVE HUMIDITY (PERCENT)
 HIGHEST   100           500 AM
 LOWEST     46           200 PM
 AVERAGE    73

..........................................................


THE NEW PHILADELPHIA OH CLIMATE NORMALS FOR TOMORROW
                         NORMAL    RECORD    YEAR
 MAXIMUM TEMPERATURE (F)   84        93      2005
 MINIMUM TEMPERATURE (F)   62        51      1965


SUNRISE AND SUNSET
JULY 25 2014..........SUNRISE   616 AM EDT   SUNSET   847 PM EDT
JULY 26 2014..........SUNRISE   617 AM EDT   SUNSET   846 PM EDT


-  INDICATES NEGATIVE NUMBERS.
R  INDICATES RECORD WAS SET OR TIED.
MM INDICATES DATA IS MISSING.
T  INDICATES TRACE AMOUNT.




$$
