000
CDUS41 KPHI 160546
CLIPHL


CLIMATE REPORT
NATIONAL WEATHER SERVICE MOUNT HOLLY NJ
1245 AM EST TUE JAN 16 2018


...................................

...THE PHILADELPHIA PA CLIMATE SUMMARY FOR JANUARY 15 2018...

CLIMATE NORMAL PERIOD 1981 TO 2010
CLIMATE RECORD PERIOD 1872 TO 2018


WEATHER ITEM   OBSERVED TIME   RECORD YEAR NORMAL DEPARTURE LAST
                VALUE   (LST)  VALUE       VALUE  FROM      YEAR
                                                  NORMAL
..................................................................
TEMPERATURE (F)
 YESTERDAY
  MAXIMUM         34    256 PM  71    1932  40     -6       41
  MINIMUM         17    446 AM   2    1964  25     -8       31
  AVERAGE         26                        33     -7       36

PRECIPITATION (IN)
  YESTERDAY        0.00          1.23 1884   0.10  -0.10     0.00
  MONTH TO DATE    1.78                      1.46   0.32     1.38
  SINCE DEC 1      3.09                      5.02  -1.93     4.10
  SINCE JAN 1      1.78                      1.46   0.32     1.38

SNOWFALL (IN)
  YESTERDAY        0.0           5.0  1892   0.2   -0.2      0.0
  MONTH TO DATE    4.1                       2.7    1.4      4.9
  SINCE DEC 1     12.7                       6.1    6.6      5.2
  SINCE JUL 1     12.7                       6.4    6.3      5.2
  SNOW DEPTH       0

DEGREE DAYS
 HEATING
  YESTERDAY       39                        32      7       29
  MONTH TO DATE  571                       478     93      433
  SINCE DEC 1   1462                      1332    130     1237
  SINCE JUL 1   2097                      2148    -51     1868

 COOLING
  YESTERDAY        0                         0      0        0
  MONTH TO DATE    0                         0      0        0
  SINCE DEC 1      0                         0      0        0
  SINCE JAN 1      0                         0      0        0
..................................................................


WIND (MPH)
  HIGHEST WIND SPEED    17   HIGHEST WIND DIRECTION    NE (40)
  HIGHEST GUST SPEED    21   HIGHEST GUST DIRECTION     N (20)
  AVERAGE WIND SPEED     9.6


SKY COVER
  POSSIBLE SUNSHINE  MM
  AVERAGE SKY COVER 0.9


WEATHER CONDITIONS
 THE FOLLOWING WEATHER WAS RECORDED YESTERDAY.
  NO SIGNIFICANT WEATHER WAS OBSERVED.


RELATIVE HUMIDITY (PERCENT)
 HIGHEST    75          1100 PM
 LOWEST     45          1200 AM
 AVERAGE    60

..........................................................


THE PHILADELPHIA PA CLIMATE NORMALS FOR TODAY
                         NORMAL    RECORD    YEAR
 MAXIMUM TEMPERATURE (F)   40        62      2007
 MINIMUM TEMPERATURE (F)   25         0      1977
                                             1893


SUNRISE AND SUNSET
JANUARY 16 2018.......SUNRISE   720 AM EST   SUNSET   502 PM EST
JANUARY 17 2018.......SUNRISE   720 AM EST   SUNSET   503 PM EST


-  INDICATES NEGATIVE NUMBERS.
R  INDICATES RECORD WAS SET OR TIED.
MM INDICATES DATA IS MISSING.
T  INDICATES TRACE AMOUNT.




$$
