690
CDUS41 KPHI 202128
CLIPHL


CLIMATE REPORT
NATIONAL WEATHER SERVICE MOUNT HOLLY NJ
527 PM EDT SUN AUG 20 2017


...................................

...THE PHILADELPHIA PA CLIMATE SUMMARY FOR AUGUST 20 2017...
VALID TODAY AS OF 0500 PM LOCAL TIME.

CLIMATE NORMAL PERIOD 1981 TO 2010
CLIMATE RECORD PERIOD 1872 TO 2017


WEATHER ITEM   OBSERVED TIME   RECORD YEAR NORMAL DEPARTURE LAST
                VALUE   (LST)  VALUE       VALUE  FROM      YEAR
                                                  NORMAL
..................................................................
TEMPERATURE (F)
 TODAY
  MAXIMUM         85    359 PM  99    1983  85      0       93
  MINIMUM         68    535 AM  52    1949  68      0       73
  AVERAGE         77                        76      1       83

PRECIPITATION (IN)
  TODAY            0.00          1.87 1948   0.12  -0.12     0.00
  MONTH TO DATE    3.15                      2.34   0.81     1.10
  SINCE JUN 1     10.36                     10.12   0.24     6.85
  SINCE JAN 1     28.31                     26.86   1.45    24.25

SNOWFALL (IN)
  TODAY            0.0           0.0    MM   0.0    0.0      0.0
  MONTH TO DATE    0.0                       0.0    0.0      0.0
  SINCE JUN 1      0.0                       0.0    0.0      0.0
  SINCE JUL 1      0.0                       0.0    0.0      0.0
  SNOW DEPTH       0

DEGREE DAYS
 HEATING
  TODAY            0                         0      0        0
  MONTH TO DATE    0                         0      0        0
  SINCE JUN 1      8                        11     -3        0
  SINCE JUL 1      0                         0      0        0

 COOLING
  TODAY           12                        11      1       18
  MONTH TO DATE  236                       247    -11      343
  SINCE JUN 1    990                       913     77     1136
  SINCE JAN 1   1101                      1004     97     1250
..................................................................


WIND (MPH)
  HIGHEST WIND SPEED    14   HIGHEST WIND DIRECTION    NW (300)
  HIGHEST GUST SPEED    18   HIGHEST GUST DIRECTION    NW (300)
  AVERAGE WIND SPEED     7.9


SKY COVER
  POSSIBLE SUNSHINE  MM
  AVERAGE SKY COVER 0.2


WEATHER CONDITIONS
 THE FOLLOWING WEATHER WAS RECORDED TODAY.
  NO SIGNIFICANT WEATHER WAS OBSERVED.


RELATIVE HUMIDITY (PERCENT)
 HIGHEST    73           500 AM
 LOWEST     37           200 PM
 AVERAGE    55

..........................................................


THE PHILADELPHIA PA CLIMATE NORMALS FOR TOMORROW
                         NORMAL    RECORD    YEAR
 MAXIMUM TEMPERATURE (F)   85        96      1916
 MINIMUM TEMPERATURE (F)   68        54      1949
                                             1940
                                             1879


SUNRISE AND SUNSET
AUGUST 20 2017........SUNRISE   618 AM EDT   SUNSET   750 PM EDT
AUGUST 21 2017........SUNRISE   619 AM EDT   SUNSET   749 PM EDT


-  INDICATES NEGATIVE NUMBERS.
R  INDICATES RECORD WAS SET OR TIED.
MM INDICATES DATA IS MISSING.
T  INDICATES TRACE AMOUNT.




$$
