000
CDUS41 KPHI 270626
CLIPHL


CLIMATE REPORT
NATIONAL WEATHER SERVICE MOUNT HOLLY NJ
226 AM EDT FRI MAR 27 2015


...................................

...THE PHILADELPHIA PA CLIMATE SUMMARY FOR MARCH 26 2015...

CLIMATE NORMAL PERIOD 1981 TO 2010
CLIMATE RECORD PERIOD 1872 TO 2015


WEATHER ITEM   OBSERVED TIME   RECORD YEAR NORMAL DEPARTURE LAST
                VALUE   (LST)  VALUE       VALUE  FROM      YEAR
                                                  NORMAL
..................................................................
TEMPERATURE (F)
 YESTERDAY
  MAXIMUM         67    341 PM  80    1921  56     11       37
  MINIMUM         39    545 AM  21    1960  37      2       28
  AVERAGE         53                        47      6       33

PRECIPITATION (IN)
  YESTERDAY        0.34          1.62 1978   0.13   0.21      T
  MONTH TO DATE    5.23                      3.13   2.10     1.58
  SINCE MAR 1      5.23                      3.13   2.10     1.58
  SINCE JAN 1     12.11                      8.81   3.30    10.25

SNOWFALL (IN)
  YESTERDAY        0.0           0.8  2001   0.0    0.0       T
  MONTH TO DATE   11.9                       2.7    9.2      8.5
  SINCE MAR 1     11.9                       2.7    9.2      8.5
  SINCE JUL 1     26.9                      21.7    5.2     68.0
  SNOW DEPTH       0

DEGREE DAYS
 HEATING
  YESTERDAY       12                        18     -6       32
  MONTH TO DATE  676                       580     96      704
  SINCE MAR 1    676                       580     96      704
  SINCE JUL 1   4329                      4062    267     4360

 COOLING
  YESTERDAY        0                         0      0        0
  MONTH TO DATE    0                         0      0        0
  SINCE MAR 1      0                         0      0        0
  SINCE JAN 1      0                         0      0        0
..................................................................


WIND (MPH)
  HIGHEST WIND SPEED    28   HIGHEST WIND DIRECTION    NW (320)
  HIGHEST GUST SPEED    33   HIGHEST GUST DIRECTION    NW (320)
  AVERAGE WIND SPEED     7.1


SKY COVER
  POSSIBLE SUNSHINE  MM
  AVERAGE SKY COVER 0.9


WEATHER CONDITIONS
 THE FOLLOWING WEATHER WAS RECORDED YESTERDAY.
  HEAVY RAIN
  RAIN
  LIGHT RAIN
  FOG
  HAZE


RELATIVE HUMIDITY (PERCENT)
 HIGHEST   100           600 AM
 LOWEST     78           400 PM
 AVERAGE    89

..........................................................


THE PHILADELPHIA PA CLIMATE NORMALS FOR TODAY
                         NORMAL    RECORD    YEAR
 MAXIMUM TEMPERATURE (F)   57        83      1921
 MINIMUM TEMPERATURE (F)   38        21      1894


SUNRISE AND SUNSET
MARCH 27 2015.........SUNRISE   654 AM EDT   SUNSET   720 PM EDT
MARCH 28 2015.........SUNRISE   652 AM EDT   SUNSET   721 PM EDT


-  INDICATES NEGATIVE NUMBERS.
R  INDICATES RECORD WAS SET OR TIED.
MM INDICATES DATA IS MISSING.
T  INDICATES TRACE AMOUNT.




$$
