000
CDUS41 KPHI 310639
CLIPHL


CLIMATE REPORT
NATIONAL WEATHER SERVICE MOUNT HOLLY NJ
239 AM EDT FRI JUL 31 2015


...................................

...THE PHILADELPHIA PA CLIMATE SUMMARY FOR JULY 30 2015...

CLIMATE NORMAL PERIOD 1981 TO 2010
CLIMATE RECORD PERIOD 1872 TO 2015


WEATHER ITEM   OBSERVED TIME   RECORD YEAR NORMAL DEPARTURE LAST
                VALUE   (LST)  VALUE       VALUE  FROM      YEAR
                                                  NORMAL
..................................................................
TEMPERATURE (F)
 YESTERDAY
  MAXIMUM         91    101 PM  98    1988  87      4       80
                                      1954
  MINIMUM         77   1159 PM  58    1981  69      8       62
                                      1914
  AVERAGE         84                        78      6       71

PRECIPITATION (IN)
  YESTERDAY        0.51          3.36 1971   0.14   0.37     0.00
  MONTH TO DATE    3.16                      4.21  -1.05     4.30
  SINCE JUN 1     12.04                      7.64   4.40     9.76
  SINCE JAN 1     29.21                     24.38   4.83    32.26

SNOWFALL (IN)
  YESTERDAY        0.0           0.0  1870   0.0    0.0      0.0
  MONTH TO DATE    0.0                       0.0    0.0      0.0
  SINCE JUN 1      0.0                       0.0    0.0      0.0
  SINCE JUL 1      0.0                       0.0    0.0      0.0
  SNOW DEPTH       0

DEGREE DAYS
 HEATING
  YESTERDAY        0                         0      0        0
  MONTH TO DATE    0                         0      0        0
  SINCE JUN 1     12                        11      1        0
  SINCE JUL 1      0                         0      0        0

 COOLING
  YESTERDAY       19                        13      6        6
  MONTH TO DATE  434                       387     47      401
  SINCE JUN 1    748                       645    103      693
  SINCE JAN 1    947                       736    211      776
..................................................................


WIND (MPH)
  HIGHEST WIND SPEED    20   HIGHEST WIND DIRECTION    NW (330)
  HIGHEST GUST SPEED    26   HIGHEST GUST DIRECTION     S (200)
  AVERAGE WIND SPEED    10.2


SKY COVER
  POSSIBLE SUNSHINE  MM
  AVERAGE SKY COVER 0.8


WEATHER CONDITIONS
 THE FOLLOWING WEATHER WAS RECORDED YESTERDAY.
  THUNDERSTORM
  HEAVY RAIN
  RAIN
  LIGHT RAIN
  FOG
  HAZE


RELATIVE HUMIDITY (PERCENT)
 HIGHEST    88          1100 PM
 LOWEST     59           100 PM
 AVERAGE    74

..........................................................


THE PHILADELPHIA PA CLIMATE NORMALS FOR TODAY
                         NORMAL    RECORD    YEAR
 MAXIMUM TEMPERATURE (F)   87       102      1954
 MINIMUM TEMPERATURE (F)   69        57      1895


SUNRISE AND SUNSET
JULY 31 2015..........SUNRISE   559 AM EDT   SUNSET   816 PM EDT
AUGUST  1 2015........SUNRISE   559 AM EDT   SUNSET   815 PM EDT


-  INDICATES NEGATIVE NUMBERS.
R  INDICATES RECORD WAS SET OR TIED.
MM INDICATES DATA IS MISSING.
T  INDICATES TRACE AMOUNT.




$$
