000
CDUS41 KPHI 250631
CLIPHL


CLIMATE REPORT
NATIONAL WEATHER SERVICE MOUNT HOLLY NJ
230 AM EDT SUN SEP 25 2016


...................................

...THE PHILADELPHIA PA CLIMATE SUMMARY FOR SEPTEMBER 24 2016...

CLIMATE NORMAL PERIOD 1981 TO 2010
CLIMATE RECORD PERIOD 1872 TO 2016


WEATHER ITEM   OBSERVED TIME   RECORD YEAR NORMAL DEPARTURE LAST
                VALUE   (LST)  VALUE       VALUE  FROM      YEAR
                                                  NORMAL
..................................................................
TEMPERATURE (F)
 YESTERDAY
  MAXIMUM         73    240 AM  95    1970  75     -2       82
  MINIMUM         59   1146 PM  40    1974  57      2       57
                                      1963
  AVERAGE         66                        66      0       70

PRECIPITATION (IN)
  YESTERDAY        0.00          2.08 1912   0.14  -0.14     0.00
  MONTH TO DATE    1.76                      2.98  -1.22     4.79
  SINCE SEP 1      1.76                      2.98  -1.22     4.79
  SINCE JAN 1     26.61                     31.00  -4.39    34.98

SNOWFALL (IN)
  YESTERDAY        0.0           0.0    MM   0.0    0.0      0.0
  MONTH TO DATE    0.0                       0.0    0.0      0.0
  SINCE SEP 1      0.0                       0.0    0.0      0.0
  SINCE JUL 1      0.0                       0.0    0.0      0.0
  SNOW DEPTH       0

DEGREE DAYS
 HEATING
  YESTERDAY        0                         2     -2        0
  MONTH TO DATE    0                        17    -17        0
  SINCE SEP 1      0                        17    -17        0
  SINCE JUL 1      0                        18    -18        0

 COOLING
  YESTERDAY        1                         3     -2        5
  MONTH TO DATE  269                       147    122      254
  SINCE SEP 1    269                       147    122      254
  SINCE JAN 1   1681                      1264    417     1660
..................................................................


WIND (MPH)
  HIGHEST WIND SPEED    20   HIGHEST WIND DIRECTION    NE (40)
  HIGHEST GUST SPEED    24   HIGHEST GUST DIRECTION    NE (40)
  AVERAGE WIND SPEED     7.6


SKY COVER
  POSSIBLE SUNSHINE  MM
  AVERAGE SKY COVER 0.6


WEATHER CONDITIONS
 THE FOLLOWING WEATHER WAS RECORDED YESTERDAY.
  NO SIGNIFICANT WEATHER WAS OBSERVED.


RELATIVE HUMIDITY (PERCENT)
 HIGHEST    79          1200 AM
 LOWEST     52          1000 PM
 AVERAGE    66

..........................................................


THE PHILADELPHIA PA CLIMATE NORMALS FOR TODAY
                         NORMAL    RECORD    YEAR
 MAXIMUM TEMPERATURE (F)   75        92      1970
 MINIMUM TEMPERATURE (F)   57        35      1963


SUNRISE AND SUNSET
SEPTEMBER 25 2016.....SUNRISE   652 AM EDT   SUNSET   652 PM EDT
SEPTEMBER 26 2016.....SUNRISE   653 AM EDT   SUNSET   651 PM EDT


-  INDICATES NEGATIVE NUMBERS.
R  INDICATES RECORD WAS SET OR TIED.
MM INDICATES DATA IS MISSING.
T  INDICATES TRACE AMOUNT.




$$
