893
CDUS41 KPHI 220627
CLIPHL


CLIMATE REPORT
NATIONAL WEATHER SERVICE MOUNT HOLLY NJ
226 AM EDT FRI MAY 22 2015


...................................

...THE PHILADELPHIA PA CLIMATE SUMMARY FOR MAY 21 2015...

CLIMATE NORMAL PERIOD 1981 TO 2010
CLIMATE RECORD PERIOD 1872 TO 2015


WEATHER ITEM   OBSERVED TIME   RECORD YEAR NORMAL DEPARTURE LAST
                VALUE   (LST)  VALUE       VALUE  FROM      YEAR
                                                  NORMAL
..................................................................
TEMPERATURE (F)
 YESTERDAY
  MAXIMUM         58   1017 AM  95    1934  75    -17       68
  MINIMUM         51    541 PM  41    2002  56     -5       62
  AVERAGE         55                        65    -10       65

PRECIPITATION (IN)
  YESTERDAY        0.18          2.94 1894   0.13   0.05     0.04
  MONTH TO DATE    0.59                      2.46  -1.87     1.87
  SINCE MAR 1      9.69                      9.81  -0.12    12.79
  SINCE JAN 1     16.57                     15.49   1.08    21.46

SNOWFALL (IN)
  YESTERDAY        0.0           0.0  1870   0.0    0.0      0.0
  MONTH TO DATE    0.0                       0.0    0.0      0.0
  SINCE MAR 1     12.0                       3.4    8.6      8.5
  SINCE JUL 1     27.0                      22.4    4.6     68.0
  SNOW DEPTH       0

DEGREE DAYS
 HEATING
  YESTERDAY       10                         3      7        0
  MONTH TO DATE   28                        93    -65       46
  SINCE MAR 1   1107                      1101      6     1186
  SINCE JUL 1   4760                      4583    177     4842

 COOLING
  YESTERDAY        0                         3     -3        0
  MONTH TO DATE  101                        37     64       35
  SINCE MAR 1    104                        50     54       44
  SINCE JAN 1    104                        50     54       44
..................................................................


WIND (MPH)
  HIGHEST WIND SPEED    16   HIGHEST WIND DIRECTION     N (10)
  HIGHEST GUST SPEED    20   HIGHEST GUST DIRECTION     N (10)
  AVERAGE WIND SPEED     5.0


SKY COVER
  POSSIBLE SUNSHINE  MM
  AVERAGE SKY COVER 1.0


WEATHER CONDITIONS
 THE FOLLOWING WEATHER WAS RECORDED YESTERDAY.
  RAIN
  LIGHT RAIN


RELATIVE HUMIDITY (PERCENT)
 HIGHEST    83           300 PM
 LOWEST     30           300 AM
 AVERAGE    57

..........................................................


THE PHILADELPHIA PA CLIMATE NORMALS FOR TODAY
                         NORMAL    RECORD    YEAR
 MAXIMUM TEMPERATURE (F)   76        96      1941
 MINIMUM TEMPERATURE (F)   56        43      1895


SUNRISE AND SUNSET
MAY 22 2015...........SUNRISE   541 AM EDT   SUNSET   815 PM EDT
MAY 23 2015...........SUNRISE   540 AM EDT   SUNSET   816 PM EDT


-  INDICATES NEGATIVE NUMBERS.
R  INDICATES RECORD WAS SET OR TIED.
MM INDICATES DATA IS MISSING.
T  INDICATES TRACE AMOUNT.




$$
