000
CDUS43 KUNR 280832
CLIPHP


CLIMATE REPORT
NATIONAL WEATHER SERVICE RAPID CITY SD
231 AM MDT THU APR 28 2016


...................................

...THE PHILIP SD CLIMATE SUMMARY FOR APRIL 27 2016...

CLIMATE NORMAL PERIOD 1981 TO 2010
CLIMATE RECORD PERIOD 9999 TO 9999


WEATHER ITEM   OBSERVED TIME   NORMAL DEPARTURE LAST
                VALUE   (LST)  VALUE  FROM      YEAR
                                      NORMAL
......................................................
TEMPERATURE (F)
 YESTERDAY
  MAXIMUM         42   1200 AM  65    -23       61
  MINIMUM         33   1112 PM  37     -4       45
  AVERAGE         38            50    -12       53

PRECIPITATION (IN)
  YESTERDAY        0.63          0.09   0.54     0.00
  MONTH TO DATE    3.96          1.56   2.40     0.33
  SINCE MAR 1      4.67          2.83   1.84     0.42
  SINCE JAN 1      5.35          3.61   1.74     0.53

DEGREE DAYS
 HEATING
  YESTERDAY       27            15     12       12
  MONTH TO DATE  444           521    -77      472
  SINCE MAR 1   1175          1459   -284     1202
  SINCE JUL 1   5987          6824   -837     6342

 COOLING
  YESTERDAY        0             0      0        0
  MONTH TO DATE    1             0      1        0
  SINCE MAR 1      1             0      1        3
  SINCE JAN 1      1             0      1        3
......................................................


WIND (MPH)
  HIGHEST WIND SPEED    22   HIGHEST WIND DIRECTION     N (10)
  HIGHEST GUST SPEED    26   HIGHEST GUST DIRECTION     N (340)
  AVERAGE WIND SPEED    14.2


SKY COVER
  AVERAGE SKY COVER 1.0


WEATHER CONDITIONS
 THE FOLLOWING WEATHER WAS RECORDED YESTERDAY.
  RAIN
  LIGHT RAIN
  LIGHT SNOW
  FOG


RELATIVE HUMIDITY (PERCENT)
 HIGHEST   100           300 AM
 LOWEST     92          1200 PM
 AVERAGE    96

..........................................................




SUNRISE AND SUNSET
APRIL 28 2016.........SUNRISE   542 AM MDT   SUNSET   747 PM MDT
APRIL 29 2016.........SUNRISE   540 AM MDT   SUNSET   748 PM MDT


-  INDICATES NEGATIVE NUMBERS.
R  INDICATES RECORD WAS SET OR TIED.
MM INDICATES DATA IS MISSING.
T  INDICATES TRACE AMOUNT.




$$
