000
CDUS43 KUNR 230832
CLIPHP


CLIMATE REPORT
NATIONAL WEATHER SERVICE RAPID CITY SD
231 AM MDT SUN JUL 23 2017


...................................

...THE PHILIP SD CLIMATE SUMMARY FOR JULY 22 2017...

CLIMATE NORMAL PERIOD 1981 TO 2010
CLIMATE RECORD PERIOD 9999 TO 9999


WEATHER ITEM   OBSERVED TIME   NORMAL DEPARTURE LAST
                VALUE   (LST)  VALUE  FROM      YEAR
                                      NORMAL
......................................................
TEMPERATURE (F)
 YESTERDAY
  MAXIMUM         98    414 PM  91      7      106
  MINIMUM         61   1155 PM  61      0       69
  AVERAGE         80            76      4       88

PRECIPITATION (IN)
  YESTERDAY        0.00          0.06  -0.06     0.00
  MONTH TO DATE    0.13          1.57  -1.44     1.03
  SINCE JUN 1      2.20          4.50  -2.30     1.75
  SINCE JAN 1      7.04         11.42  -4.38     8.47

DEGREE DAYS
 HEATING
  YESTERDAY        0             0      0        0
  MONTH TO DATE    0             3     -3        4
  SINCE JUN 1     23            66    -43       11
  SINCE JUL 1      0             3     -3        4

 COOLING
  YESTERDAY       15            11      4       23
  MONTH TO DATE  335           205    130      235
  SINCE JUN 1    485           328    157      462
  SINCE JAN 1    498           355    143      476
......................................................


WIND (MPH)
  HIGHEST WIND SPEED    18   HIGHEST WIND DIRECTION     N (340)
  HIGHEST GUST SPEED    21   HIGHEST GUST DIRECTION     N (340)
  AVERAGE WIND SPEED     7.9


SKY COVER
  AVERAGE SKY COVER 0.0


WEATHER CONDITIONS
 THE FOLLOWING WEATHER WAS RECORDED YESTERDAY.
  NO SIGNIFICANT WEATHER WAS OBSERVED.


RELATIVE HUMIDITY (PERCENT)
 HIGHEST    56           500 AM
 LOWEST     13           100 PM
 AVERAGE    35

..........................................................




SUNRISE AND SUNSET
JULY 23 2017..........SUNRISE   525 AM MDT   SUNSET   820 PM MDT
JULY 24 2017..........SUNRISE   526 AM MDT   SUNSET   819 PM MDT


-  INDICATES NEGATIVE NUMBERS.
R  INDICATES RECORD WAS SET OR TIED.
MM INDICATES DATA IS MISSING.
T  INDICATES TRACE AMOUNT.




$$
