000
CDUS43 KUNR 190834
CLIPHP


CLIMATE REPORT
NATIONAL WEATHER SERVICE RAPID CITY SD
232 AM MDT FRI SEP 19 2014


...................................

...THE PHILIP SD CLIMATE SUMMARY FOR SEPTEMBER 18 2014...

CLIMATE NORMAL PERIOD 1981 TO 2010
CLIMATE RECORD PERIOD 9999 TO 9999


WEATHER ITEM   OBSERVED TIME   NORMAL DEPARTURE LAST
                VALUE   (LST)  VALUE  FROM      YEAR
                                      NORMAL
......................................................
TEMPERATURE (F)
 YESTERDAY
  MAXIMUM         90    327 PM  77     13       95
  MINIMUM         51    556 AM  46      5       61
  AVERAGE         71            61     10       78

PRECIPITATION (IN)
  YESTERDAY        0.00          0.05  -0.05     0.00
  MONTH TO DATE    0.44          0.91  -0.47     0.42
  SINCE SEP 1      0.44          0.91  -0.47     0.42
  SINCE JAN 1     13.87         14.29  -0.42    10.83

DEGREE DAYS
 HEATING
  YESTERDAY        0             6     -6        0
  MONTH TO DATE  138            66     72        6
  SINCE SEP 1    138            66     72        6
  SINCE JUL 1    157            91     66        9

 COOLING
  YESTERDAY        6             2      4       13
  MONTH TO DATE   26            65    -39      159
  SINCE SEP 1     26            65    -39      159
  SINCE JAN 1    605           800   -195      922
......................................................


WIND (MPH)
  HIGHEST WIND SPEED    17   HIGHEST WIND DIRECTION    SE (150)
  HIGHEST GUST SPEED    22   HIGHEST GUST DIRECTION    SE (150)
  AVERAGE WIND SPEED     8.6


SKY COVER
  AVERAGE SKY COVER 0.1


WEATHER CONDITIONS
 THE FOLLOWING WEATHER WAS RECORDED YESTERDAY.
  NO SIGNIFICANT WEATHER WAS OBSERVED.


RELATIVE HUMIDITY (PERCENT)
 HIGHEST    89           300 AM
 LOWEST     40           300 PM
 AVERAGE    65

..........................................................




SUNRISE AND SUNSET
SEPTEMBER 19 2014.....SUNRISE   630 AM MDT   SUNSET   649 PM MDT
SEPTEMBER 20 2014.....SUNRISE   631 AM MDT   SUNSET   647 PM MDT


-  INDICATES NEGATIVE NUMBERS.
R  INDICATES RECORD WAS SET OR TIED.
MM INDICATES DATA IS MISSING.
T  INDICATES TRACE AMOUNT.




$$
