000
CDUS43 KUNR 070831
CLIPHP


CLIMATE REPORT
NATIONAL WEATHER SERVICE RAPID CITY SD
130 AM MST WED DEC 7 2016


...................................

...THE PHILIP SD CLIMATE SUMMARY FOR DECEMBER 6 2016...

CLIMATE NORMAL PERIOD 1981 TO 2010
CLIMATE RECORD PERIOD 9999 TO 9999


WEATHER ITEM   OBSERVED TIME   NORMAL DEPARTURE LAST
                VALUE   (LST)  VALUE  FROM      YEAR
                                      NORMAL
......................................................
TEMPERATURE (F)
 YESTERDAY
  MAXIMUM         18    159 PM  38    -20       52
  MINIMUM          5   1159 PM  12     -7       19
  AVERAGE         12            25    -13       36

PRECIPITATION (IN)
  YESTERDAY        0.00          0.02  -0.02     0.00
  MONTH TO DATE    T             0.10  -0.10     0.02
  SINCE DEC 1      T             0.10  -0.10     0.02
  SINCE JAN 1     12.85         17.02  -4.17    19.25

DEGREE DAYS
 HEATING
  YESTERDAY       53            40     13       29
  MONTH TO DATE  243           235      8      203
  SINCE DEC 1    243           235      8      203
  SINCE JUL 1   1381          1870   -489     1543

 COOLING
  YESTERDAY        0             0      0        0
  MONTH TO DATE    0             0      0        0
  SINCE DEC 1      0             0      0        0
  SINCE JAN 1    908           818     90      750
......................................................


WIND (MPH)
  HIGHEST WIND SPEED    31   HIGHEST WIND DIRECTION    NW (300)
  HIGHEST GUST SPEED    42   HIGHEST GUST DIRECTION    NW (300)
  AVERAGE WIND SPEED    21.9


SKY COVER
  AVERAGE SKY COVER 0.1


WEATHER CONDITIONS
 THE FOLLOWING WEATHER WAS RECORDED YESTERDAY.
  NO SIGNIFICANT WEATHER WAS OBSERVED.


RELATIVE HUMIDITY (PERCENT)
 HIGHEST    76           800 PM
 LOWEST     54           100 PM
 AVERAGE    65

..........................................................




SUNRISE AND SUNSET
DECEMBER  7 2016......SUNRISE   708 AM MST   SUNSET   408 PM MST
DECEMBER  8 2016......SUNRISE   709 AM MST   SUNSET   408 PM MST


-  INDICATES NEGATIVE NUMBERS.
R  INDICATES RECORD WAS SET OR TIED.
MM INDICATES DATA IS MISSING.
T  INDICATES TRACE AMOUNT.




$$
