000
CDUS43 KUNR 310831
CLIPHP


CLIMATE REPORT
NATIONAL WEATHER SERVICE RAPID CITY SD
230 AM MDT FRI JUL 31 2015


...................................

...THE PHILIP SD CLIMATE SUMMARY FOR JULY 30 2015...

CLIMATE NORMAL PERIOD 1981 TO 2010
CLIMATE RECORD PERIOD 9999 TO 9999


WEATHER ITEM   OBSERVED TIME   NORMAL DEPARTURE LAST
                VALUE   (LST)  VALUE  FROM      YEAR
                                      NORMAL
......................................................
TEMPERATURE (F)
 YESTERDAY
  MAXIMUM         91    353 PM  91      0       91
  MINIMUM         51    453 AM  61    -10       50
  AVERAGE         71            76     -5       71

PRECIPITATION (IN)
  YESTERDAY        0.00          0.06  -0.06     0.00
  MONTH TO DATE    0.62          1.98  -1.36     0.11
  SINCE JUN 1      6.45          4.91   1.54     4.11
  SINCE JAN 1     13.43         11.83   1.60     8.93

DEGREE DAYS
 HEATING
  YESTERDAY        0             0      0        0
  MONTH TO DATE    0             3     -3       16
  SINCE JUN 1     12            66    -54       94
  SINCE JUL 1      0             3     -3       16

 COOLING
  YESTERDAY        6            11     -5        6
  MONTH TO DATE  273           293    -20      242
  SINCE JUN 1    383           416    -33      298
  SINCE JAN 1    389           443    -54      338
......................................................


WIND (MPH)
  HIGHEST WIND SPEED    13   HIGHEST WIND DIRECTION    NE (40)
  HIGHEST GUST SPEED    18   HIGHEST GUST DIRECTION     N (340)
  AVERAGE WIND SPEED     5.4


SKY COVER
  AVERAGE SKY COVER 0.0


WEATHER CONDITIONS
 THE FOLLOWING WEATHER WAS RECORDED YESTERDAY.
  NO SIGNIFICANT WEATHER WAS OBSERVED.


RELATIVE HUMIDITY (PERCENT)
 HIGHEST    96           400 AM
 LOWEST     19           200 PM
 AVERAGE    58

..........................................................




SUNRISE AND SUNSET
JULY 31 2015..........SUNRISE   533 AM MDT   SUNSET   812 PM MDT
AUGUST  1 2015........SUNRISE   534 AM MDT   SUNSET   811 PM MDT


-  INDICATES NEGATIVE NUMBERS.
R  INDICATES RECORD WAS SET OR TIED.
MM INDICATES DATA IS MISSING.
T  INDICATES TRACE AMOUNT.




$$
