000
CDUS43 KUNR 250830
CLIPHP


CLIMATE REPORT
NATIONAL WEATHER SERVICE RAPID CITY SD
230 AM MDT THU AUG 25 2016


...................................

...THE PHILIP SD CLIMATE SUMMARY FOR AUGUST 24 2016...

CLIMATE NORMAL PERIOD 1981 TO 2010
CLIMATE RECORD PERIOD 9999 TO 9999


WEATHER ITEM   OBSERVED TIME   NORMAL DEPARTURE LAST
                VALUE   (LST)  VALUE  FROM      YEAR
                                      NORMAL
......................................................
TEMPERATURE (F)
 YESTERDAY
  MAXIMUM         79    453 PM  87     -8       77
  MINIMUM         50    342 AM  56     -6       39
  AVERAGE         65            72     -7       58

PRECIPITATION (IN)
  YESTERDAY        0.00          0.05  -0.05     0.00
  MONTH TO DATE    2.17          1.15   1.02     2.73
  SINCE JUN 1      4.61          6.11  -1.50     9.18
  SINCE JAN 1     11.33         13.03  -1.70    16.16

DEGREE DAYS
 HEATING
  YESTERDAY        0             1     -1        7
  MONTH TO DATE    9             4      5       31
  SINCE JUN 1     20            75    -55       43
  SINCE JUL 1     13            12      1       31

 COOLING
  YESTERDAY        0             7     -7        0
  MONTH TO DATE  219           233    -14      176
  SINCE JUN 1    772           661    111      567
  SINCE JAN 1    786           688     98      573
......................................................


WIND (MPH)
  HIGHEST WIND SPEED    17   HIGHEST WIND DIRECTION     N (350)
  HIGHEST GUST SPEED    22   HIGHEST GUST DIRECTION     N (350)
  AVERAGE WIND SPEED     8.9


SKY COVER
  AVERAGE SKY COVER 0.2


WEATHER CONDITIONS
 THE FOLLOWING WEATHER WAS RECORDED YESTERDAY.
  NO SIGNIFICANT WEATHER WAS OBSERVED.


RELATIVE HUMIDITY (PERCENT)
 HIGHEST    77           100 AM
 LOWEST     32           400 PM
 AVERAGE    55

..........................................................




SUNRISE AND SUNSET
AUGUST 25 2016........SUNRISE   602 AM MDT   SUNSET   734 PM MDT
AUGUST 26 2016........SUNRISE   603 AM MDT   SUNSET   732 PM MDT


-  INDICATES NEGATIVE NUMBERS.
R  INDICATES RECORD WAS SET OR TIED.
MM INDICATES DATA IS MISSING.
T  INDICATES TRACE AMOUNT.




$$
