964
CDUS43 KUNR 160832
CLIPHP


CLIMATE REPORT
NATIONAL WEATHER SERVICE RAPID CITY SD
131 AM MST MON JAN 16 2017


...................................

...THE PHILIP SD CLIMATE SUMMARY FOR JANUARY 15 2017...

CLIMATE NORMAL PERIOD 1981 TO 2010
CLIMATE RECORD PERIOD 9999 TO 9999


WEATHER ITEM   OBSERVED TIME   NORMAL DEPARTURE LAST
                VALUE   (LST)  VALUE  FROM      YEAR
                                      NORMAL
......................................................
TEMPERATURE (F)
 YESTERDAY
  MAXIMUM         27    302 PM  35     -8       28
  MINIMUM         -3    644 AM   9    -12       19
  AVERAGE         12            22    -10       24

PRECIPITATION (IN)
  YESTERDAY        0.00          0.01  -0.01     0.01
  MONTH TO DATE    0.13          0.15  -0.02     0.08
  SINCE DEC 1      0.55          0.58  -0.03     1.07
  SINCE JAN 1      0.13          0.15  -0.02     0.08

DEGREE DAYS
 HEATING
  YESTERDAY       53            43     10       41
  MONTH TO DATE  880           652    228      671
  SINCE DEC 1   2372          1952    420     1933
  SINCE JUL 1   3510          3587    -77     3273

 COOLING
  YESTERDAY        0             0      0        0
  MONTH TO DATE    0             0      0        0
  SINCE DEC 1      0             0      0        0
  SINCE JAN 1      0             0      0        0
......................................................


WIND (MPH)
  HIGHEST WIND SPEED    10   HIGHEST WIND DIRECTION     W (280)
  HIGHEST GUST SPEED    11   HIGHEST GUST DIRECTION     W (250)
  AVERAGE WIND SPEED     5.5


SKY COVER
  AVERAGE SKY COVER 0.0


WEATHER CONDITIONS
 THE FOLLOWING WEATHER WAS RECORDED YESTERDAY.
  NO SIGNIFICANT WEATHER WAS OBSERVED.


RELATIVE HUMIDITY (PERCENT)
 HIGHEST    95           200 AM
 LOWEST     67          1200 PM
 AVERAGE    81

..........................................................




SUNRISE AND SUNSET
JANUARY 16 2017.......SUNRISE   717 AM MST   SUNSET   436 PM MST
JANUARY 17 2017.......SUNRISE   717 AM MST   SUNSET   437 PM MST


-  INDICATES NEGATIVE NUMBERS.
R  INDICATES RECORD WAS SET OR TIED.
MM INDICATES DATA IS MISSING.
T  INDICATES TRACE AMOUNT.




$$
