000
CDUS43 KUNR 240836
CLIPHP


CLIMATE REPORT
NATIONAL WEATHER SERVICE RAPID CITY SD
135 AM MST FRI FEB 24 2017


...................................

...THE PHILIP SD CLIMATE SUMMARY FOR FEBRUARY 23 2017...

CLIMATE NORMAL PERIOD 1981 TO 2010
CLIMATE RECORD PERIOD 9999 TO 9999


WEATHER ITEM   OBSERVED TIME   NORMAL DEPARTURE LAST
                VALUE   (LST)  VALUE  FROM      YEAR
                                      NORMAL
......................................................
TEMPERATURE (F)
 YESTERDAY
  MAXIMUM         32   1246 AM  40     -8       50
  MINIMUM         27   1159 PM  15     12       21
  AVERAGE         30            28      2       36

PRECIPITATION (IN)
  YESTERDAY        T             0.02  -0.02     0.00
  MONTH TO DATE    0.16          0.33  -0.17     0.26
  SINCE DEC 1      1.39          1.06   0.33     1.46
  SINCE JAN 1      0.97          0.63   0.34     0.47

DEGREE DAYS
 HEATING
  YESTERDAY       35            38     -3       29
  MONTH TO DATE  738           918   -180      693
  SINCE DEC 1   3734          3548    186     3302
  SINCE JUL 1   4872          5183   -311     4642

 COOLING
  YESTERDAY        0             0      0        0
  MONTH TO DATE    0             0      0        0
  SINCE DEC 1      0             0      0        0
  SINCE JAN 1      0             0      0        0
......................................................


WIND (MPH)
  HIGHEST WIND SPEED    25   HIGHEST WIND DIRECTION    NE (50)
  HIGHEST GUST SPEED    30   HIGHEST GUST DIRECTION    NE (60)
  AVERAGE WIND SPEED    15.8


SKY COVER
  AVERAGE SKY COVER 1.0


WEATHER CONDITIONS
 THE FOLLOWING WEATHER WAS RECORDED YESTERDAY.
  LIGHT SNOW


RELATIVE HUMIDITY (PERCENT)
 HIGHEST    92           400 AM
 LOWEST     69          1000 AM
 AVERAGE    81

..........................................................




SUNRISE AND SUNSET
FEBRUARY 24 2017......SUNRISE   631 AM MST   SUNSET   529 PM MST
FEBRUARY 25 2017......SUNRISE   629 AM MST   SUNSET   530 PM MST


-  INDICATES NEGATIVE NUMBERS.
R  INDICATES RECORD WAS SET OR TIED.
MM INDICATES DATA IS MISSING.
T  INDICATES TRACE AMOUNT.




$$
