000
CDUS43 KUNR 230834
CLIPHP


CLIMATE REPORT
NATIONAL WEATHER SERVICE RAPID CITY SD
233 AM MDT SAT SEP 23 2017


...................................

...THE PHILIP SD CLIMATE SUMMARY FOR SEPTEMBER 22 2017...

CLIMATE NORMAL PERIOD 1981 TO 2010
CLIMATE RECORD PERIOD 9999 TO 9999


WEATHER ITEM   OBSERVED TIME   NORMAL DEPARTURE LAST
                VALUE   (LST)  VALUE  FROM      YEAR
                                      NORMAL
......................................................
TEMPERATURE (F)
 YESTERDAY
  MAXIMUM         67    106 PM  75     -8       63
  MINIMUM         49   1159 PM  44      5       54
  AVERAGE         58            59     -1       59

PRECIPITATION (IN)
  YESTERDAY        T             0.05  -0.05     0.03
  MONTH TO DATE    0.36          1.10  -0.74     0.18
  SINCE SEP 1      0.36          1.10  -0.74     0.18
  SINCE JAN 1      8.22         14.48  -6.26    12.19

DEGREE DAYS
 HEATING
  YESTERDAY        7             7      0        6
  MONTH TO DATE   75            92    -17       59
  SINCE SEP 1     75            92    -17       59
  SINCE JUL 1     81           117    -36       78

 COOLING
  YESTERDAY        0             1     -1        0
  MONTH TO DATE  106            72     34       56
  SINCE SEP 1    106            72     34       56
  SINCE JAN 1    902           807     95      886
......................................................


WIND (MPH)
  HIGHEST WIND SPEED    29   HIGHEST WIND DIRECTION    NW (330)
  HIGHEST GUST SPEED    34   HIGHEST GUST DIRECTION    NW (310)
  AVERAGE WIND SPEED    15.5


SKY COVER
  AVERAGE SKY COVER 0.7


WEATHER CONDITIONS
 THE FOLLOWING WEATHER WAS RECORDED YESTERDAY.
  LIGHT RAIN


RELATIVE HUMIDITY (PERCENT)
 HIGHEST    77           500 AM
 LOWEST     48           200 PM
 AVERAGE    63

..........................................................




SUNRISE AND SUNSET
SEPTEMBER 23 2017.....SUNRISE   635 AM MDT   SUNSET   641 PM MDT
SEPTEMBER 24 2017.....SUNRISE   636 AM MDT   SUNSET   640 PM MDT


-  INDICATES NEGATIVE NUMBERS.
R  INDICATES RECORD WAS SET OR TIED.
MM INDICATES DATA IS MISSING.
T  INDICATES TRACE AMOUNT.




$$
